[INFO] fetching crate wrappr 1.2.0...
[INFO] testing wrappr-1.2.0 against 1.83.0 for beta-1.84.0-4-retry
[INFO] extracting crate wrappr 1.2.0 into /workspace/builds/worker-7-tc1/source
[INFO] validating manifest of crates.io crate wrappr 1.2.0 on toolchain 1.83.0
[INFO] running `Command { std: CARGO_HOME="/workspace/cargo-home" RUSTUP_HOME="/workspace/rustup-home" "/workspace/cargo-home/bin/cargo" "+1.83.0" "metadata" "--manifest-path" "Cargo.toml" "--no-deps", kill_on_drop: false }`
[INFO] started tweaking crates.io crate wrappr 1.2.0
[INFO] finished tweaking crates.io crate wrappr 1.2.0
[INFO] tweaked toml for crates.io crate wrappr 1.2.0 written to /workspace/builds/worker-7-tc1/source/Cargo.toml
[INFO] running `Command { std: CARGO_HOME="/workspace/cargo-home" RUSTUP_HOME="/workspace/rustup-home" "/workspace/cargo-home/bin/cargo" "+1.83.0" "generate-lockfile" "--manifest-path" "Cargo.toml", kill_on_drop: false }`
[INFO] running `Command { std: CARGO_HOME="/workspace/cargo-home" RUSTUP_HOME="/workspace/rustup-home" "/workspace/cargo-home/bin/cargo" "+1.83.0" "fetch" "--manifest-path" "Cargo.toml", kill_on_drop: false }`
[INFO] running `Command { std: "docker" "create" "-v" "/var/lib/crater-agent-workspace/builds/worker-7-tc1/target:/opt/rustwide/target:rw,Z" "-v" "/var/lib/crater-agent-workspace/builds/worker-7-tc1/source:/opt/rustwide/workdir:ro,Z" "-v" "/var/lib/crater-agent-workspace/cargo-home:/opt/rustwide/cargo-home:ro,Z" "-v" "/var/lib/crater-agent-workspace/rustup-home:/opt/rustwide/rustup-home:ro,Z" "-e" "SOURCE_DIR=/opt/rustwide/workdir" "-e" "CARGO_TARGET_DIR=/opt/rustwide/target" "-e" "CARGO_HOME=/opt/rustwide/cargo-home" "-e" "RUSTUP_HOME=/opt/rustwide/rustup-home" "-w" "/opt/rustwide/workdir" "-m" "1610612736" "--user" "0:0" "--network" "none" "ghcr.io/rust-lang/crates-build-env/linux@sha256:f3a9d4ad9d972b27faf3965f35b62e55ba32bbce8f20bc8fe909558a86702fde" "/opt/rustwide/cargo-home/bin/cargo" "+1.83.0" "metadata" "--no-deps" "--format-version=1", kill_on_drop: false }`
[INFO] [stdout] 5642ee1c7906bc8ca3a8c0b2ffae7b1a2d1f6b0c97bb2f75e545aa2163d76d91
[INFO] running `Command { std: "docker" "start" "-a" "5642ee1c7906bc8ca3a8c0b2ffae7b1a2d1f6b0c97bb2f75e545aa2163d76d91", kill_on_drop: false }`
[INFO] running `Command { std: "docker" "inspect" "5642ee1c7906bc8ca3a8c0b2ffae7b1a2d1f6b0c97bb2f75e545aa2163d76d91", kill_on_drop: false }`
[INFO] running `Command { std: "docker" "rm" "-f" "5642ee1c7906bc8ca3a8c0b2ffae7b1a2d1f6b0c97bb2f75e545aa2163d76d91", kill_on_drop: false }`
[INFO] [stdout] 5642ee1c7906bc8ca3a8c0b2ffae7b1a2d1f6b0c97bb2f75e545aa2163d76d91
[INFO] running `Command { std: "docker" "create" "-v" "/var/lib/crater-agent-workspace/builds/worker-7-tc1/target:/opt/rustwide/target:rw,Z" "-v" "/var/lib/crater-agent-workspace/builds/worker-7-tc1/source:/opt/rustwide/workdir:ro,Z" "-v" "/var/lib/crater-agent-workspace/cargo-home:/opt/rustwide/cargo-home:ro,Z" "-v" "/var/lib/crater-agent-workspace/rustup-home:/opt/rustwide/rustup-home:ro,Z" "-e" "SOURCE_DIR=/opt/rustwide/workdir" "-e" "CARGO_TARGET_DIR=/opt/rustwide/target" "-e" "CARGO_INCREMENTAL=0" "-e" "RUST_BACKTRACE=full" "-e" "RUSTFLAGS=--cap-lints=warn" "-e" "RUSTDOCFLAGS=--cap-lints=warn" "-e" "CARGO_HOME=/opt/rustwide/cargo-home" "-e" "RUSTUP_HOME=/opt/rustwide/rustup-home" "-w" "/opt/rustwide/workdir" "-m" "1610612736" "--user" "0:0" "--network" "none" "ghcr.io/rust-lang/crates-build-env/linux@sha256:f3a9d4ad9d972b27faf3965f35b62e55ba32bbce8f20bc8fe909558a86702fde" "/opt/rustwide/cargo-home/bin/cargo" "+1.83.0" "build" "--frozen" "--message-format=json", kill_on_drop: false }`
[INFO] [stdout] 6582492204e36dbcadc294c0c16b86adaba4969b35521060784c6f652de5281d
[INFO] running `Command { std: "docker" "start" "-a" "6582492204e36dbcadc294c0c16b86adaba4969b35521060784c6f652de5281d", kill_on_drop: false }`
[INFO] [stderr]    Compiling wrappr v1.2.0 (/opt/rustwide/workdir)
[INFO] [stderr]     Finished `dev` profile [unoptimized + debuginfo] target(s) in 0.05s
[INFO] running `Command { std: "docker" "inspect" "6582492204e36dbcadc294c0c16b86adaba4969b35521060784c6f652de5281d", kill_on_drop: false }`
[INFO] running `Command { std: "docker" "rm" "-f" "6582492204e36dbcadc294c0c16b86adaba4969b35521060784c6f652de5281d", kill_on_drop: false }`
[INFO] [stdout] 6582492204e36dbcadc294c0c16b86adaba4969b35521060784c6f652de5281d
[INFO] running `Command { std: "docker" "create" "-v" "/var/lib/crater-agent-workspace/builds/worker-7-tc1/target:/opt/rustwide/target:rw,Z" "-v" "/var/lib/crater-agent-workspace/builds/worker-7-tc1/source:/opt/rustwide/workdir:ro,Z" "-v" "/var/lib/crater-agent-workspace/cargo-home:/opt/rustwide/cargo-home:ro,Z" "-v" "/var/lib/crater-agent-workspace/rustup-home:/opt/rustwide/rustup-home:ro,Z" "-e" "SOURCE_DIR=/opt/rustwide/workdir" "-e" "CARGO_TARGET_DIR=/opt/rustwide/target" "-e" "CARGO_INCREMENTAL=0" "-e" "RUST_BACKTRACE=full" "-e" "RUSTFLAGS=--cap-lints=warn" "-e" "RUSTDOCFLAGS=--cap-lints=warn" "-e" "CARGO_HOME=/opt/rustwide/cargo-home" "-e" "RUSTUP_HOME=/opt/rustwide/rustup-home" "-w" "/opt/rustwide/workdir" "-m" "1610612736" "--user" "0:0" "--network" "none" "ghcr.io/rust-lang/crates-build-env/linux@sha256:f3a9d4ad9d972b27faf3965f35b62e55ba32bbce8f20bc8fe909558a86702fde" "/opt/rustwide/cargo-home/bin/cargo" "+1.83.0" "test" "--frozen" "--no-run" "--message-format=json", kill_on_drop: false }`
[INFO] [stdout] 8827d40acb61ff352cda64ede3458eb1363076b097451519aae24c1735f3caae
[INFO] running `Command { std: "docker" "start" "-a" "8827d40acb61ff352cda64ede3458eb1363076b097451519aae24c1735f3caae", kill_on_drop: false }`
[INFO] [stderr]    Compiling wrappr v1.2.0 (/opt/rustwide/workdir)
[INFO] [stderr]     Finished `test` profile [unoptimized + debuginfo] target(s) in 0.22s
[INFO] running `Command { std: "docker" "inspect" "8827d40acb61ff352cda64ede3458eb1363076b097451519aae24c1735f3caae", kill_on_drop: false }`
[INFO] running `Command { std: "docker" "rm" "-f" "8827d40acb61ff352cda64ede3458eb1363076b097451519aae24c1735f3caae", kill_on_drop: false }`
[INFO] [stdout] 8827d40acb61ff352cda64ede3458eb1363076b097451519aae24c1735f3caae
[INFO] running `Command { std: "docker" "create" "-v" "/var/lib/crater-agent-workspace/builds/worker-7-tc1/target:/opt/rustwide/target:rw,Z" "-v" "/var/lib/crater-agent-workspace/builds/worker-7-tc1/source:/opt/rustwide/workdir:ro,Z" "-v" "/var/lib/crater-agent-workspace/cargo-home:/opt/rustwide/cargo-home:ro,Z" "-v" "/var/lib/crater-agent-workspace/rustup-home:/opt/rustwide/rustup-home:ro,Z" "-e" "SOURCE_DIR=/opt/rustwide/workdir" "-e" "CARGO_TARGET_DIR=/opt/rustwide/target" "-e" "CARGO_INCREMENTAL=0" "-e" "RUST_BACKTRACE=full" "-e" "RUSTFLAGS=--cap-lints=warn" "-e" "RUSTDOCFLAGS=--cap-lints=warn" "-e" "CARGO_HOME=/opt/rustwide/cargo-home" "-e" "RUSTUP_HOME=/opt/rustwide/rustup-home" "-w" "/opt/rustwide/workdir" "-m" "1610612736" "--user" "0:0" "--network" "none" "ghcr.io/rust-lang/crates-build-env/linux@sha256:f3a9d4ad9d972b27faf3965f35b62e55ba32bbce8f20bc8fe909558a86702fde" "/opt/rustwide/cargo-home/bin/cargo" "+1.83.0" "test" "--frozen", kill_on_drop: false }`
[INFO] [stdout] 4ed2f12a1fedbb7de2d1710e5a1a2ed83084062b229bcecae8462544e4078493
[INFO] running `Command { std: "docker" "start" "-a" "4ed2f12a1fedbb7de2d1710e5a1a2ed83084062b229bcecae8462544e4078493", kill_on_drop: false }`
[INFO] [stderr]     Finished `test` profile [unoptimized + debuginfo] target(s) in 0.01s
[INFO] [stderr]      Running unittests src/lib.rs (/opt/rustwide/target/debug/deps/wrappr-3a5e39e3c11a0ca4)
[INFO] [stdout] 
[INFO] [stdout] running 0 tests
[INFO] [stdout] 
[INFO] [stdout] test result: ok. 0 passed; 0 failed; 0 ignored; 0 measured; 0 filtered out; finished in 0.00s
[INFO] [stdout] 
[INFO] [stderr]    Doc-tests wrappr
[INFO] [stdout] 
[INFO] [stdout] running 4 tests
[INFO] [stdout] test src/lib.rs - (line 60) ... FAILED
[INFO] [stdout] test src/lib.rs - (line 45) ... ok
[INFO] [stdout] test src/lib.rs - (line 15) ... ok
[INFO] [stdout] test src/lib.rs - (line 30) ... ok
[INFO] [stdout] 
[INFO] [stdout] failures:
[INFO] [stdout] 
[INFO] [stdout] ---- src/lib.rs - (line 60) stdout ----
[INFO] [stdout] error[E0283]: type annotations needed
[INFO] [stdout]   --> src/lib.rs:67:3
[INFO] [stdout]    |
[INFO] [stdout] 10 | y.embed(&mut x);
[INFO] [stdout]    |   ^^^^^ cannot infer type for type parameter `T` declared on the trait `Embedable`
[INFO] [stdout]    |
[INFO] [stdout]    = note: multiple `impl`s satisfying `Vec<u8>: BorrowMut<_>` found in the following crates: `alloc`, `core`:
[INFO] [stdout]            - impl<T, A> BorrowMut<[T]> for Vec<T, A>
[INFO] [stdout]              where A: Allocator;
[INFO] [stdout]            - impl<T> BorrowMut<T> for T
[INFO] [stdout]              where T: ?Sized;
[INFO] [stdout] note: required by a bound in `embed`
[INFO] [stdout]   --> /opt/rustwide/workdir/src/embedable.rs:20:40
[INFO] [stdout]    |
[INFO] [stdout] 20 |     fn embed(self, composer: &mut impl BorrowMut<T>) -> &mut T;
[INFO] [stdout]    |                                        ^^^^^^^^^^^^ required by this bound in `Embedable::embed`
[INFO] [stdout] 
[INFO] [stdout] error[E0283]: type annotations needed
[INFO] [stdout]   --> src/lib.rs:67:3
[INFO] [stdout]    |
[INFO] [stdout] 10 | y.embed(&mut x);
[INFO] [stdout]    |   ^^^^^ cannot infer type for type parameter `T`
[INFO] [stdout]    |
[INFO] [stdout]    = note: multiple `impl`s satisfying `_: Composer<Vec<u8>>` found in the `wrappr` crate:
[INFO] [stdout]            - impl<T> Composer<T> for Vec<T>;
[INFO] [stdout]            - impl<T> Composer<Vec<T>> for Vec<T>;
[INFO] [stdout]    = note: required for `Vec<u8>` to implement `Embedable<_>`
[INFO] [stdout] 
[INFO] [stdout] error[E0283]: type annotations needed
[INFO] [stdout]   --> src/lib.rs:70:3
[INFO] [stdout]    |
[INFO] [stdout] 13 | z.embed(&mut x);
[INFO] [stdout]    |   ^^^^^ cannot infer type for type parameter `T` declared on the trait `Embedable`
[INFO] [stdout]    |
[INFO] [stdout]    = note: multiple `impl`s satisfying `Vec<u8>: BorrowMut<_>` found in the following crates: `alloc`, `core`:
[INFO] [stdout]            - impl<T, A> BorrowMut<[T]> for Vec<T, A>
[INFO] [stdout]              where A: Allocator;
[INFO] [stdout]            - impl<T> BorrowMut<T> for T
[INFO] [stdout]              where T: ?Sized;
[INFO] [stdout] note: required by a bound in `embed`
[INFO] [stdout]   --> /opt/rustwide/workdir/src/embedable.rs:20:40
[INFO] [stdout]    |
[INFO] [stdout] 20 |     fn embed(self, composer: &mut impl BorrowMut<T>) -> &mut T;
[INFO] [stdout]    |                                        ^^^^^^^^^^^^ required by this bound in `Embedable::embed`
[INFO] [stdout] 
[INFO] [stdout] error: aborting due to 3 previous errors
[INFO] [stdout] 
[INFO] [stdout] For more information about this error, try `rustc --explain E0283`.
[INFO] [stdout] Couldn't compile the test.
[INFO] [stdout] 
[INFO] [stdout] failures:
[INFO] [stdout]     src/lib.rs - (line 60)
[INFO] [stdout] 
[INFO] [stdout] test result: FAILED. 3 passed; 1 failed; 0 ignored; 0 measured; 0 filtered out; finished in 0.21s
[INFO] [stdout] 
[INFO] [stderr] error: doctest failed, to rerun pass `--doc`
[INFO] running `Command { std: "docker" "inspect" "4ed2f12a1fedbb7de2d1710e5a1a2ed83084062b229bcecae8462544e4078493", kill_on_drop: false }`
[INFO] running `Command { std: "docker" "rm" "-f" "4ed2f12a1fedbb7de2d1710e5a1a2ed83084062b229bcecae8462544e4078493", kill_on_drop: false }`
[INFO] [stdout] 4ed2f12a1fedbb7de2d1710e5a1a2ed83084062b229bcecae8462544e4078493
