[INFO] fetching crate worktable 0.4.0...
[INFO] testing worktable-0.4.0 against beta-2024-12-08 for beta-1.84.0-4-retry
[INFO] extracting crate worktable 0.4.0 into /workspace/builds/worker-1-tc2/source
[INFO] validating manifest of crates.io crate worktable 0.4.0 on toolchain beta-2024-12-08
[INFO] running `Command { std: CARGO_HOME="/workspace/cargo-home" RUSTUP_HOME="/workspace/rustup-home" "/workspace/cargo-home/bin/cargo" "+beta-2024-12-08" "metadata" "--manifest-path" "Cargo.toml" "--no-deps", kill_on_drop: false }`
[INFO] started tweaking crates.io crate worktable 0.4.0
[INFO] removed 0 missing tests
[INFO] finished tweaking crates.io crate worktable 0.4.0
[INFO] tweaked toml for crates.io crate worktable 0.4.0 written to /workspace/builds/worker-1-tc2/source/Cargo.toml
[INFO] running `Command { std: CARGO_HOME="/workspace/cargo-home" RUSTUP_HOME="/workspace/rustup-home" "/workspace/cargo-home/bin/cargo" "+beta-2024-12-08" "generate-lockfile" "--manifest-path" "Cargo.toml", kill_on_drop: false }`
[INFO] [stderr]     Updating crates.io index
[INFO] [stderr]      Locking 111 packages to latest compatible versions
[INFO] [stderr]       Adding rkyv v0.7.45 (available: v0.8.9)
[INFO] running `Command { std: CARGO_HOME="/workspace/cargo-home" RUSTUP_HOME="/workspace/rustup-home" "/workspace/cargo-home/bin/cargo" "+beta-2024-12-08" "fetch" "--manifest-path" "Cargo.toml", kill_on_drop: false }`
[INFO] running `Command { std: "docker" "create" "-v" "/var/lib/crater-agent-workspace/builds/worker-1-tc2/target:/opt/rustwide/target:rw,Z" "-v" "/var/lib/crater-agent-workspace/builds/worker-1-tc2/source:/opt/rustwide/workdir:ro,Z" "-v" "/var/lib/crater-agent-workspace/cargo-home:/opt/rustwide/cargo-home:ro,Z" "-v" "/var/lib/crater-agent-workspace/rustup-home:/opt/rustwide/rustup-home:ro,Z" "-e" "SOURCE_DIR=/opt/rustwide/workdir" "-e" "CARGO_TARGET_DIR=/opt/rustwide/target" "-e" "CARGO_HOME=/opt/rustwide/cargo-home" "-e" "RUSTUP_HOME=/opt/rustwide/rustup-home" "-w" "/opt/rustwide/workdir" "-m" "1610612736" "--user" "0:0" "--network" "none" "ghcr.io/rust-lang/crates-build-env/linux@sha256:f3a9d4ad9d972b27faf3965f35b62e55ba32bbce8f20bc8fe909558a86702fde" "/opt/rustwide/cargo-home/bin/cargo" "+beta-2024-12-08" "metadata" "--no-deps" "--format-version=1", kill_on_drop: false }`
[INFO] [stdout] a14a0975900ad4d51c1e02b2d49ed068f4579100b10593144be5fa95b2cbf0b6
[INFO] running `Command { std: "docker" "start" "-a" "a14a0975900ad4d51c1e02b2d49ed068f4579100b10593144be5fa95b2cbf0b6", kill_on_drop: false }`
[INFO] running `Command { std: "docker" "inspect" "a14a0975900ad4d51c1e02b2d49ed068f4579100b10593144be5fa95b2cbf0b6", kill_on_drop: false }`
[INFO] running `Command { std: "docker" "rm" "-f" "a14a0975900ad4d51c1e02b2d49ed068f4579100b10593144be5fa95b2cbf0b6", kill_on_drop: false }`
[INFO] [stdout] a14a0975900ad4d51c1e02b2d49ed068f4579100b10593144be5fa95b2cbf0b6
[INFO] running `Command { std: "docker" "create" "-v" "/var/lib/crater-agent-workspace/builds/worker-1-tc2/target:/opt/rustwide/target:rw,Z" "-v" "/var/lib/crater-agent-workspace/builds/worker-1-tc2/source:/opt/rustwide/workdir:ro,Z" "-v" "/var/lib/crater-agent-workspace/cargo-home:/opt/rustwide/cargo-home:ro,Z" "-v" "/var/lib/crater-agent-workspace/rustup-home:/opt/rustwide/rustup-home:ro,Z" "-e" "SOURCE_DIR=/opt/rustwide/workdir" "-e" "CARGO_TARGET_DIR=/opt/rustwide/target" "-e" "CARGO_INCREMENTAL=0" "-e" "RUST_BACKTRACE=full" "-e" "RUSTFLAGS=--cap-lints=warn" "-e" "RUSTDOCFLAGS=--cap-lints=warn" "-e" "CARGO_HOME=/opt/rustwide/cargo-home" "-e" "RUSTUP_HOME=/opt/rustwide/rustup-home" "-w" "/opt/rustwide/workdir" "-m" "1610612736" "--user" "0:0" "--network" "none" "ghcr.io/rust-lang/crates-build-env/linux@sha256:f3a9d4ad9d972b27faf3965f35b62e55ba32bbce8f20bc8fe909558a86702fde" "/opt/rustwide/cargo-home/bin/cargo" "+beta-2024-12-08" "build" "--frozen" "--message-format=json", kill_on_drop: false }`
[INFO] [stdout] 3abe8fa10c74e5766dfc36d992aa7eb8fe28ebccf8fdcde1d414ea975df51056
[INFO] running `Command { std: "docker" "start" "-a" "3abe8fa10c74e5766dfc36d992aa7eb8fe28ebccf8fdcde1d414ea975df51056", kill_on_drop: false }`
[INFO] [stderr]    Compiling proc-macro2 v1.0.92
[INFO] [stderr]    Compiling unicode-ident v1.0.14
[INFO] [stderr]    Compiling cfg-if v1.0.0
[INFO] [stderr]    Compiling libc v0.2.168
[INFO] [stderr]    Compiling version_check v0.9.5
[INFO] [stderr]    Compiling autocfg v1.4.0
[INFO] [stderr]    Compiling syn v1.0.109
[INFO] [stderr]    Compiling once_cell v1.20.2
[INFO] [stderr]    Compiling memchr v2.7.4
[INFO] [stderr]    Compiling seahash v4.1.0
[INFO] [stderr]    Compiling serde v1.0.216
[INFO] [stderr]    Compiling rkyv v0.7.45
[INFO] [stderr]    Compiling pin-project-lite v0.2.15
[INFO] [stderr]    Compiling regex-syntax v0.8.5
[INFO] [stderr]    Compiling futures-sink v0.3.31
[INFO] [stderr]    Compiling unicode-segmentation v1.12.0
[INFO] [stderr]    Compiling parking_lot_core v0.9.10
[INFO] [stderr]    Compiling futures-core v0.3.31
[INFO] [stderr]    Compiling pin-utils v0.1.0
[INFO] [stderr]    Compiling futures-channel v0.3.31
[INFO] [stderr]    Compiling unicode-xid v0.2.6
[INFO] [stderr]    Compiling convert_case v0.6.0
[INFO] [stderr]    Compiling eyre v0.6.12
[INFO] [stderr]    Compiling futures-task v0.3.31
[INFO] [stderr]    Compiling smallvec v1.13.2
[INFO] [stderr]    Compiling scopeguard v1.2.0
[INFO] [stderr]    Compiling futures-io v0.3.31
[INFO] [stderr]    Compiling ahash v0.7.8
[INFO] [stderr]    Compiling bytemuck v1.20.0
[INFO] [stderr]    Compiling ryu v1.0.18
[INFO] [stderr]    Compiling slab v0.4.9
[INFO] [stderr]    Compiling lock_api v0.4.12
[INFO] [stderr]    Compiling sdd v3.0.4
[INFO] [stderr]    Compiling owned-alloc v0.2.0
[INFO] [stderr]    Compiling serde_json v1.0.133
[INFO] [stderr]    Compiling indenter v0.3.3
[INFO] [stderr]    Compiling itoa v1.0.14
[INFO] [stderr]    Compiling lockfree v0.5.1
[INFO] [stderr]    Compiling csv-core v0.1.11
[INFO] [stderr]    Compiling scc v2.2.5
[INFO] [stderr]    Compiling aho-corasick v1.1.3
[INFO] [stderr]    Compiling tracing-core v0.1.33
[INFO] [stderr]    Compiling bytes v1.9.0
[INFO] [stderr]    Compiling quote v1.0.37
[INFO] [stderr]    Compiling syn v2.0.90
[INFO] [stderr]    Compiling getrandom v0.2.15
[INFO] [stderr]    Compiling socket2 v0.5.8
[INFO] [stderr]    Compiling mio v1.0.3
[INFO] [stderr]    Compiling signal-hook-registry v1.4.2
[INFO] [stderr]    Compiling parking_lot v0.12.3
[INFO] [stderr]    Compiling uuid v1.11.0
[INFO] [stderr]    Compiling hashbrown v0.12.3
[INFO] [stderr]    Compiling regex-automata v0.4.9
[INFO] [stderr]    Compiling ptr_meta_derive v0.1.4
[INFO] [stderr]    Compiling rkyv_derive v0.7.45
[INFO] [stderr]    Compiling ptr_meta v0.1.4
[INFO] [stderr]    Compiling serde_derive v1.0.216
[INFO] [stderr]    Compiling futures-macro v0.3.31
[INFO] [stderr]    Compiling bitcode_derive v0.6.3
[INFO] [stderr]    Compiling derive_more-impl v1.0.0
[INFO] [stderr]    Compiling tokio-macros v2.4.0
[INFO] [stderr]    Compiling tracing-attributes v0.1.28
[INFO] [stderr]    Compiling smart-default v0.7.1
[INFO] [stderr]    Compiling regex v1.11.1
[INFO] [stderr]    Compiling tokio v1.42.0
[INFO] [stderr]    Compiling futures-util v0.3.31
[INFO] [stderr]    Compiling tracing v0.1.41
[INFO] [stderr]    Compiling bitcode v0.6.3
[INFO] [stderr]    Compiling derive_more v1.0.0
[INFO] [stderr]    Compiling data_bucket_derive v0.1.0
[INFO] [stderr]    Compiling worktable_codegen v0.4.0
[INFO] [stderr]    Compiling futures-executor v0.3.31
[INFO] [stderr]    Compiling futures v0.3.31
[INFO] [stderr]    Compiling csv v1.3.1
[INFO] [stderr]    Compiling data_bucket v0.1.0
[INFO] [stderr]    Compiling worktable v0.4.0 (/opt/rustwide/workdir)
[INFO] [stderr]     Finished `dev` profile [unoptimized + debuginfo] target(s) in 39.94s
[INFO] running `Command { std: "docker" "inspect" "3abe8fa10c74e5766dfc36d992aa7eb8fe28ebccf8fdcde1d414ea975df51056", kill_on_drop: false }`
[INFO] running `Command { std: "docker" "rm" "-f" "3abe8fa10c74e5766dfc36d992aa7eb8fe28ebccf8fdcde1d414ea975df51056", kill_on_drop: false }`
[INFO] [stdout] 3abe8fa10c74e5766dfc36d992aa7eb8fe28ebccf8fdcde1d414ea975df51056
[INFO] running `Command { std: "docker" "create" "-v" "/var/lib/crater-agent-workspace/builds/worker-1-tc2/target:/opt/rustwide/target:rw,Z" "-v" "/var/lib/crater-agent-workspace/builds/worker-1-tc2/source:/opt/rustwide/workdir:ro,Z" "-v" "/var/lib/crater-agent-workspace/cargo-home:/opt/rustwide/cargo-home:ro,Z" "-v" "/var/lib/crater-agent-workspace/rustup-home:/opt/rustwide/rustup-home:ro,Z" "-e" "SOURCE_DIR=/opt/rustwide/workdir" "-e" "CARGO_TARGET_DIR=/opt/rustwide/target" "-e" "CARGO_INCREMENTAL=0" "-e" "RUST_BACKTRACE=full" "-e" "RUSTFLAGS=--cap-lints=warn" "-e" "RUSTDOCFLAGS=--cap-lints=warn" "-e" "CARGO_HOME=/opt/rustwide/cargo-home" "-e" "RUSTUP_HOME=/opt/rustwide/rustup-home" "-w" "/opt/rustwide/workdir" "-m" "1610612736" "--user" "0:0" "--network" "none" "ghcr.io/rust-lang/crates-build-env/linux@sha256:f3a9d4ad9d972b27faf3965f35b62e55ba32bbce8f20bc8fe909558a86702fde" "/opt/rustwide/cargo-home/bin/cargo" "+beta-2024-12-08" "test" "--frozen" "--no-run" "--message-format=json", kill_on_drop: false }`
[INFO] [stdout] 9bf24ebebfd8ae81e2d9b75afae9befac2c7663d5781a020778e1a358079df05
[INFO] running `Command { std: "docker" "start" "-a" "9bf24ebebfd8ae81e2d9b75afae9befac2c7663d5781a020778e1a358079df05", kill_on_drop: false }`
[INFO] [stderr]    Compiling worktable v0.4.0 (/opt/rustwide/workdir)
[INFO] [stdout] warning: suffixes on a tuple index are invalid
[INFO] [stdout]    --> src/table/mod.rs:553:13
[INFO] [stdout]     |
[INFO] [stdout] 553 |             SizeMeasure,
[INFO] [stdout]     |             ^^^^^^^^^^^ invalid suffix `i32`
[INFO] [stdout]     |
[INFO] [stdout]     = help: `i32` is *temporarily* accepted on tuple index fields as it was incorrectly accepted on stable for a few releases
[INFO] [stdout]     = help: on proc macros, you'll want to use `syn::Index::from` or `proc_macro::Literal::*_unsuffixed` for code that will desugar to tuple field access
[INFO] [stdout]     = help: see issue #60210 <https://github.com/rust-lang/rust/issues/60210> for more information
[INFO] [stdout]     = note: this warning originates in the derive macro `SizeMeasure` (in Nightly builds, run with -Z macro-backtrace for more info)
[INFO] [stdout] 
[INFO] [stdout] 
[INFO] [stdout] warning: unreachable expression
[INFO] [stdout]    --> src/table/mod.rs:322:9
[INFO] [stdout]     |
[INFO] [stdout] 322 | /         worktable! (
[INFO] [stdout] 323 | |             name: Test,
[INFO] [stdout] 324 | |             columns: {
[INFO] [stdout] 325 | |                 id: u64 primary_key autoincrement,
[INFO] [stdout] ...   |
[INFO] [stdout] 329 | |             }
[INFO] [stdout] 330 | |         );
[INFO] [stdout]     | |         ^
[INFO] [stdout]     | |         |
[INFO] [stdout]     | |_________unreachable expression
[INFO] [stdout]     |           any code following this `match` expression is unreachable, as all arms diverge
[INFO] [stdout]     |
[INFO] [stdout]     = note: `#[warn(unreachable_code)]` on by default
[INFO] [stdout]     = note: this warning originates in the macro `worktable` (in Nightly builds, run with -Z macro-backtrace for more info)
[INFO] [stdout] 
[INFO] [stdout] 
[INFO] [stdout] warning: unreachable expression
[INFO] [stdout]    --> src/table/mod.rs:342:9
[INFO] [stdout]     |
[INFO] [stdout] 342 | /         worktable! (
[INFO] [stdout] 343 | |             name: Test,
[INFO] [stdout] 344 | |             columns: {
[INFO] [stdout] 345 | |                 id: u64 primary_key autoincrement,
[INFO] [stdout] ...   |
[INFO] [stdout] 352 | |             }
[INFO] [stdout] 353 | |         );
[INFO] [stdout]     | |         ^
[INFO] [stdout]     | |         |
[INFO] [stdout]     | |_________unreachable expression
[INFO] [stdout]     |           any code following this `match` expression is unreachable, as all arms diverge
[INFO] [stdout]     |
[INFO] [stdout]     = note: this warning originates in the macro `worktable` (in Nightly builds, run with -Z macro-backtrace for more info)
[INFO] [stdout] 
[INFO] [stdout] 
[INFO] [stdout] warning: unreachable expression
[INFO] [stdout]    --> src/table/mod.rs:424:9
[INFO] [stdout]     |
[INFO] [stdout] 424 | /         worktable! (
[INFO] [stdout] 425 | |             name: Test,
[INFO] [stdout] 426 | |             columns: {
[INFO] [stdout] 427 | |                 id: u64 primary_key autoincrement,
[INFO] [stdout] ...   |
[INFO] [stdout] 434 | |             }
[INFO] [stdout] 435 | |         );
[INFO] [stdout]     | |         ^
[INFO] [stdout]     | |         |
[INFO] [stdout]     | |_________unreachable expression
[INFO] [stdout]     |           any code following this `match` expression is unreachable, as all arms diverge
[INFO] [stdout]     |
[INFO] [stdout]     = note: this warning originates in the macro `worktable` (in Nightly builds, run with -Z macro-backtrace for more info)
[INFO] [stdout] 
[INFO] [stdout] 
[INFO] [stdout] warning: unreachable expression
[INFO] [stdout]    --> src/table/mod.rs:578:9
[INFO] [stdout]     |
[INFO] [stdout] 578 | /         worktable! (
[INFO] [stdout] 579 | |             name: Test,
[INFO] [stdout] 580 | |             columns: {
[INFO] [stdout] 581 | |                 id: CustomId primary_key custom,
[INFO] [stdout] 582 | |                 test: u64
[INFO] [stdout] 583 | |             }
[INFO] [stdout] 584 | |         );
[INFO] [stdout]     | |         ^
[INFO] [stdout]     | |         |
[INFO] [stdout]     | |_________unreachable expression
[INFO] [stdout]     |           any code following this `match` expression is unreachable, as all arms diverge
[INFO] [stdout]     |
[INFO] [stdout]     = note: this warning originates in the macro `worktable` (in Nightly builds, run with -Z macro-backtrace for more info)
[INFO] [stdout] 
[INFO] [stdout] 
[INFO] [stdout] warning: unreachable expression
[INFO] [stdout]    --> src/table/mod.rs:605:9
[INFO] [stdout]     |
[INFO] [stdout] 605 | /         worktable! (
[INFO] [stdout] 606 | |             name: Test,
[INFO] [stdout] 607 | |             columns: {
[INFO] [stdout] 608 | |                 id: u64 primary_key,
[INFO] [stdout] ...   |
[INFO] [stdout] 611 | |             }
[INFO] [stdout] 612 | |         );
[INFO] [stdout]     | |         ^
[INFO] [stdout]     | |         |
[INFO] [stdout]     | |_________unreachable expression
[INFO] [stdout]     |           any code following this `match` expression is unreachable, as all arms diverge
[INFO] [stdout]     |
[INFO] [stdout]     = note: this warning originates in the macro `worktable` (in Nightly builds, run with -Z macro-backtrace for more info)
[INFO] [stdout] 
[INFO] [stdout] 
[INFO] [stdout] warning: unreachable expression
[INFO] [stdout]    --> src/table/mod.rs:636:9
[INFO] [stdout]     |
[INFO] [stdout] 636 | /         worktable! (
[INFO] [stdout] 637 | |             name: Test,
[INFO] [stdout] 638 | |             columns: {
[INFO] [stdout] 639 | |                 id: Uuid primary_key,
[INFO] [stdout] 640 | |                 another: i64,
[INFO] [stdout] 641 | |             }
[INFO] [stdout] 642 | |         );
[INFO] [stdout]     | |         ^
[INFO] [stdout]     | |         |
[INFO] [stdout]     | |_________unreachable expression
[INFO] [stdout]     |           any code following this `match` expression is unreachable, as all arms diverge
[INFO] [stdout]     |
[INFO] [stdout]     = note: this warning originates in the macro `worktable` (in Nightly builds, run with -Z macro-backtrace for more info)
[INFO] [stdout] 
[INFO] [stdout] 
[INFO] [stdout] warning: function `bench` is never used
[INFO] [stdout]    --> src/in_memory/pages.rs:373:8
[INFO] [stdout]     |
[INFO] [stdout] 373 |     fn bench() {
[INFO] [stdout]     |        ^^^^^
[INFO] [stdout]     |
[INFO] [stdout]     = note: `#[warn(dead_code)]` on by default
[INFO] [stdout] 
[INFO] [stdout] 
[INFO] [stderr]     Finished `test` profile [unoptimized + debuginfo] target(s) in 6.20s
[INFO] running `Command { std: "docker" "inspect" "9bf24ebebfd8ae81e2d9b75afae9befac2c7663d5781a020778e1a358079df05", kill_on_drop: false }`
[INFO] running `Command { std: "docker" "rm" "-f" "9bf24ebebfd8ae81e2d9b75afae9befac2c7663d5781a020778e1a358079df05", kill_on_drop: false }`
[INFO] [stdout] 9bf24ebebfd8ae81e2d9b75afae9befac2c7663d5781a020778e1a358079df05
[INFO] running `Command { std: "docker" "create" "-v" "/var/lib/crater-agent-workspace/builds/worker-1-tc2/target:/opt/rustwide/target:rw,Z" "-v" "/var/lib/crater-agent-workspace/builds/worker-1-tc2/source:/opt/rustwide/workdir:ro,Z" "-v" "/var/lib/crater-agent-workspace/cargo-home:/opt/rustwide/cargo-home:ro,Z" "-v" "/var/lib/crater-agent-workspace/rustup-home:/opt/rustwide/rustup-home:ro,Z" "-e" "SOURCE_DIR=/opt/rustwide/workdir" "-e" "CARGO_TARGET_DIR=/opt/rustwide/target" "-e" "CARGO_INCREMENTAL=0" "-e" "RUST_BACKTRACE=full" "-e" "RUSTFLAGS=--cap-lints=warn" "-e" "RUSTDOCFLAGS=--cap-lints=warn" "-e" "CARGO_HOME=/opt/rustwide/cargo-home" "-e" "RUSTUP_HOME=/opt/rustwide/rustup-home" "-w" "/opt/rustwide/workdir" "-m" "1610612736" "--user" "0:0" "--network" "none" "ghcr.io/rust-lang/crates-build-env/linux@sha256:f3a9d4ad9d972b27faf3965f35b62e55ba32bbce8f20bc8fe909558a86702fde" "/opt/rustwide/cargo-home/bin/cargo" "+beta-2024-12-08" "test" "--frozen", kill_on_drop: false }`
[INFO] [stdout] eea8ecdbd9a7df77e4700003c08c89abea6296aa37cea039a315528ec7765c06
[INFO] running `Command { std: "docker" "start" "-a" "eea8ecdbd9a7df77e4700003c08c89abea6296aa37cea039a315528ec7765c06", kill_on_drop: false }`
[INFO] [stderr] warning: suffixes on a tuple index are invalid
[INFO] [stderr]    --> src/table/mod.rs:553:13
[INFO] [stderr]     |
[INFO] [stderr] 553 |             SizeMeasure,
[INFO] [stderr]     |             ^^^^^^^^^^^ invalid suffix `i32`
[INFO] [stderr]     |
[INFO] [stderr]     = help: `i32` is *temporarily* accepted on tuple index fields as it was incorrectly accepted on stable for a few releases
[INFO] [stderr]     = help: on proc macros, you'll want to use `syn::Index::from` or `proc_macro::Literal::*_unsuffixed` for code that will desugar to tuple field access
[INFO] [stderr]     = help: see issue #60210 <https://github.com/rust-lang/rust/issues/60210> for more information
[INFO] [stderr]     = note: this warning originates in the derive macro `SizeMeasure` (in Nightly builds, run with -Z macro-backtrace for more info)
[INFO] [stderr] 
[INFO] [stderr] warning: unreachable expression
[INFO] [stderr]    --> src/table/mod.rs:322:9
[INFO] [stderr]     |
[INFO] [stderr] 322 | /         worktable! (
[INFO] [stderr] 323 | |             name: Test,
[INFO] [stderr] 324 | |             columns: {
[INFO] [stderr] 325 | |                 id: u64 primary_key autoincrement,
[INFO] [stderr] ...   |
[INFO] [stderr] 329 | |             }
[INFO] [stderr] 330 | |         );
[INFO] [stderr]     | |         ^
[INFO] [stderr]     | |         |
[INFO] [stderr]     | |_________unreachable expression
[INFO] [stderr]     |           any code following this `match` expression is unreachable, as all arms diverge
[INFO] [stderr]     |
[INFO] [stderr]     = note: `#[warn(unreachable_code)]` on by default
[INFO] [stderr]     = note: this warning originates in the macro `worktable` (in Nightly builds, run with -Z macro-backtrace for more info)
[INFO] [stderr] 
[INFO] [stderr] warning: unreachable expression
[INFO] [stderr]    --> src/table/mod.rs:342:9
[INFO] [stderr]     |
[INFO] [stderr] 342 | /         worktable! (
[INFO] [stderr] 343 | |             name: Test,
[INFO] [stderr] 344 | |             columns: {
[INFO] [stderr] 345 | |                 id: u64 primary_key autoincrement,
[INFO] [stderr] ...   |
[INFO] [stderr] 352 | |             }
[INFO] [stderr] 353 | |         );
[INFO] [stderr]     | |         ^
[INFO] [stderr]     | |         |
[INFO] [stderr]     | |_________unreachable expression
[INFO] [stderr]     |           any code following this `match` expression is unreachable, as all arms diverge
[INFO] [stderr]     |
[INFO] [stderr]     = note: this warning originates in the macro `worktable` (in Nightly builds, run with -Z macro-backtrace for more info)
[INFO] [stderr] 
[INFO] [stderr] warning: unreachable expression
[INFO] [stderr]    --> src/table/mod.rs:424:9
[INFO] [stderr]     |
[INFO] [stderr] 424 | /         worktable! (
[INFO] [stderr] 425 | |             name: Test,
[INFO] [stderr] 426 | |             columns: {
[INFO] [stderr] 427 | |                 id: u64 primary_key autoincrement,
[INFO] [stderr] ...   |
[INFO] [stderr] 434 | |             }
[INFO] [stderr] 435 | |         );
[INFO] [stderr]     | |         ^
[INFO] [stderr]     | |         |
[INFO] [stderr]     | |_________unreachable expression
[INFO] [stderr]     |           any code following this `match` expression is unreachable, as all arms diverge
[INFO] [stderr]     |
[INFO] [stderr]     = note: this warning originates in the macro `worktable` (in Nightly builds, run with -Z macro-backtrace for more info)
[INFO] [stderr] 
[INFO] [stderr] warning: unreachable expression
[INFO] [stderr]    --> src/table/mod.rs:578:9
[INFO] [stderr]     |
[INFO] [stderr] 578 | /         worktable! (
[INFO] [stderr] 579 | |             name: Test,
[INFO] [stderr] 580 | |             columns: {
[INFO] [stderr] 581 | |                 id: CustomId primary_key custom,
[INFO] [stderr] 582 | |                 test: u64
[INFO] [stderr] 583 | |             }
[INFO] [stderr] 584 | |         );
[INFO] [stderr]     | |         ^
[INFO] [stderr]     | |         |
[INFO] [stderr]     | |_________unreachable expression
[INFO] [stderr]     |           any code following this `match` expression is unreachable, as all arms diverge
[INFO] [stderr]     |
[INFO] [stderr]     = note: this warning originates in the macro `worktable` (in Nightly builds, run with -Z macro-backtrace for more info)
[INFO] [stderr] 
[INFO] [stderr] warning: unreachable expression
[INFO] [stderr]    --> src/table/mod.rs:605:9
[INFO] [stderr]     |
[INFO] [stderr] 605 | /         worktable! (
[INFO] [stderr] 606 | |             name: Test,
[INFO] [stderr] 607 | |             columns: {
[INFO] [stderr] 608 | |                 id: u64 primary_key,
[INFO] [stderr] ...   |
[INFO] [stderr] 611 | |             }
[INFO] [stderr] 612 | |         );
[INFO] [stderr]     | |         ^
[INFO] [stderr]     | |         |
[INFO] [stderr]     | |_________unreachable expression
[INFO] [stderr]     |           any code following this `match` expression is unreachable, as all arms diverge
[INFO] [stderr]     |
[INFO] [stderr]     = note: this warning originates in the macro `worktable` (in Nightly builds, run with -Z macro-backtrace for more info)
[INFO] [stderr] 
[INFO] [stderr] warning: unreachable expression
[INFO] [stderr]    --> src/table/mod.rs:636:9
[INFO] [stderr]     |
[INFO] [stderr] 636 | /         worktable! (
[INFO] [stderr] 637 | |             name: Test,
[INFO] [stderr] 638 | |             columns: {
[INFO] [stderr] 639 | |                 id: Uuid primary_key,
[INFO] [stderr] 640 | |                 another: i64,
[INFO] [stderr] 641 | |             }
[INFO] [stderr] 642 | |         );
[INFO] [stderr]     | |         ^
[INFO] [stderr]     | |         |
[INFO] [stderr]     | |_________unreachable expression
[INFO] [stderr]     |           any code following this `match` expression is unreachable, as all arms diverge
[INFO] [stderr]     |
[INFO] [stderr]     = note: this warning originates in the macro `worktable` (in Nightly builds, run with -Z macro-backtrace for more info)
[INFO] [stderr] 
[INFO] [stderr] warning: function `bench` is never used
[INFO] [stderr]    --> src/in_memory/pages.rs:373:8
[INFO] [stderr]     |
[INFO] [stderr] 373 |     fn bench() {
[INFO] [stderr]     |        ^^^^^
[INFO] [stderr]     |
[INFO] [stderr]     = note: `#[warn(dead_code)]` on by default
[INFO] [stderr] 
[INFO] [stderr] warning: `worktable` (lib test) generated 8 warnings
[INFO] [stderr]     Finished `test` profile [unoptimized + debuginfo] target(s) in 0.08s
[INFO] [stderr]      Running unittests src/lib.rs (/opt/rustwide/target/debug/deps/worktable-107375c84e1f38ab)
[INFO] [stdout] 
[INFO] [stdout] running 61 tests
[INFO] [stdout] test in_memory::data::data::tests::data_page_full ... ok
[INFO] [stdout] test in_memory::data::data::tests::data_page_get_row_ref ... ok
[INFO] [stdout] test in_memory::data::data::tests::data_page_get_row ... ok
[INFO] [stdout] test in_memory::data::data::tests::data_page_overwrite_row ... ok
[INFO] [stdout] test in_memory::data::data::tests::data_page_save_many_rows ... ok
[INFO] [stdout] test in_memory::data::data::tests::data_page_full_multithread ... ok
[INFO] [stdout] test in_memory::data::data::tests::data_page_save_row ... ok
[INFO] [stdout] test in_memory::data::link::tests::link_length_valid ... ok
[INFO] [stdout] test in_memory::data::data::tests::data_page_length_valid ... ok
[INFO] [stdout] test in_memory::pages::tests::delete ... ok
[INFO] [stdout] test in_memory::pages::tests::insert ... ok
[INFO] [stdout] test in_memory::data::data::tests::multithread ... ok
[INFO] [stdout] test in_memory::pages::tests::insert_full ... ok
[INFO] [stdout] test in_memory::pages::tests::select ... ok
[INFO] [stdout] test table::tests::custom_pk::test_custom_pk ... ok
[INFO] [stdout] test in_memory::pages::tests::update ... ok
[INFO] [stdout] test table::tests::array::insert ... ok
[INFO] [stdout] test table::tests::array::update_in_a_middle ... ok
[INFO] [stdout] test table::tests::delete_and_insert_less ... ok
[INFO] [stdout] test table::tests::delete_by_exchange ... ok
[INFO] [stdout] test table::tests::delete_and_replace ... ok
[INFO] [stdout] test table::tests::delete_by_another ... ok
[INFO] [stdout] test table::tests::enum_::insert ... ok
[INFO] [stdout] test table::tests::enum_::update ... ok
[INFO] [stdout] test table::tests::delete ... ok
[INFO] [stdout] test table::tests::insert ... ok
[INFO] [stdout] test table::tests::delete_by_test ... ok
[INFO] [stdout] test table::tests::array::update ... ok
[INFO] [stdout] test table::tests::select_all_offset_test ... ok
[INFO] [stdout] test table::tests::insert_exchange_same ... ok
[INFO] [stdout] test table::tests::iter_with_async ... ok
[INFO] [stdout] test table::tests::insert_same ... ok
[INFO] [stdout] test table::tests::option::update ... ok
[INFO] [stdout] test table::tests::select_all_order_by_unique_test ... ok
[INFO] [stdout] test table::tests::select_all_test ... ok
[INFO] [stdout] test table::tests::option::update_by_another ... ok
[INFO] [stdout] test table::tests::select_by_exchange ... ok
[INFO] [stdout] test table::tests::select_all_order_by_non_unique_test ... ok
[INFO] [stdout] test table::tests::select_all_order_two_test ... ok
[INFO] [stdout] test in_memory::pages::tests::bench_vec ... ok
[INFO] [stdout] test table::tests::option::update_by_exchange ... ok
[INFO] [stdout] test table::tests::select_all_limit_test ... ok
[INFO] [stdout] test table::tests::select_by_test ... ok
[INFO] [stdout] test table::tests::spawn::update ... ok
[INFO] [stdout] test table::tests::spawn::upsert ... ok
[INFO] [stdout] test table::tests::tuple_primary_key::insert ... ok
[INFO] [stdout] test table::tests::test_update_by_non_unique ... ok
[INFO] [stdout] test table::tests::update ... ok
[INFO] [stdout] test table::tests::uuid::insert ... ok
[INFO] [stdout] test table::tests::iter_with ... ok
[INFO] [stdout] test table::tests::table_name ... ok
[INFO] [stdout] test table::tests::select_by_order_by_test ... ok
[INFO] [stdout] test table::tests::test_update_by_unique ... ok
[INFO] [stdout] test table::tests::upsert ... ok
[INFO] [stdout] test table::tests::select_by_offset_test ... ok
[INFO] [stdout] test table::tests::test_update_by_pk ... ok
[INFO] [stdout] test table::tests::select_multiple_by_exchange ... ok
[INFO] [stdout] test in_memory::pages::tests::bench_set ... ok
[INFO] [stdout] test util::sized::test::test_string ... ok
[INFO] [stdout] test table::tests::update_parallel ... ok
[INFO] [stdout] test table::tests::bench ... ok
[INFO] [stdout] 
[INFO] [stdout] test result: ok. 61 passed; 0 failed; 0 ignored; 0 measured; 0 filtered out; finished in 0.18s
[INFO] [stdout] 
[INFO] [stderr]      Running tests/mod.rs (/opt/rustwide/target/debug/deps/mod-0df32aba3aff6c07)
[INFO] [stdout] 
[INFO] [stdout] running 5 tests
[INFO] [stdout] test persistence::read::test_index_parse ... ok
[INFO] [stdout] test persistence::read::test_info_parse ... ok
[INFO] [stdout] test persistence::read::test_data_parse ... ok
[INFO] [stdout] test persistence::read::test_space_parse ... ok
[INFO] [stdout] test persistence::write::test_persist ... FAILED
[INFO] [stdout] 
[INFO] [stdout] failures:
[INFO] [stdout] 
[INFO] [stdout] ---- persistence::write::test_persist stdout ----
[INFO] [stdout] thread 'persistence::write::test_persist' panicked at tests/mod.rs:33:40:
[INFO] [stdout] called `Result::unwrap()` on an `Err` value: Os { code: 30, kind: ReadOnlyFilesystem, message: "Read-only file system" }
[INFO] [stdout] stack backtrace:
[INFO] [stdout]    0:     0x64113797285a - std::backtrace_rs::backtrace::libunwind::trace::h8810477743020387
[INFO] [stdout]                                at /rustc/202008a1b8de96d2e5b6bc02d379db03a877d34d/library/std/src/../../backtrace/src/backtrace/libunwind.rs:116:5
[INFO] [stdout]    1:     0x64113797285a - std::backtrace_rs::backtrace::trace_unsynchronized::h3aa55355dd6c54a6
[INFO] [stdout]                                at /rustc/202008a1b8de96d2e5b6bc02d379db03a877d34d/library/std/src/../../backtrace/src/backtrace/mod.rs:66:5
[INFO] [stdout]    2:     0x64113797285a - std::sys::backtrace::_print_fmt::h8588b0f62410823f
[INFO] [stdout]                                at /rustc/202008a1b8de96d2e5b6bc02d379db03a877d34d/library/std/src/sys/backtrace.rs:66:9
[INFO] [stdout]    3:     0x64113797285a - <std::sys::backtrace::BacktraceLock::print::DisplayBacktrace as core::fmt::Display>::fmt::h98c26ac25ffe89bb
[INFO] [stdout]                                at /rustc/202008a1b8de96d2e5b6bc02d379db03a877d34d/library/std/src/sys/backtrace.rs:39:26
[INFO] [stdout]    4:     0x641137998aa3 - core::fmt::rt::Argument::fmt::hf95377f4aebd453b
[INFO] [stdout]                                at /rustc/202008a1b8de96d2e5b6bc02d379db03a877d34d/library/core/src/fmt/rt.rs:177:76
[INFO] [stdout]    5:     0x641137998aa3 - core::fmt::write::h0dd5f6e2238c7982
[INFO] [stdout]                                at /rustc/202008a1b8de96d2e5b6bc02d379db03a877d34d/library/core/src/fmt/mod.rs:1189:21
[INFO] [stdout]    6:     0x64113796f9c3 - std::io::Write::write_fmt::h03bb0ca26e6faf8c
[INFO] [stdout]                                at /rustc/202008a1b8de96d2e5b6bc02d379db03a877d34d/library/std/src/io/mod.rs:1884:15
[INFO] [stdout]    7:     0x6411379726a2 - std::sys::backtrace::BacktraceLock::print::h5c19c1c038ee186d
[INFO] [stdout]                                at /rustc/202008a1b8de96d2e5b6bc02d379db03a877d34d/library/std/src/sys/backtrace.rs:42:9
[INFO] [stdout]    8:     0x641137973cdd - std::panicking::default_hook::{{closure}}::h77172f079a1fcb13
[INFO] [stdout]                                at /rustc/202008a1b8de96d2e5b6bc02d379db03a877d34d/library/std/src/panicking.rs:268:22
[INFO] [stdout]    9:     0x641137973ae7 - std::panicking::default_hook::he5f8e3b203ccddba
[INFO] [stdout]                                at /rustc/202008a1b8de96d2e5b6bc02d379db03a877d34d/library/std/src/panicking.rs:292:9
[INFO] [stdout]   10:     0x641137913c07 - <alloc::boxed::Box<F,A> as core::ops::function::Fn<Args>>::call::h7a3c7b4a1ae77f2f
[INFO] [stdout]                                at /rustc/202008a1b8de96d2e5b6bc02d379db03a877d34d/library/alloc/src/boxed.rs:1986:9
[INFO] [stdout]   11:     0x641137913c07 - test::test_main::{{closure}}::hf0d3b69ae9b353d1
[INFO] [stdout]                                at /rustc/202008a1b8de96d2e5b6bc02d379db03a877d34d/library/test/src/lib.rs:134:21
[INFO] [stdout]   12:     0x641137974388 - <alloc::boxed::Box<F,A> as core::ops::function::Fn<Args>>::call::h6332e82e7b189abd
[INFO] [stdout]                                at /rustc/202008a1b8de96d2e5b6bc02d379db03a877d34d/library/alloc/src/boxed.rs:1986:9
[INFO] [stdout]   13:     0x641137974388 - std::panicking::rust_panic_with_hook::h53863d4e9018df39
[INFO] [stdout]                                at /rustc/202008a1b8de96d2e5b6bc02d379db03a877d34d/library/std/src/panicking.rs:809:13
[INFO] [stdout]   14:     0x64113797414a - std::panicking::begin_panic_handler::{{closure}}::h67280e6fa0757873
[INFO] [stdout]                                at /rustc/202008a1b8de96d2e5b6bc02d379db03a877d34d/library/std/src/panicking.rs:674:13
[INFO] [stdout]   15:     0x641137972d39 - std::sys::backtrace::__rust_end_short_backtrace::h1dac3f54d6fbbeb2
[INFO] [stdout]                                at /rustc/202008a1b8de96d2e5b6bc02d379db03a877d34d/library/std/src/sys/backtrace.rs:170:18
[INFO] [stdout]   16:     0x641137973ddc - rust_begin_unwind
[INFO] [stdout]                                at /rustc/202008a1b8de96d2e5b6bc02d379db03a877d34d/library/std/src/panicking.rs:665:5
[INFO] [stdout]   17:     0x64113782cb90 - core::panicking::panic_fmt::h6792bd1b2bf01041
[INFO] [stdout]                                at /rustc/202008a1b8de96d2e5b6bc02d379db03a877d34d/library/core/src/panicking.rs:76:14
[INFO] [stdout]   18:     0x64113782cfd6 - core::result::unwrap_failed::h05e0602ed34287c5
[INFO] [stdout]                                at /rustc/202008a1b8de96d2e5b6bc02d379db03a877d34d/library/core/src/result.rs:1699:5
[INFO] [stdout]   19:     0x6411378493e7 - core::result::Result<T,E>::unwrap::he136de872dc3dfd0
[INFO] [stdout]                                at /rustc/202008a1b8de96d2e5b6bc02d379db03a877d34d/library/core/src/result.rs:1104:23
[INFO] [stdout]   20:     0x6411378493e7 - mod::remove_file_if_exists::hff979e6a1ecb7d7c
[INFO] [stdout]                                at /opt/rustwide/workdir/tests/mod.rs:33:9
[INFO] [stdout]   21:     0x6411378b2944 - mod::persistence::write::test_persist::hf7f49126e9c7f807
[INFO] [stdout]                                at /opt/rustwide/workdir/tests/persistence/write.rs:7:5
[INFO] [stdout]   22:     0x6411378b28f7 - mod::persistence::write::test_persist::{{closure}}::h5ae7832a10d93e7b
[INFO] [stdout]                                at /opt/rustwide/workdir/tests/persistence/write.rs:6:18
[INFO] [stdout]   23:     0x64113786b8d6 - core::ops::function::FnOnce::call_once::h800f3b1e93284199
[INFO] [stdout]                                at /rustc/202008a1b8de96d2e5b6bc02d379db03a877d34d/library/core/src/ops/function.rs:250:5
[INFO] [stdout]   24:     0x64113791872b - core::ops::function::FnOnce::call_once::h871bf86719ec9aa4
[INFO] [stdout]                                at /rustc/202008a1b8de96d2e5b6bc02d379db03a877d34d/library/core/src/ops/function.rs:250:5
[INFO] [stdout]   25:     0x64113791872b - test::__rust_begin_short_backtrace::h2167df1e2b7d76fd
[INFO] [stdout]                                at /rustc/202008a1b8de96d2e5b6bc02d379db03a877d34d/library/test/src/lib.rs:632:18
[INFO] [stdout]   26:     0x641137918118 - test::run_test_in_process::{{closure}}::h15d92f75a3adfb79
[INFO] [stdout]                                at /rustc/202008a1b8de96d2e5b6bc02d379db03a877d34d/library/test/src/lib.rs:655:60
[INFO] [stdout]   27:     0x641137918118 - <core::panic::unwind_safe::AssertUnwindSafe<F> as core::ops::function::FnOnce<()>>::call_once::hb6c8955835a8dbbb
[INFO] [stdout]                                at /rustc/202008a1b8de96d2e5b6bc02d379db03a877d34d/library/core/src/panic/unwind_safe.rs:272:9
[INFO] [stdout]   28:     0x641137918118 - std::panicking::try::do_call::hc79d0fc888a0bd30
[INFO] [stdout]                                at /rustc/202008a1b8de96d2e5b6bc02d379db03a877d34d/library/std/src/panicking.rs:557:40
[INFO] [stdout]   29:     0x641137918118 - std::panicking::try::hb8a7878e3a8589d6
[INFO] [stdout]                                at /rustc/202008a1b8de96d2e5b6bc02d379db03a877d34d/library/std/src/panicking.rs:520:19
[INFO] [stdout]   30:     0x641137918118 - std::panic::catch_unwind::hb8e4600ff0ff5cfa
[INFO] [stdout]                                at /rustc/202008a1b8de96d2e5b6bc02d379db03a877d34d/library/std/src/panic.rs:358:14
[INFO] [stdout]   31:     0x641137918118 - test::run_test_in_process::hc2900b0b18688dd6
[INFO] [stdout]                                at /rustc/202008a1b8de96d2e5b6bc02d379db03a877d34d/library/test/src/lib.rs:655:27
[INFO] [stdout]   32:     0x641137918118 - test::run_test::{{closure}}::hac2a9cb07be3d48d
[INFO] [stdout]                                at /rustc/202008a1b8de96d2e5b6bc02d379db03a877d34d/library/test/src/lib.rs:576:43
[INFO] [stdout]   33:     0x6411378dbbba - test::run_test::{{closure}}::h4a5b729e66a38cd8
[INFO] [stdout]                                at /rustc/202008a1b8de96d2e5b6bc02d379db03a877d34d/library/test/src/lib.rs:606:41
[INFO] [stdout]   34:     0x6411378dbbba - std::sys::backtrace::__rust_begin_short_backtrace::h0496fb742492f573
[INFO] [stdout]                                at /rustc/202008a1b8de96d2e5b6bc02d379db03a877d34d/library/std/src/sys/backtrace.rs:154:18
[INFO] [stdout]   35:     0x6411378df534 - std::thread::Builder::spawn_unchecked_::{{closure}}::{{closure}}::hbb6d257c550a54bd
[INFO] [stdout]                                at /rustc/202008a1b8de96d2e5b6bc02d379db03a877d34d/library/std/src/thread/mod.rs:561:17
[INFO] [stdout]   36:     0x6411378df534 - <core::panic::unwind_safe::AssertUnwindSafe<F> as core::ops::function::FnOnce<()>>::call_once::h46696fe4a6832328
[INFO] [stdout]                                at /rustc/202008a1b8de96d2e5b6bc02d379db03a877d34d/library/core/src/panic/unwind_safe.rs:272:9
[INFO] [stdout]   37:     0x6411378df534 - std::panicking::try::do_call::h2625a51b667bfb64
[INFO] [stdout]                                at /rustc/202008a1b8de96d2e5b6bc02d379db03a877d34d/library/std/src/panicking.rs:557:40
[INFO] [stdout]   38:     0x6411378df534 - std::panicking::try::hb956a59a1973aa4c
[INFO] [stdout]                                at /rustc/202008a1b8de96d2e5b6bc02d379db03a877d34d/library/std/src/panicking.rs:520:19
[INFO] [stdout]   39:     0x6411378df534 - std::panic::catch_unwind::h64f3b9d1067ef6a0
[INFO] [stdout]                                at /rustc/202008a1b8de96d2e5b6bc02d379db03a877d34d/library/std/src/panic.rs:358:14
[INFO] [stdout]   40:     0x6411378df534 - std::thread::Builder::spawn_unchecked_::{{closure}}::h42b2841295b6c0b2
[INFO] [stdout]                                at /rustc/202008a1b8de96d2e5b6bc02d379db03a877d34d/library/std/src/thread/mod.rs:559:30
[INFO] [stdout]   41:     0x6411378df534 - core::ops::function::FnOnce::call_once{{vtable.shim}}::h6127de71b8124639
[INFO] [stdout]                                at /rustc/202008a1b8de96d2e5b6bc02d379db03a877d34d/library/core/src/ops/function.rs:250:5
[INFO] [stdout]   42:     0x6411379783eb - <alloc::boxed::Box<F,A> as core::ops::function::FnOnce<Args>>::call_once::h42f0ba71002a1b2c
[INFO] [stdout]                                at /rustc/202008a1b8de96d2e5b6bc02d379db03a877d34d/library/alloc/src/boxed.rs:1972:9
[INFO] [stdout]   43:     0x6411379783eb - <alloc::boxed::Box<F,A> as core::ops::function::FnOnce<Args>>::call_once::had9e47d7a3dcecb8
[INFO] [stdout]                                at /rustc/202008a1b8de96d2e5b6bc02d379db03a877d34d/library/alloc/src/boxed.rs:1972:9
[INFO] [stdout]   44:     0x6411379783eb - std::sys::pal::unix::thread::Thread::new::thread_start::h48cf765408f6f5f2
[INFO] [stdout]                                at /rustc/202008a1b8de96d2e5b6bc02d379db03a877d34d/library/std/src/sys/pal/unix/thread.rs:105:17
[INFO] [stdout]   45:     0x78890f043ac3 - <unknown>
[INFO] [stdout]   46:     0x78890f0d4a04 - clone
[INFO] [stdout]   47:                0x0 - <unknown>
[INFO] [stdout] 
[INFO] [stdout] 
[INFO] [stdout] failures:
[INFO] [stdout]     persistence::write::test_persist
[INFO] [stdout] 
[INFO] [stdout] test result: FAILED. 4 passed; 1 failed; 0 ignored; 0 measured; 0 filtered out; finished in 0.03s
[INFO] [stdout] 
[INFO] [stderr] error: test failed, to rerun pass `--test mod`
[INFO] running `Command { std: "docker" "inspect" "eea8ecdbd9a7df77e4700003c08c89abea6296aa37cea039a315528ec7765c06", kill_on_drop: false }`
[INFO] running `Command { std: "docker" "rm" "-f" "eea8ecdbd9a7df77e4700003c08c89abea6296aa37cea039a315528ec7765c06", kill_on_drop: false }`
[INFO] [stdout] eea8ecdbd9a7df77e4700003c08c89abea6296aa37cea039a315528ec7765c06
