[INFO] fetching crate word-cloud 0.1.100...
[INFO] testing word-cloud-0.1.100 against 1.83.0 for beta-1.84.0-4-retry
[INFO] extracting crate word-cloud 0.1.100 into /workspace/builds/worker-7-tc1/source
[INFO] validating manifest of crates.io crate word-cloud 0.1.100 on toolchain 1.83.0
[INFO] running `Command { std: CARGO_HOME="/workspace/cargo-home" RUSTUP_HOME="/workspace/rustup-home" "/workspace/cargo-home/bin/cargo" "+1.83.0" "metadata" "--manifest-path" "Cargo.toml" "--no-deps", kill_on_drop: false }`
[INFO] started tweaking crates.io crate word-cloud 0.1.100
[INFO] finished tweaking crates.io crate word-cloud 0.1.100
[INFO] tweaked toml for crates.io crate word-cloud 0.1.100 written to /workspace/builds/worker-7-tc1/source/Cargo.toml
[INFO] crate crates.io crate word-cloud 0.1.100 already has a lockfile, it will not be regenerated
[INFO] running `Command { std: CARGO_HOME="/workspace/cargo-home" RUSTUP_HOME="/workspace/rustup-home" "/workspace/cargo-home/bin/cargo" "+1.83.0" "fetch" "--manifest-path" "Cargo.toml", kill_on_drop: false }`
[INFO] [stderr]     Updating crates.io index
[INFO] [stderr]  Downloading crates ...
[INFO] [stderr]   Downloaded wide v0.7.17
[INFO] [stderr]   Downloaded quadtree_rs v0.1.3
[INFO] running `Command { std: "docker" "create" "-v" "/var/lib/crater-agent-workspace/builds/worker-7-tc1/target:/opt/rustwide/target:rw,Z" "-v" "/var/lib/crater-agent-workspace/builds/worker-7-tc1/source:/opt/rustwide/workdir:ro,Z" "-v" "/var/lib/crater-agent-workspace/cargo-home:/opt/rustwide/cargo-home:ro,Z" "-v" "/var/lib/crater-agent-workspace/rustup-home:/opt/rustwide/rustup-home:ro,Z" "-e" "SOURCE_DIR=/opt/rustwide/workdir" "-e" "CARGO_TARGET_DIR=/opt/rustwide/target" "-e" "CARGO_HOME=/opt/rustwide/cargo-home" "-e" "RUSTUP_HOME=/opt/rustwide/rustup-home" "-w" "/opt/rustwide/workdir" "-m" "1610612736" "--user" "0:0" "--network" "none" "ghcr.io/rust-lang/crates-build-env/linux@sha256:f3a9d4ad9d972b27faf3965f35b62e55ba32bbce8f20bc8fe909558a86702fde" "/opt/rustwide/cargo-home/bin/cargo" "+1.83.0" "metadata" "--no-deps" "--format-version=1", kill_on_drop: false }`
[INFO] [stdout] 23f13316b3d87f49519ffe839c58177d8a566113dbfba4ebbbd7ce1f34811231
[INFO] running `Command { std: "docker" "start" "-a" "23f13316b3d87f49519ffe839c58177d8a566113dbfba4ebbbd7ce1f34811231", kill_on_drop: false }`
[INFO] running `Command { std: "docker" "inspect" "23f13316b3d87f49519ffe839c58177d8a566113dbfba4ebbbd7ce1f34811231", kill_on_drop: false }`
[INFO] running `Command { std: "docker" "rm" "-f" "23f13316b3d87f49519ffe839c58177d8a566113dbfba4ebbbd7ce1f34811231", kill_on_drop: false }`
[INFO] [stdout] 23f13316b3d87f49519ffe839c58177d8a566113dbfba4ebbbd7ce1f34811231
[INFO] running `Command { std: "docker" "create" "-v" "/var/lib/crater-agent-workspace/builds/worker-7-tc1/target:/opt/rustwide/target:rw,Z" "-v" "/var/lib/crater-agent-workspace/builds/worker-7-tc1/source:/opt/rustwide/workdir:ro,Z" "-v" "/var/lib/crater-agent-workspace/cargo-home:/opt/rustwide/cargo-home:ro,Z" "-v" "/var/lib/crater-agent-workspace/rustup-home:/opt/rustwide/rustup-home:ro,Z" "-e" "SOURCE_DIR=/opt/rustwide/workdir" "-e" "CARGO_TARGET_DIR=/opt/rustwide/target" "-e" "CARGO_INCREMENTAL=0" "-e" "RUST_BACKTRACE=full" "-e" "RUSTFLAGS=--cap-lints=warn" "-e" "RUSTDOCFLAGS=--cap-lints=warn" "-e" "CARGO_HOME=/opt/rustwide/cargo-home" "-e" "RUSTUP_HOME=/opt/rustwide/rustup-home" "-w" "/opt/rustwide/workdir" "-m" "1610612736" "--user" "0:0" "--network" "none" "ghcr.io/rust-lang/crates-build-env/linux@sha256:f3a9d4ad9d972b27faf3965f35b62e55ba32bbce8f20bc8fe909558a86702fde" "/opt/rustwide/cargo-home/bin/cargo" "+1.83.0" "build" "--frozen" "--message-format=json", kill_on_drop: false }`
[INFO] [stdout] e6f593fc03a66bfa1e70d1d32e78fdbe930ce75a1b7132cbbe3bd373b7b98258
[INFO] running `Command { std: "docker" "start" "-a" "e6f593fc03a66bfa1e70d1d32e78fdbe930ce75a1b7132cbbe3bd373b7b98258", kill_on_drop: false }`
[INFO] [stderr]    Compiling autocfg v1.3.0
[INFO] [stderr]    Compiling libm v0.2.8
[INFO] [stderr]    Compiling proc-macro2 v1.0.82
[INFO] [stderr]    Compiling unicode-ident v1.0.12
[INFO] [stderr]    Compiling cfg-if v1.0.0
[INFO] [stderr]    Compiling crossbeam-utils v0.8.19
[INFO] [stderr]    Compiling libc v0.2.154
[INFO] [stderr]    Compiling proc-macro2 v0.4.30
[INFO] [stderr]    Compiling unicode-xid v0.1.0
[INFO] [stderr]    Compiling simd-adler32 v0.3.7
[INFO] [stderr]    Compiling bytemuck v1.15.0
[INFO] [stderr]    Compiling rayon-core v1.12.1
[INFO] [stderr]    Compiling paste v1.0.15
[INFO] [stderr]    Compiling syn v0.15.44
[INFO] [stderr]    Compiling adler v1.0.2
[INFO] [stderr]    Compiling crc32fast v1.4.0
[INFO] [stderr]    Compiling thiserror v1.0.60
[INFO] [stderr]    Compiling anyhow v1.0.83
[INFO] [stderr]    Compiling either v1.11.0
[INFO] [stderr]    Compiling miniz_oxide v0.7.2
[INFO] [stderr]    Compiling aligned-vec v0.5.0
[INFO] [stderr]    Compiling memchr v2.7.2
[INFO] [stderr]    Compiling built v0.7.2
[INFO] [stderr]    Compiling scopeguard v1.2.0
[INFO] [stderr]    Compiling arrayvec v0.7.4
[INFO] [stderr]    Compiling fnv v1.0.7
[INFO] [stderr]    Compiling strsim v0.7.0
[INFO] [stderr]    Compiling ident_case v1.0.1
[INFO] [stderr]    Compiling num-traits v0.2.19
[INFO] [stderr]    Compiling lock_api v0.4.12
[INFO] [stderr]    Compiling minimal-lexical v0.2.1
[INFO] [stderr]    Compiling quote v1.0.36
[INFO] [stderr]    Compiling crossbeam-epoch v0.9.18
[INFO] [stderr]    Compiling nom v7.1.3
[INFO] [stderr]    Compiling rav1e v0.7.1
[INFO] [stderr]    Compiling syn v2.0.61
[INFO] [stderr]    Compiling crossbeam-deque v0.8.5
[INFO] [stderr]    Compiling num-bigint v0.2.6
[INFO] [stderr]    Compiling log v0.4.21
[INFO] [stderr]    Compiling simd_helpers v0.1.0
[INFO] [stderr]    Compiling flate2 v1.0.30
[INFO] [stderr]    Compiling spin v0.9.8
[INFO] [stderr]    Compiling quote v0.6.13
[INFO] [stderr]    Compiling num-complex v0.2.4
[INFO] [stderr]    Compiling matrixmultiply v0.3.8
[INFO] [stderr]    Compiling num-rational v0.2.4
[INFO] [stderr]    Compiling itertools v0.12.1
[INFO] [stderr]    Compiling getrandom v0.2.15
[INFO] [stderr]    Compiling safe_arch v0.7.1
[INFO] [stderr]    Compiling rand_core v0.6.4
[INFO] [stderr]    Compiling noop_proc_macro v0.3.0
[INFO] [stderr]    Compiling bitstream-io v2.3.0
[INFO] [stderr]    Compiling typenum v1.17.0
[INFO] [stderr]    Compiling imgref v1.10.1
[INFO] [stderr]    Compiling once_cell v1.19.0
[INFO] [stderr]    Compiling ppv-lite86 v0.2.17
[INFO] [stderr]    Compiling weezl v0.1.8
[INFO] [stderr]    Compiling new_debug_unreachable v1.0.6
[INFO] [stderr]    Compiling rayon v1.10.0
[INFO] [stderr]    Compiling wide v0.7.17
[INFO] [stderr]    Compiling loop9 v0.1.5
[INFO] [stderr]    Compiling num-integer v0.1.46
[INFO] [stderr]    Compiling v_frame v0.3.8
[INFO] [stderr]    Compiling num-complex v0.4.6
[INFO] [stderr]    Compiling approx v0.5.1
[INFO] [stderr]    Compiling flume v0.11.0
[INFO] [stderr]    Compiling rand_chacha v0.3.1
[INFO] [stderr]    Compiling avif-serialize v0.8.1
[INFO] [stderr]    Compiling rgb v0.8.37
[INFO] [stderr]    Compiling fdeflate v0.3.4
[INFO] [stderr]    Compiling num-bigint v0.4.5
[INFO] [stderr]    Compiling num-iter v0.1.45
[INFO] [stderr]    Compiling zune-inflate v0.2.54
[INFO] [stderr]    Compiling half v2.4.1
[INFO] [stderr]    Compiling rawpointer v0.2.1
[INFO] [stderr]    Compiling bitflags v1.3.2
[INFO] [stderr]    Compiling serde v1.0.201
[INFO] [stderr]    Compiling quick-error v2.0.1
[INFO] [stderr]    Compiling zune-core v0.4.12
[INFO] [stderr]    Compiling smallvec v1.13.2
[INFO] [stderr]    Compiling derive_builder v0.7.2
[INFO] [stderr]    Compiling jpeg-decoder v0.3.1
[INFO] [stderr]    Compiling color_quant v1.1.0
[INFO] [stderr]    Compiling ttf-parser v0.20.0
[INFO] [stderr]    Compiling bit_field v0.10.2
[INFO] [stderr]    Compiling lebe v0.5.2
[INFO] [stderr]    Compiling byteorder-lite v0.1.0
[INFO] [stderr]    Compiling ab_glyph_rasterizer v0.1.8
[INFO] [stderr]    Compiling gif v0.13.1
[INFO] [stderr]    Compiling png v0.17.13
[INFO] [stderr]    Compiling zune-jpeg v0.4.11
[INFO] [stderr]    Compiling exr v1.72.0
[INFO] [stderr]    Compiling rand v0.8.5
[INFO] [stderr]    Compiling num-rational v0.4.2
[INFO] [stderr]    Compiling tiff v0.9.1
[INFO] [stderr]    Compiling av1-grain v0.2.3
[INFO] [stderr]    Compiling qoi v0.4.1
[INFO] [stderr]    Compiling byteorder v1.5.0
[INFO] [stderr]    Compiling ttf-parser v0.15.2
[INFO] [stderr]    Compiling custom_derive v0.1.7
[INFO] [stderr]    Compiling serde_json v1.0.117
[INFO] [stderr]    Compiling conv v0.3.3
[INFO] [stderr]    Compiling num v0.2.1
[INFO] [stderr]    Compiling rand_distr v0.4.3
[INFO] [stderr]    Compiling num v0.4.3
[INFO] [stderr]    Compiling itoa v1.0.11
[INFO] [stderr]    Compiling simba v0.8.1
[INFO] [stderr]    Compiling ryu v1.0.18
[INFO] [stderr]    Compiling maybe-rayon v0.1.1
[INFO] [stderr]    Compiling darling_core v0.9.0
[INFO] [stderr]    Compiling owned_ttf_parser v0.20.0
[INFO] [stderr]    Compiling ab_glyph v0.2.25
[INFO] [stderr]    Compiling thiserror-impl v1.0.60
[INFO] [stderr]    Compiling profiling-procmacros v1.0.15
[INFO] [stderr]    Compiling arg_enum_proc_macro v0.3.4
[INFO] [stderr]    Compiling num-derive v0.4.2
[INFO] [stderr]    Compiling serde_derive v1.0.201
[INFO] [stderr]    Compiling profiling v1.0.15
[INFO] [stderr]    Compiling owned_ttf_parser v0.15.2
[INFO] [stderr]    Compiling rusttype v0.9.3
[INFO] [stderr]    Compiling darling_macro v0.9.0
[INFO] [stderr]    Compiling image-webp v0.1.2
[INFO] [stderr]    Compiling darling v0.9.0
[INFO] [stderr]    Compiling derive_builder_core v0.5.0
[INFO] [stderr]    Compiling quadtree_rs v0.1.3
[INFO] [stderr]    Compiling nalgebra v0.32.5
[INFO] [stderr]    Compiling ravif v0.11.5
[INFO] [stderr]    Compiling image v0.25.1
[INFO] [stderr]    Compiling imageproc v0.24.0
[INFO] [stderr]    Compiling word-cloud v0.1.100 (/opt/rustwide/workdir)
[INFO] [stderr]     Finished `dev` profile [unoptimized + debuginfo] target(s) in 46.45s
[INFO] running `Command { std: "docker" "inspect" "e6f593fc03a66bfa1e70d1d32e78fdbe930ce75a1b7132cbbe3bd373b7b98258", kill_on_drop: false }`
[INFO] running `Command { std: "docker" "rm" "-f" "e6f593fc03a66bfa1e70d1d32e78fdbe930ce75a1b7132cbbe3bd373b7b98258", kill_on_drop: false }`
[INFO] [stdout] e6f593fc03a66bfa1e70d1d32e78fdbe930ce75a1b7132cbbe3bd373b7b98258
[INFO] running `Command { std: "docker" "create" "-v" "/var/lib/crater-agent-workspace/builds/worker-7-tc1/target:/opt/rustwide/target:rw,Z" "-v" "/var/lib/crater-agent-workspace/builds/worker-7-tc1/source:/opt/rustwide/workdir:ro,Z" "-v" "/var/lib/crater-agent-workspace/cargo-home:/opt/rustwide/cargo-home:ro,Z" "-v" "/var/lib/crater-agent-workspace/rustup-home:/opt/rustwide/rustup-home:ro,Z" "-e" "SOURCE_DIR=/opt/rustwide/workdir" "-e" "CARGO_TARGET_DIR=/opt/rustwide/target" "-e" "CARGO_INCREMENTAL=0" "-e" "RUST_BACKTRACE=full" "-e" "RUSTFLAGS=--cap-lints=warn" "-e" "RUSTDOCFLAGS=--cap-lints=warn" "-e" "CARGO_HOME=/opt/rustwide/cargo-home" "-e" "RUSTUP_HOME=/opt/rustwide/rustup-home" "-w" "/opt/rustwide/workdir" "-m" "1610612736" "--user" "0:0" "--network" "none" "ghcr.io/rust-lang/crates-build-env/linux@sha256:f3a9d4ad9d972b27faf3965f35b62e55ba32bbce8f20bc8fe909558a86702fde" "/opt/rustwide/cargo-home/bin/cargo" "+1.83.0" "test" "--frozen" "--no-run" "--message-format=json", kill_on_drop: false }`
[INFO] [stdout] 38c63c08d0a616e18a438a92229ec0fe4ba2b065c6ac4e778a1339ba2746b501
[INFO] running `Command { std: "docker" "start" "-a" "38c63c08d0a616e18a438a92229ec0fe4ba2b065c6ac4e778a1339ba2746b501", kill_on_drop: false }`
[INFO] [stderr]    Compiling word-cloud v0.1.100 (/opt/rustwide/workdir)
[INFO] [stderr]     Finished `test` profile [unoptimized + debuginfo] target(s) in 2.69s
[INFO] running `Command { std: "docker" "inspect" "38c63c08d0a616e18a438a92229ec0fe4ba2b065c6ac4e778a1339ba2746b501", kill_on_drop: false }`
[INFO] running `Command { std: "docker" "rm" "-f" "38c63c08d0a616e18a438a92229ec0fe4ba2b065c6ac4e778a1339ba2746b501", kill_on_drop: false }`
[INFO] [stdout] 38c63c08d0a616e18a438a92229ec0fe4ba2b065c6ac4e778a1339ba2746b501
[INFO] running `Command { std: "docker" "create" "-v" "/var/lib/crater-agent-workspace/builds/worker-7-tc1/target:/opt/rustwide/target:rw,Z" "-v" "/var/lib/crater-agent-workspace/builds/worker-7-tc1/source:/opt/rustwide/workdir:ro,Z" "-v" "/var/lib/crater-agent-workspace/cargo-home:/opt/rustwide/cargo-home:ro,Z" "-v" "/var/lib/crater-agent-workspace/rustup-home:/opt/rustwide/rustup-home:ro,Z" "-e" "SOURCE_DIR=/opt/rustwide/workdir" "-e" "CARGO_TARGET_DIR=/opt/rustwide/target" "-e" "CARGO_INCREMENTAL=0" "-e" "RUST_BACKTRACE=full" "-e" "RUSTFLAGS=--cap-lints=warn" "-e" "RUSTDOCFLAGS=--cap-lints=warn" "-e" "CARGO_HOME=/opt/rustwide/cargo-home" "-e" "RUSTUP_HOME=/opt/rustwide/rustup-home" "-w" "/opt/rustwide/workdir" "-m" "1610612736" "--user" "0:0" "--network" "none" "ghcr.io/rust-lang/crates-build-env/linux@sha256:f3a9d4ad9d972b27faf3965f35b62e55ba32bbce8f20bc8fe909558a86702fde" "/opt/rustwide/cargo-home/bin/cargo" "+1.83.0" "test" "--frozen", kill_on_drop: false }`
[INFO] [stdout] 92c481085fa7c3b8488769b4284bc271324072b899e55d84f1c536e34124eb6b
[INFO] running `Command { std: "docker" "start" "-a" "92c481085fa7c3b8488769b4284bc271324072b899e55d84f1c536e34124eb6b", kill_on_drop: false }`
[INFO] [stderr]     Finished `test` profile [unoptimized + debuginfo] target(s) in 0.09s
[INFO] [stderr]      Running unittests src/lib.rs (/opt/rustwide/target/debug/deps/word_cloud-04888efc2f13d402)
[INFO] [stdout] 
[INFO] [stdout] running 21 tests
[INFO] [stdout] test colors::test::color_from_hex ... ok
[INFO] [stdout] test colors::test::color_from_hex_not_a_color ... ok
[INFO] [stdout] test collision::bb_collider::test::collide ... ok
[INFO] [stdout] test geometry::rectangle::test::collides_with_collisions ... ok
[INFO] [stdout] test geometry::rectangle::test::collides_with_no_collision ... ok
[INFO] [stdout] test geometry::rectangle::test::collides_with_touching ... ok
[INFO] [stdout] test geometry::rectangle::test::displace ... ok
[INFO] [stdout] test geometry::rectangle::test::displace_outside ... ok
[INFO] [stdout] test geometry::rectangle::test::from_center ... ok
[INFO] [stdout] test geometry::rectangle::test::from_point_with_empty_rectangle ... ok
[INFO] [stdout] test geometry::rectangle::test::from_point_with_negative_size ... ok
[INFO] [stdout] test geometry::rectangle::test::from_points ... ok
[INFO] [stdout] test geometry::rectangle::test::grow ... ok
[INFO] [stdout] test geometry::rectangle::test::grow_negative ... ok
[INFO] [stdout] test geometry::rectangle::test::new ... ok
[INFO] [stdout] test geometry::rectangle::test::random ... ok
[INFO] [stdout] test placement::horiz_placer::test::find_next_place ... ok
[INFO] [stdout] test words::word::test::word_construction ... ok
[INFO] [stdout] test words::fonts_provider::test::register_and_read ... ok
[INFO] [stdout] test words::fonts_provider::test::get_unexisting - should panic ... ok
[INFO] [stdout] test words::fonts_provider::test::register_file_not_found - should panic ... ok
[INFO] [stdout] 
[INFO] [stdout] test result: ok. 21 passed; 0 failed; 0 ignored; 0 measured; 0 filtered out; finished in 0.06s
[INFO] [stdout] 
[INFO] [stderr]      Running unittests src/main.rs (/opt/rustwide/target/debug/deps/word_cloud-7e57b7fe6e3bad85)
[INFO] [stdout] 
[INFO] [stderr]    Doc-tests word_cloud
[INFO] [stdout] running 0 tests
[INFO] [stdout] 
[INFO] [stdout] test result: ok. 0 passed; 0 failed; 0 ignored; 0 measured; 0 filtered out; finished in 0.00s
[INFO] [stdout] 
[INFO] [stdout] 
[INFO] [stdout] running 2 tests
[INFO] [stdout] test src/words/fonts_provider.rs - words::fonts_provider::FontProvider (line 22) ... FAILED
[INFO] [stdout] test src/words/fonts_provider.rs - words::fonts_provider::FontProvider (line 33) ... FAILED
[INFO] [stdout] 
[INFO] [stdout] failures:
[INFO] [stdout] 
[INFO] [stdout] ---- src/words/fonts_provider.rs - words::fonts_provider::FontProvider (line 22) stdout ----
[INFO] [stdout] error[E0433]: failed to resolve: use of undeclared type `FontProvider`
[INFO] [stdout]  --> src/words/fonts_provider.rs:23:25
[INFO] [stdout]   |
[INFO] [stdout] 3 | let mut font_provider = FontProvider::new();
[INFO] [stdout]   |                         ^^^^^^^^^^^^ use of undeclared type `FontProvider`
[INFO] [stdout]   |
[INFO] [stdout] help: consider importing this struct
[INFO] [stdout]   |
[INFO] [stdout] 2 + use word_cloud::words::FontProvider;
[INFO] [stdout]   |
[INFO] [stdout] 
[INFO] [stdout] error: aborting due to 1 previous error
[INFO] [stdout] 
[INFO] [stdout] For more information about this error, try `rustc --explain E0433`.
[INFO] [stdout] Couldn't compile the test.
[INFO] [stdout] ---- src/words/fonts_provider.rs - words::fonts_provider::FontProvider (line 33) stdout ----
[INFO] [stdout] error[E0433]: failed to resolve: use of undeclared type `FontProvider`
[INFO] [stdout]  --> src/words/fonts_provider.rs:34:21
[INFO] [stdout]   |
[INFO] [stdout] 3 | let font_provider = FontProvider::from_file("assets/fonts.json");
[INFO] [stdout]   |                     ^^^^^^^^^^^^ use of undeclared type `FontProvider`
[INFO] [stdout]   |
[INFO] [stdout] help: consider importing this struct
[INFO] [stdout]   |
[INFO] [stdout] 2 + use word_cloud::words::FontProvider;
[INFO] [stdout]   |
[INFO] [stdout] 
[INFO] [stdout] error: aborting due to 1 previous error
[INFO] [stdout] 
[INFO] [stdout] For more information about this error, try `rustc --explain E0433`.
[INFO] [stdout] Couldn't compile the test.
[INFO] [stdout] 
[INFO] [stdout] failures:
[INFO] [stdout]     src/words/fonts_provider.rs - words::fonts_provider::FontProvider (line 22)
[INFO] [stdout]     src/words/fonts_provider.rs - words::fonts_provider::FontProvider (line 33)
[INFO] [stdout] 
[INFO] [stdout] test result: FAILED. 0 passed; 2 failed; 0 ignored; 0 measured; 0 filtered out; finished in 0.06s
[INFO] [stdout] 
[INFO] [stderr] error: doctest failed, to rerun pass `--doc`
[INFO] running `Command { std: "docker" "inspect" "92c481085fa7c3b8488769b4284bc271324072b899e55d84f1c536e34124eb6b", kill_on_drop: false }`
[INFO] running `Command { std: "docker" "rm" "-f" "92c481085fa7c3b8488769b4284bc271324072b899e55d84f1c536e34124eb6b", kill_on_drop: false }`
[INFO] [stdout] 92c481085fa7c3b8488769b4284bc271324072b899e55d84f1c536e34124eb6b
