[INFO] fetching crate wolf-crypto 0.1.0-alpha.14...
[INFO] testing wolf-crypto-0.1.0-alpha.14 against beta-2024-12-08 for beta-1.84.0-4-retry
[INFO] extracting crate wolf-crypto 0.1.0-alpha.14 into /workspace/builds/worker-4-tc2/source
[INFO] validating manifest of crates.io crate wolf-crypto 0.1.0-alpha.14 on toolchain beta-2024-12-08
[INFO] running `Command { std: CARGO_HOME="/workspace/cargo-home" RUSTUP_HOME="/workspace/rustup-home" "/workspace/cargo-home/bin/cargo" "+beta-2024-12-08" "metadata" "--manifest-path" "Cargo.toml" "--no-deps", kill_on_drop: false }`
[INFO] started tweaking crates.io crate wolf-crypto 0.1.0-alpha.14
[INFO] removed 0 missing tests
[INFO] finished tweaking crates.io crate wolf-crypto 0.1.0-alpha.14
[INFO] tweaked toml for crates.io crate wolf-crypto 0.1.0-alpha.14 written to /workspace/builds/worker-4-tc2/source/Cargo.toml
[INFO] running `Command { std: CARGO_HOME="/workspace/cargo-home" RUSTUP_HOME="/workspace/rustup-home" "/workspace/cargo-home/bin/cargo" "+beta-2024-12-08" "generate-lockfile" "--manifest-path" "Cargo.toml", kill_on_drop: false }`
[INFO] [stderr]     Updating crates.io index
[INFO] [stderr]      Locking 142 packages to latest compatible versions
[INFO] running `Command { std: CARGO_HOME="/workspace/cargo-home" RUSTUP_HOME="/workspace/rustup-home" "/workspace/cargo-home/bin/cargo" "+beta-2024-12-08" "fetch" "--manifest-path" "Cargo.toml", kill_on_drop: false }`
[INFO] running `Command { std: "docker" "create" "-v" "/var/lib/crater-agent-workspace/builds/worker-4-tc2/target:/opt/rustwide/target:rw,Z" "-v" "/var/lib/crater-agent-workspace/builds/worker-4-tc2/source:/opt/rustwide/workdir:ro,Z" "-v" "/var/lib/crater-agent-workspace/cargo-home:/opt/rustwide/cargo-home:ro,Z" "-v" "/var/lib/crater-agent-workspace/rustup-home:/opt/rustwide/rustup-home:ro,Z" "-e" "SOURCE_DIR=/opt/rustwide/workdir" "-e" "CARGO_TARGET_DIR=/opt/rustwide/target" "-e" "CARGO_HOME=/opt/rustwide/cargo-home" "-e" "RUSTUP_HOME=/opt/rustwide/rustup-home" "-w" "/opt/rustwide/workdir" "-m" "1610612736" "--user" "0:0" "--network" "none" "ghcr.io/rust-lang/crates-build-env/linux@sha256:f3a9d4ad9d972b27faf3965f35b62e55ba32bbce8f20bc8fe909558a86702fde" "/opt/rustwide/cargo-home/bin/cargo" "+beta-2024-12-08" "metadata" "--no-deps" "--format-version=1", kill_on_drop: false }`
[INFO] [stdout] 8e3c84f880671df40a327b3cb862322db4c5c08c2479c3015d0a337fc0ae5936
[INFO] running `Command { std: "docker" "start" "-a" "8e3c84f880671df40a327b3cb862322db4c5c08c2479c3015d0a337fc0ae5936", kill_on_drop: false }`
[INFO] running `Command { std: "docker" "inspect" "8e3c84f880671df40a327b3cb862322db4c5c08c2479c3015d0a337fc0ae5936", kill_on_drop: false }`
[INFO] running `Command { std: "docker" "rm" "-f" "8e3c84f880671df40a327b3cb862322db4c5c08c2479c3015d0a337fc0ae5936", kill_on_drop: false }`
[INFO] [stdout] 8e3c84f880671df40a327b3cb862322db4c5c08c2479c3015d0a337fc0ae5936
[INFO] running `Command { std: "docker" "create" "-v" "/var/lib/crater-agent-workspace/builds/worker-4-tc2/target:/opt/rustwide/target:rw,Z" "-v" "/var/lib/crater-agent-workspace/builds/worker-4-tc2/source:/opt/rustwide/workdir:ro,Z" "-v" "/var/lib/crater-agent-workspace/cargo-home:/opt/rustwide/cargo-home:ro,Z" "-v" "/var/lib/crater-agent-workspace/rustup-home:/opt/rustwide/rustup-home:ro,Z" "-e" "SOURCE_DIR=/opt/rustwide/workdir" "-e" "CARGO_TARGET_DIR=/opt/rustwide/target" "-e" "CARGO_INCREMENTAL=0" "-e" "RUST_BACKTRACE=full" "-e" "RUSTFLAGS=--cap-lints=warn" "-e" "RUSTDOCFLAGS=--cap-lints=warn" "-e" "CARGO_HOME=/opt/rustwide/cargo-home" "-e" "RUSTUP_HOME=/opt/rustwide/rustup-home" "-w" "/opt/rustwide/workdir" "-m" "1610612736" "--user" "0:0" "--network" "none" "ghcr.io/rust-lang/crates-build-env/linux@sha256:f3a9d4ad9d972b27faf3965f35b62e55ba32bbce8f20bc8fe909558a86702fde" "/opt/rustwide/cargo-home/bin/cargo" "+beta-2024-12-08" "build" "--frozen" "--message-format=json", kill_on_drop: false }`
[INFO] [stdout] 21a4e9906711b5de8def6c422fd0ae01d00f14a55b7f4cba0fce70a934cb07dc
[INFO] running `Command { std: "docker" "start" "-a" "21a4e9906711b5de8def6c422fd0ae01d00f14a55b7f4cba0fce70a934cb07dc", kill_on_drop: false }`
[INFO] [stderr]    Compiling proc-macro2 v1.0.92
[INFO] [stderr]    Compiling glob v0.3.1
[INFO] [stderr]    Compiling unicode-ident v1.0.14
[INFO] [stderr]    Compiling libc v0.2.168
[INFO] [stderr]    Compiling prettyplease v0.2.25
[INFO] [stderr]    Compiling regex-syntax v0.8.5
[INFO] [stderr]    Compiling memchr v2.7.4
[INFO] [stderr]    Compiling minimal-lexical v0.2.1
[INFO] [stderr]    Compiling cfg-if v1.0.0
[INFO] [stderr]    Compiling libloading v0.8.6
[INFO] [stderr]    Compiling shlex v1.3.0
[INFO] [stderr]    Compiling either v1.13.0
[INFO] [stderr]    Compiling bindgen v0.70.1
[INFO] [stderr]    Compiling log v0.4.22
[INFO] [stderr]    Compiling clang-sys v1.8.1
[INFO] [stderr]    Compiling itertools v0.13.0
[INFO] [stderr]    Compiling bitflags v2.6.0
[INFO] [stderr]    Compiling rustc-hash v1.1.0
[INFO] [stderr]    Compiling nom v7.1.3
[INFO] [stderr]    Compiling cc v1.2.4
[INFO] [stderr]    Compiling quote v1.0.37
[INFO] [stderr]    Compiling zeroize v1.8.1
[INFO] [stderr]    Compiling syn v2.0.90
[INFO] [stderr]    Compiling regex-automata v0.4.9
[INFO] [stderr]    Compiling cexpr v0.6.0
[INFO] [stderr]    Compiling regex v1.11.1
[INFO] [stderr]    Compiling wolf-crypto-sys v0.1.0-alpha.4
[INFO] [stderr]    Compiling wolf-crypto v0.1.0-alpha.14 (/opt/rustwide/workdir)
[INFO] [stderr]     Finished `dev` profile [unoptimized + debuginfo] target(s) in 14.62s
[INFO] running `Command { std: "docker" "inspect" "21a4e9906711b5de8def6c422fd0ae01d00f14a55b7f4cba0fce70a934cb07dc", kill_on_drop: false }`
[INFO] running `Command { std: "docker" "rm" "-f" "21a4e9906711b5de8def6c422fd0ae01d00f14a55b7f4cba0fce70a934cb07dc", kill_on_drop: false }`
[INFO] [stdout] 21a4e9906711b5de8def6c422fd0ae01d00f14a55b7f4cba0fce70a934cb07dc
[INFO] running `Command { std: "docker" "create" "-v" "/var/lib/crater-agent-workspace/builds/worker-4-tc2/target:/opt/rustwide/target:rw,Z" "-v" "/var/lib/crater-agent-workspace/builds/worker-4-tc2/source:/opt/rustwide/workdir:ro,Z" "-v" "/var/lib/crater-agent-workspace/cargo-home:/opt/rustwide/cargo-home:ro,Z" "-v" "/var/lib/crater-agent-workspace/rustup-home:/opt/rustwide/rustup-home:ro,Z" "-e" "SOURCE_DIR=/opt/rustwide/workdir" "-e" "CARGO_TARGET_DIR=/opt/rustwide/target" "-e" "CARGO_INCREMENTAL=0" "-e" "RUST_BACKTRACE=full" "-e" "RUSTFLAGS=--cap-lints=warn" "-e" "RUSTDOCFLAGS=--cap-lints=warn" "-e" "CARGO_HOME=/opt/rustwide/cargo-home" "-e" "RUSTUP_HOME=/opt/rustwide/rustup-home" "-w" "/opt/rustwide/workdir" "-m" "1610612736" "--user" "0:0" "--network" "none" "ghcr.io/rust-lang/crates-build-env/linux@sha256:f3a9d4ad9d972b27faf3965f35b62e55ba32bbce8f20bc8fe909558a86702fde" "/opt/rustwide/cargo-home/bin/cargo" "+beta-2024-12-08" "test" "--frozen" "--no-run" "--message-format=json", kill_on_drop: false }`
[INFO] [stdout] 9bb0d57a14e0a4ac15a99a9090eb7f7199079c9853cfe702efe696f802fa7b97
[INFO] running `Command { std: "docker" "start" "-a" "9bb0d57a14e0a4ac15a99a9090eb7f7199079c9853cfe702efe696f802fa7b97", kill_on_drop: false }`
[INFO] [stderr]    Compiling cfg-if v1.0.0
[INFO] [stderr]    Compiling libc v0.2.168
[INFO] [stderr]    Compiling typenum v1.17.0
[INFO] [stderr]    Compiling version_check v0.9.5
[INFO] [stderr]    Compiling proc-macro2 v1.0.92
[INFO] [stderr]    Compiling subtle v2.6.1
[INFO] [stderr]    Compiling memchr v2.7.4
[INFO] [stderr]    Compiling crossbeam-utils v0.8.20
[INFO] [stderr]    Compiling cpufeatures v0.2.16
[INFO] [stderr]    Compiling libloading v0.8.6
[INFO] [stderr]    Compiling autocfg v1.4.0
[INFO] [stderr]    Compiling libm v0.2.11
[INFO] [stderr]    Compiling generic-array v0.14.7
[INFO] [stderr]    Compiling serde v1.0.216
[INFO] [stderr]    Compiling nom v7.1.3
[INFO] [stderr]    Compiling num-traits v0.2.19
[INFO] [stderr]    Compiling clang-sys v1.8.1
[INFO] [stderr]    Compiling byteorder v1.5.0
[INFO] [stderr]    Compiling quote v1.0.37
[INFO] [stderr]    Compiling rustix v0.38.42
[INFO] [stderr]    Compiling crossbeam-epoch v0.9.18
[INFO] [stderr]    Compiling syn v2.0.90
[INFO] [stderr]    Compiling getrandom v0.2.15
[INFO] [stderr]    Compiling rand_core v0.6.4
[INFO] [stderr]    Compiling rayon-core v1.12.1
[INFO] [stderr]    Compiling bitflags v2.6.0
[INFO] [stderr]    Compiling opaque-debug v0.3.1
[INFO] [stderr]    Compiling linux-raw-sys v0.4.14
[INFO] [stderr]    Compiling once_cell v1.20.2
[INFO] [stderr]    Compiling regex-syntax v0.8.5
[INFO] [stderr]    Compiling either v1.13.0
[INFO] [stderr]    Compiling crypto-common v0.1.6
[INFO] [stderr]    Compiling block-buffer v0.10.4
[INFO] [stderr]    Compiling digest v0.10.7
[INFO] [stderr]    Compiling universal-hash v0.5.1
[INFO] [stderr]    Compiling inout v0.1.3
[INFO] [stderr]    Compiling serde_json v1.0.133
[INFO] [stderr]    Compiling cipher v0.4.4
[INFO] [stderr]    Compiling crossbeam-deque v0.8.5
[INFO] [stderr]    Compiling half v2.4.1
[INFO] [stderr]    Compiling cexpr v0.6.0
[INFO] [stderr]    Compiling plotters-backend v0.3.7
[INFO] [stderr]    Compiling ryu v1.0.18
[INFO] [stderr]    Compiling ciborium-io v0.2.2
[INFO] [stderr]    Compiling clap_lex v0.7.4
[INFO] [stderr]    Compiling anstyle v1.0.10
[INFO] [stderr]    Compiling fastrand v2.3.0
[INFO] [stderr]    Compiling itoa v1.0.14
[INFO] [stderr]    Compiling clap_builder v4.5.23
[INFO] [stderr]    Compiling ciborium-ll v0.2.2
[INFO] [stderr]    Compiling plotters-svg v0.3.7
[INFO] [stderr]    Compiling hmac v0.12.1
[INFO] [stderr]    Compiling polyval v0.6.2
[INFO] [stderr]    Compiling itertools v0.10.5
[INFO] [stderr]    Compiling wait-timeout v0.2.0
[INFO] [stderr]    Compiling tempfile v3.14.0
[INFO] [stderr]    Compiling regex-automata v0.4.9
[INFO] [stderr]    Compiling quick-error v1.2.3
[INFO] [stderr]    Compiling fnv v1.0.7
[INFO] [stderr]    Compiling bit-vec v0.6.3
[INFO] [stderr]    Compiling cast v0.3.0
[INFO] [stderr]    Compiling same-file v1.0.6
[INFO] [stderr]    Compiling prettyplease v0.2.25
[INFO] [stderr]    Compiling walkdir v2.5.0
[INFO] [stderr]    Compiling clap v4.5.23
[INFO] [stderr]    Compiling criterion-plot v0.5.0
[INFO] [stderr]    Compiling bit-set v0.5.3
[INFO] [stderr]    Compiling rusty-fork v0.3.0
[INFO] [stderr]    Compiling rayon v1.10.0
[INFO] [stderr]    Compiling ghash v0.5.1
[INFO] [stderr]    Compiling plotters v0.3.7
[INFO] [stderr]    Compiling aes v0.8.4
[INFO] [stderr]    Compiling bindgen v0.70.1
[INFO] [stderr]    Compiling regex v1.11.1
[INFO] [stderr]    Compiling ctr v0.9.2
[INFO] [stderr]    Compiling aead v0.5.2
[INFO] [stderr]    Compiling rand_xorshift v0.3.0
[INFO] [stderr]    Compiling is-terminal v0.4.13
[INFO] [stderr]    Compiling lazy_static v1.5.0
[INFO] [stderr]    Compiling anes v0.1.6
[INFO] [stderr]    Compiling keccak v0.1.5
[INFO] [stderr]    Compiling unarray v0.1.4
[INFO] [stderr]    Compiling oorandom v11.1.4
[INFO] [stderr]    Compiling sha3 v0.10.8
[INFO] [stderr]    Compiling aes-gcm v0.10.3
[INFO] [stderr]    Compiling hkdf v0.12.4
[INFO] [stderr]    Compiling pbkdf2 v0.12.2
[INFO] [stderr]    Compiling md-5 v0.10.6
[INFO] [stderr]    Compiling blake2 v0.10.6
[INFO] [stderr]    Compiling serde_derive v1.0.216
[INFO] [stderr]    Compiling zerocopy-derive v0.7.35
[INFO] [stderr]    Compiling ripemd v0.1.3
[INFO] [stderr]    Compiling sha2 v0.10.8
[INFO] [stderr]    Compiling sha1 v0.10.6
[INFO] [stderr]    Compiling md4 v0.10.2
[INFO] [stderr]    Compiling poly1305 v0.8.0
[INFO] [stderr]    Compiling hex v0.4.3
[INFO] [stderr]    Compiling hex-literal v0.4.1
[INFO] [stderr]    Compiling zerocopy v0.7.35
[INFO] [stderr]    Compiling ppv-lite86 v0.2.20
[INFO] [stderr]    Compiling rand_chacha v0.3.1
[INFO] [stderr]    Compiling rand v0.8.5
[INFO] [stderr]    Compiling proptest v1.5.0
[INFO] [stderr]    Compiling wolf-crypto-sys v0.1.0-alpha.4
[INFO] [stderr]    Compiling ciborium v0.2.2
[INFO] [stderr]    Compiling tinytemplate v1.2.1
[INFO] [stderr]    Compiling criterion v0.5.1
[INFO] [stderr]    Compiling wolf-crypto v0.1.0-alpha.14 (/opt/rustwide/workdir)
[INFO] [stdout] warning: missing documentation for a module
[INFO] [stdout]   --> src/aes/mod.rs:25:1
[INFO] [stdout]    |
[INFO] [stdout] 25 | pub mod test_utils;
[INFO] [stdout]    | ^^^^^^^^^^^^^^^^^^
[INFO] [stdout]    |
[INFO] [stdout] note: the lint level is defined here
[INFO] [stdout]   --> src/lib.rs:63:9
[INFO] [stdout]    |
[INFO] [stdout] 63 | #![warn(missing_docs)]
[INFO] [stdout]    |         ^^^^^^^^^^^^
[INFO] [stdout] 
[INFO] [stdout] 
[INFO] [stdout] warning: missing documentation for an associated function
[INFO] [stdout]   --> src/aes/test_utils.rs:40:5
[INFO] [stdout]    |
[INFO] [stdout] 40 |     pub fn new_zeroes() -> Self {
[INFO] [stdout]    |     ^^^^^^^^^^^^^^^^^^^^^^^^^^^
[INFO] [stdout] 
[INFO] [stdout] 
[INFO] [stdout] warning: missing documentation for an associated function
[INFO] [stdout]   --> src/aes/test_utils.rs:46:5
[INFO] [stdout]    |
[INFO] [stdout] 46 |     pub fn new_with(vec: Vec<u8>) -> Self {
[INFO] [stdout]    |     ^^^^^^^^^^^^^^^^^^^^^^^^^^^^^^^^^^^^^
[INFO] [stdout] 
[INFO] [stdout] 
[INFO] [stdout] warning: missing documentation for an associated function
[INFO] [stdout]   --> src/aes/test_utils.rs:53:5
[INFO] [stdout]    |
[INFO] [stdout] 53 |     pub fn with_capacity(capacity: usize) -> Self {
[INFO] [stdout]    |     ^^^^^^^^^^^^^^^^^^^^^^^^^^^^^^^^^^^^^^^^^^^^^
[INFO] [stdout] 
[INFO] [stdout] 
[INFO] [stdout] warning: missing documentation for an associated function
[INFO] [stdout]   --> src/aes/test_utils.rs:60:5
[INFO] [stdout]    |
[INFO] [stdout] 60 |     pub const fn new() -> Self {
[INFO] [stdout]    |     ^^^^^^^^^^^^^^^^^^^^^^^^^^
[INFO] [stdout] 
[INFO] [stdout] 
[INFO] [stdout] warning: missing documentation for a struct
[INFO] [stdout]    --> src/aes/test_utils.rs:100:1
[INFO] [stdout]     |
[INFO] [stdout] 100 | pub struct BoundList<const C: usize> {
[INFO] [stdout]     | ^^^^^^^^^^^^^^^^^^^^^^^^^^^^^^^^^^^^
[INFO] [stdout] 
[INFO] [stdout] 
[INFO] [stdout] warning: missing documentation for an associated function
[INFO] [stdout]    --> src/aes/test_utils.rs:122:5
[INFO] [stdout]     |
[INFO] [stdout] 122 |     pub const fn new_with_unchecked(inner: [u8; C], len: usize) -> Self {
[INFO] [stdout]     |     ^^^^^^^^^^^^^^^^^^^^^^^^^^^^^^^^^^^^^^^^^^^^^^^^^^^^^^^^^^^^^^^^^^^
[INFO] [stdout] 
[INFO] [stdout] 
[INFO] [stdout] warning: missing documentation for an associated function
[INFO] [stdout]    --> src/aes/test_utils.rs:130:5
[INFO] [stdout]     |
[INFO] [stdout] 130 |     pub const fn new_zeroes_unchecked(len: usize) -> Self {
[INFO] [stdout]     |     ^^^^^^^^^^^^^^^^^^^^^^^^^^^^^^^^^^^^^^^^^^^^^^^^^^^^^
[INFO] [stdout] 
[INFO] [stdout] 
[INFO] [stdout] warning: missing documentation for an associated function
[INFO] [stdout]    --> src/aes/test_utils.rs:135:5
[INFO] [stdout]     |
[INFO] [stdout] 135 |     pub const fn new() -> Self {
[INFO] [stdout]     |     ^^^^^^^^^^^^^^^^^^^^^^^^^^
[INFO] [stdout] 
[INFO] [stdout] 
[INFO] [stdout] warning: missing documentation for an associated function
[INFO] [stdout]    --> src/aes/test_utils.rs:141:5
[INFO] [stdout]     |
[INFO] [stdout] 141 |     pub fn new_zeroes(len: usize) -> Self {
[INFO] [stdout]     |     ^^^^^^^^^^^^^^^^^^^^^^^^^^^^^^^^^^^^^
[INFO] [stdout] 
[INFO] [stdout] 
[INFO] [stdout] warning: missing documentation for a method
[INFO] [stdout]    --> src/aes/test_utils.rs:147:5
[INFO] [stdout]     |
[INFO] [stdout] 147 |     pub const fn create_self(&self) -> Self {
[INFO] [stdout]     |     ^^^^^^^^^^^^^^^^^^^^^^^^^^^^^^^^^^^^^^^
[INFO] [stdout] 
[INFO] [stdout] 
[INFO] [stdout] warning: missing documentation for a method
[INFO] [stdout]    --> src/aes/test_utils.rs:151:5
[INFO] [stdout]     |
[INFO] [stdout] 151 |     pub const fn is_empty(&self) -> bool {
[INFO] [stdout]     |     ^^^^^^^^^^^^^^^^^^^^^^^^^^^^^^^^^^^^
[INFO] [stdout] 
[INFO] [stdout] 
[INFO] [stdout] warning: missing documentation for a method
[INFO] [stdout]    --> src/aes/test_utils.rs:156:5
[INFO] [stdout]     |
[INFO] [stdout] 156 |     pub const fn len(&self) -> usize {
[INFO] [stdout]     |     ^^^^^^^^^^^^^^^^^^^^^^^^^^^^^^^^
[INFO] [stdout] 
[INFO] [stdout] 
[INFO] [stdout] warning: missing documentation for a method
[INFO] [stdout]    --> src/aes/test_utils.rs:162:5
[INFO] [stdout]     |
[INFO] [stdout] 162 |     pub fn push(&mut self, byte: u8) {
[INFO] [stdout]     |     ^^^^^^^^^^^^^^^^^^^^^^^^^^^^^^^^
[INFO] [stdout] 
[INFO] [stdout] 
[INFO] [stdout] warning: missing documentation for a method
[INFO] [stdout]    --> src/aes/test_utils.rs:171:5
[INFO] [stdout]     |
[INFO] [stdout] 171 |     pub fn extend_from_slice(&mut self, slice: &[u8]) {
[INFO] [stdout]     |     ^^^^^^^^^^^^^^^^^^^^^^^^^^^^^^^^^^^^^^^^^^^^^^^^^
[INFO] [stdout] 
[INFO] [stdout] 
[INFO] [stdout] warning: missing documentation for an associated function
[INFO] [stdout]    --> src/aes/test_utils.rs:180:5
[INFO] [stdout]     |
[INFO] [stdout] 180 |     pub fn new_with(inner: [u8; C], len: usize) -> Self {
[INFO] [stdout]     |     ^^^^^^^^^^^^^^^^^^^^^^^^^^^^^^^^^^^^^^^^^^^^^^^^^^^
[INFO] [stdout] 
[INFO] [stdout] 
[INFO] [stdout] warning: missing documentation for an associated function
[INFO] [stdout]    --> src/aes/test_utils.rs:187:5
[INFO] [stdout]     |
[INFO] [stdout] 187 |     pub fn new_from_slice(slice: &[u8]) -> Self {
[INFO] [stdout]     |     ^^^^^^^^^^^^^^^^^^^^^^^^^^^^^^^^^^^^^^^^^^^
[INFO] [stdout] 
[INFO] [stdout] 
[INFO] [stdout] warning: missing documentation for a method
[INFO] [stdout]    --> src/aes/test_utils.rs:196:5
[INFO] [stdout]     |
[INFO] [stdout] 196 |     pub fn as_slice(&self) -> &[u8] {
[INFO] [stdout]     |     ^^^^^^^^^^^^^^^^^^^^^^^^^^^^^^^
[INFO] [stdout] 
[INFO] [stdout] 
[INFO] [stdout] warning: missing documentation for a method
[INFO] [stdout]    --> src/aes/test_utils.rs:201:5
[INFO] [stdout]     |
[INFO] [stdout] 201 |     pub fn as_mut_slice(&mut self) -> &mut [u8] {
[INFO] [stdout]     |     ^^^^^^^^^^^^^^^^^^^^^^^^^^^^^^^^^^^^^^^^^^^
[INFO] [stdout] 
[INFO] [stdout] 
[INFO] [stdout] warning: missing documentation for a struct
[INFO] [stdout]    --> src/aes/test_utils.rs:254:1
[INFO] [stdout]     |
[INFO] [stdout] 254 | pub struct AnyList<const C: usize, T: Copy> {
[INFO] [stdout]     | ^^^^^^^^^^^^^^^^^^^^^^^^^^^^^^^^^^^^^^^^^^^
[INFO] [stdout] 
[INFO] [stdout] 
[INFO] [stdout] warning: missing documentation for an associated function
[INFO] [stdout]    --> src/aes/test_utils.rs:273:5
[INFO] [stdout]     |
[INFO] [stdout] 273 |     pub fn new_with_slice(slice: &[T]) -> Self {
[INFO] [stdout]     |     ^^^^^^^^^^^^^^^^^^^^^^^^^^^^^^^^^^^^^^^^^^
[INFO] [stdout] 
[INFO] [stdout] 
[INFO] [stdout] warning: missing documentation for a method
[INFO] [stdout]    --> src/aes/test_utils.rs:287:5
[INFO] [stdout]     |
[INFO] [stdout] 287 |     pub const fn len(&self) -> usize {
[INFO] [stdout]     |     ^^^^^^^^^^^^^^^^^^^^^^^^^^^^^^^^
[INFO] [stdout] 
[INFO] [stdout] 
[INFO] [stdout] warning: missing documentation for a method
[INFO] [stdout]    --> src/aes/test_utils.rs:292:5
[INFO] [stdout]     |
[INFO] [stdout] 292 |     pub fn as_slice(&self) -> &[T] {
[INFO] [stdout]     |     ^^^^^^^^^^^^^^^^^^^^^^^^^^^^^^
[INFO] [stdout] 
[INFO] [stdout] 
[INFO] [stdout] warning: missing documentation for a method
[INFO] [stdout]    --> src/aes/test_utils.rs:297:5
[INFO] [stdout]     |
[INFO] [stdout] 297 |     pub fn as_mut_slice(&mut self) -> &mut [T] {
[INFO] [stdout]     |     ^^^^^^^^^^^^^^^^^^^^^^^^^^^^^^^^^^^^^^^^^^
[INFO] [stdout] 
[INFO] [stdout] 
[INFO] [stdout] warning: missing documentation for a method
[INFO] [stdout]    --> src/aes/test_utils.rs:303:5
[INFO] [stdout]     |
[INFO] [stdout] 303 |     pub fn create_self(&self) -> Self {
[INFO] [stdout]     |     ^^^^^^^^^^^^^^^^^^^^^^^^^^^^^^^^^
[INFO] [stdout] 
[INFO] [stdout] 
[INFO] [stdout] warning: missing documentation for a method
[INFO] [stdout]    --> src/aes/test_utils.rs:313:5
[INFO] [stdout]     |
[INFO] [stdout] 313 |     pub fn join(&self) -> Vec<u8> {
[INFO] [stdout]     |     ^^^^^^^^^^^^^^^^^^^^^^^^^^^^^
[INFO] [stdout] 
[INFO] [stdout] 
[INFO] [stderr]     Finished `test` profile [unoptimized + debuginfo] target(s) in 34.33s
[INFO] running `Command { std: "docker" "inspect" "9bb0d57a14e0a4ac15a99a9090eb7f7199079c9853cfe702efe696f802fa7b97", kill_on_drop: false }`
[INFO] running `Command { std: "docker" "rm" "-f" "9bb0d57a14e0a4ac15a99a9090eb7f7199079c9853cfe702efe696f802fa7b97", kill_on_drop: false }`
[INFO] [stdout] 9bb0d57a14e0a4ac15a99a9090eb7f7199079c9853cfe702efe696f802fa7b97
[INFO] running `Command { std: "docker" "create" "-v" "/var/lib/crater-agent-workspace/builds/worker-4-tc2/target:/opt/rustwide/target:rw,Z" "-v" "/var/lib/crater-agent-workspace/builds/worker-4-tc2/source:/opt/rustwide/workdir:ro,Z" "-v" "/var/lib/crater-agent-workspace/cargo-home:/opt/rustwide/cargo-home:ro,Z" "-v" "/var/lib/crater-agent-workspace/rustup-home:/opt/rustwide/rustup-home:ro,Z" "-e" "SOURCE_DIR=/opt/rustwide/workdir" "-e" "CARGO_TARGET_DIR=/opt/rustwide/target" "-e" "CARGO_INCREMENTAL=0" "-e" "RUST_BACKTRACE=full" "-e" "RUSTFLAGS=--cap-lints=warn" "-e" "RUSTDOCFLAGS=--cap-lints=warn" "-e" "CARGO_HOME=/opt/rustwide/cargo-home" "-e" "RUSTUP_HOME=/opt/rustwide/rustup-home" "-w" "/opt/rustwide/workdir" "-m" "1610612736" "--user" "0:0" "--network" "none" "ghcr.io/rust-lang/crates-build-env/linux@sha256:f3a9d4ad9d972b27faf3965f35b62e55ba32bbce8f20bc8fe909558a86702fde" "/opt/rustwide/cargo-home/bin/cargo" "+beta-2024-12-08" "test" "--frozen", kill_on_drop: false }`
[INFO] [stdout] da1076d29688c1afd92cb154b8a9da772bd7e623f5d6680b3bf50cb224cde757
[INFO] running `Command { std: "docker" "start" "-a" "da1076d29688c1afd92cb154b8a9da772bd7e623f5d6680b3bf50cb224cde757", kill_on_drop: false }`
[INFO] [stderr] warning: missing documentation for a module
[INFO] [stderr]   --> src/aes/mod.rs:25:1
[INFO] [stderr]    |
[INFO] [stderr] 25 | pub mod test_utils;
[INFO] [stderr]    | ^^^^^^^^^^^^^^^^^^
[INFO] [stderr]    |
[INFO] [stderr] note: the lint level is defined here
[INFO] [stderr]   --> src/lib.rs:63:9
[INFO] [stderr]    |
[INFO] [stderr] 63 | #![warn(missing_docs)]
[INFO] [stderr]    |         ^^^^^^^^^^^^
[INFO] [stderr] 
[INFO] [stderr] warning: missing documentation for an associated function
[INFO] [stderr]   --> src/aes/test_utils.rs:40:5
[INFO] [stderr]    |
[INFO] [stderr] 40 |     pub fn new_zeroes() -> Self {
[INFO] [stderr]    |     ^^^^^^^^^^^^^^^^^^^^^^^^^^^
[INFO] [stderr] 
[INFO] [stderr] warning: missing documentation for an associated function
[INFO] [stderr]   --> src/aes/test_utils.rs:46:5
[INFO] [stderr]    |
[INFO] [stderr] 46 |     pub fn new_with(vec: Vec<u8>) -> Self {
[INFO] [stderr]    |     ^^^^^^^^^^^^^^^^^^^^^^^^^^^^^^^^^^^^^
[INFO] [stderr] 
[INFO] [stderr] warning: missing documentation for an associated function
[INFO] [stderr]   --> src/aes/test_utils.rs:53:5
[INFO] [stderr]    |
[INFO] [stderr] 53 |     pub fn with_capacity(capacity: usize) -> Self {
[INFO] [stderr]    |     ^^^^^^^^^^^^^^^^^^^^^^^^^^^^^^^^^^^^^^^^^^^^^
[INFO] [stderr] 
[INFO] [stderr] warning: missing documentation for an associated function
[INFO] [stderr]   --> src/aes/test_utils.rs:60:5
[INFO] [stderr]    |
[INFO] [stderr] 60 |     pub const fn new() -> Self {
[INFO] [stderr]    |     ^^^^^^^^^^^^^^^^^^^^^^^^^^
[INFO] [stderr] 
[INFO] [stderr] warning: missing documentation for a struct
[INFO] [stderr]    --> src/aes/test_utils.rs:100:1
[INFO] [stderr]     |
[INFO] [stderr] 100 | pub struct BoundList<const C: usize> {
[INFO] [stderr]     | ^^^^^^^^^^^^^^^^^^^^^^^^^^^^^^^^^^^^
[INFO] [stderr] 
[INFO] [stderr] warning: missing documentation for an associated function
[INFO] [stderr]    --> src/aes/test_utils.rs:122:5
[INFO] [stderr]     |
[INFO] [stderr] 122 |     pub const fn new_with_unchecked(inner: [u8; C], len: usize) -> Self {
[INFO] [stderr]     |     ^^^^^^^^^^^^^^^^^^^^^^^^^^^^^^^^^^^^^^^^^^^^^^^^^^^^^^^^^^^^^^^^^^^
[INFO] [stderr] 
[INFO] [stderr] warning: missing documentation for an associated function
[INFO] [stderr]    --> src/aes/test_utils.rs:130:5
[INFO] [stderr]     |
[INFO] [stderr] 130 |     pub const fn new_zeroes_unchecked(len: usize) -> Self {
[INFO] [stderr]     |     ^^^^^^^^^^^^^^^^^^^^^^^^^^^^^^^^^^^^^^^^^^^^^^^^^^^^^
[INFO] [stderr] 
[INFO] [stderr] warning: missing documentation for an associated function
[INFO] [stderr]    --> src/aes/test_utils.rs:135:5
[INFO] [stderr]     |
[INFO] [stderr] 135 |     pub const fn new() -> Self {
[INFO] [stderr]     |     ^^^^^^^^^^^^^^^^^^^^^^^^^^
[INFO] [stderr] 
[INFO] [stderr] warning: missing documentation for an associated function
[INFO] [stderr]    --> src/aes/test_utils.rs:141:5
[INFO] [stderr]     |
[INFO] [stderr] 141 |     pub fn new_zeroes(len: usize) -> Self {
[INFO] [stderr]     |     ^^^^^^^^^^^^^^^^^^^^^^^^^^^^^^^^^^^^^
[INFO] [stderr] 
[INFO] [stderr] warning: missing documentation for a method
[INFO] [stderr]    --> src/aes/test_utils.rs:147:5
[INFO] [stderr]     |
[INFO] [stderr] 147 |     pub const fn create_self(&self) -> Self {
[INFO] [stderr]     |     ^^^^^^^^^^^^^^^^^^^^^^^^^^^^^^^^^^^^^^^
[INFO] [stderr] 
[INFO] [stderr] warning: missing documentation for a method
[INFO] [stderr]    --> src/aes/test_utils.rs:151:5
[INFO] [stderr]     |
[INFO] [stderr] 151 |     pub const fn is_empty(&self) -> bool {
[INFO] [stderr]     |     ^^^^^^^^^^^^^^^^^^^^^^^^^^^^^^^^^^^^
[INFO] [stderr] 
[INFO] [stderr] warning: missing documentation for a method
[INFO] [stderr]    --> src/aes/test_utils.rs:156:5
[INFO] [stderr]     |
[INFO] [stderr] 156 |     pub const fn len(&self) -> usize {
[INFO] [stderr]     |     ^^^^^^^^^^^^^^^^^^^^^^^^^^^^^^^^
[INFO] [stderr] 
[INFO] [stderr] warning: missing documentation for a method
[INFO] [stderr]    --> src/aes/test_utils.rs:162:5
[INFO] [stderr]     |
[INFO] [stderr] 162 |     pub fn push(&mut self, byte: u8) {
[INFO] [stderr]     |     ^^^^^^^^^^^^^^^^^^^^^^^^^^^^^^^^
[INFO] [stderr] 
[INFO] [stderr] warning: missing documentation for a method
[INFO] [stderr]    --> src/aes/test_utils.rs:171:5
[INFO] [stderr]     |
[INFO] [stderr] 171 |     pub fn extend_from_slice(&mut self, slice: &[u8]) {
[INFO] [stderr]     |     ^^^^^^^^^^^^^^^^^^^^^^^^^^^^^^^^^^^^^^^^^^^^^^^^^
[INFO] [stderr] 
[INFO] [stderr] warning: missing documentation for an associated function
[INFO] [stderr]    --> src/aes/test_utils.rs:180:5
[INFO] [stderr]     |
[INFO] [stderr] 180 |     pub fn new_with(inner: [u8; C], len: usize) -> Self {
[INFO] [stderr]     |     ^^^^^^^^^^^^^^^^^^^^^^^^^^^^^^^^^^^^^^^^^^^^^^^^^^^
[INFO] [stderr] 
[INFO] [stderr] warning: missing documentation for an associated function
[INFO] [stderr]    --> src/aes/test_utils.rs:187:5
[INFO] [stderr]     |
[INFO] [stderr] 187 |     pub fn new_from_slice(slice: &[u8]) -> Self {
[INFO] [stderr]     |     ^^^^^^^^^^^^^^^^^^^^^^^^^^^^^^^^^^^^^^^^^^^
[INFO] [stderr] 
[INFO] [stderr] warning: missing documentation for a method
[INFO] [stderr]    --> src/aes/test_utils.rs:196:5
[INFO] [stderr]     |
[INFO] [stderr] 196 |     pub fn as_slice(&self) -> &[u8] {
[INFO] [stderr]     |     ^^^^^^^^^^^^^^^^^^^^^^^^^^^^^^^
[INFO] [stderr] 
[INFO] [stderr] warning: missing documentation for a method
[INFO] [stderr]    --> src/aes/test_utils.rs:201:5
[INFO] [stderr]     |
[INFO] [stderr] 201 |     pub fn as_mut_slice(&mut self) -> &mut [u8] {
[INFO] [stderr]     |     ^^^^^^^^^^^^^^^^^^^^^^^^^^^^^^^^^^^^^^^^^^^
[INFO] [stderr] 
[INFO] [stderr] warning: missing documentation for a struct
[INFO] [stderr]    --> src/aes/test_utils.rs:254:1
[INFO] [stderr]     |
[INFO] [stderr] 254 | pub struct AnyList<const C: usize, T: Copy> {
[INFO] [stderr]     | ^^^^^^^^^^^^^^^^^^^^^^^^^^^^^^^^^^^^^^^^^^^
[INFO] [stderr] 
[INFO] [stderr] warning: missing documentation for an associated function
[INFO] [stderr]    --> src/aes/test_utils.rs:273:5
[INFO] [stderr]     |
[INFO] [stderr] 273 |     pub fn new_with_slice(slice: &[T]) -> Self {
[INFO] [stderr]     |     ^^^^^^^^^^^^^^^^^^^^^^^^^^^^^^^^^^^^^^^^^^
[INFO] [stderr] 
[INFO] [stderr] warning: missing documentation for a method
[INFO] [stderr]    --> src/aes/test_utils.rs:287:5
[INFO] [stderr]     |
[INFO] [stderr] 287 |     pub const fn len(&self) -> usize {
[INFO] [stderr]     |     ^^^^^^^^^^^^^^^^^^^^^^^^^^^^^^^^
[INFO] [stderr] 
[INFO] [stderr] warning: missing documentation for a method
[INFO] [stderr]    --> src/aes/test_utils.rs:292:5
[INFO] [stderr]     |
[INFO] [stderr] 292 |     pub fn as_slice(&self) -> &[T] {
[INFO] [stderr]     |     ^^^^^^^^^^^^^^^^^^^^^^^^^^^^^^
[INFO] [stderr] 
[INFO] [stderr] warning: missing documentation for a method
[INFO] [stderr]    --> src/aes/test_utils.rs:297:5
[INFO] [stderr]     |
[INFO] [stderr] 297 |     pub fn as_mut_slice(&mut self) -> &mut [T] {
[INFO] [stderr]     |     ^^^^^^^^^^^^^^^^^^^^^^^^^^^^^^^^^^^^^^^^^^
[INFO] [stderr] 
[INFO] [stderr] warning: missing documentation for a method
[INFO] [stderr]    --> src/aes/test_utils.rs:303:5
[INFO] [stderr]     |
[INFO] [stderr] 303 |     pub fn create_self(&self) -> Self {
[INFO] [stderr]     |     ^^^^^^^^^^^^^^^^^^^^^^^^^^^^^^^^^
[INFO] [stderr] 
[INFO] [stderr] warning: missing documentation for a method
[INFO] [stderr]    --> src/aes/test_utils.rs:313:5
[INFO] [stderr]     |
[INFO] [stderr] 313 |     pub fn join(&self) -> Vec<u8> {
[INFO] [stderr]     |     ^^^^^^^^^^^^^^^^^^^^^^^^^^^^^
[INFO] [stderr] 
[INFO] [stderr] warning: `wolf-crypto` (lib test) generated 26 warnings
[INFO] [stderr]     Finished `test` profile [unoptimized + debuginfo] target(s) in 0.08s
[INFO] [stderr]      Running unittests src/lib.rs (/opt/rustwide/target/debug/deps/wolf_crypto-d87bc5ae9945d848)
[INFO] [stdout] 
[INFO] [stdout] running 582 tests
[INFO] [stdout] test aead::aes_gcm::tests::encrypt_not_block_multiple ... ok
[INFO] [stdout] test aead::aes_gcm::tests::aes_gcm_crate_bijective_smoke ... ok
[INFO] [stdout] test aead::aes_gcm::tests::encrypt_smoke ... ok
[INFO] [stdout] test aead::aes_gcm::tests::nonce_16_byte_smoke ... ok
[INFO] [stdout] test aead::aes_gcm::tests::self_bijective_smoke ... ok
[INFO] [stdout] test aead::aes_gcm::tests::always_equal ... ok
[INFO] [stdout] test aead::chacha20_poly1305::tests::oneshot_size_predicate ... ok
[INFO] [stdout] test aead::chacha20_poly1305::tests::oneshot_size_predicate_fail ... ok
[INFO] [stdout] test aead::chacha20_poly1305::tests::oneshot_size_predicate_too_small_out ... ok
[INFO] [stdout] test aead::chacha20_poly1305::tests::type_state_machine ... ok
[INFO] [stdout] test aead::chacha20_poly1305::property_tests::oneshot_bijectivity ... ok
[INFO] [stdout] test aead::chacha20_poly1305::property_tests::bijectivity ... ok
[INFO] [stdout] test aead::chacha20_poly1305::property_tests::oneshot_bijectivity_with_aad ... ok
[INFO] [stdout] test aead::chacha20_poly1305::property_tests::bijectivity_with_aad ... ok
[INFO] [stdout] test aes::ctr::tests::against_ctr_rust_crypto_smoke ... ok
[INFO] [stdout] test aes::ctr::tests::apply_smoke ... ok
[INFO] [stdout] test aes::ctr::tests::precondition_ensured ... ok
[INFO] [stdout] test aes::ctr::tests::self_bijective_smoke ... ok
[INFO] [stdout] test aead::aes_gcm::property_tests::self_bijectivity ... ok
[INFO] [stdout] test aes::ctr::property_tests::from_ctr_crate_to_wolf ... ok
[INFO] [stdout] test aead::aes_gcm::property_tests::wolf_to_rust_crypto ... ok
[INFO] [stdout] test aead::aes_gcm::property_tests::rust_crypto_to_wolf ... ok
[INFO] [stdout] test chacha::tests::smoke ... ok
[INFO] [stdout] test aes::ctr::property_tests::self_bijective ... ok
[INFO] [stdout] test aes::ctr::property_tests::from_wolf_to_ctr_crate ... ok
[INFO] [stdout] test ct::property_tests::enusre_ct_add_no_wrap ... ok
[INFO] [stdout] test chacha::property_tests::enc_in_place_dec_into ... ok
[INFO] [stdout] test chacha::property_tests::in_place_bijectivity ... ok
[INFO] [stdout] test ct::tests::cmp_slice_eq_smoke ... ok
[INFO] [stdout] test ct::tests::hex_encode_to_decode ... ok
[INFO] [stdout] test ct::tests::hex_encode_works ... ok
[INFO] [stdout] test ct::tests::invalid_hex ... ok
[INFO] [stdout] test hash::blake2b::known_answer_tests::check_official ... ok
[INFO] [stdout] test chacha::property_tests::enc_into_dec_in_place ... ok
[INFO] [stdout] test aes::ctr::property_tests::wolf_and_ctr_crate_eq_many_invocations ... ok
[INFO] [stdout] test hash::blake2b::unit_tests::rust_crypto_1mb_equivalence ... ok
[INFO] [stdout] test hash::blake2b::unit_tests::rust_crypto_empty_equivalence ... ok
[INFO] [stdout] test hash::blake2b::unit_tests::rust_crypto_equivalence ... ok
[INFO] [stdout] test hash::blake2b::unit_tests::rust_crypto_partial_update_equivalence ... ok
[INFO] [stdout] test hash::blake2s::known_answer_tests::check_official ... ok
[INFO] [stdout] test ct::property_tests::ensure_cmp_slice ... ok
[INFO] [stdout] test hash::blake2b::property_tests::rust_crypto_eq_wolf_single_update ... ok
[INFO] [stdout] test hash::blake2s::unit_tests::rust_crypto_1mb_equivalence ... ok
[INFO] [stdout] test hash::blake2s::unit_tests::rust_crypto_empty_equivalence ... ok
[INFO] [stdout] test hash::blake2s::unit_tests::rust_crypto_equivalence ... ok
[INFO] [stdout] test hash::blake2s::unit_tests::rust_crypto_partial_update_equivalence ... ok
[INFO] [stdout] test hash::blake2s::property_tests::rust_crypto_eq_wolf_single_update ... ok
[INFO] [stdout] test ct::property_tests::hex_encode_is_hex_crate ... ok
[INFO] [stdout] test ct::property_tests::hex_is_bijective ... ok
[INFO] [stdout] test chacha::property_tests::bijective_arb_updates has been running for over 60 seconds
[INFO] [stdout] test ct::property_tests::hex_encode_is_valid_utf8 has been running for over 60 seconds
[INFO] [stdout] test hash::blake2b::property_tests::rust_crypto_eq_wolf_arb_updates has been running for over 60 seconds
[INFO] [stdout] test hash::blake2s::property_tests::rust_crypto_eq_wolf_arb_updates has been running for over 60 seconds
[INFO] [stdout] test hash::md4::property_tests::rust_crypto_arb_reset_equivalence ... ok
[INFO] [stdout] test hash::md4::property_tests::rust_crypto_eq_wolf_arb_updates ... ok
[INFO] [stdout] test hash::md4::unit_tests::finalize_into_predicate ... ok
[INFO] [stdout] test hash::md4::unit_tests::finalize_into_sized_predicate ... ok
[INFO] [stdout] test hash::md4::unit_tests::hash_empty ... ok
[INFO] [stdout] test hash::md4::unit_tests::hash_finalize_hash_finalize ... ok
[INFO] [stdout] test hash::md4::unit_tests::hash_large ... ok
[INFO] [stdout] test hash::md4::unit_tests::hash_massive ... ok
[INFO] [stdout] test hash::md4::unit_tests::hash_one_mb ... ok
[INFO] [stdout] test hash::md4::unit_tests::just_finalize ... ok
[INFO] [stdout] test hash::md4::unit_tests::reset_behavior ... ok
[INFO] [stdout] test hash::md4::unit_tests::rust_crypto_equivalence ... ok
[INFO] [stdout] test hash::md4::unit_tests::rust_crypto_hash_empty_equivalence ... ok
[INFO] [stdout] test hash::md4::unit_tests::rust_crypto_hash_large_equivalence ... ok
[INFO] [stdout] test hash::md4::unit_tests::rust_crypto_hash_massive_equivalence ... ok
[INFO] [stdout] test hash::md4::unit_tests::rust_crypto_hash_mb_equivalence ... ok
[INFO] [stdout] test hash::md4::unit_tests::rust_crypto_just_finalize_equivalence ... ok
[INFO] [stdout] test hash::md4::unit_tests::rust_crypto_reset_equivalence ... ok
[INFO] [stdout] test hash::md5::copy_tests::clone_after_finalize ... ok
[INFO] [stdout] test hash::md5::copy_tests::copied_finalize_equivalent_to_src ... ok
[INFO] [stdout] test hash::md5::copy_tests::cross_thread_boundary ... ok
[INFO] [stdout] test hash::md5::copy_tests::deep_clone_with_multiple_updates ... ok
[INFO] [stdout] test hash::md5::copy_tests::multiple_clones_and_updates ... ok
[INFO] [stdout] test hash::md5::copy_tests::multiple_copies_equivalent_finalize ... ok
[INFO] [stdout] test hash::md5::copy_tests::partial_update_clone ... ok
[INFO] [stdout] test hash::md4::property_tests::rust_crypto_eq_wolf_single_update ... ok
[INFO] [stdout] test hash::blake2b::property_tests::rust_crypto_eq_wolf_arb_updates ... ok
[INFO] [stdout] test hash::md4::property_tests::arb_massive ... ok
[INFO] [stdout] test hash::md4::property_tests::rust_crypto_arb_massive_equivalence ... ok
[INFO] [stdout] test hash::md5::property_tests::rust_crypto_eq_wolf_single_update ... ok
[INFO] [stdout] test hash::md5::unit_tests::finalize_into_predicate ... ok
[INFO] [stdout] test hash::md5::unit_tests::finalize_into_sized_predicate ... ok
[INFO] [stdout] test hash::md5::unit_tests::hash_empty ... ok
[INFO] [stdout] test hash::md5::unit_tests::hash_finalize_hash_finalize ... ok
[INFO] [stdout] test hash::md5::unit_tests::hash_large ... ok
[INFO] [stdout] test hash::md5::unit_tests::hash_massive ... ok
[INFO] [stdout] test hash::md5::unit_tests::hash_one_mb ... ok
[INFO] [stdout] test hash::md5::unit_tests::just_finalize ... ok
[INFO] [stdout] test hash::md5::unit_tests::reset_behavior ... ok
[INFO] [stdout] test hash::md5::unit_tests::rust_crypto_equivalence ... ok
[INFO] [stdout] test hash::md5::unit_tests::rust_crypto_hash_empty_equivalence ... ok
[INFO] [stdout] test hash::md5::unit_tests::rust_crypto_hash_large_equivalence ... ok
[INFO] [stdout] test hash::md5::unit_tests::rust_crypto_hash_massive_equivalence ... ok
[INFO] [stdout] test hash::md5::unit_tests::rust_crypto_hash_mb_equivalence ... ok
[INFO] [stdout] test hash::md5::unit_tests::rust_crypto_just_finalize_equivalence ... ok
[INFO] [stdout] test hash::md5::unit_tests::rust_crypto_reset_equivalence ... ok
[INFO] [stdout] test hash::blake2s::property_tests::rust_crypto_eq_wolf_arb_updates ... ok
[INFO] [stdout] test chacha::property_tests::bijective_arb_updates ... ok
[INFO] [stdout] test hash::md5::property_tests::rust_crypto_arb_reset_equivalence ... ok
[INFO] [stdout] test hash::md5::property_tests::rust_crypto_eq_wolf_arb_updates ... ok
[INFO] [stdout] test hash::ripemd_160::property_tests::rust_crypto_eq_wolf_single_update ... ok
[INFO] [stdout] test hash::ripemd_160::unit_tests::finalize_into_predicate ... ok
[INFO] [stdout] test hash::ripemd_160::unit_tests::finalize_into_sized_predicate ... ok
[INFO] [stdout] test hash::ripemd_160::unit_tests::hash_empty ... ok
[INFO] [stdout] test hash::ripemd_160::unit_tests::hash_finalize_hash_finalize ... ok
[INFO] [stdout] test hash::ripemd_160::unit_tests::hash_large ... ok
[INFO] [stdout] test hash::ripemd_160::unit_tests::hash_massive ... ok
[INFO] [stdout] test hash::ripemd_160::unit_tests::hash_one_mb ... ok
[INFO] [stdout] test hash::ripemd_160::unit_tests::just_finalize ... ok
[INFO] [stdout] test hash::ripemd_160::unit_tests::reset_behavior ... ok
[INFO] [stdout] test hash::ripemd_160::unit_tests::rust_crypto_equivalence ... ok
[INFO] [stdout] test hash::ripemd_160::unit_tests::rust_crypto_hash_empty_equivalence ... ok
[INFO] [stdout] test hash::ripemd_160::unit_tests::rust_crypto_hash_large_equivalence ... ok
[INFO] [stdout] test hash::ripemd_160::unit_tests::rust_crypto_hash_massive_equivalence ... ok
[INFO] [stdout] test hash::ripemd_160::unit_tests::rust_crypto_hash_mb_equivalence ... ok
[INFO] [stdout] test hash::ripemd_160::unit_tests::rust_crypto_just_finalize_equivalence ... ok
[INFO] [stdout] test hash::ripemd_160::unit_tests::rust_crypto_reset_equivalence ... ok
[INFO] [stdout] test hash::sha224::copy_tests::clone_after_finalize ... ok
[INFO] [stdout] test hash::sha224::copy_tests::copied_finalize_equivalent_to_src ... ok
[INFO] [stdout] test hash::sha224::copy_tests::cross_thread_boundary ... ok
[INFO] [stdout] test hash::sha224::copy_tests::deep_clone_with_multiple_updates ... ok
[INFO] [stdout] test hash::sha224::copy_tests::multiple_clones_and_updates ... ok
[INFO] [stdout] test hash::sha224::copy_tests::multiple_copies_equivalent_finalize ... ok
[INFO] [stdout] test hash::sha224::copy_tests::partial_update_clone ... ok
[INFO] [stdout] test hash::ripemd_160::property_tests::rust_crypto_arb_reset_equivalence ... ok
[INFO] [stdout] test hash::md5::property_tests::arb_massive ... ok
[INFO] [stdout] test hash::md5::property_tests::rust_crypto_arb_massive_equivalence ... ok
[INFO] [stdout] test hash::ripemd_160::property_tests::rust_crypto_eq_wolf_arb_updates ... ok
[INFO] [stdout] test hash::sha224::property_tests::rust_crypto_eq_wolf_single_update ... ok
[INFO] [stdout] test hash::sha224::unit_tests::finalize_into_predicate ... ok
[INFO] [stdout] test hash::sha224::unit_tests::finalize_into_sized_predicate ... ok
[INFO] [stdout] test hash::sha224::unit_tests::hash_empty ... ok
[INFO] [stdout] test hash::sha224::unit_tests::hash_finalize_hash_finalize ... ok
[INFO] [stdout] test hash::sha224::unit_tests::hash_large ... ok
[INFO] [stdout] test hash::sha224::unit_tests::hash_massive ... ok
[INFO] [stdout] test hash::sha224::unit_tests::hash_one_mb ... ok
[INFO] [stdout] test hash::sha224::unit_tests::just_finalize ... ok
[INFO] [stdout] test hash::sha224::unit_tests::reset_behavior ... ok
[INFO] [stdout] test hash::sha224::unit_tests::rust_crypto_equivalence ... ok
[INFO] [stdout] test hash::sha224::unit_tests::rust_crypto_hash_empty_equivalence ... ok
[INFO] [stdout] test hash::sha224::unit_tests::rust_crypto_hash_large_equivalence ... ok
[INFO] [stdout] test hash::sha224::unit_tests::rust_crypto_hash_massive_equivalence ... ok
[INFO] [stdout] test hash::sha224::unit_tests::rust_crypto_hash_mb_equivalence ... ok
[INFO] [stdout] test hash::sha224::unit_tests::rust_crypto_just_finalize_equivalence ... ok
[INFO] [stdout] test hash::sha224::unit_tests::rust_crypto_reset_equivalence ... ok
[INFO] [stdout] test hash::sha256::copy_tests::clone_after_finalize ... ok
[INFO] [stdout] test hash::sha256::copy_tests::copied_finalize_equivalent_to_src ... ok
[INFO] [stdout] test hash::sha256::copy_tests::cross_thread_boundary ... ok
[INFO] [stdout] test hash::sha256::copy_tests::deep_clone_with_multiple_updates ... ok
[INFO] [stdout] test hash::sha256::copy_tests::multiple_clones_and_updates ... ok
[INFO] [stdout] test hash::sha256::copy_tests::multiple_copies_equivalent_finalize ... ok
[INFO] [stdout] test hash::sha256::copy_tests::partial_update_clone ... ok
[INFO] [stdout] test hash::sha224::property_tests::rust_crypto_arb_reset_equivalence ... ok
[INFO] [stdout] test hash::ripemd_160::property_tests::arb_massive ... ok
[INFO] [stdout] test hash::sha224::property_tests::rust_crypto_eq_wolf_arb_updates ... ok
[INFO] [stdout] test hash::ripemd_160::property_tests::rust_crypto_arb_massive_equivalence ... ok
[INFO] [stdout] test hash::sha256::property_tests::rust_crypto_eq_wolf_single_update ... ok
[INFO] [stdout] test hash::sha256::unit_tests::finalize_into_predicate ... ok
[INFO] [stdout] test hash::sha256::unit_tests::finalize_into_sized_predicate ... ok
[INFO] [stdout] test hash::sha256::unit_tests::hash_empty ... ok
[INFO] [stdout] test hash::sha256::unit_tests::hash_finalize_hash_finalize ... ok
[INFO] [stdout] test hash::sha256::unit_tests::hash_large ... ok
[INFO] [stdout] test hash::sha256::unit_tests::hash_massive ... ok
[INFO] [stdout] test hash::sha256::unit_tests::hash_one_mb ... ok
[INFO] [stdout] test hash::sha256::unit_tests::just_finalize ... ok
[INFO] [stdout] test hash::sha256::unit_tests::reset_behavior ... ok
[INFO] [stdout] test hash::sha256::unit_tests::rust_crypto_equivalence ... ok
[INFO] [stdout] test hash::sha256::unit_tests::rust_crypto_hash_empty_equivalence ... ok
[INFO] [stdout] test hash::sha256::unit_tests::rust_crypto_hash_large_equivalence ... ok
[INFO] [stdout] test hash::sha256::unit_tests::rust_crypto_hash_massive_equivalence ... ok
[INFO] [stdout] test hash::sha256::unit_tests::rust_crypto_hash_mb_equivalence ... ok
[INFO] [stdout] test hash::sha256::unit_tests::rust_crypto_just_finalize_equivalence ... ok
[INFO] [stdout] test hash::sha256::unit_tests::rust_crypto_reset_equivalence ... ok
[INFO] [stdout] test hash::sha384::copy_tests::clone_after_finalize ... ok
[INFO] [stdout] test hash::sha384::copy_tests::copied_finalize_equivalent_to_src ... ok
[INFO] [stdout] test hash::sha384::copy_tests::cross_thread_boundary ... ok
[INFO] [stdout] test hash::sha384::copy_tests::deep_clone_with_multiple_updates ... ok
[INFO] [stdout] test hash::sha384::copy_tests::multiple_clones_and_updates ... ok
[INFO] [stdout] test hash::sha384::copy_tests::multiple_copies_equivalent_finalize ... ok
[INFO] [stdout] test hash::sha384::copy_tests::partial_update_clone ... ok
[INFO] [stdout] test hash::sha256::property_tests::rust_crypto_arb_reset_equivalence ... ok
[INFO] [stdout] test hash::sha256::property_tests::rust_crypto_eq_wolf_arb_updates ... ok
[INFO] [stdout] test hash::sha224::property_tests::arb_massive ... ok
[INFO] [stdout] test hash::sha384::property_tests::rust_crypto_arb_reset_equivalence ... ok
[INFO] [stdout] test hash::sha384::property_tests::rust_crypto_eq_wolf_single_update ... ok
[INFO] [stdout] test hash::sha384::unit_tests::finalize_into_predicate ... ok
[INFO] [stdout] test hash::sha384::unit_tests::finalize_into_sized_predicate ... ok
[INFO] [stdout] test hash::sha384::unit_tests::hash_empty ... ok
[INFO] [stdout] test hash::sha384::unit_tests::hash_finalize_hash_finalize ... ok
[INFO] [stdout] test hash::sha384::unit_tests::hash_large ... ok
[INFO] [stdout] test hash::sha384::unit_tests::hash_massive ... ok
[INFO] [stdout] test hash::sha384::unit_tests::hash_one_mb ... ok
[INFO] [stdout] test hash::sha384::unit_tests::just_finalize ... ok
[INFO] [stdout] test hash::sha384::unit_tests::reset_behavior ... ok
[INFO] [stdout] test hash::sha384::unit_tests::rust_crypto_equivalence ... ok
[INFO] [stdout] test hash::sha384::unit_tests::rust_crypto_hash_empty_equivalence ... ok
[INFO] [stdout] test hash::sha384::unit_tests::rust_crypto_hash_large_equivalence ... ok
[INFO] [stdout] test hash::sha384::unit_tests::rust_crypto_hash_massive_equivalence ... ok
[INFO] [stdout] test hash::sha384::unit_tests::rust_crypto_hash_mb_equivalence ... ok
[INFO] [stdout] test hash::sha384::unit_tests::rust_crypto_just_finalize_equivalence ... ok
[INFO] [stdout] test hash::sha384::unit_tests::rust_crypto_reset_equivalence ... ok
[INFO] [stdout] test hash::sha3_224::copy_tests::clone_after_finalize ... ok
[INFO] [stdout] test hash::sha3_224::copy_tests::copied_finalize_equivalent_to_src ... ok
[INFO] [stdout] test hash::sha3_224::copy_tests::cross_thread_boundary ... ok
[INFO] [stdout] test hash::sha3_224::copy_tests::deep_clone_with_multiple_updates ... ok
[INFO] [stdout] test hash::sha3_224::copy_tests::multiple_clones_and_updates ... ok
[INFO] [stdout] test hash::sha3_224::copy_tests::multiple_copies_equivalent_finalize ... ok
[INFO] [stdout] test hash::sha3_224::copy_tests::partial_update_clone ... ok
[INFO] [stdout] test hash::sha224::property_tests::rust_crypto_arb_massive_equivalence has been running for over 60 seconds
[INFO] [stdout] test hash::sha224::property_tests::rust_crypto_arb_massive_equivalence ... ok
[INFO] [stdout] test hash::sha384::property_tests::rust_crypto_eq_wolf_arb_updates ... ok
[INFO] [stdout] test hash::sha256::property_tests::arb_massive ... ok
[INFO] [stdout] test hash::sha256::property_tests::rust_crypto_arb_massive_equivalence ... ok
[INFO] [stdout] test hash::sha3_224::property_tests::rust_crypto_eq_wolf_single_update ... ok
[INFO] [stdout] test hash::sha3_224::unit_tests::finalize_into_predicate ... ok
[INFO] [stdout] test hash::sha3_224::unit_tests::finalize_into_sized_predicate ... ok
[INFO] [stdout] test hash::sha3_224::unit_tests::hash_empty ... ok
[INFO] [stdout] test hash::sha3_224::unit_tests::hash_finalize_hash_finalize ... ok
[INFO] [stdout] test hash::sha3_224::unit_tests::hash_large ... ok
[INFO] [stdout] test hash::sha3_224::unit_tests::hash_massive ... ok
[INFO] [stdout] test hash::sha3_224::unit_tests::hash_one_mb ... ok
[INFO] [stdout] test hash::sha3_224::unit_tests::just_finalize ... ok
[INFO] [stdout] test hash::sha3_224::unit_tests::reset_behavior ... ok
[INFO] [stdout] test hash::sha3_224::unit_tests::rust_crypto_equivalence ... ok
[INFO] [stdout] test hash::sha3_224::unit_tests::rust_crypto_hash_empty_equivalence ... ok
[INFO] [stdout] test hash::sha3_224::unit_tests::rust_crypto_hash_large_equivalence ... ok
[INFO] [stdout] test hash::sha3_224::unit_tests::rust_crypto_hash_massive_equivalence ... ok
[INFO] [stdout] test hash::sha3_224::unit_tests::rust_crypto_hash_mb_equivalence ... ok
[INFO] [stdout] test hash::sha3_224::unit_tests::rust_crypto_just_finalize_equivalence ... ok
[INFO] [stdout] test hash::sha3_224::unit_tests::rust_crypto_reset_equivalence ... ok
[INFO] [stdout] test hash::sha3_256::copy_tests::clone_after_finalize ... ok
[INFO] [stdout] test hash::sha3_256::copy_tests::copied_finalize_equivalent_to_src ... ok
[INFO] [stdout] test hash::sha3_256::copy_tests::cross_thread_boundary ... ok
[INFO] [stdout] test hash::sha3_256::copy_tests::deep_clone_with_multiple_updates ... ok
[INFO] [stdout] test hash::sha3_256::copy_tests::multiple_clones_and_updates ... ok
[INFO] [stdout] test hash::sha3_256::copy_tests::multiple_copies_equivalent_finalize ... ok
[INFO] [stdout] test hash::sha3_256::copy_tests::partial_update_clone ... ok
[INFO] [stdout] test hash::sha384::property_tests::arb_massive ... ok
[INFO] [stdout] test hash::sha3_224::property_tests::rust_crypto_arb_reset_equivalence ... ok
[INFO] [stdout] test ct::property_tests::hex_encode_is_valid_utf8 ... ok
[INFO] [stdout] test hash::sha3_224::property_tests::rust_crypto_eq_wolf_arb_updates ... ok
[INFO] [stdout] test hash::sha3_256::property_tests::rust_crypto_eq_wolf_single_update ... ok
[INFO] [stdout] test hash::sha3_256::unit_tests::finalize_into_predicate ... ok
[INFO] [stdout] test hash::sha3_256::unit_tests::finalize_into_sized_predicate ... ok
[INFO] [stdout] test hash::sha3_256::unit_tests::hash_empty ... ok
[INFO] [stdout] test hash::sha3_256::unit_tests::hash_finalize_hash_finalize ... ok
[INFO] [stdout] test hash::sha3_256::unit_tests::hash_large ... ok
[INFO] [stdout] test hash::sha3_256::unit_tests::hash_massive ... ok
[INFO] [stdout] test hash::sha3_256::unit_tests::hash_one_mb ... ok
[INFO] [stdout] test hash::sha3_256::unit_tests::just_finalize ... ok
[INFO] [stdout] test hash::sha3_256::unit_tests::reset_behavior ... ok
[INFO] [stdout] test hash::sha3_256::unit_tests::rust_crypto_equivalence ... ok
[INFO] [stdout] test hash::sha3_256::unit_tests::rust_crypto_hash_empty_equivalence ... ok
[INFO] [stdout] test hash::sha3_256::unit_tests::rust_crypto_hash_large_equivalence ... ok
[INFO] [stdout] test hash::sha3_256::unit_tests::rust_crypto_hash_massive_equivalence ... ok
[INFO] [stdout] test hash::sha3_256::unit_tests::rust_crypto_hash_mb_equivalence ... ok
[INFO] [stdout] test hash::sha3_256::unit_tests::rust_crypto_just_finalize_equivalence ... ok
[INFO] [stdout] test hash::sha3_256::unit_tests::rust_crypto_reset_equivalence ... ok
[INFO] [stdout] test hash::sha3_384::copy_tests::clone_after_finalize ... ok
[INFO] [stdout] test hash::sha3_384::copy_tests::copied_finalize_equivalent_to_src ... ok
[INFO] [stdout] test hash::sha3_384::copy_tests::cross_thread_boundary ... ok
[INFO] [stdout] test hash::sha3_384::copy_tests::deep_clone_with_multiple_updates ... ok
[INFO] [stdout] test hash::sha3_384::copy_tests::multiple_clones_and_updates ... ok
[INFO] [stdout] test hash::sha3_384::copy_tests::multiple_copies_equivalent_finalize ... ok
[INFO] [stdout] test hash::sha3_384::copy_tests::partial_update_clone ... ok
[INFO] [stdout] test hash::sha384::property_tests::rust_crypto_arb_massive_equivalence has been running for over 60 seconds
[INFO] [stdout] test hash::sha3_256::property_tests::rust_crypto_arb_reset_equivalence ... ok
[INFO] [stdout] test hash::sha3_256::property_tests::rust_crypto_eq_wolf_arb_updates ... ok
[INFO] [stdout] test hash::sha3_224::property_tests::arb_massive ... ok
[INFO] [stdout] test hash::sha384::property_tests::rust_crypto_arb_massive_equivalence ... ok
[INFO] [stdout] test hash::sha3_384::property_tests::rust_crypto_eq_wolf_single_update ... ok
[INFO] [stdout] test hash::sha3_384::unit_tests::finalize_into_predicate ... ok
[INFO] [stdout] test hash::sha3_384::unit_tests::finalize_into_sized_predicate ... ok
[INFO] [stdout] test hash::sha3_384::unit_tests::hash_empty ... ok
[INFO] [stdout] test hash::sha3_384::unit_tests::hash_finalize_hash_finalize ... ok
[INFO] [stdout] test hash::sha3_384::unit_tests::hash_large ... ok
[INFO] [stdout] test hash::sha3_384::unit_tests::hash_massive ... ok
[INFO] [stdout] test hash::sha3_384::unit_tests::hash_one_mb ... ok
[INFO] [stdout] test hash::sha3_384::unit_tests::just_finalize ... ok
[INFO] [stdout] test hash::sha3_384::unit_tests::reset_behavior ... ok
[INFO] [stdout] test hash::sha3_384::unit_tests::rust_crypto_equivalence ... ok
[INFO] [stdout] test hash::sha3_384::unit_tests::rust_crypto_hash_empty_equivalence ... ok
[INFO] [stdout] test hash::sha3_384::unit_tests::rust_crypto_hash_large_equivalence ... ok
[INFO] [stdout] test hash::sha3_384::unit_tests::rust_crypto_hash_massive_equivalence ... ok
[INFO] [stdout] test hash::sha3_384::unit_tests::rust_crypto_hash_mb_equivalence ... ok
[INFO] [stdout] test hash::sha3_384::unit_tests::rust_crypto_just_finalize_equivalence ... ok
[INFO] [stdout] test hash::sha3_384::unit_tests::rust_crypto_reset_equivalence ... ok
[INFO] [stdout] test hash::sha3_512::copy_tests::clone_after_finalize ... ok
[INFO] [stdout] test hash::sha3_512::copy_tests::copied_finalize_equivalent_to_src ... ok
[INFO] [stdout] test hash::sha3_512::copy_tests::cross_thread_boundary ... ok
[INFO] [stdout] test hash::sha3_512::copy_tests::deep_clone_with_multiple_updates ... ok
[INFO] [stdout] test hash::sha3_512::copy_tests::multiple_clones_and_updates ... ok
[INFO] [stdout] test hash::sha3_512::copy_tests::multiple_copies_equivalent_finalize ... ok
[INFO] [stdout] test hash::sha3_512::copy_tests::partial_update_clone ... ok
[INFO] [stdout] test hash::sha3_384::property_tests::rust_crypto_arb_reset_equivalence ... ok
[INFO] [stdout] test hash::sha3_224::property_tests::rust_crypto_arb_massive_equivalence has been running for over 60 seconds
[INFO] [stdout] test hash::sha3_384::property_tests::rust_crypto_eq_wolf_arb_updates ... ok
[INFO] [stdout] test hash::sha3_512::property_tests::rust_crypto_arb_reset_equivalence ... ok
[INFO] [stdout] test hash::sha3_256::property_tests::arb_massive ... ok
[INFO] [stdout] test hash::sha3_512::property_tests::rust_crypto_eq_wolf_single_update ... ok
[INFO] [stdout] test hash::sha3_512::unit_tests::finalize_into_predicate ... ok
[INFO] [stdout] test hash::sha3_512::unit_tests::finalize_into_sized_predicate ... ok
[INFO] [stdout] test hash::sha3_512::unit_tests::hash_empty ... ok
[INFO] [stdout] test hash::sha3_512::unit_tests::hash_finalize_hash_finalize ... ok
[INFO] [stdout] test hash::sha3_512::unit_tests::hash_large ... ok
[INFO] [stdout] test hash::sha3_512::unit_tests::hash_massive ... ok
[INFO] [stdout] test hash::sha3_512::unit_tests::hash_one_mb ... ok
[INFO] [stdout] test hash::sha3_512::unit_tests::just_finalize ... ok
[INFO] [stdout] test hash::sha3_512::unit_tests::reset_behavior ... ok
[INFO] [stdout] test hash::sha3_512::unit_tests::rust_crypto_equivalence ... ok
[INFO] [stdout] test hash::sha3_512::unit_tests::rust_crypto_hash_empty_equivalence ... ok
[INFO] [stdout] test hash::sha3_512::unit_tests::rust_crypto_hash_large_equivalence ... ok
[INFO] [stdout] test hash::sha3_224::property_tests::rust_crypto_arb_massive_equivalence ... ok
[INFO] [stdout] test hash::sha3_512::unit_tests::rust_crypto_hash_massive_equivalence ... ok
[INFO] [stdout] test hash::sha3_512::unit_tests::rust_crypto_just_finalize_equivalence ... ok
[INFO] [stdout] test hash::sha3_512::unit_tests::rust_crypto_reset_equivalence ... ok
[INFO] [stdout] test hash::sha512::copy_tests::clone_after_finalize ... ok
[INFO] [stdout] test hash::sha512::copy_tests::copied_finalize_equivalent_to_src ... ok
[INFO] [stdout] test hash::sha512::copy_tests::cross_thread_boundary ... ok
[INFO] [stdout] test hash::sha512::copy_tests::deep_clone_with_multiple_updates ... ok
[INFO] [stdout] test hash::sha512::copy_tests::multiple_clones_and_updates ... ok
[INFO] [stdout] test hash::sha512::copy_tests::multiple_copies_equivalent_finalize ... ok
[INFO] [stdout] test hash::sha512::copy_tests::partial_update_clone ... ok
[INFO] [stdout] test hash::sha3_512::unit_tests::rust_crypto_hash_mb_equivalence ... ok
[INFO] [stdout] test hash::sha3_256::property_tests::rust_crypto_arb_massive_equivalence has been running for over 60 seconds
[INFO] [stdout] test hash::sha3_512::property_tests::rust_crypto_eq_wolf_arb_updates ... ok
[INFO] [stdout] test hash::sha3_384::property_tests::arb_massive ... ok
[INFO] [stdout] test hash::sha512::property_tests::rust_crypto_arb_reset_equivalence ... ok
[INFO] [stdout] test hash::sha512::property_tests::rust_crypto_eq_wolf_single_update ... ok
[INFO] [stdout] test hash::sha512::unit_tests::finalize_into_predicate ... ok
[INFO] [stdout] test hash::sha512::unit_tests::finalize_into_sized_predicate ... ok
[INFO] [stdout] test hash::sha512::unit_tests::hash_empty ... ok
[INFO] [stdout] test hash::sha512::unit_tests::hash_finalize_hash_finalize ... ok
[INFO] [stdout] test hash::sha512::unit_tests::hash_large ... ok
[INFO] [stdout] test hash::sha512::unit_tests::hash_massive ... ok
[INFO] [stdout] test hash::sha512::unit_tests::hash_one_mb ... ok
[INFO] [stdout] test hash::sha512::unit_tests::just_finalize ... ok
[INFO] [stdout] test hash::sha512::unit_tests::reset_behavior ... ok
[INFO] [stdout] test hash::sha512::unit_tests::rust_crypto_equivalence ... ok
[INFO] [stdout] test hash::sha512::unit_tests::rust_crypto_hash_empty_equivalence ... ok
[INFO] [stdout] test hash::sha512::unit_tests::rust_crypto_hash_large_equivalence ... ok
[INFO] [stdout] test hash::sha512::unit_tests::rust_crypto_hash_massive_equivalence ... ok
[INFO] [stdout] test hash::sha512::unit_tests::rust_crypto_hash_mb_equivalence ... ok
[INFO] [stdout] test hash::sha512::unit_tests::rust_crypto_just_finalize_equivalence ... ok
[INFO] [stdout] test hash::sha512::unit_tests::rust_crypto_reset_equivalence ... ok
[INFO] [stdout] test hash::sha512_224::copy_tests::clone_after_finalize ... ok
[INFO] [stdout] test hash::sha512_224::copy_tests::copied_finalize_equivalent_to_src ... ok
[INFO] [stdout] test hash::sha512_224::copy_tests::cross_thread_boundary ... ok
[INFO] [stdout] test hash::sha512_224::copy_tests::deep_clone_with_multiple_updates ... ok
[INFO] [stdout] test hash::sha512_224::copy_tests::multiple_clones_and_updates ... ok
[INFO] [stdout] test hash::sha512_224::copy_tests::multiple_copies_equivalent_finalize ... ok
[INFO] [stdout] test hash::sha512_224::copy_tests::partial_update_clone ... ok
[INFO] [stdout] test hash::sha512::property_tests::rust_crypto_eq_wolf_arb_updates ... ok
[INFO] [stdout] test hash::sha3_384::property_tests::rust_crypto_arb_massive_equivalence has been running for over 60 seconds
[INFO] [stdout] test hash::sha3_256::property_tests::rust_crypto_arb_massive_equivalence ... ok
[INFO] [stdout] test hash::sha3_512::property_tests::arb_massive ... ok
[INFO] [stdout] test hash::sha3_512::property_tests::rust_crypto_arb_massive_equivalence has been running for over 60 seconds
[INFO] [stdout] test hash::sha512_224::property_tests::rust_crypto_arb_reset_equivalence ... ok
[INFO] [stdout] test hash::sha512_224::property_tests::rust_crypto_eq_wolf_single_update ... ok
[INFO] [stdout] test hash::sha512_224::unit_tests::finalize_into_predicate ... ok
[INFO] [stdout] test hash::sha512_224::unit_tests::finalize_into_sized_predicate ... ok
[INFO] [stdout] test hash::sha512_224::unit_tests::hash_empty ... ok
[INFO] [stdout] test hash::sha512_224::unit_tests::hash_finalize_hash_finalize ... ok
[INFO] [stdout] test hash::sha512_224::unit_tests::hash_large ... ok
[INFO] [stdout] test hash::sha512_224::unit_tests::hash_massive ... ok
[INFO] [stdout] test hash::sha512_224::unit_tests::hash_one_mb ... ok
[INFO] [stdout] test hash::sha512_224::unit_tests::just_finalize ... ok
[INFO] [stdout] test hash::sha512_224::unit_tests::reset_behavior ... ok
[INFO] [stdout] test hash::sha512_224::unit_tests::rust_crypto_equivalence ... ok
[INFO] [stdout] test hash::sha512_224::unit_tests::rust_crypto_hash_empty_equivalence ... ok
[INFO] [stdout] test hash::sha512_224::unit_tests::rust_crypto_hash_large_equivalence ... ok
[INFO] [stdout] test hash::sha512_224::unit_tests::rust_crypto_hash_massive_equivalence ... ok
[INFO] [stdout] test hash::sha512_224::unit_tests::rust_crypto_hash_mb_equivalence ... ok
[INFO] [stdout] test hash::sha512_224::unit_tests::rust_crypto_just_finalize_equivalence ... ok
[INFO] [stdout] test hash::sha512_224::unit_tests::rust_crypto_reset_equivalence ... ok
[INFO] [stdout] test hash::sha512_256::copy_tests::clone_after_finalize ... ok
[INFO] [stdout] test hash::sha512_256::copy_tests::copied_finalize_equivalent_to_src ... ok
[INFO] [stdout] test hash::sha512_256::copy_tests::cross_thread_boundary ... ok
[INFO] [stdout] test hash::sha512_256::copy_tests::deep_clone_with_multiple_updates ... ok
[INFO] [stdout] test hash::sha512_256::copy_tests::multiple_clones_and_updates ... ok
[INFO] [stdout] test hash::sha512_256::copy_tests::multiple_copies_equivalent_finalize ... ok
[INFO] [stdout] test hash::sha512_256::copy_tests::partial_update_clone ... ok
[INFO] [stdout] test hash::sha512_224::property_tests::rust_crypto_eq_wolf_arb_updates ... ok
[INFO] [stdout] test hash::sha512::property_tests::arb_massive ... ok
[INFO] [stdout] test hash::sha3_384::property_tests::rust_crypto_arb_massive_equivalence ... ok
[INFO] [stdout] test hash::sha512::property_tests::rust_crypto_arb_massive_equivalence has been running for over 60 seconds
[INFO] [stdout] test hash::sha512::property_tests::rust_crypto_arb_massive_equivalence ... ok
[INFO] [stdout] test hash::sha512_256::property_tests::rust_crypto_arb_reset_equivalence ... ok
[INFO] [stdout] test hash::sha512_256::unit_tests::finalize_into_predicate ... ok
[INFO] [stdout] test hash::sha512_256::unit_tests::finalize_into_sized_predicate ... ok
[INFO] [stdout] test hash::sha512_256::unit_tests::hash_empty ... ok
[INFO] [stdout] test hash::sha512_256::unit_tests::hash_finalize_hash_finalize ... ok
[INFO] [stdout] test hash::sha512_256::unit_tests::hash_large ... ok
[INFO] [stdout] test hash::sha512_256::unit_tests::hash_massive ... ok
[INFO] [stdout] test hash::sha512_256::unit_tests::hash_one_mb ... ok
[INFO] [stdout] test hash::sha512_256::unit_tests::just_finalize ... ok
[INFO] [stdout] test hash::sha512_256::unit_tests::reset_behavior ... ok
[INFO] [stdout] test hash::sha512_256::unit_tests::rust_crypto_equivalence ... ok
[INFO] [stdout] test hash::sha512_256::unit_tests::rust_crypto_hash_empty_equivalence ... ok
[INFO] [stdout] test hash::sha512_256::unit_tests::rust_crypto_hash_large_equivalence ... ok
[INFO] [stdout] test hash::sha512_256::unit_tests::rust_crypto_hash_massive_equivalence ... ok
[INFO] [stdout] test hash::sha512_256::unit_tests::rust_crypto_hash_mb_equivalence ... ok
[INFO] [stdout] test hash::sha512_256::unit_tests::rust_crypto_just_finalize_equivalence ... ok
[INFO] [stdout] test hash::sha512_256::unit_tests::rust_crypto_reset_equivalence ... ok
[INFO] [stdout] test hash::sha::copy_tests::clone_after_finalize ... ok
[INFO] [stdout] test hash::sha::copy_tests::copied_finalize_equivalent_to_src ... ok
[INFO] [stdout] test hash::sha::copy_tests::cross_thread_boundary ... ok
[INFO] [stdout] test hash::sha::copy_tests::deep_clone_with_multiple_updates ... ok
[INFO] [stdout] test hash::sha::copy_tests::multiple_clones_and_updates ... ok
[INFO] [stdout] test hash::sha::copy_tests::multiple_copies_equivalent_finalize ... ok
[INFO] [stdout] test hash::sha::copy_tests::partial_update_clone ... ok
[INFO] [stdout] test hash::sha512_256::property_tests::rust_crypto_eq_wolf_arb_updates ... ok
[INFO] [stdout] test hash::sha512_256::property_tests::rust_crypto_eq_wolf_single_update ... ok
[INFO] [stdout] test hash::sha512_224::property_tests::arb_massive ... ok
[INFO] [stdout] test hash::sha512_224::property_tests::rust_crypto_arb_massive_equivalence has been running for over 60 seconds
[INFO] [stdout] test hash::sha512_224::property_tests::rust_crypto_arb_massive_equivalence ... ok
[INFO] [stdout] test hash::sha3_512::property_tests::rust_crypto_arb_massive_equivalence ... ok
[INFO] [stdout] test hash::sha::unit_tests::finalize_into_predicate ... ok
[INFO] [stdout] test hash::sha::unit_tests::finalize_into_sized_predicate ... ok
[INFO] [stdout] test hash::sha::unit_tests::hash_empty ... ok
[INFO] [stdout] test hash::sha::unit_tests::hash_finalize_hash_finalize ... ok
[INFO] [stdout] test hash::sha::unit_tests::hash_large ... ok
[INFO] [stdout] test hash::sha::unit_tests::hash_massive ... ok
[INFO] [stdout] test hash::sha::unit_tests::hash_one_mb ... ok
[INFO] [stdout] test hash::sha::unit_tests::just_finalize ... ok
[INFO] [stdout] test hash::sha::unit_tests::reset_behavior ... ok
[INFO] [stdout] test hash::sha::unit_tests::rust_crypto_equivalence ... ok
[INFO] [stdout] test hash::sha::unit_tests::rust_crypto_hash_empty_equivalence ... ok
[INFO] [stdout] test hash::sha::unit_tests::rust_crypto_hash_large_equivalence ... ok
[INFO] [stdout] test hash::sha::unit_tests::rust_crypto_hash_massive_equivalence ... ok
[INFO] [stdout] test hash::sha::unit_tests::rust_crypto_hash_mb_equivalence ... ok
[INFO] [stdout] test hash::sha::unit_tests::rust_crypto_just_finalize_equivalence ... ok
[INFO] [stdout] test hash::sha::unit_tests::rust_crypto_reset_equivalence ... ok
[INFO] [stdout] test hash::shake128::copy_tests::clone_after_finalize ... ok
[INFO] [stdout] test hash::shake128::copy_tests::copied_finalize_equivalent_to_src ... ok
[INFO] [stdout] test hash::shake128::copy_tests::cross_thread_boundary ... ok
[INFO] [stdout] test hash::shake128::copy_tests::deep_clone_with_multiple_updates ... ok
[INFO] [stdout] test hash::shake128::copy_tests::multiple_clones_and_updates ... ok
[INFO] [stdout] test hash::shake128::copy_tests::multiple_copies_equivalent_finalize ... ok
[INFO] [stdout] test hash::shake128::copy_tests::partial_update_clone ... ok
[INFO] [stdout] test hash::shake128::property_tests::prop_finalize_idempotent ... ok
[INFO] [stdout] test hash::sha::property_tests::rust_crypto_eq_wolf_single_update ... ok
[INFO] [stdout] test hash::shake128::property_tests::prop_single_update ... ok
[INFO] [stdout] test hash::shake128::property_tests::prop_variable_output_sizes ... ok
[INFO] [stdout] test hash::shake128::property_tests::prop_multiple_updates ... ok
[INFO] [stdout] test hash::shake128::unit_tests::test_empty_input ... ok
[INFO] [stdout] test hash::shake128::unit_tests::test_finalize_after_empty_input ... ok
[INFO] [stdout] test hash::shake128::unit_tests::test_finalize_after_finalize_with_empty_input ... ok
[INFO] [stdout] test hash::shake128::property_tests::prop_zero_length_input ... ok
[INFO] [stdout] test hash::shake128::unit_tests::test_finalize_after_finalizing_with_large_input ... ok
[INFO] [stdout] test hash::shake128::unit_tests::test_finalize_after_large_input_multiple_times ... ok
[INFO] [stdout] test hash::shake128::unit_tests::test_finalize_after_reset ... ok
[INFO] [stdout] test hash::shake128::unit_tests::test_finalize_default ... ok
[INFO] [stdout] test hash::shake128::unit_tests::test_finalize_default_multiple_no_updates ... ok
[INFO] [stdout] test hash::shake128::unit_tests::test_finalize_default_no_input ... ok
[INFO] [stdout] test hash::shake128::unit_tests::test_finalize_default_reset_behavior ... ok
[INFO] [stdout] test hash::shake128::unit_tests::test_finalize_into_exact_after_multiple_updates ... ok
[INFO] [stdout] test hash::shake128::unit_tests::test_finalize_into_exact_max_size ... ok
[INFO] [stdout] test hash::shake128::unit_tests::test_finalize_into_exact_multiple_exact_sizes ... ok
[INFO] [stdout] test hash::shake128::unit_tests::test_finalize_into_exact_varying_exact_sizes ... ok
[INFO] [stdout] test hash::shake128::unit_tests::test_finalize_into_exact_with_different_sizes ... ok
[INFO] [stdout] test hash::shake128::unit_tests::test_finalize_into_exact_zero_length ... ok
[INFO] [stdout] test hash::shake128::unit_tests::test_finalize_into_large_output_buffer ... ok
[INFO] [stdout] test hash::shake128::unit_tests::test_finalize_into_overlapping_mut_slices ... ok
[INFO] [stdout] test hash::shake128::unit_tests::test_finalize_into_sized_after_multiple_updates ... ok
[INFO] [stdout] test hash::shake128::unit_tests::test_finalize_into_sized_ds_size ... ok
[INFO] [stdout] test hash::shake128::unit_tests::test_finalize_into_sized_exact ... ok
[INFO] [stdout] test hash::shake128::unit_tests::test_finalize_with_different_output_sizes_sequentially ... ok
[INFO] [stdout] test hash::shake128::unit_tests::test_finalize_with_multiple_different_inputs ... ok
[INFO] [stdout] test hash::shake128::unit_tests::test_finalize_with_multiple_threads ... ok
[INFO] [stdout] test hash::shake128::unit_tests::test_finalize_with_random_output_sizes ... ok
[INFO] [stdout] test hash::shake128::unit_tests::test_finalize_with_random_updates_and_finalizes ... ok
[INFO] [stdout] test hash::shake128::unit_tests::test_finalize_with_repeated_updates ... ok
[INFO] [stdout] test hash::shake128::unit_tests::test_finalize_with_special_characters_input ... ok
[INFO] [stdout] test hash::shake128::unit_tests::test_finalize_with_unicode_input ... ok
[INFO] [stdout] test hash::shake128::unit_tests::test_finalize_with_various_output_sizes ... ok
[INFO] [stdout] test hash::shake128::unit_tests::test_large_input ... ok
[INFO] [stdout] test hash::shake128::unit_tests::test_multiple_updates_before_finalize ... ok
[INFO] [stdout] test hash::shake128::unit_tests::test_new ... ok
[INFO] [stdout] test hash::shake128::unit_tests::test_try_finalize_variable_size ... ok
[INFO] [stdout] test hash::shake128::unit_tests::test_update_10_mb ... ok
[INFO] [stdout] test hash::shake128::unit_tests::test_update_after_finalize ... ok
[INFO] [stdout] test hash::shake128::unit_tests::test_update_single_finalize ... ok
[INFO] [stdout] test hash::shake128::unit_tests::test_update_sized ... ok
[INFO] [stdout] test hash::shake256::copy_tests::clone_after_finalize ... ok
[INFO] [stdout] test hash::shake256::copy_tests::copied_finalize_equivalent_to_src ... ok
[INFO] [stdout] test hash::shake256::copy_tests::cross_thread_boundary ... ok
[INFO] [stdout] test hash::shake256::copy_tests::deep_clone_with_multiple_updates ... ok
[INFO] [stdout] test hash::shake256::copy_tests::multiple_clones_and_updates ... ok
[INFO] [stdout] test hash::shake256::copy_tests::multiple_copies_equivalent_finalize ... ok
[INFO] [stdout] test hash::shake256::copy_tests::partial_update_clone ... ok
[INFO] [stdout] test hash::shake128::unit_tests::test_finalize_after_multiple_large_inputs ... ok
[INFO] [stdout] test hash::shake256::property_tests::prop_finalize_idempotent ... ok
[INFO] [stdout] test hash::shake256::property_tests::prop_single_update ... ok
[INFO] [stdout] test hash::shake256::property_tests::prop_multiple_updates ... ok
[INFO] [stdout] test hash::shake256::property_tests::prop_zero_length_input ... ok
[INFO] [stdout] test hash::shake256::unit_tests::test_empty_input ... ok
[INFO] [stdout] test hash::shake256::unit_tests::test_finalize_after_empty_input ... ok
[INFO] [stdout] test hash::shake256::unit_tests::test_finalize_after_finalize_with_empty_input ... ok
[INFO] [stdout] test hash::sha::property_tests::rust_crypto_arb_reset_equivalence ... ok
[INFO] [stdout] test hash::shake256::unit_tests::test_finalize_after_large_input_multiple_times ... ok
[INFO] [stdout] test hash::shake256::property_tests::prop_variable_output_sizes ... ok
[INFO] [stdout] test hash::shake256::unit_tests::test_finalize_after_reset ... ok
[INFO] [stdout] test hash::shake256::unit_tests::test_finalize_default ... ok
[INFO] [stdout] test hash::shake256::unit_tests::test_finalize_default_multiple_no_updates ... ok
[INFO] [stdout] test hash::shake256::unit_tests::test_finalize_default_no_input ... ok
[INFO] [stdout] test hash::shake256::unit_tests::test_finalize_default_reset_behavior ... ok
[INFO] [stdout] test hash::shake256::unit_tests::test_finalize_into_exact_after_multiple_updates ... ok
[INFO] [stdout] test hash::shake256::unit_tests::test_finalize_into_exact_max_size ... ok
[INFO] [stdout] test hash::shake256::unit_tests::test_finalize_into_exact_multiple_exact_sizes ... ok
[INFO] [stdout] test hash::shake256::unit_tests::test_finalize_into_exact_varying_exact_sizes ... ok
[INFO] [stdout] test hash::shake256::unit_tests::test_finalize_into_exact_with_different_sizes ... ok
[INFO] [stdout] test hash::shake256::unit_tests::test_finalize_into_exact_zero_length ... ok
[INFO] [stdout] test hash::shake256::unit_tests::test_finalize_into_large_output_buffer ... ok
[INFO] [stdout] test hash::shake256::unit_tests::test_finalize_into_overlapping_mut_slices ... ok
[INFO] [stdout] test hash::shake256::unit_tests::test_finalize_into_sized_after_multiple_updates ... ok
[INFO] [stdout] test hash::shake256::unit_tests::test_finalize_into_sized_ds_size ... ok
[INFO] [stdout] test hash::shake256::unit_tests::test_finalize_into_sized_exact ... ok
[INFO] [stdout] test hash::shake256::unit_tests::test_finalize_with_different_output_sizes_sequentially ... ok
[INFO] [stdout] test hash::shake256::unit_tests::test_finalize_with_multiple_different_inputs ... ok
[INFO] [stdout] test hash::shake256::unit_tests::test_finalize_with_multiple_threads ... ok
[INFO] [stdout] test hash::shake256::unit_tests::test_finalize_with_random_output_sizes ... ok
[INFO] [stdout] test hash::shake256::unit_tests::test_finalize_with_random_updates_and_finalizes ... ok
[INFO] [stdout] test hash::shake256::unit_tests::test_finalize_with_repeated_updates ... ok
[INFO] [stdout] test hash::shake256::unit_tests::test_finalize_with_special_characters_input ... ok
[INFO] [stdout] test hash::shake256::unit_tests::test_finalize_with_unicode_input ... ok
[INFO] [stdout] test hash::shake256::unit_tests::test_finalize_with_various_output_sizes ... ok
[INFO] [stdout] test hash::shake256::unit_tests::test_large_input ... ok
[INFO] [stdout] test hash::shake256::unit_tests::test_multiple_updates_before_finalize ... ok
[INFO] [stdout] test hash::shake256::unit_tests::test_new ... ok
[INFO] [stdout] test hash::shake256::unit_tests::test_try_finalize_variable_size ... ok
[INFO] [stdout] test hash::shake256::unit_tests::test_update_10_mb ... ok
[INFO] [stdout] test hash::shake256::unit_tests::test_update_after_finalize ... ok
[INFO] [stdout] test hash::shake256::unit_tests::test_update_single_finalize ... ok
[INFO] [stdout] test hash::shake256::unit_tests::test_update_sized ... ok
[INFO] [stdout] test kdf::foolery::foolery ... ok
[INFO] [stdout] test hash::shake256::unit_tests::test_finalize_after_multiple_large_inputs ... ok
[INFO] [stdout] test hash::shake256::unit_tests::test_finalize_after_finalizing_with_large_input ... ok
[INFO] [stdout] test hash::sha::property_tests::rust_crypto_eq_wolf_arb_updates ... ok
[INFO] [stdout] test kdf::hmac::property_tests::rust_crypto_equivalence_md5 ... ok
[INFO] [stdout] test kdf::hmac::property_tests::rust_crypto_equivalence_sha1 ... ok
[INFO] [stdout] test kdf::hmac::property_tests::rust_crypto_equivalence_sha224 ... ok
[INFO] [stdout] test kdf::hmac::property_tests::rust_crypto_equivalence_sha256 ... ok
[INFO] [stdout] test kdf::hmac::property_tests::rust_crypto_equivalence_sha384 ... ok
[INFO] [stdout] test hash::sha512_256::property_tests::arb_massive ... ok
[INFO] [stdout] test kdf::hmac::property_tests::rust_crypto_equivalence_sha3_224 ... ok
[INFO] [stdout] test kdf::hmac::property_tests::rust_crypto_equivalence_sha3_256 ... ok
[INFO] [stdout] test kdf::hmac::property_tests::rust_crypto_equivalence_sha3_384 ... ok
[INFO] [stdout] test kdf::hmac::property_tests::rust_crypto_equivalence_sha512 ... ok
[INFO] [stdout] test kdf::pbkdf::tests::catch_desired_key_overflow ... ok
[INFO] [stdout] test kdf::pbkdf::tests::catch_fips_min_key ... ignored
[INFO] [stdout] test kdf::pbkdf::tests::catch_iters_overflow ... ok
[INFO] [stdout] test kdf::pbkdf::tests::catch_pwd_overflow ... ok
[INFO] [stdout] test kdf::pbkdf::tests::catch_salt_overflow ... ok
[INFO] [stdout] test kdf::pbkdf::tests::fmt_fips_pbkdf2 ... ok
[INFO] [stdout] test kdf::hmac::property_tests::rust_crypto_equivalence_sha3_512 ... ok
[INFO] [stdout] test hash::sha512_256::property_tests::rust_crypto_arb_massive_equivalence has been running for over 60 seconds
[INFO] [stdout] test hash::sha512_256::property_tests::rust_crypto_arb_massive_equivalence ... ok
[INFO] [stdout] test hash::sha::property_tests::arb_massive ... ok
[INFO] [stdout] test hash::sha::property_tests::rust_crypto_arb_massive_equivalence ... ok
[INFO] [stdout] test mac::hmac::property_tests::rust_crypto_equivalence_many_updates_md5 ... ok
[INFO] [stdout] test mac::hmac::property_tests::rust_crypto_equivalence_many_updates_sha1 ... ok
[INFO] [stdout] test mac::hmac::property_tests::rust_crypto_equivalence_many_updates_sha224 ... ok
[INFO] [stdout] test mac::hmac::property_tests::rust_crypto_equivalence_many_updates_sha256 ... ok
[INFO] [stdout] test mac::hmac::property_tests::rust_crypto_equivalence_many_updates_sha384 ... ok
[INFO] [stdout] test mac::hmac::property_tests::rust_crypto_equivalence_many_updates_sha3_224 ... ok
[INFO] [stdout] test kdf::pbkdf::property_tests::rust_crypto_equivalence_sha256 has been running for over 60 seconds
[INFO] [stdout] test mac::hmac::property_tests::rust_crypto_equivalence_many_updates_sha3_256 ... ok
[INFO] [stdout] test kdf::pbkdf::property_tests::rust_crypto_equivalence_sha384 has been running for over 60 seconds
[INFO] [stdout] test kdf::pbkdf::property_tests::rust_crypto_equivalence_sha512 has been running for over 60 seconds
[INFO] [stdout] test mac::hmac::property_tests::rust_crypto_equivalence_md5 ... ok
[INFO] [stdout] test mac::hmac::property_tests::rust_crypto_equivalence_sha1 ... ok
[INFO] [stdout] test kdf::pbkdf::property_tests::rust_crypto_equivalence_sha512 ... ok
[INFO] [stdout] test mac::hmac::property_tests::rust_crypto_equivalence_sha224 ... ok
[INFO] [stdout] test mac::hmac::property_tests::rust_crypto_equivalence_sha256 ... ok
[INFO] [stdout] test mac::hmac::property_tests::rust_crypto_equivalence_sha384 ... ok
[INFO] [stdout] test mac::hmac::property_tests::rust_crypto_equivalence_sha3_224 ... ok
[INFO] [stdout] test mac::hmac::property_tests::rust_crypto_equivalence_sha3_256 ... ok
[INFO] [stdout] test mac::hmac::property_tests::rust_crypto_equivalence_sha3_384 ... ok
[INFO] [stdout] test mac::hmac::property_tests::rust_crypto_equivalence_sha512 ... ok
[INFO] [stdout] test mac::hmac::property_tests::rust_crypto_equivalence_sha3_512 ... ok
[INFO] [stdout] test mac::hmac::property_tests::rust_crypto_equivalence_many_updates_sha3_384 ... ok
[INFO] [stdout] test mac::hmac::property_tests::rust_crypto_equivalence_many_updates_sha512 ... ok
[INFO] [stdout] test mac::poly1305::property_tests::wc_poly_is_eq_to_rc_poly ... ok
[INFO] [stdout] test mac::hmac::property_tests::rust_crypto_equivalence_many_updates_sha3_512 ... ok
[INFO] [stdout] test mac::poly1305::tests::rust_crypto_aligned ... ok
[INFO] [stdout] test mac::poly1305::tests::rust_crypto_unaligned ... ok
[INFO] [stdout] test mac::poly1305::tests::smoke ... ok
[INFO] [stdout] test mac::poly1305::property_tests::multi_updates_ct_is_eq_oneshot ... ok
[INFO] [stdout] test mac::poly1305::property_tests::multi_updates_ct_is_eq_to_normal ... ok
[INFO] [stdout] test mac::poly1305::property_tests::multi_updates_is_eq_oneshot ... ok
[INFO] [stdout] test kdf::pbkdf::property_tests::rust_crypto_equivalence_sha256 ... ok
[INFO] [stdout] test mac::poly1305::property_tests::multi_updates_is_eq_to_oneshot_tls_aead_scheme ... ok
[INFO] [stdout] test mac::poly1305::property_tests::wc_poly_multi_updates_is_eq_to_rc_poly_oneshot ... ok
[INFO] [stdout] test kdf::pbkdf::property_tests::rust_crypto_equivalence_sha384 ... ok
[INFO] [stdout] 
[INFO] [stdout] test result: ok. 581 passed; 0 failed; 1 ignored; 0 measured; 0 filtered out; finished in 525.99s
[INFO] [stdout] 
[INFO] [stderr]      Running tests/nist_hmacvs.rs (/opt/rustwide/target/debug/deps/nist_hmacvs-dbbc0d3fb79e9f13)
[INFO] [stdout] 
[INFO] [stdout] running 1 test
[INFO] [stdout] test hmacvs ... FAILED
[INFO] [stdout] 
[INFO] [stdout] failures:
[INFO] [stdout] 
[INFO] [stdout] ---- hmacvs stdout ----
[INFO] [stdout] thread 'hmacvs' panicked at tests/common/load.rs:154:13:
[INFO] [stdout] Read-only file system (os error 30)
[INFO] [stdout] stack backtrace:
[INFO] [stdout]    0:     0x61f0dfe3b1ba - std::backtrace_rs::backtrace::libunwind::trace::h8810477743020387
[INFO] [stdout]                                at /rustc/202008a1b8de96d2e5b6bc02d379db03a877d34d/library/std/src/../../backtrace/src/backtrace/libunwind.rs:116:5
[INFO] [stdout]    1:     0x61f0dfe3b1ba - std::backtrace_rs::backtrace::trace_unsynchronized::h3aa55355dd6c54a6
[INFO] [stdout]                                at /rustc/202008a1b8de96d2e5b6bc02d379db03a877d34d/library/std/src/../../backtrace/src/backtrace/mod.rs:66:5
[INFO] [stdout]    2:     0x61f0dfe3b1ba - std::sys::backtrace::_print_fmt::h8588b0f62410823f
[INFO] [stdout]                                at /rustc/202008a1b8de96d2e5b6bc02d379db03a877d34d/library/std/src/sys/backtrace.rs:66:9
[INFO] [stdout]    3:     0x61f0dfe3b1ba - <std::sys::backtrace::BacktraceLock::print::DisplayBacktrace as core::fmt::Display>::fmt::h98c26ac25ffe89bb
[INFO] [stdout]                                at /rustc/202008a1b8de96d2e5b6bc02d379db03a877d34d/library/std/src/sys/backtrace.rs:39:26
[INFO] [stdout]    4:     0x61f0dfe61103 - core::fmt::rt::Argument::fmt::hf95377f4aebd453b
[INFO] [stdout]                                at /rustc/202008a1b8de96d2e5b6bc02d379db03a877d34d/library/core/src/fmt/rt.rs:177:76
[INFO] [stdout]    5:     0x61f0dfe61103 - core::fmt::write::h0dd5f6e2238c7982
[INFO] [stdout]                                at /rustc/202008a1b8de96d2e5b6bc02d379db03a877d34d/library/core/src/fmt/mod.rs:1189:21
[INFO] [stdout]    6:     0x61f0dfe38313 - std::io::Write::write_fmt::h03bb0ca26e6faf8c
[INFO] [stdout]                                at /rustc/202008a1b8de96d2e5b6bc02d379db03a877d34d/library/std/src/io/mod.rs:1884:15
[INFO] [stdout]    7:     0x61f0dfe3b002 - std::sys::backtrace::BacktraceLock::print::h5c19c1c038ee186d
[INFO] [stdout]                                at /rustc/202008a1b8de96d2e5b6bc02d379db03a877d34d/library/std/src/sys/backtrace.rs:42:9
[INFO] [stdout]    8:     0x61f0dfe3c63d - std::panicking::default_hook::{{closure}}::h77172f079a1fcb13
[INFO] [stdout]                                at /rustc/202008a1b8de96d2e5b6bc02d379db03a877d34d/library/std/src/panicking.rs:268:22
[INFO] [stdout]    9:     0x61f0dfe3c447 - std::panicking::default_hook::he5f8e3b203ccddba
[INFO] [stdout]                                at /rustc/202008a1b8de96d2e5b6bc02d379db03a877d34d/library/std/src/panicking.rs:292:9
[INFO] [stdout]   10:     0x61f0dfdf9c27 - <alloc::boxed::Box<F,A> as core::ops::function::Fn<Args>>::call::h7a3c7b4a1ae77f2f
[INFO] [stdout]                                at /rustc/202008a1b8de96d2e5b6bc02d379db03a877d34d/library/alloc/src/boxed.rs:1986:9
[INFO] [stdout]   11:     0x61f0dfdf9c27 - test::test_main::{{closure}}::hf0d3b69ae9b353d1
[INFO] [stdout]                                at /rustc/202008a1b8de96d2e5b6bc02d379db03a877d34d/library/test/src/lib.rs:134:21
[INFO] [stdout]   12:     0x61f0dfe3cce8 - <alloc::boxed::Box<F,A> as core::ops::function::Fn<Args>>::call::h6332e82e7b189abd
[INFO] [stdout]                                at /rustc/202008a1b8de96d2e5b6bc02d379db03a877d34d/library/alloc/src/boxed.rs:1986:9
[INFO] [stdout]   13:     0x61f0dfe3cce8 - std::panicking::rust_panic_with_hook::h53863d4e9018df39
[INFO] [stdout]                                at /rustc/202008a1b8de96d2e5b6bc02d379db03a877d34d/library/std/src/panicking.rs:809:13
[INFO] [stdout]   14:     0x61f0dfe3caaa - std::panicking::begin_panic_handler::{{closure}}::h67280e6fa0757873
[INFO] [stdout]                                at /rustc/202008a1b8de96d2e5b6bc02d379db03a877d34d/library/std/src/panicking.rs:674:13
[INFO] [stdout]   15:     0x61f0dfe3b699 - std::sys::backtrace::__rust_end_short_backtrace::h1dac3f54d6fbbeb2
[INFO] [stdout]                                at /rustc/202008a1b8de96d2e5b6bc02d379db03a877d34d/library/std/src/sys/backtrace.rs:170:18
[INFO] [stdout]   16:     0x61f0dfe3c73c - rust_begin_unwind
[INFO] [stdout]                                at /rustc/202008a1b8de96d2e5b6bc02d379db03a877d34d/library/std/src/panicking.rs:665:5
[INFO] [stdout]   17:     0x61f0dfdaeb60 - core::panicking::panic_fmt::h6792bd1b2bf01041
[INFO] [stdout]                                at /rustc/202008a1b8de96d2e5b6bc02d379db03a877d34d/library/core/src/panicking.rs:76:14
[INFO] [stdout]   18:     0x61f0dfdbde83 - core::panicking::panic_display::h5030a2b476683d46
[INFO] [stdout]                                at /rustc/202008a1b8de96d2e5b6bc02d379db03a877d34d/library/core/src/panicking.rs:269:5
[INFO] [stdout]   19:     0x61f0dfdb416a - nist_hmacvs::common::load::IoRes::unwrap::panic_cold_display::h61c4b858f3fa40dc
[INFO] [stdout]                                at /rustc/202008a1b8de96d2e5b6bc02d379db03a877d34d/library/core/src/panic.rs:100:13
[INFO] [stdout]   20:     0x61f0dfdb4145 - nist_hmacvs::common::load::IoRes::unwrap::h91d06af53866257f
[INFO] [stdout]                                at /opt/rustwide/workdir/tests/common/load.rs:154:13
[INFO] [stdout]   21:     0x61f0dfdbae47 - nist_hmacvs::hmacvs::h0f4b3a9815559694
[INFO] [stdout]                                at /opt/rustwide/workdir/tests/nist_hmacvs.rs:26:5
[INFO] [stdout]   22:     0x61f0dfdbadc7 - nist_hmacvs::hmacvs::{{closure}}::haaf5a0b258a9b82c
[INFO] [stdout]                                at /opt/rustwide/workdir/tests/nist_hmacvs.rs:25:12
[INFO] [stdout]   23:     0x61f0dfdb7f36 - core::ops::function::FnOnce::call_once::hfd64a9bf9e7055ca
[INFO] [stdout]                                at /rustc/202008a1b8de96d2e5b6bc02d379db03a877d34d/library/core/src/ops/function.rs:250:5
[INFO] [stdout]   24:     0x61f0dfdfe74b - core::ops::function::FnOnce::call_once::h871bf86719ec9aa4
[INFO] [stdout]                                at /rustc/202008a1b8de96d2e5b6bc02d379db03a877d34d/library/core/src/ops/function.rs:250:5
[INFO] [stdout]   25:     0x61f0dfdfe74b - test::__rust_begin_short_backtrace::h2167df1e2b7d76fd
[INFO] [stdout]                                at /rustc/202008a1b8de96d2e5b6bc02d379db03a877d34d/library/test/src/lib.rs:632:18
[INFO] [stdout]   26:     0x61f0dfdfe138 - test::run_test_in_process::{{closure}}::h15d92f75a3adfb79
[INFO] [stdout]                                at /rustc/202008a1b8de96d2e5b6bc02d379db03a877d34d/library/test/src/lib.rs:655:60
[INFO] [stdout]   27:     0x61f0dfdfe138 - <core::panic::unwind_safe::AssertUnwindSafe<F> as core::ops::function::FnOnce<()>>::call_once::hb6c8955835a8dbbb
[INFO] [stdout]                                at /rustc/202008a1b8de96d2e5b6bc02d379db03a877d34d/library/core/src/panic/unwind_safe.rs:272:9
[INFO] [stdout]   28:     0x61f0dfdfe138 - std::panicking::try::do_call::hc79d0fc888a0bd30
[INFO] [stdout]                                at /rustc/202008a1b8de96d2e5b6bc02d379db03a877d34d/library/std/src/panicking.rs:557:40
[INFO] [stdout]   29:     0x61f0dfdfe138 - std::panicking::try::hb8a7878e3a8589d6
[INFO] [stdout]                                at /rustc/202008a1b8de96d2e5b6bc02d379db03a877d34d/library/std/src/panicking.rs:520:19
[INFO] [stdout]   30:     0x61f0dfdfe138 - std::panic::catch_unwind::hb8e4600ff0ff5cfa
[INFO] [stdout]                                at /rustc/202008a1b8de96d2e5b6bc02d379db03a877d34d/library/std/src/panic.rs:358:14
[INFO] [stdout]   31:     0x61f0dfdfe138 - test::run_test_in_process::hc2900b0b18688dd6
[INFO] [stdout]                                at /rustc/202008a1b8de96d2e5b6bc02d379db03a877d34d/library/test/src/lib.rs:655:27
[INFO] [stdout]   32:     0x61f0dfdfe138 - test::run_test::{{closure}}::hac2a9cb07be3d48d
[INFO] [stdout]                                at /rustc/202008a1b8de96d2e5b6bc02d379db03a877d34d/library/test/src/lib.rs:576:43
[INFO] [stdout]   33:     0x61f0dfdc1bda - test::run_test::{{closure}}::h4a5b729e66a38cd8
[INFO] [stdout]                                at /rustc/202008a1b8de96d2e5b6bc02d379db03a877d34d/library/test/src/lib.rs:606:41
[INFO] [stdout]   34:     0x61f0dfdc1bda - std::sys::backtrace::__rust_begin_short_backtrace::h0496fb742492f573
[INFO] [stdout]                                at /rustc/202008a1b8de96d2e5b6bc02d379db03a877d34d/library/std/src/sys/backtrace.rs:154:18
[INFO] [stdout]   35:     0x61f0dfdc5554 - std::thread::Builder::spawn_unchecked_::{{closure}}::{{closure}}::hbb6d257c550a54bd
[INFO] [stdout]                                at /rustc/202008a1b8de96d2e5b6bc02d379db03a877d34d/library/std/src/thread/mod.rs:561:17
[INFO] [stdout]   36:     0x61f0dfdc5554 - <core::panic::unwind_safe::AssertUnwindSafe<F> as core::ops::function::FnOnce<()>>::call_once::h46696fe4a6832328
[INFO] [stdout]                                at /rustc/202008a1b8de96d2e5b6bc02d379db03a877d34d/library/core/src/panic/unwind_safe.rs:272:9
[INFO] [stdout]   37:     0x61f0dfdc5554 - std::panicking::try::do_call::h2625a51b667bfb64
[INFO] [stdout]                                at /rustc/202008a1b8de96d2e5b6bc02d379db03a877d34d/library/std/src/panicking.rs:557:40
[INFO] [stdout]   38:     0x61f0dfdc5554 - std::panicking::try::hb956a59a1973aa4c
[INFO] [stdout]                                at /rustc/202008a1b8de96d2e5b6bc02d379db03a877d34d/library/std/src/panicking.rs:520:19
[INFO] [stdout]   39:     0x61f0dfdc5554 - std::panic::catch_unwind::h64f3b9d1067ef6a0
[INFO] [stdout]                                at /rustc/202008a1b8de96d2e5b6bc02d379db03a877d34d/library/std/src/panic.rs:358:14
[INFO] [stdout]   40:     0x61f0dfdc5554 - std::thread::Builder::spawn_unchecked_::{{closure}}::h42b2841295b6c0b2
[INFO] [stdout]                                at /rustc/202008a1b8de96d2e5b6bc02d379db03a877d34d/library/std/src/thread/mod.rs:559:30
[INFO] [stdout]   41:     0x61f0dfdc5554 - core::ops::function::FnOnce::call_once{{vtable.shim}}::h6127de71b8124639
[INFO] [stdout]                                at /rustc/202008a1b8de96d2e5b6bc02d379db03a877d34d/library/core/src/ops/function.rs:250:5
[INFO] [stdout]   42:     0x61f0dfe40deb - <alloc::boxed::Box<F,A> as core::ops::function::FnOnce<Args>>::call_once::h42f0ba71002a1b2c
[INFO] [stdout]                                at /rustc/202008a1b8de96d2e5b6bc02d379db03a877d34d/library/alloc/src/boxed.rs:1972:9
[INFO] [stdout]   43:     0x61f0dfe40deb - <alloc::boxed::Box<F,A> as core::ops::function::FnOnce<Args>>::call_once::had9e47d7a3dcecb8
[INFO] [stdout]                                at /rustc/202008a1b8de96d2e5b6bc02d379db03a877d34d/library/alloc/src/boxed.rs:1972:9
[INFO] [stdout]   44:     0x61f0dfe40deb - std::sys::pal::unix::thread::Thread::new::thread_start::h48cf765408f6f5f2
[INFO] [stdout]                                at /rustc/202008a1b8de96d2e5b6bc02d379db03a877d34d/library/std/src/sys/pal/unix/thread.rs:105:17
[INFO] [stdout]   45:     0x717106170ac3 - <unknown>
[INFO] [stdout]   46:     0x717106201a04 - clone
[INFO] [stdout]   47:                0x0 - <unknown>
[INFO] [stdout] 
[INFO] [stdout] 
[INFO] [stdout] failures:
[INFO] [stdout]     hmacvs
[INFO] [stdout] 
[INFO] [stdout] test result: FAILED. 0 passed; 1 failed; 0 ignored; 0 measured; 0 filtered out; finished in 0.01s
[INFO] [stdout] 
[INFO] [stderr] error: test failed, to rerun pass `--test nist_hmacvs`
[INFO] running `Command { std: "docker" "inspect" "da1076d29688c1afd92cb154b8a9da772bd7e623f5d6680b3bf50cb224cde757", kill_on_drop: false }`
[INFO] running `Command { std: "docker" "rm" "-f" "da1076d29688c1afd92cb154b8a9da772bd7e623f5d6680b3bf50cb224cde757", kill_on_drop: false }`
[INFO] [stdout] da1076d29688c1afd92cb154b8a9da772bd7e623f5d6680b3bf50cb224cde757
