[INFO] fetching crate wither_derive 0.9.0...
[INFO] testing wither_derive-0.9.0 against beta-2024-12-08 for beta-1.84.0-4-retry
[INFO] extracting crate wither_derive 0.9.0 into /workspace/builds/worker-3-tc2/source
[INFO] validating manifest of crates.io crate wither_derive 0.9.0 on toolchain beta-2024-12-08
[INFO] running `Command { std: CARGO_HOME="/workspace/cargo-home" RUSTUP_HOME="/workspace/rustup-home" "/workspace/cargo-home/bin/cargo" "+beta-2024-12-08" "metadata" "--manifest-path" "Cargo.toml" "--no-deps", kill_on_drop: false }`
[INFO] started tweaking crates.io crate wither_derive 0.9.0
[INFO] finished tweaking crates.io crate wither_derive 0.9.0
[INFO] tweaked toml for crates.io crate wither_derive 0.9.0 written to /workspace/builds/worker-3-tc2/source/Cargo.toml
[INFO] running `Command { std: CARGO_HOME="/workspace/cargo-home" RUSTUP_HOME="/workspace/rustup-home" "/workspace/cargo-home/bin/cargo" "+beta-2024-12-08" "generate-lockfile" "--manifest-path" "Cargo.toml", kill_on_drop: false }`
[INFO] [stderr]     Updating crates.io index
[INFO] [stderr]      Locking 50 packages to latest compatible versions
[INFO] [stderr]       Adding darling v0.10.2 (available: v0.20.10)
[INFO] [stderr]       Adding syn v1.0.109 (available: v2.0.90)
[INFO] running `Command { std: CARGO_HOME="/workspace/cargo-home" RUSTUP_HOME="/workspace/rustup-home" "/workspace/cargo-home/bin/cargo" "+beta-2024-12-08" "fetch" "--manifest-path" "Cargo.toml", kill_on_drop: false }`
[INFO] [stderr]     Blocking waiting for file lock on package cache
[INFO] [stderr]     Blocking waiting for file lock on package cache
[INFO] running `Command { std: "docker" "create" "-v" "/var/lib/crater-agent-workspace/builds/worker-3-tc2/target:/opt/rustwide/target:rw,Z" "-v" "/var/lib/crater-agent-workspace/builds/worker-3-tc2/source:/opt/rustwide/workdir:ro,Z" "-v" "/var/lib/crater-agent-workspace/cargo-home:/opt/rustwide/cargo-home:ro,Z" "-v" "/var/lib/crater-agent-workspace/rustup-home:/opt/rustwide/rustup-home:ro,Z" "-e" "SOURCE_DIR=/opt/rustwide/workdir" "-e" "CARGO_TARGET_DIR=/opt/rustwide/target" "-e" "CARGO_HOME=/opt/rustwide/cargo-home" "-e" "RUSTUP_HOME=/opt/rustwide/rustup-home" "-w" "/opt/rustwide/workdir" "-m" "1610612736" "--user" "0:0" "--network" "none" "ghcr.io/rust-lang/crates-build-env/linux@sha256:f3a9d4ad9d972b27faf3965f35b62e55ba32bbce8f20bc8fe909558a86702fde" "/opt/rustwide/cargo-home/bin/cargo" "+beta-2024-12-08" "metadata" "--no-deps" "--format-version=1", kill_on_drop: false }`
[INFO] [stdout] 274e503a05cb2947784a24f196333b39b0e30205c73af2cb151b016526946b31
[INFO] running `Command { std: "docker" "start" "-a" "274e503a05cb2947784a24f196333b39b0e30205c73af2cb151b016526946b31", kill_on_drop: false }`
[INFO] running `Command { std: "docker" "inspect" "274e503a05cb2947784a24f196333b39b0e30205c73af2cb151b016526946b31", kill_on_drop: false }`
[INFO] running `Command { std: "docker" "rm" "-f" "274e503a05cb2947784a24f196333b39b0e30205c73af2cb151b016526946b31", kill_on_drop: false }`
[INFO] [stdout] 274e503a05cb2947784a24f196333b39b0e30205c73af2cb151b016526946b31
[INFO] running `Command { std: "docker" "create" "-v" "/var/lib/crater-agent-workspace/builds/worker-3-tc2/target:/opt/rustwide/target:rw,Z" "-v" "/var/lib/crater-agent-workspace/builds/worker-3-tc2/source:/opt/rustwide/workdir:ro,Z" "-v" "/var/lib/crater-agent-workspace/cargo-home:/opt/rustwide/cargo-home:ro,Z" "-v" "/var/lib/crater-agent-workspace/rustup-home:/opt/rustwide/rustup-home:ro,Z" "-e" "SOURCE_DIR=/opt/rustwide/workdir" "-e" "CARGO_TARGET_DIR=/opt/rustwide/target" "-e" "CARGO_INCREMENTAL=0" "-e" "RUST_BACKTRACE=full" "-e" "RUSTFLAGS=--cap-lints=warn" "-e" "RUSTDOCFLAGS=--cap-lints=warn" "-e" "CARGO_HOME=/opt/rustwide/cargo-home" "-e" "RUSTUP_HOME=/opt/rustwide/rustup-home" "-w" "/opt/rustwide/workdir" "-m" "1610612736" "--user" "0:0" "--network" "none" "ghcr.io/rust-lang/crates-build-env/linux@sha256:f3a9d4ad9d972b27faf3965f35b62e55ba32bbce8f20bc8fe909558a86702fde" "/opt/rustwide/cargo-home/bin/cargo" "+beta-2024-12-08" "build" "--frozen" "--message-format=json", kill_on_drop: false }`
[INFO] [stdout] 047d1d62ae73836fd47f986bc5a1fef7fe0fc274db0d2345c04720f53e408610
[INFO] running `Command { std: "docker" "start" "-a" "047d1d62ae73836fd47f986bc5a1fef7fe0fc274db0d2345c04720f53e408610", kill_on_drop: false }`
[INFO] [stderr]    Compiling proc-macro2 v1.0.92
[INFO] [stderr]    Compiling unicode-ident v1.0.14
[INFO] [stderr]    Compiling syn v1.0.109
[INFO] [stderr]    Compiling version_check v0.9.5
[INFO] [stderr]    Compiling memchr v2.7.4
[INFO] [stderr]    Compiling fnv v1.0.7
[INFO] [stderr]    Compiling regex-syntax v0.8.5
[INFO] [stderr]    Compiling strsim v0.9.3
[INFO] [stderr]    Compiling ident_case v1.0.1
[INFO] [stderr]    Compiling serde v1.0.216
[INFO] [stderr]    Compiling lazy_static v1.5.0
[INFO] [stderr]    Compiling proc-macro-error-attr v1.0.4
[INFO] [stderr]    Compiling proc-macro-error v1.0.4
[INFO] [stderr]    Compiling aho-corasick v1.1.3
[INFO] [stderr]    Compiling quote v1.0.37
[INFO] [stderr]    Compiling syn v2.0.90
[INFO] [stderr]    Compiling regex-automata v0.4.9
[INFO] [stderr]    Compiling serde_derive v1.0.216
[INFO] [stderr]    Compiling async-trait v0.1.83
[INFO] [stderr]    Compiling darling_core v0.10.2
[INFO] [stderr]    Compiling regex v1.11.1
[INFO] [stderr]    Compiling Inflector v0.11.4
[INFO] [stderr]    Compiling darling_macro v0.10.2
[INFO] [stderr]    Compiling darling v0.10.2
[INFO] [stderr]    Compiling wither_derive v0.9.0 (/opt/rustwide/workdir)
[INFO] [stderr]     Finished `dev` profile [unoptimized + debuginfo] target(s) in 21.31s
[INFO] running `Command { std: "docker" "inspect" "047d1d62ae73836fd47f986bc5a1fef7fe0fc274db0d2345c04720f53e408610", kill_on_drop: false }`
[INFO] running `Command { std: "docker" "rm" "-f" "047d1d62ae73836fd47f986bc5a1fef7fe0fc274db0d2345c04720f53e408610", kill_on_drop: false }`
[INFO] [stdout] 047d1d62ae73836fd47f986bc5a1fef7fe0fc274db0d2345c04720f53e408610
[INFO] running `Command { std: "docker" "create" "-v" "/var/lib/crater-agent-workspace/builds/worker-3-tc2/target:/opt/rustwide/target:rw,Z" "-v" "/var/lib/crater-agent-workspace/builds/worker-3-tc2/source:/opt/rustwide/workdir:ro,Z" "-v" "/var/lib/crater-agent-workspace/cargo-home:/opt/rustwide/cargo-home:ro,Z" "-v" "/var/lib/crater-agent-workspace/rustup-home:/opt/rustwide/rustup-home:ro,Z" "-e" "SOURCE_DIR=/opt/rustwide/workdir" "-e" "CARGO_TARGET_DIR=/opt/rustwide/target" "-e" "CARGO_INCREMENTAL=0" "-e" "RUST_BACKTRACE=full" "-e" "RUSTFLAGS=--cap-lints=warn" "-e" "RUSTDOCFLAGS=--cap-lints=warn" "-e" "CARGO_HOME=/opt/rustwide/cargo-home" "-e" "RUSTUP_HOME=/opt/rustwide/rustup-home" "-w" "/opt/rustwide/workdir" "-m" "1610612736" "--user" "0:0" "--network" "none" "ghcr.io/rust-lang/crates-build-env/linux@sha256:f3a9d4ad9d972b27faf3965f35b62e55ba32bbce8f20bc8fe909558a86702fde" "/opt/rustwide/cargo-home/bin/cargo" "+beta-2024-12-08" "test" "--frozen" "--no-run" "--message-format=json", kill_on_drop: false }`
[INFO] [stdout] a24dee60fa5374ba676838ec745122a718b7436cc03789102587d9334c64a091
[INFO] running `Command { std: "docker" "start" "-a" "a24dee60fa5374ba676838ec745122a718b7436cc03789102587d9334c64a091", kill_on_drop: false }`
[INFO] [stderr]    Compiling hashbrown v0.15.2
[INFO] [stderr]    Compiling equivalent v1.0.1
[INFO] [stderr]    Compiling serde_json v1.0.133
[INFO] [stderr]    Compiling winnow v0.6.20
[INFO] [stderr]    Compiling target-triple v0.1.3
[INFO] [stderr]    Compiling itoa v1.0.14
[INFO] [stderr]    Compiling ryu v1.0.18
[INFO] [stderr]    Compiling glob v0.3.1
[INFO] [stderr]    Compiling termcolor v1.4.1
[INFO] [stderr]    Compiling serde_spanned v0.6.8
[INFO] [stderr]    Compiling toml_datetime v0.6.8
[INFO] [stderr]    Compiling wither_derive v0.9.0 (/opt/rustwide/workdir)
[INFO] [stderr]    Compiling indexmap v2.7.0
[INFO] [stderr]    Compiling toml_edit v0.22.22
[INFO] [stderr]    Compiling toml v0.8.19
[INFO] [stderr]    Compiling trybuild v1.0.101
[INFO] [stderr]     Finished `test` profile [unoptimized + debuginfo] target(s) in 8.95s
[INFO] running `Command { std: "docker" "inspect" "a24dee60fa5374ba676838ec745122a718b7436cc03789102587d9334c64a091", kill_on_drop: false }`
[INFO] running `Command { std: "docker" "rm" "-f" "a24dee60fa5374ba676838ec745122a718b7436cc03789102587d9334c64a091", kill_on_drop: false }`
[INFO] [stdout] a24dee60fa5374ba676838ec745122a718b7436cc03789102587d9334c64a091
[INFO] running `Command { std: "docker" "create" "-v" "/var/lib/crater-agent-workspace/builds/worker-3-tc2/target:/opt/rustwide/target:rw,Z" "-v" "/var/lib/crater-agent-workspace/builds/worker-3-tc2/source:/opt/rustwide/workdir:ro,Z" "-v" "/var/lib/crater-agent-workspace/cargo-home:/opt/rustwide/cargo-home:ro,Z" "-v" "/var/lib/crater-agent-workspace/rustup-home:/opt/rustwide/rustup-home:ro,Z" "-e" "SOURCE_DIR=/opt/rustwide/workdir" "-e" "CARGO_TARGET_DIR=/opt/rustwide/target" "-e" "CARGO_INCREMENTAL=0" "-e" "RUST_BACKTRACE=full" "-e" "RUSTFLAGS=--cap-lints=warn" "-e" "RUSTDOCFLAGS=--cap-lints=warn" "-e" "CARGO_HOME=/opt/rustwide/cargo-home" "-e" "RUSTUP_HOME=/opt/rustwide/rustup-home" "-w" "/opt/rustwide/workdir" "-m" "1610612736" "--user" "0:0" "--network" "none" "ghcr.io/rust-lang/crates-build-env/linux@sha256:f3a9d4ad9d972b27faf3965f35b62e55ba32bbce8f20bc8fe909558a86702fde" "/opt/rustwide/cargo-home/bin/cargo" "+beta-2024-12-08" "test" "--frozen", kill_on_drop: false }`
[INFO] [stdout] dc16e8f537c616691f8d646358fa43eef233fe535ca86af2ebf9e38f86bbcd66
[INFO] running `Command { std: "docker" "start" "-a" "dc16e8f537c616691f8d646358fa43eef233fe535ca86af2ebf9e38f86bbcd66", kill_on_drop: false }`
[INFO] [stderr]     Finished `test` profile [unoptimized + debuginfo] target(s) in 0.05s
[INFO] [stderr]      Running unittests src/lib.rs (/opt/rustwide/target/debug/deps/wither_derive-d4953cdb1d21f74d)
[INFO] [stdout] 
[INFO] [stdout] running 1 test
[INFO] [stderr]    Compiling proc-macro2 v1.0.92
[INFO] [stderr]    Compiling unicode-ident v1.0.14
[INFO] [stderr]    Compiling syn v1.0.109
[INFO] [stderr]    Compiling version_check v0.9.5
[INFO] [stderr]    Compiling strsim v0.9.3
[INFO] [stderr]    Compiling serde v1.0.216
[INFO] [stderr]    Compiling memchr v2.7.4
[INFO] [stderr]    Compiling fnv v1.0.7
[INFO] [stderr]    Compiling ident_case v1.0.1
[INFO] [stderr]    Compiling regex-syntax v0.8.5
[INFO] [stderr]    Compiling lazy_static v1.5.0
[INFO] [stderr]    Compiling aho-corasick v1.1.3
[INFO] [stderr]    Compiling proc-macro-error-attr v1.0.4
[INFO] [stderr]    Compiling proc-macro-error v1.0.4
[INFO] [stderr]    Compiling quote v1.0.37
[INFO] [stderr]    Compiling syn v2.0.90
[INFO] [stderr]    Compiling regex-automata v0.4.9
[INFO] [stderr]    Compiling darling_core v0.10.2
[INFO] [stderr]    Compiling regex v1.11.1
[INFO] [stderr]    Compiling Inflector v0.11.4
[INFO] [stderr]    Compiling serde_derive v1.0.216
[INFO] [stderr]    Compiling async-trait v0.1.83
[INFO] [stderr]    Compiling darling_macro v0.10.2
[INFO] [stderr]    Compiling darling v0.10.2
[INFO] [stderr]    Compiling wither_derive v0.9.0 (/opt/rustwide/workdir)
[INFO] [stderr]    Compiling wither_derive-tests v0.0.0 (/opt/rustwide/target/tests/trybuild/wither_derive)
[INFO] [stderr]     Finished `dev` profile [unoptimized + debuginfo] target(s) in 28.51s
[INFO] [stderr] 
[INFO] [stderr] 
[INFO] [stderr] test tests/pass/model-collection-name.rs [should pass] ... error
[INFO] [stderr] ┈┈┈┈┈┈┈┈┈┈┈┈┈┈┈┈┈┈┈┈┈┈┈┈┈┈┈┈┈┈┈┈┈┈┈┈┈┈┈┈┈┈┈┈┈┈┈┈┈┈┈┈┈┈┈┈┈┈┈┈
[INFO] [stderr] error[E0433]: failed to resolve: use of undeclared crate or module `wither`
[INFO] [stderr]  --> tests/pass/model-collection-name.rs:2:5
[INFO] [stderr]   |
[INFO] [stderr] 2 | use wither::prelude::*;
[INFO] [stderr]   |     ^^^^^^ use of undeclared crate or module `wither`
[INFO] [stderr] 
[INFO] [stderr] error: cannot find derive macro `Model` in this scope
[INFO] [stderr]  --> tests/pass/model-collection-name.rs:4:34
[INFO] [stderr]   |
[INFO] [stderr] 4 | #[derive(Serialize, Deserialize, Model, Default)]
[INFO] [stderr]   |                                  ^^^^^
[INFO] [stderr]   |
[INFO] [stderr] help: consider importing this derive macro
[INFO] [stderr]   |
[INFO] [stderr] 1 + use wither_derive::Model;
[INFO] [stderr]   |
[INFO] [stderr] 
[INFO] [stderr] error: cannot find attribute `model` in this scope
[INFO] [stderr]  --> tests/pass/model-collection-name.rs:5:3
[INFO] [stderr]   |
[INFO] [stderr] 5 | #[model(collection_name="derivations")]
[INFO] [stderr]   |   ^^^^^
[INFO] [stderr] 
[INFO] [stderr] error[E0433]: failed to resolve: use of undeclared crate or module `wither`
[INFO] [stderr]  --> tests/pass/model-collection-name.rs:8:20
[INFO] [stderr]   |
[INFO] [stderr] 8 |     pub id: Option<wither::bson::oid::ObjectId>,
[INFO] [stderr]   |                    ^^^^^^ use of undeclared crate or module `wither`
[INFO] [stderr] 
[INFO] [stderr] error[E0599]: no associated item named `COLLECTION_NAME` found for struct `DerivedModel` in the current scope
[INFO] [stderr]   --> tests/pass/model-collection-name.rs:13:30
[INFO] [stderr]    |
[INFO] [stderr] 6  | struct DerivedModel {
[INFO] [stderr]    | ------------------- associated item `COLLECTION_NAME` not found for this struct
[INFO] [stderr] ...
[INFO] [stderr] 13 |     assert_eq!(DerivedModel::COLLECTION_NAME, "derivations");
[INFO] [stderr]    |                              ^^^^^^^^^^^^^^^ associated item not found in `DerivedModel`
[INFO] [stderr] ┈┈┈┈┈┈┈┈┈┈┈┈┈┈┈┈┈┈┈┈┈┈┈┈┈┈┈┈┈┈┈┈┈┈┈┈┈┈┈┈┈┈┈┈┈┈┈┈┈┈┈┈┈┈┈┈┈┈┈┈
[INFO] [stderr] 
[INFO] [stderr] test tests/pass/model-index.rs [should pass] ... error
[INFO] [stderr] ┈┈┈┈┈┈┈┈┈┈┈┈┈┈┈┈┈┈┈┈┈┈┈┈┈┈┈┈┈┈┈┈┈┈┈┈┈┈┈┈┈┈┈┈┈┈┈┈┈┈┈┈┈┈┈┈┈┈┈┈
[INFO] [stderr] error[E0433]: failed to resolve: use of undeclared crate or module `wither`
[INFO] [stderr]  --> tests/pass/model-index.rs:2:5
[INFO] [stderr]   |
[INFO] [stderr] 2 | use wither::bson::doc;
[INFO] [stderr]   |     ^^^^^^ use of undeclared crate or module `wither`
[INFO] [stderr] 
[INFO] [stderr] error[E0432]: unresolved import `wither`
[INFO] [stderr]  --> tests/pass/model-index.rs:3:5
[INFO] [stderr]   |
[INFO] [stderr] 3 | use wither::Model;
[INFO] [stderr]   |     ^^^^^^ use of undeclared crate or module `wither`
[INFO] [stderr] 
[INFO] [stderr] error: cannot find attribute `model` in this scope
[INFO] [stderr]  --> tests/pass/model-index.rs:6:3
[INFO] [stderr]   |
[INFO] [stderr] 6 | #[model(
[INFO] [stderr]   |   ^^^^^
[INFO] [stderr] 
[INFO] [stderr] error[E0433]: failed to resolve: use of undeclared crate or module `wither`
[INFO] [stderr]   --> tests/pass/model-index.rs:13:20
[INFO] [stderr]    |
[INFO] [stderr] 13 |     pub id: Option<wither::bson::oid::ObjectId>,
[INFO] [stderr]    |                    ^^^^^^ use of undeclared crate or module `wither`
[INFO] [stderr] 
[INFO] [stderr] error[E0659]: `doc` is ambiguous
[INFO] [stderr]  --> tests/pass/model-index.rs:5:19
[INFO] [stderr]   |
[INFO] [stderr] 5 | #[derive(Default, Serialize, Deserialize, Model)]
[INFO] [stderr]   |                   ^^^^^^^^^ ambiguous name
[INFO] [stderr]   |
[INFO] [stderr]   = note: ambiguous because of a name conflict with a builtin attribute
[INFO] [stderr]   = note: `doc` could refer to a built-in attribute
[INFO] [stderr] note: `doc` could also refer to the unresolved item imported here
[INFO] [stderr]  --> tests/pass/model-index.rs:2:5
[INFO] [stderr]   |
[INFO] [stderr] 2 | use wither::bson::doc;
[INFO] [stderr]   |     ^^^^^^^^^^^^^^^^^
[INFO] [stderr]   = help: use `crate::doc` to refer to this unresolved item unambiguously
[INFO] [stderr]   = note: this error originates in the derive macro `Serialize` (in Nightly builds, run with -Z macro-backtrace for more info)
[INFO] [stderr] 
[INFO] [stderr] error[E0659]: `doc` is ambiguous
[INFO] [stderr]  --> tests/pass/model-index.rs:5:30
[INFO] [stderr]   |
[INFO] [stderr] 5 | #[derive(Default, Serialize, Deserialize, Model)]
[INFO] [stderr]   |                              ^^^^^^^^^^^ ambiguous name
[INFO] [stderr]   |
[INFO] [stderr]   = note: ambiguous because of a name conflict with a builtin attribute
[INFO] [stderr]   = note: `doc` could refer to a built-in attribute
[INFO] [stderr] note: `doc` could also refer to the unresolved item imported here
[INFO] [stderr]  --> tests/pass/model-index.rs:2:5
[INFO] [stderr]   |
[INFO] [stderr] 2 | use wither::bson::doc;
[INFO] [stderr]   |     ^^^^^^^^^^^^^^^^^
[INFO] [stderr]   = help: use `crate::doc` to refer to this unresolved item unambiguously
[INFO] [stderr]   = note: this error originates in the derive macro `Deserialize` (in Nightly builds, run with -Z macro-backtrace for more info)
[INFO] [stderr] 
[INFO] [stderr] error[E0599]: no function or associated item named `indexes` found for struct `DerivedModel` in the current scope
[INFO] [stderr]   --> tests/pass/model-index.rs:18:33
[INFO] [stderr]    |
[INFO] [stderr] 11 | struct DerivedModel {
[INFO] [stderr]    | ------------------- function or associated item `indexes` not found for this struct
[INFO] [stderr] ...
[INFO] [stderr] 18 |     let indexes = DerivedModel::indexes();
[INFO] [stderr]    |                                 ^^^^^^^ function or associated item not found in `DerivedModel`
[INFO] [stderr] ┈┈┈┈┈┈┈┈┈┈┈┈┈┈┈┈┈┈┈┈┈┈┈┈┈┈┈┈┈┈┈┈┈┈┈┈┈┈┈┈┈┈┈┈┈┈┈┈┈┈┈┈┈┈┈┈┈┈┈┈
[INFO] [stderr] 
[INFO] [stderr] test tests/pass/model-read-concern.rs [should pass] ... error
[INFO] [stderr] ┈┈┈┈┈┈┈┈┈┈┈┈┈┈┈┈┈┈┈┈┈┈┈┈┈┈┈┈┈┈┈┈┈┈┈┈┈┈┈┈┈┈┈┈┈┈┈┈┈┈┈┈┈┈┈┈┈┈┈┈
[INFO] [stderr] error[E0433]: failed to resolve: use of undeclared crate or module `wither`
[INFO] [stderr]   --> tests/pass/model-read-concern.rs:40:9
[INFO] [stderr]    |
[INFO] [stderr] 40 |     use wither::mongodb::options::ReadConcern;
[INFO] [stderr]    |         ^^^^^^ use of undeclared crate or module `wither`
[INFO] [stderr] 
[INFO] [stderr] error[E0432]: unresolved import `wither`
[INFO] [stderr]  --> tests/pass/model-read-concern.rs:2:5
[INFO] [stderr]   |
[INFO] [stderr] 2 | use wither::Model;
[INFO] [stderr]   |     ^^^^^^ use of undeclared crate or module `wither`
[INFO] [stderr] 
[INFO] [stderr] error: cannot find attribute `model` in this scope
[INFO] [stderr]  --> tests/pass/model-read-concern.rs:5:3
[INFO] [stderr]   |
[INFO] [stderr] 5 | #[model(read_concern="local")]
[INFO] [stderr]   |   ^^^^^
[INFO] [stderr] 
[INFO] [stderr] error: cannot find attribute `model` in this scope
[INFO] [stderr]   --> tests/pass/model-read-concern.rs:12:3
[INFO] [stderr]    |
[INFO] [stderr] 12 | #[model(read_concern="majority")]
[INFO] [stderr]    |   ^^^^^
[INFO] [stderr] 
[INFO] [stderr] error: cannot find attribute `model` in this scope
[INFO] [stderr]   --> tests/pass/model-read-concern.rs:19:3
[INFO] [stderr]    |
[INFO] [stderr] 19 | #[model(read_concern="linearizable")]
[INFO] [stderr]    |   ^^^^^
[INFO] [stderr] 
[INFO] [stderr] error: cannot find attribute `model` in this scope
[INFO] [stderr]   --> tests/pass/model-read-concern.rs:26:3
[INFO] [stderr]    |
[INFO] [stderr] 26 | #[model(read_concern="available")]
[INFO] [stderr]    |   ^^^^^
[INFO] [stderr] 
[INFO] [stderr] error: cannot find attribute `model` in this scope
[INFO] [stderr]   --> tests/pass/model-read-concern.rs:33:3
[INFO] [stderr]    |
[INFO] [stderr] 33 | #[model(read_concern(custom="custom-concern"))]
[INFO] [stderr]    |   ^^^^^
[INFO] [stderr] 
[INFO] [stderr] error[E0433]: failed to resolve: use of undeclared crate or module `wither`
[INFO] [stderr]  --> tests/pass/model-read-concern.rs:8:20
[INFO] [stderr]   |
[INFO] [stderr] 8 |     pub id: Option<wither::bson::oid::ObjectId>,
[INFO] [stderr]   |                    ^^^^^^ use of undeclared crate or module `wither`
[INFO] [stderr] 
[INFO] [stderr] error[E0433]: failed to resolve: use of undeclared crate or module `wither`
[INFO] [stderr]   --> tests/pass/model-read-concern.rs:15:20
[INFO] [stderr]    |
[INFO] [stderr] 15 |     pub id: Option<wither::bson::oid::ObjectId>,
[INFO] [stderr]    |                    ^^^^^^ use of undeclared crate or module `wither`
[INFO] [stderr] 
[INFO] [stderr] error[E0433]: failed to resolve: use of undeclared crate or module `wither`
[INFO] [stderr]   --> tests/pass/model-read-concern.rs:22:20
[INFO] [stderr]    |
[INFO] [stderr] 22 |     pub id: Option<wither::bson::oid::ObjectId>,
[INFO] [stderr]    |                    ^^^^^^ use of undeclared crate or module `wither`
[INFO] [stderr] 
[INFO] [stderr] error[E0433]: failed to resolve: use of undeclared crate or module `wither`
[INFO] [stderr]   --> tests/pass/model-read-concern.rs:29:20
[INFO] [stderr]    |
[INFO] [stderr] 29 |     pub id: Option<wither::bson::oid::ObjectId>,
[INFO] [stderr]    |                    ^^^^^^ use of undeclared crate or module `wither`
[INFO] [stderr] 
[INFO] [stderr] error[E0433]: failed to resolve: use of undeclared crate or module `wither`
[INFO] [stderr]   --> tests/pass/model-read-concern.rs:36:20
[INFO] [stderr]    |
[INFO] [stderr] 36 |     pub id: Option<wither::bson::oid::ObjectId>,
[INFO] [stderr]    |                    ^^^^^^ use of undeclared crate or module `wither`
[INFO] [stderr] 
[INFO] [stderr] error[E0599]: no function or associated item named `read_concern` found for struct `Model0` in the current scope
[INFO] [stderr]   --> tests/pass/model-read-concern.rs:46:24
[INFO] [stderr]    |
[INFO] [stderr] 6  | struct Model0 {
[INFO] [stderr]    | ------------- function or associated item `read_concern` not found for this struct
[INFO] [stderr] ...
[INFO] [stderr] 46 |     assert_eq!(Model0::read_concern(), Some(ReadConcern::local()));
[INFO] [stderr]    |                        ^^^^^^^^^^^^ function or associated item not found in `Model0`
[INFO] [stderr] 
[INFO] [stderr] error[E0599]: no function or associated item named `read_concern` found for struct `Model1` in the current scope
[INFO] [stderr]   --> tests/pass/model-read-concern.rs:47:24
[INFO] [stderr]    |
[INFO] [stderr] 13 | struct Model1 {
[INFO] [stderr]    | ------------- function or associated item `read_concern` not found for this struct
[INFO] [stderr] ...
[INFO] [stderr] 47 |     assert_eq!(Model1::read_concern(), Some(ReadConcern::majority()));
[INFO] [stderr]    |                        ^^^^^^^^^^^^ function or associated item not found in `Model1`
[INFO] [stderr] 
[INFO] [stderr] error[E0599]: no function or associated item named `read_concern` found for struct `Model2` in the current scope
[INFO] [stderr]   --> tests/pass/model-read-concern.rs:48:24
[INFO] [stderr]    |
[INFO] [stderr] 20 | struct Model2 {
[INFO] [stderr]    | ------------- function or associated item `read_concern` not found for this struct
[INFO] [stderr] ...
[INFO] [stderr] 48 |     assert_eq!(Model2::read_concern(), Some(ReadConcern::linearizable()));
[INFO] [stderr]    |                        ^^^^^^^^^^^^ function or associated item not found in `Model2`
[INFO] [stderr] 
[INFO] [stderr] error[E0599]: no function or associated item named `read_concern` found for struct `Model3` in the current scope
[INFO] [stderr]   --> tests/pass/model-read-concern.rs:49:24
[INFO] [stderr]    |
[INFO] [stderr] 27 | struct Model3 {
[INFO] [stderr]    | ------------- function or associated item `read_concern` not found for this struct
[INFO] [stderr] ...
[INFO] [stderr] 49 |     assert_eq!(Model3::read_concern(), Some(ReadConcern::available()));
[INFO] [stderr]    |                        ^^^^^^^^^^^^ function or associated item not found in `Model3`
[INFO] [stderr] 
[INFO] [stderr] error[E0599]: no function or associated item named `read_concern` found for struct `Model4` in the current scope
[INFO] [stderr]   --> tests/pass/model-read-concern.rs:50:24
[INFO] [stderr]    |
[INFO] [stderr] 34 | struct Model4 {
[INFO] [stderr]    | ------------- function or associated item `read_concern` not found for this struct
[INFO] [stderr] ...
[INFO] [stderr] 50 |     assert_eq!(Model4::read_concern(), Some(ReadConcern::custom(String::from("custom-concern"))));
[INFO] [stderr]    |                        ^^^^^^^^^^^^ function or associated item not found in `Model4`
[INFO] [stderr] ┈┈┈┈┈┈┈┈┈┈┈┈┈┈┈┈┈┈┈┈┈┈┈┈┈┈┈┈┈┈┈┈┈┈┈┈┈┈┈┈┈┈┈┈┈┈┈┈┈┈┈┈┈┈┈┈┈┈┈┈
[INFO] [stderr] 
[INFO] [stderr] test tests/pass/model-selection-criteria.rs [should pass] ... error
[INFO] [stderr] ┈┈┈┈┈┈┈┈┈┈┈┈┈┈┈┈┈┈┈┈┈┈┈┈┈┈┈┈┈┈┈┈┈┈┈┈┈┈┈┈┈┈┈┈┈┈┈┈┈┈┈┈┈┈┈┈┈┈┈┈
[INFO] [stderr] error[E0433]: failed to resolve: use of undeclared crate or module `wither`
[INFO] [stderr]  --> tests/pass/model-selection-criteria.rs:2:5
[INFO] [stderr]   |
[INFO] [stderr] 2 | use wither::prelude::*;
[INFO] [stderr]   |     ^^^^^^ use of undeclared crate or module `wither`
[INFO] [stderr] 
[INFO] [stderr] error: cannot find derive macro `Model` in this scope
[INFO] [stderr]  --> tests/pass/model-selection-criteria.rs:4:34
[INFO] [stderr]   |
[INFO] [stderr] 4 | #[derive(Serialize, Deserialize, Model, Default)]
[INFO] [stderr]   |                                  ^^^^^
[INFO] [stderr]   |
[INFO] [stderr] help: consider importing this derive macro
[INFO] [stderr]   |
[INFO] [stderr] 1 + use wither_derive::Model;
[INFO] [stderr]   |
[INFO] [stderr] 
[INFO] [stderr] error: cannot find attribute `model` in this scope
[INFO] [stderr]  --> tests/pass/model-selection-criteria.rs:5:3
[INFO] [stderr]   |
[INFO] [stderr] 5 | #[model(selection_criteria="DerivedModel::get_selection_criteria")]
[INFO] [stderr]   |   ^^^^^
[INFO] [stderr] 
[INFO] [stderr] error[E0433]: failed to resolve: use of undeclared crate or module `wither`
[INFO] [stderr]  --> tests/pass/model-selection-criteria.rs:8:20
[INFO] [stderr]   |
[INFO] [stderr] 8 |     pub id: Option<wither::bson::oid::ObjectId>,
[INFO] [stderr]   |                    ^^^^^^ use of undeclared crate or module `wither`
[INFO] [stderr] 
[INFO] [stderr] error[E0433]: failed to resolve: use of undeclared crate or module `wither`
[INFO] [stderr]   --> tests/pass/model-selection-criteria.rs:13:57
[INFO] [stderr]    |
[INFO] [stderr] 13 |     assert_eq!(DerivedModel::selection_criteria(), Some(wither::mongodb::options::SelectionCriteria::ReadPreference(
[INFO] [stderr]    |                                                         ^^^^^^ use of undeclared crate or module `wither`
[INFO] [stderr] 
[INFO] [stderr] error[E0433]: failed to resolve: use of undeclared crate or module `wither`
[INFO] [stderr]   --> tests/pass/model-selection-criteria.rs:14:9
[INFO] [stderr]    |
[INFO] [stderr] 14 |         wither::mongodb::options::ReadPreference::Primary
[INFO] [stderr]    |         ^^^^^^ use of undeclared crate or module `wither`
[INFO] [stderr] 
[INFO] [stderr] error[E0433]: failed to resolve: use of undeclared crate or module `wither`
[INFO] [stderr]   --> tests/pass/model-selection-criteria.rs:19:40
[INFO] [stderr]    |
[INFO] [stderr] 19 |     pub fn get_selection_criteria() -> wither::mongodb::options::SelectionCriteria {
[INFO] [stderr]    |                                        ^^^^^^ use of undeclared crate or module `wither`
[INFO] [stderr] 
[INFO] [stderr] error[E0433]: failed to resolve: use of undeclared crate or module `wither`
[INFO] [stderr]   --> tests/pass/model-selection-criteria.rs:20:9
[INFO] [stderr]    |
[INFO] [stderr] 20 |         wither::mongodb::options::SelectionCriteria::ReadPreference(
[INFO] [stderr]    |         ^^^^^^ use of undeclared crate or module `wither`
[INFO] [stderr] 
[INFO] [stderr] error[E0433]: failed to resolve: use of undeclared crate or module `wither`
[INFO] [stderr]   --> tests/pass/model-selection-criteria.rs:21:13
[INFO] [stderr]    |
[INFO] [stderr] 21 |             wither::mongodb::options::ReadPreference::Primary
[INFO] [stderr]    |             ^^^^^^ use of undeclared crate or module `wither`
[INFO] [stderr] 
[INFO] [stderr] error[E0599]: no function or associated item named `selection_criteria` found for struct `DerivedModel` in the current scope
[INFO] [stderr]   --> tests/pass/model-selection-criteria.rs:13:30
[INFO] [stderr]    |
[INFO] [stderr] 6  | struct DerivedModel {
[INFO] [stderr]    | ------------------- function or associated item `selection_criteria` not found for this struct
[INFO] [stderr] ...
[INFO] [stderr] 13 |     assert_eq!(DerivedModel::selection_criteria(), Some(wither::mongodb::options::SelectionCriteria::ReadPreference(
[INFO] [stderr]    |                              ^^^^^^^^^^^^^^^^^^ function or associated item not found in `DerivedModel`
[INFO] [stderr]    |
[INFO] [stderr] help: there is an associated function `get_selection_criteria` with a similar name
[INFO] [stderr]    |
[INFO] [stderr] 13 |     assert_eq!(DerivedModel::get_selection_criteria(), Some(wither::mongodb::options::SelectionCriteria::ReadPreference(
[INFO] [stderr]    |                              ~~~~~~~~~~~~~~~~~~~~~~
[INFO] [stderr] ┈┈┈┈┈┈┈┈┈┈┈┈┈┈┈┈┈┈┈┈┈┈┈┈┈┈┈┈┈┈┈┈┈┈┈┈┈┈┈┈┈┈┈┈┈┈┈┈┈┈┈┈┈┈┈┈┈┈┈┈
[INFO] [stderr] 
[INFO] [stderr] test tests/pass/model-skip-serde-checks.rs [should pass] ... error
[INFO] [stderr] ┈┈┈┈┈┈┈┈┈┈┈┈┈┈┈┈┈┈┈┈┈┈┈┈┈┈┈┈┈┈┈┈┈┈┈┈┈┈┈┈┈┈┈┈┈┈┈┈┈┈┈┈┈┈┈┈┈┈┈┈
[INFO] [stderr] error[E0432]: unresolved import `wither`
[INFO] [stderr]  --> tests/pass/model-skip-serde-checks.rs:3:5
[INFO] [stderr]   |
[INFO] [stderr] 3 | use wither::Model;
[INFO] [stderr]   |     ^^^^^^ use of undeclared crate or module `wither`
[INFO] [stderr] 
[INFO] [stderr] error: cannot find attribute `model` in this scope
[INFO] [stderr]  --> tests/pass/model-skip-serde-checks.rs:6:3
[INFO] [stderr]   |
[INFO] [stderr] 6 | #[model(skip_serde_checks)]
[INFO] [stderr]   |   ^^^^^
[INFO] [stderr] 
[INFO] [stderr] error[E0433]: failed to resolve: use of undeclared crate or module `wither`
[INFO] [stderr]  --> tests/pass/model-skip-serde-checks.rs:8:20
[INFO] [stderr]   |
[INFO] [stderr] 8 |     pub id: Option<wither::bson::oid::ObjectId>,
[INFO] [stderr]   |                    ^^^^^^ use of undeclared crate or module `wither`
[INFO] [stderr] ┈┈┈┈┈┈┈┈┈┈┈┈┈┈┈┈┈┈┈┈┈┈┈┈┈┈┈┈┈┈┈┈┈┈┈┈┈┈┈┈┈┈┈┈┈┈┈┈┈┈┈┈┈┈┈┈┈┈┈┈
[INFO] [stderr] 
[INFO] [stderr] test tests/pass/model-write-concern.rs [should pass] ... error
[INFO] [stderr] ┈┈┈┈┈┈┈┈┈┈┈┈┈┈┈┈┈┈┈┈┈┈┈┈┈┈┈┈┈┈┈┈┈┈┈┈┈┈┈┈┈┈┈┈┈┈┈┈┈┈┈┈┈┈┈┈┈┈┈┈
[INFO] [stderr] error[E0433]: failed to resolve: use of undeclared crate or module `wither`
[INFO] [stderr]   --> tests/pass/model-write-concern.rs:47:9
[INFO] [stderr]    |
[INFO] [stderr] 47 |     use wither::mongodb::options::WriteConcern;
[INFO] [stderr]    |         ^^^^^^ use of undeclared crate or module `wither`
[INFO] [stderr] 
[INFO] [stderr] error[E0433]: failed to resolve: use of undeclared crate or module `wither`
[INFO] [stderr]   --> tests/pass/model-write-concern.rs:48:9
[INFO] [stderr]    |
[INFO] [stderr] 48 |     use wither::mongodb::options::Acknowledgment;
[INFO] [stderr]    |         ^^^^^^ use of undeclared crate or module `wither`
[INFO] [stderr] 
[INFO] [stderr] error[E0432]: unresolved import `wither`
[INFO] [stderr]  --> tests/pass/model-write-concern.rs:2:5
[INFO] [stderr]   |
[INFO] [stderr] 2 | use wither::Model;
[INFO] [stderr]   |     ^^^^^^ use of undeclared crate or module `wither`
[INFO] [stderr] 
[INFO] [stderr] error: cannot find attribute `model` in this scope
[INFO] [stderr]  --> tests/pass/model-write-concern.rs:5:3
[INFO] [stderr]   |
[INFO] [stderr] 5 | #[model(write_concern(w="majority", w_timeout=10, journal=true))]
[INFO] [stderr]   |   ^^^^^
[INFO] [stderr] 
[INFO] [stderr] error: cannot find attribute `model` in this scope
[INFO] [stderr]   --> tests/pass/model-write-concern.rs:12:3
[INFO] [stderr]    |
[INFO] [stderr] 12 | #[model(write_concern(w(nodes=3), w_timeout=0, journal=false))]
[INFO] [stderr]    |   ^^^^^
[INFO] [stderr] 
[INFO] [stderr] error: cannot find attribute `model` in this scope
[INFO] [stderr]   --> tests/pass/model-write-concern.rs:19:3
[INFO] [stderr]    |
[INFO] [stderr] 19 | #[model(write_concern(w(custom="custom")))]
[INFO] [stderr]    |   ^^^^^
[INFO] [stderr] 
[INFO] [stderr] error: cannot find attribute `model` in this scope
[INFO] [stderr]   --> tests/pass/model-write-concern.rs:26:3
[INFO] [stderr]    |
[INFO] [stderr] 26 | #[model(write_concern(w_timeout=999))]
[INFO] [stderr]    |   ^^^^^
[INFO] [stderr] 
[INFO] [stderr] error: cannot find attribute `model` in this scope
[INFO] [stderr]   --> tests/pass/model-write-concern.rs:33:3
[INFO] [stderr]    |
[INFO] [stderr] 33 | #[model(write_concern(journal=true))]
[INFO] [stderr]    |   ^^^^^
[INFO] [stderr] 
[INFO] [stderr] error: cannot find attribute `model` in this scope
[INFO] [stderr]   --> tests/pass/model-write-concern.rs:40:3
[INFO] [stderr]    |
[INFO] [stderr] 40 | #[model(write_concern())]
[INFO] [stderr]    |   ^^^^^
[INFO] [stderr] 
[INFO] [stderr] error[E0433]: failed to resolve: use of undeclared crate or module `wither`
[INFO] [stderr]  --> tests/pass/model-write-concern.rs:8:20
[INFO] [stderr]   |
[INFO] [stderr] 8 |     pub id: Option<wither::bson::oid::ObjectId>,
[INFO] [stderr]   |                    ^^^^^^ use of undeclared crate or module `wither`
[INFO] [stderr] 
[INFO] [stderr] error[E0433]: failed to resolve: use of undeclared crate or module `wither`
[INFO] [stderr]   --> tests/pass/model-write-concern.rs:15:20
[INFO] [stderr]    |
[INFO] [stderr] 15 |     pub id: Option<wither::bson::oid::ObjectId>,
[INFO] [stderr]    |                    ^^^^^^ use of undeclared crate or module `wither`
[INFO] [stderr] 
[INFO] [stderr] error[E0433]: failed to resolve: use of undeclared crate or module `wither`
[INFO] [stderr]   --> tests/pass/model-write-concern.rs:22:20
[INFO] [stderr]    |
[INFO] [stderr] 22 |     pub id: Option<wither::bson::oid::ObjectId>,
[INFO] [stderr]    |                    ^^^^^^ use of undeclared crate or module `wither`
[INFO] [stderr] 
[INFO] [stderr] error[E0433]: failed to resolve: use of undeclared crate or module `wither`
[INFO] [stderr]   --> tests/pass/model-write-concern.rs:29:20
[INFO] [stderr]    |
[INFO] [stderr] 29 |     pub id: Option<wither::bson::oid::ObjectId>,
[INFO] [stderr]    |                    ^^^^^^ use of undeclared crate or module `wither`
[INFO] [stderr] 
[INFO] [stderr] error[E0433]: failed to resolve: use of undeclared crate or module `wither`
[INFO] [stderr]   --> tests/pass/model-write-concern.rs:36:20
[INFO] [stderr]    |
[INFO] [stderr] 36 |     pub id: Option<wither::bson::oid::ObjectId>,
[INFO] [stderr]    |                    ^^^^^^ use of undeclared crate or module `wither`
[INFO] [stderr] 
[INFO] [stderr] error[E0433]: failed to resolve: use of undeclared crate or module `wither`
[INFO] [stderr]   --> tests/pass/model-write-concern.rs:43:20
[INFO] [stderr]    |
[INFO] [stderr] 43 |     pub id: Option<wither::bson::oid::ObjectId>,
[INFO] [stderr]    |                    ^^^^^^ use of undeclared crate or module `wither`
[INFO] [stderr] 
[INFO] [stderr] error[E0599]: no function or associated item named `write_concern` found for struct `Model0` in the current scope
[INFO] [stderr]   --> tests/pass/model-write-concern.rs:55:24
[INFO] [stderr]    |
[INFO] [stderr] 6  | struct Model0 {
[INFO] [stderr]    | ------------- function or associated item `write_concern` not found for this struct
[INFO] [stderr] ...
[INFO] [stderr] 55 |     assert_eq!(Model0::write_concern(), Some(WriteConcern::builder()
[INFO] [stderr]    |                        ^^^^^^^^^^^^^ function or associated item not found in `Model0`
[INFO] [stderr] 
[INFO] [stderr] error[E0599]: no function or associated item named `write_concern` found for struct `Model1` in the current scope
[INFO] [stderr]   --> tests/pass/model-write-concern.rs:60:24
[INFO] [stderr]    |
[INFO] [stderr] 13 | struct Model1 {
[INFO] [stderr]    | ------------- function or associated item `write_concern` not found for this struct
[INFO] [stderr] ...
[INFO] [stderr] 60 |     assert_eq!(Model1::write_concern(), Some(WriteConcern::builder()
[INFO] [stderr]    |                        ^^^^^^^^^^^^^ function or associated item not found in `Model1`
[INFO] [stderr] 
[INFO] [stderr] error[E0599]: no function or associated item named `write_concern` found for struct `Model2` in the current scope
[INFO] [stderr]   --> tests/pass/model-write-concern.rs:65:24
[INFO] [stderr]    |
[INFO] [stderr] 20 | struct Model2 {
[INFO] [stderr]    | ------------- function or associated item `write_concern` not found for this struct
[INFO] [stderr] ...
[INFO] [stderr] 65 |     assert_eq!(Model2::write_concern(), Some(WriteConcern::builder()
[INFO] [stderr]    |                        ^^^^^^^^^^^^^ function or associated item not found in `Model2`
[INFO] [stderr] 
[INFO] [stderr] error[E0599]: no function or associated item named `write_concern` found for struct `Model3` in the current scope
[INFO] [stderr]   --> tests/pass/model-write-concern.rs:68:24
[INFO] [stderr]    |
[INFO] [stderr] 27 | struct Model3 {
[INFO] [stderr]    | ------------- function or associated item `write_concern` not found for this struct
[INFO] [stderr] ...
[INFO] [stderr] 68 |     assert_eq!(Model3::write_concern(), Some(WriteConcern::builder()
[INFO] [stderr]    |                        ^^^^^^^^^^^^^ function or associated item not found in `Model3`
[INFO] [stderr] 
[INFO] [stderr] error[E0599]: no function or associated item named `write_concern` found for struct `Model4` in the current scope
[INFO] [stderr]   --> tests/pass/model-write-concern.rs:71:24
[INFO] [stderr]    |
[INFO] [stderr] 34 | struct Model4 {
[INFO] [stderr]    | ------------- function or associated item `write_concern` not found for this struct
[INFO] [stderr] ...
[INFO] [stderr] 71 |     assert_eq!(Model4::write_concern(), Some(WriteConcern::builder()
[INFO] [stderr]    |                        ^^^^^^^^^^^^^ function or associated item not found in `Model4`
[INFO] [stderr] 
[INFO] [stderr] error[E0599]: no function or associated item named `write_concern` found for struct `Model5` in the current scope
[INFO] [stderr]   --> tests/pass/model-write-concern.rs:73:24
[INFO] [stderr]    |
[INFO] [stderr] 41 | struct Model5 {
[INFO] [stderr]    | ------------- function or associated item `write_concern` not found for this struct
[INFO] [stderr] ...
[INFO] [stderr] 73 |     assert_eq!(Model5::write_concern(), Some(WriteConcern::builder().build()));
[INFO] [stderr]    |                        ^^^^^^^^^^^^^ function or associated item not found in `Model5`
[INFO] [stderr] ┈┈┈┈┈┈┈┈┈┈┈┈┈┈┈┈┈┈┈┈┈┈┈┈┈┈┈┈┈┈┈┈┈┈┈┈┈┈┈┈┈┈┈┈┈┈┈┈┈┈┈┈┈┈┈┈┈┈┈┈
[INFO] [stderr] 
[INFO] [stderr] test tests/fail/field-id-incorrect-serde-rename-value.rs [should fail to compile] ... mismatch
[INFO] [stderr] 
[INFO] [stderr] EXPECTED:
[INFO] [stderr] ┈┈┈┈┈┈┈┈┈┈┈┈┈┈┈┈┈┈┈┈┈┈┈┈┈┈┈┈┈┈┈┈┈┈┈┈┈┈┈┈┈┈┈┈┈┈┈┈┈┈┈┈┈┈┈┈┈┈┈┈
[INFO] [stderr] error: the serde `rename` attr for wither::Model ID fields should be `rename="_id"`
[INFO] [stderr]  --> $DIR/field-id-incorrect-serde-rename-value.rs:6:13
[INFO] [stderr]   |
[INFO] [stderr] 6 |     #[serde(rename="_bad", skip_serializing_if="Option::is_none")]
[INFO] [stderr]   |             ^^^^^^^^^^^^^
[INFO] [stderr] ┈┈┈┈┈┈┈┈┈┈┈┈┈┈┈┈┈┈┈┈┈┈┈┈┈┈┈┈┈┈┈┈┈┈┈┈┈┈┈┈┈┈┈┈┈┈┈┈┈┈┈┈┈┈┈┈┈┈┈┈
[INFO] [stderr] 
[INFO] [stderr] ACTUAL OUTPUT:
[INFO] [stderr] ┈┈┈┈┈┈┈┈┈┈┈┈┈┈┈┈┈┈┈┈┈┈┈┈┈┈┈┈┈┈┈┈┈┈┈┈┈┈┈┈┈┈┈┈┈┈┈┈┈┈┈┈┈┈┈┈┈┈┈┈
[INFO] [stderr] error[E0432]: unresolved import `wither`
[INFO] [stderr]  --> tests/fail/field-id-incorrect-serde-rename-value.rs:2:5
[INFO] [stderr]   |
[INFO] [stderr] 2 | use wither::Model;
[INFO] [stderr]   |     ^^^^^^ use of undeclared crate or module `wither`
[INFO] [stderr] 
[INFO] [stderr] error[E0433]: failed to resolve: use of undeclared crate or module `wither`
[INFO] [stderr]  --> tests/fail/field-id-incorrect-serde-rename-value.rs:7:16
[INFO] [stderr]   |
[INFO] [stderr] 7 |     id: Option<wither::bson::oid::ObjectId>,
[INFO] [stderr]   |                ^^^^^^ use of undeclared crate or module `wither`
[INFO] [stderr] ┈┈┈┈┈┈┈┈┈┈┈┈┈┈┈┈┈┈┈┈┈┈┈┈┈┈┈┈┈┈┈┈┈┈┈┈┈┈┈┈┈┈┈┈┈┈┈┈┈┈┈┈┈┈┈┈┈┈┈┈
[INFO] [stderr] note: If the actual output is the correct output you can bless it by rerunning
[INFO] [stderr]       your test with the environment variable TRYBUILD=overwrite
[INFO] [stderr] 
[INFO] [stderr] test tests/fail/field-id-incorrect-serde-skip-value.rs [should fail to compile] ... mismatch
[INFO] [stderr] 
[INFO] [stderr] EXPECTED:
[INFO] [stderr] ┈┈┈┈┈┈┈┈┈┈┈┈┈┈┈┈┈┈┈┈┈┈┈┈┈┈┈┈┈┈┈┈┈┈┈┈┈┈┈┈┈┈┈┈┈┈┈┈┈┈┈┈┈┈┈┈┈┈┈┈
[INFO] [stderr] error: the serde `skip_serializing_if` attr for wither::Model ID fields should be `skip_serializing_if="Option::is_none"`
[INFO] [stderr]  --> $DIR/field-id-incorrect-serde-skip-value.rs:6:27
[INFO] [stderr]   |
[INFO] [stderr] 6 |     #[serde(rename="_id", skip_serializing_if="Option::is_some")]
[INFO] [stderr]   |                           ^^^^^^^^^^^^^^^^^^^^^^^^^^^^^^^^^^^^^
[INFO] [stderr] ┈┈┈┈┈┈┈┈┈┈┈┈┈┈┈┈┈┈┈┈┈┈┈┈┈┈┈┈┈┈┈┈┈┈┈┈┈┈┈┈┈┈┈┈┈┈┈┈┈┈┈┈┈┈┈┈┈┈┈┈
[INFO] [stderr] 
[INFO] [stderr] ACTUAL OUTPUT:
[INFO] [stderr] ┈┈┈┈┈┈┈┈┈┈┈┈┈┈┈┈┈┈┈┈┈┈┈┈┈┈┈┈┈┈┈┈┈┈┈┈┈┈┈┈┈┈┈┈┈┈┈┈┈┈┈┈┈┈┈┈┈┈┈┈
[INFO] [stderr] error[E0432]: unresolved import `wither`
[INFO] [stderr]  --> tests/fail/field-id-incorrect-serde-skip-value.rs:2:5
[INFO] [stderr]   |
[INFO] [stderr] 2 | use wither::Model;
[INFO] [stderr]   |     ^^^^^^ use of undeclared crate or module `wither`
[INFO] [stderr] 
[INFO] [stderr] error[E0433]: failed to resolve: use of undeclared crate or module `wither`
[INFO] [stderr]  --> tests/fail/field-id-incorrect-serde-skip-value.rs:7:16
[INFO] [stderr]   |
[INFO] [stderr] 7 |     id: Option<wither::bson::oid::ObjectId>,
[INFO] [stderr]   |                ^^^^^^ use of undeclared crate or module `wither`
[INFO] [stderr] ┈┈┈┈┈┈┈┈┈┈┈┈┈┈┈┈┈┈┈┈┈┈┈┈┈┈┈┈┈┈┈┈┈┈┈┈┈┈┈┈┈┈┈┈┈┈┈┈┈┈┈┈┈┈┈┈┈┈┈┈
[INFO] [stderr] note: If the actual output is the correct output you can bless it by rerunning
[INFO] [stderr]       your test with the environment variable TRYBUILD=overwrite
[INFO] [stderr] 
[INFO] [stderr] test tests/fail/field-id-incorrect-type.rs [should fail to compile] ... mismatch
[INFO] [stderr] 
[INFO] [stderr] EXPECTED:
[INFO] [stderr] ┈┈┈┈┈┈┈┈┈┈┈┈┈┈┈┈┈┈┈┈┈┈┈┈┈┈┈┈┈┈┈┈┈┈┈┈┈┈┈┈┈┈┈┈┈┈┈┈┈┈┈┈┈┈┈┈┈┈┈┈
[INFO] [stderr] error[E0308]: mismatched types
[INFO] [stderr]  --> $DIR/field-id-incorrect-type.rs:4:34
[INFO] [stderr]   |
[INFO] [stderr] 4 | #[derive(Serialize, Deserialize, Model)]
[INFO] [stderr]   |                                  ^^^^^
[INFO] [stderr]   |                                  |
[INFO] [stderr]   |                                  expected struct `wither::bson::oid::ObjectId`, found struct `std::string::String`
[INFO] [stderr]   |                                  expected `std::option::Option<wither::bson::oid::ObjectId>` because of return type
[INFO] [stderr]   |
[INFO] [stderr]   = note: expected enum `std::option::Option<wither::bson::oid::ObjectId>`
[INFO] [stderr]              found enum `std::option::Option<std::string::String>`
[INFO] [stderr]   = note: this error originates in a derive macro (in Nightly builds, run with -Z macro-backtrace for more info)
[INFO] [stderr] 
[INFO] [stderr] error[E0308]: mismatched types
[INFO] [stderr]  --> $DIR/field-id-incorrect-type.rs:4:34
[INFO] [stderr]   |
[INFO] [stderr] 4 | #[derive(Serialize, Deserialize, Model)]
[INFO] [stderr]   |                                  ^^^^^
[INFO] [stderr]   |                                  |
[INFO] [stderr]   |                                  expected struct `std::string::String`, found struct `wither::bson::oid::ObjectId`
[INFO] [stderr]   |                                  help: try using a conversion method: `Model.to_string()`
[INFO] [stderr]   |
[INFO] [stderr]   = note: this error originates in a derive macro (in Nightly builds, run with -Z macro-backtrace for more info)
[INFO] [stderr] ┈┈┈┈┈┈┈┈┈┈┈┈┈┈┈┈┈┈┈┈┈┈┈┈┈┈┈┈┈┈┈┈┈┈┈┈┈┈┈┈┈┈┈┈┈┈┈┈┈┈┈┈┈┈┈┈┈┈┈┈
[INFO] [stderr] 
[INFO] [stderr] ACTUAL OUTPUT:
[INFO] [stderr] ┈┈┈┈┈┈┈┈┈┈┈┈┈┈┈┈┈┈┈┈┈┈┈┈┈┈┈┈┈┈┈┈┈┈┈┈┈┈┈┈┈┈┈┈┈┈┈┈┈┈┈┈┈┈┈┈┈┈┈┈
[INFO] [stderr] error[E0432]: unresolved import `wither`
[INFO] [stderr]  --> tests/fail/field-id-incorrect-type.rs:2:5
[INFO] [stderr]   |
[INFO] [stderr] 2 | use wither::Model;
[INFO] [stderr]   |     ^^^^^^ use of undeclared crate or module `wither`
[INFO] [stderr] ┈┈┈┈┈┈┈┈┈┈┈┈┈┈┈┈┈┈┈┈┈┈┈┈┈┈┈┈┈┈┈┈┈┈┈┈┈┈┈┈┈┈┈┈┈┈┈┈┈┈┈┈┈┈┈┈┈┈┈┈
[INFO] [stderr] note: If the actual output is the correct output you can bless it by rerunning
[INFO] [stderr]       your test with the environment variable TRYBUILD=overwrite
[INFO] [stderr] 
[INFO] [stderr] test tests/fail/field-id-missing-serde-attrs.rs [should fail to compile] ... mismatch
[INFO] [stderr] 
[INFO] [stderr] EXPECTED:
[INFO] [stderr] ┈┈┈┈┈┈┈┈┈┈┈┈┈┈┈┈┈┈┈┈┈┈┈┈┈┈┈┈┈┈┈┈┈┈┈┈┈┈┈┈┈┈┈┈┈┈┈┈┈┈┈┈┈┈┈┈┈┈┈┈
[INFO] [stderr] error: the ID field of wither::Models must have the attribute `#[serde(rename="_id", skip_serializing_if="Option::is_none")]`
[INFO] [stderr]  --> $DIR/field-id-missing-serde-attrs.rs:6:5
[INFO] [stderr]   |
[INFO] [stderr] 6 |     id: Option<wither::bson::oid::ObjectId>,
[INFO] [stderr]   |     ^^
[INFO] [stderr] ┈┈┈┈┈┈┈┈┈┈┈┈┈┈┈┈┈┈┈┈┈┈┈┈┈┈┈┈┈┈┈┈┈┈┈┈┈┈┈┈┈┈┈┈┈┈┈┈┈┈┈┈┈┈┈┈┈┈┈┈
[INFO] [stderr] 
[INFO] [stderr] ACTUAL OUTPUT:
[INFO] [stderr] ┈┈┈┈┈┈┈┈┈┈┈┈┈┈┈┈┈┈┈┈┈┈┈┈┈┈┈┈┈┈┈┈┈┈┈┈┈┈┈┈┈┈┈┈┈┈┈┈┈┈┈┈┈┈┈┈┈┈┈┈
[INFO] [stderr] error[E0432]: unresolved import `wither`
[INFO] [stderr]  --> tests/fail/field-id-missing-serde-attrs.rs:2:5
[INFO] [stderr]   |
[INFO] [stderr] 2 | use wither::Model;
[INFO] [stderr]   |     ^^^^^^ use of undeclared crate or module `wither`
[INFO] [stderr] 
[INFO] [stderr] error[E0433]: failed to resolve: use of undeclared crate or module `wither`
[INFO] [stderr]  --> tests/fail/field-id-missing-serde-attrs.rs:6:16
[INFO] [stderr]   |
[INFO] [stderr] 6 |     id: Option<wither::bson::oid::ObjectId>,
[INFO] [stderr]   |                ^^^^^^ use of undeclared crate or module `wither`
[INFO] [stderr] ┈┈┈┈┈┈┈┈┈┈┈┈┈┈┈┈┈┈┈┈┈┈┈┈┈┈┈┈┈┈┈┈┈┈┈┈┈┈┈┈┈┈┈┈┈┈┈┈┈┈┈┈┈┈┈┈┈┈┈┈
[INFO] [stderr] note: If the actual output is the correct output you can bless it by rerunning
[INFO] [stderr]       your test with the environment variable TRYBUILD=overwrite
[INFO] [stderr] 
[INFO] [stderr] test tests/fail/field-id-missing.rs [should fail to compile] ... mismatch
[INFO] [stderr] 
[INFO] [stderr] EXPECTED:
[INFO] [stderr] ┈┈┈┈┈┈┈┈┈┈┈┈┈┈┈┈┈┈┈┈┈┈┈┈┈┈┈┈┈┈┈┈┈┈┈┈┈┈┈┈┈┈┈┈┈┈┈┈┈┈┈┈┈┈┈┈┈┈┈┈
[INFO] [stderr] error: wither models must have a field `id` of type `Option<bson::oid::ObjectId>`
[INFO] [stderr]  --> $DIR/field-id-missing.rs:5:8
[INFO] [stderr]   |
[INFO] [stderr] 5 | struct BadModel {
[INFO] [stderr]   |        ^^^^^^^^
[INFO] [stderr] ┈┈┈┈┈┈┈┈┈┈┈┈┈┈┈┈┈┈┈┈┈┈┈┈┈┈┈┈┈┈┈┈┈┈┈┈┈┈┈┈┈┈┈┈┈┈┈┈┈┈┈┈┈┈┈┈┈┈┈┈
[INFO] [stderr] 
[INFO] [stderr] ACTUAL OUTPUT:
[INFO] [stderr] ┈┈┈┈┈┈┈┈┈┈┈┈┈┈┈┈┈┈┈┈┈┈┈┈┈┈┈┈┈┈┈┈┈┈┈┈┈┈┈┈┈┈┈┈┈┈┈┈┈┈┈┈┈┈┈┈┈┈┈┈
[INFO] [stderr] error[E0432]: unresolved import `wither`
[INFO] [stderr]  --> tests/fail/field-id-missing.rs:2:5
[INFO] [stderr]   |
[INFO] [stderr] 2 | use wither::Model;
[INFO] [stderr]   |     ^^^^^^ use of undeclared crate or module `wither`
[INFO] [stderr] ┈┈┈┈┈┈┈┈┈┈┈┈┈┈┈┈┈┈┈┈┈┈┈┈┈┈┈┈┈┈┈┈┈┈┈┈┈┈┈┈┈┈┈┈┈┈┈┈┈┈┈┈┈┈┈┈┈┈┈┈
[INFO] [stderr] note: If the actual output is the correct output you can bless it by rerunning
[INFO] [stderr]       your test with the environment variable TRYBUILD=overwrite
[INFO] [stderr] 
[INFO] [stderr] test tests/fail/model-attr-invalid.rs [should fail to compile] ... mismatch
[INFO] [stderr] 
[INFO] [stderr] EXPECTED:
[INFO] [stderr] ┈┈┈┈┈┈┈┈┈┈┈┈┈┈┈┈┈┈┈┈┈┈┈┈┈┈┈┈┈┈┈┈┈┈┈┈┈┈┈┈┈┈┈┈┈┈┈┈┈┈┈┈┈┈┈┈┈┈┈┈
[INFO] [stderr] error: wither expected this attribute to be formatted as a meta list, eg: `#[model(...)]`
[INFO] [stderr]  --> $DIR/model-attr-invalid.rs:5:3
[INFO] [stderr]   |
[INFO] [stderr] 5 | #[model=""]
[INFO] [stderr]   |   ^^^^^^^^
[INFO] [stderr] ┈┈┈┈┈┈┈┈┈┈┈┈┈┈┈┈┈┈┈┈┈┈┈┈┈┈┈┈┈┈┈┈┈┈┈┈┈┈┈┈┈┈┈┈┈┈┈┈┈┈┈┈┈┈┈┈┈┈┈┈
[INFO] [stderr] 
[INFO] [stderr] ACTUAL OUTPUT:
[INFO] [stderr] ┈┈┈┈┈┈┈┈┈┈┈┈┈┈┈┈┈┈┈┈┈┈┈┈┈┈┈┈┈┈┈┈┈┈┈┈┈┈┈┈┈┈┈┈┈┈┈┈┈┈┈┈┈┈┈┈┈┈┈┈
[INFO] [stderr] error[E0432]: unresolved import `wither`
[INFO] [stderr]  --> tests/fail/model-attr-invalid.rs:2:5
[INFO] [stderr]   |
[INFO] [stderr] 2 | use wither::Model;
[INFO] [stderr]   |     ^^^^^^ use of undeclared crate or module `wither`
[INFO] [stderr] 
[INFO] [stderr] error: cannot find attribute `model` in this scope
[INFO] [stderr]  --> tests/fail/model-attr-invalid.rs:5:3
[INFO] [stderr]   |
[INFO] [stderr] 5 | #[model=""]
[INFO] [stderr]   |   ^^^^^
[INFO] [stderr] 
[INFO] [stderr] error[E0433]: failed to resolve: use of undeclared crate or module `wither`
[INFO] [stderr]  --> tests/fail/model-attr-invalid.rs:8:20
[INFO] [stderr]   |
[INFO] [stderr] 8 |     pub id: Option<wither::bson::oid::ObjectId>,
[INFO] [stderr]   |                    ^^^^^^ use of undeclared crate or module `wither`
[INFO] [stderr] ┈┈┈┈┈┈┈┈┈┈┈┈┈┈┈┈┈┈┈┈┈┈┈┈┈┈┈┈┈┈┈┈┈┈┈┈┈┈┈┈┈┈┈┈┈┈┈┈┈┈┈┈┈┈┈┈┈┈┈┈
[INFO] [stderr] note: If the actual output is the correct output you can bless it by rerunning
[INFO] [stderr]       your test with the environment variable TRYBUILD=overwrite
[INFO] [stderr] 
[INFO] [stderr] test tests/fail/model-collection-name-zero-length.rs [should fail to compile] ... mismatch
[INFO] [stderr] 
[INFO] [stderr] EXPECTED:
[INFO] [stderr] ┈┈┈┈┈┈┈┈┈┈┈┈┈┈┈┈┈┈┈┈┈┈┈┈┈┈┈┈┈┈┈┈┈┈┈┈┈┈┈┈┈┈┈┈┈┈┈┈┈┈┈┈┈┈┈┈┈┈┈┈
[INFO] [stderr] error: wither model collection names must be at least one character in length
[INFO] [stderr]  --> $DIR/model-collection-name-zero-length.rs:5:9
[INFO] [stderr]   |
[INFO] [stderr] 5 | #[model(collection_name="")]
[INFO] [stderr]   |         ^^^^^^^^^^^^^^^^^^
[INFO] [stderr] ┈┈┈┈┈┈┈┈┈┈┈┈┈┈┈┈┈┈┈┈┈┈┈┈┈┈┈┈┈┈┈┈┈┈┈┈┈┈┈┈┈┈┈┈┈┈┈┈┈┈┈┈┈┈┈┈┈┈┈┈
[INFO] [stderr] 
[INFO] [stderr] ACTUAL OUTPUT:
[INFO] [stderr] ┈┈┈┈┈┈┈┈┈┈┈┈┈┈┈┈┈┈┈┈┈┈┈┈┈┈┈┈┈┈┈┈┈┈┈┈┈┈┈┈┈┈┈┈┈┈┈┈┈┈┈┈┈┈┈┈┈┈┈┈
[INFO] [stderr] error[E0432]: unresolved import `wither`
[INFO] [stderr]  --> tests/fail/model-collection-name-zero-length.rs:2:5
[INFO] [stderr]   |
[INFO] [stderr] 2 | use wither::Model;
[INFO] [stderr]   |     ^^^^^^ use of undeclared crate or module `wither`
[INFO] [stderr] 
[INFO] [stderr] error: cannot find attribute `model` in this scope
[INFO] [stderr]  --> tests/fail/model-collection-name-zero-length.rs:5:3
[INFO] [stderr]   |
[INFO] [stderr] 5 | #[model(collection_name="")]
[INFO] [stderr]   |   ^^^^^
[INFO] [stderr] 
[INFO] [stderr] error[E0433]: failed to resolve: use of undeclared crate or module `wither`
[INFO] [stderr]  --> tests/fail/model-collection-name-zero-length.rs:8:20
[INFO] [stderr]   |
[INFO] [stderr] 8 |     pub id: Option<wither::bson::oid::ObjectId>,
[INFO] [stderr]   |                    ^^^^^^ use of undeclared crate or module `wither`
[INFO] [stderr] ┈┈┈┈┈┈┈┈┈┈┈┈┈┈┈┈┈┈┈┈┈┈┈┈┈┈┈┈┈┈┈┈┈┈┈┈┈┈┈┈┈┈┈┈┈┈┈┈┈┈┈┈┈┈┈┈┈┈┈┈
[INFO] [stderr] note: If the actual output is the correct output you can bless it by rerunning
[INFO] [stderr]       your test with the environment variable TRYBUILD=overwrite
[INFO] [stderr] 
[INFO] [stderr] test tests/fail/model-enum.rs [should fail to compile] ... mismatch
[INFO] [stderr] 
[INFO] [stderr] EXPECTED:
[INFO] [stderr] ┈┈┈┈┈┈┈┈┈┈┈┈┈┈┈┈┈┈┈┈┈┈┈┈┈┈┈┈┈┈┈┈┈┈┈┈┈┈┈┈┈┈┈┈┈┈┈┈┈┈┈┈┈┈┈┈┈┈┈┈
[INFO] [stderr] error: only structs can be used as wither models
[INFO] [stderr]  --> $DIR/model-enum.rs:5:1
[INFO] [stderr]   |
[INFO] [stderr] 5 | enum BadModel {}
[INFO] [stderr]   | ^^^^^^^^^^^^^^^^
[INFO] [stderr] ┈┈┈┈┈┈┈┈┈┈┈┈┈┈┈┈┈┈┈┈┈┈┈┈┈┈┈┈┈┈┈┈┈┈┈┈┈┈┈┈┈┈┈┈┈┈┈┈┈┈┈┈┈┈┈┈┈┈┈┈
[INFO] [stderr] 
[INFO] [stderr] ACTUAL OUTPUT:
[INFO] [stderr] ┈┈┈┈┈┈┈┈┈┈┈┈┈┈┈┈┈┈┈┈┈┈┈┈┈┈┈┈┈┈┈┈┈┈┈┈┈┈┈┈┈┈┈┈┈┈┈┈┈┈┈┈┈┈┈┈┈┈┈┈
[INFO] [stderr] error[E0432]: unresolved import `wither`
[INFO] [stderr]  --> tests/fail/model-enum.rs:2:5
[INFO] [stderr]   |
[INFO] [stderr] 2 | use wither::Model;
[INFO] [stderr]   |     ^^^^^^ use of undeclared crate or module `wither`
[INFO] [stderr] ┈┈┈┈┈┈┈┈┈┈┈┈┈┈┈┈┈┈┈┈┈┈┈┈┈┈┈┈┈┈┈┈┈┈┈┈┈┈┈┈┈┈┈┈┈┈┈┈┈┈┈┈┈┈┈┈┈┈┈┈
[INFO] [stderr] note: If the actual output is the correct output you can bless it by rerunning
[INFO] [stderr]       your test with the environment variable TRYBUILD=overwrite
[INFO] [stderr] 
[INFO] [stderr] test tests/fail/model-no-fields.rs [should fail to compile] ... mismatch
[INFO] [stderr] 
[INFO] [stderr] EXPECTED:
[INFO] [stderr] ┈┈┈┈┈┈┈┈┈┈┈┈┈┈┈┈┈┈┈┈┈┈┈┈┈┈┈┈┈┈┈┈┈┈┈┈┈┈┈┈┈┈┈┈┈┈┈┈┈┈┈┈┈┈┈┈┈┈┈┈
[INFO] [stderr] error: wither models must have named fields
[INFO] [stderr]  --> $DIR/model-no-fields.rs:5:1
[INFO] [stderr]   |
[INFO] [stderr] 5 | struct BadModel;
[INFO] [stderr]   | ^^^^^^^^^^^^^^^^
[INFO] [stderr] ┈┈┈┈┈┈┈┈┈┈┈┈┈┈┈┈┈┈┈┈┈┈┈┈┈┈┈┈┈┈┈┈┈┈┈┈┈┈┈┈┈┈┈┈┈┈┈┈┈┈┈┈┈┈┈┈┈┈┈┈
[INFO] [stderr] 
[INFO] [stderr] ACTUAL OUTPUT:
[INFO] [stderr] ┈┈┈┈┈┈┈┈┈┈┈┈┈┈┈┈┈┈┈┈┈┈┈┈┈┈┈┈┈┈┈┈┈┈┈┈┈┈┈┈┈┈┈┈┈┈┈┈┈┈┈┈┈┈┈┈┈┈┈┈
[INFO] [stderr] error[E0432]: unresolved import `wither`
[INFO] [stderr]  --> tests/fail/model-no-fields.rs:2:5
[INFO] [stderr]   |
[INFO] [stderr] 2 | use wither::Model;
[INFO] [stderr]   |     ^^^^^^ use of undeclared crate or module `wither`
[INFO] [stderr] ┈┈┈┈┈┈┈┈┈┈┈┈┈┈┈┈┈┈┈┈┈┈┈┈┈┈┈┈┈┈┈┈┈┈┈┈┈┈┈┈┈┈┈┈┈┈┈┈┈┈┈┈┈┈┈┈┈┈┈┈
[INFO] [stderr] note: If the actual output is the correct output you can bless it by rerunning
[INFO] [stderr]       your test with the environment variable TRYBUILD=overwrite
[INFO] [stderr] 
[INFO] [stderr] test tests/fail/model-read-concern-invalid-syntax.rs [should fail to compile] ... mismatch
[INFO] [stderr] 
[INFO] [stderr] EXPECTED:
[INFO] [stderr] ┈┈┈┈┈┈┈┈┈┈┈┈┈┈┈┈┈┈┈┈┈┈┈┈┈┈┈┈┈┈┈┈┈┈┈┈┈┈┈┈┈┈┈┈┈┈┈┈┈┈┈┈┈┈┈┈┈┈┈┈
[INFO] [stderr] error: malformed attribute
[INFO] [stderr] 
[INFO] [stderr]   = help: expected literal
[INFO] [stderr] 
[INFO] [stderr]  --> $DIR/model-read-concern-invalid-syntax.rs:5:1
[INFO] [stderr]   |
[INFO] [stderr] 5 | #[model(read_concern=ReadConcern::Majority)]
[INFO] [stderr]   | ^^^^^^^^^^^^^^^^^^^^^^^^^^^^^^^^^^^^^^^^^^^^
[INFO] [stderr] 
[INFO] [stderr] error[E0599]: no function or associated item named `read_concern` found for struct `DerivedModel` in the current scope
[INFO] [stderr]   --> $DIR/model-read-concern-invalid-syntax.rs:12:27
[INFO] [stderr]    |
[INFO] [stderr] 6  | struct DerivedModel {
[INFO] [stderr]    | ------------------- function or associated item `read_concern` not found for this
[INFO] [stderr] ...
[INFO] [stderr] 12 |     assert!(DerivedModel::read_concern().is_none());
[INFO] [stderr]    |                           ^^^^^^^^^^^^ function or associated item not found in `DerivedModel`
[INFO] [stderr]    |
[INFO] [stderr]    = help: items from traits can only be used if the trait is implemented and in scope
[INFO] [stderr]    = note: the following trait defines an item `read_concern`, perhaps you need to implement it:
[INFO] [stderr]            candidate #1: `Model`
[INFO] [stderr] ┈┈┈┈┈┈┈┈┈┈┈┈┈┈┈┈┈┈┈┈┈┈┈┈┈┈┈┈┈┈┈┈┈┈┈┈┈┈┈┈┈┈┈┈┈┈┈┈┈┈┈┈┈┈┈┈┈┈┈┈
[INFO] [stderr] 
[INFO] [stderr] ACTUAL OUTPUT:
[INFO] [stderr] ┈┈┈┈┈┈┈┈┈┈┈┈┈┈┈┈┈┈┈┈┈┈┈┈┈┈┈┈┈┈┈┈┈┈┈┈┈┈┈┈┈┈┈┈┈┈┈┈┈┈┈┈┈┈┈┈┈┈┈┈
[INFO] [stderr] error[E0432]: unresolved import `wither`
[INFO] [stderr]  --> tests/fail/model-read-concern-invalid-syntax.rs:2:5
[INFO] [stderr]   |
[INFO] [stderr] 2 | use wither::Model;
[INFO] [stderr]   |     ^^^^^^ use of undeclared crate or module `wither`
[INFO] [stderr] 
[INFO] [stderr] error: cannot find attribute `model` in this scope
[INFO] [stderr]  --> tests/fail/model-read-concern-invalid-syntax.rs:5:3
[INFO] [stderr]   |
[INFO] [stderr] 5 | #[model(read_concern=ReadConcern::Majority)]
[INFO] [stderr]   |   ^^^^^
[INFO] [stderr] 
[INFO] [stderr] error[E0433]: failed to resolve: use of undeclared crate or module `wither`
[INFO] [stderr]  --> tests/fail/model-read-concern-invalid-syntax.rs:8:20
[INFO] [stderr]   |
[INFO] [stderr] 8 |     pub id: Option<wither::bson::oid::ObjectId>,
[INFO] [stderr]   |                    ^^^^^^ use of undeclared crate or module `wither`
[INFO] [stderr] 
[INFO] [stderr] error[E0599]: no function or associated item named `read_concern` found for struct `DerivedModel` in the current scope
[INFO] [stderr]   --> tests/fail/model-read-concern-invalid-syntax.rs:12:27
[INFO] [stderr]    |
[INFO] [stderr] 6  | struct DerivedModel {
[INFO] [stderr]    | ------------------- function or associated item `read_concern` not found for this struct
[INFO] [stderr] ...
[INFO] [stderr] 12 |     assert!(DerivedModel::read_concern().is_none());
[INFO] [stderr]    |                           ^^^^^^^^^^^^ function or associated item not found in `DerivedModel`
[INFO] [stderr] ┈┈┈┈┈┈┈┈┈┈┈┈┈┈┈┈┈┈┈┈┈┈┈┈┈┈┈┈┈┈┈┈┈┈┈┈┈┈┈┈┈┈┈┈┈┈┈┈┈┈┈┈┈┈┈┈┈┈┈┈
[INFO] [stderr] note: If the actual output is the correct output you can bless it by rerunning
[INFO] [stderr]       your test with the environment variable TRYBUILD=overwrite
[INFO] [stderr] 
[INFO] [stderr] test tests/fail/model-read-concern-invalid.rs [should fail to compile] ... mismatch
[INFO] [stderr] 
[INFO] [stderr] EXPECTED:
[INFO] [stderr] ┈┈┈┈┈┈┈┈┈┈┈┈┈┈┈┈┈┈┈┈┈┈┈┈┈┈┈┈┈┈┈┈┈┈┈┈┈┈┈┈┈┈┈┈┈┈┈┈┈┈┈┈┈┈┈┈┈┈┈┈
[INFO] [stderr] error: malformed wither model read concern attribute
[INFO] [stderr] 
[INFO] [stderr]   = help: Unknown literal value `invalid`
[INFO] [stderr] 
[INFO] [stderr]  --> $DIR/model-read-concern-invalid.rs:5:9
[INFO] [stderr]   |
[INFO] [stderr] 5 | #[model(read_concern="invalid")]
[INFO] [stderr]   |         ^^^^^^^^^^^^^^^^^^^^^^
[INFO] [stderr] ┈┈┈┈┈┈┈┈┈┈┈┈┈┈┈┈┈┈┈┈┈┈┈┈┈┈┈┈┈┈┈┈┈┈┈┈┈┈┈┈┈┈┈┈┈┈┈┈┈┈┈┈┈┈┈┈┈┈┈┈
[INFO] [stderr] 
[INFO] [stderr] ACTUAL OUTPUT:
[INFO] [stderr] ┈┈┈┈┈┈┈┈┈┈┈┈┈┈┈┈┈┈┈┈┈┈┈┈┈┈┈┈┈┈┈┈┈┈┈┈┈┈┈┈┈┈┈┈┈┈┈┈┈┈┈┈┈┈┈┈┈┈┈┈
[INFO] [stderr] error[E0432]: unresolved import `wither`
[INFO] [stderr]  --> tests/fail/model-read-concern-invalid.rs:2:5
[INFO] [stderr]   |
[INFO] [stderr] 2 | use wither::Model;
[INFO] [stderr]   |     ^^^^^^ use of undeclared crate or module `wither`
[INFO] [stderr] 
[INFO] [stderr] error: cannot find attribute `model` in this scope
[INFO] [stderr]  --> tests/fail/model-read-concern-invalid.rs:5:3
[INFO] [stderr]   |
[INFO] [stderr] 5 | #[model(read_concern="invalid")]
[INFO] [stderr]   |   ^^^^^
[INFO] [stderr] 
[INFO] [stderr] error[E0433]: failed to resolve: use of undeclared crate or module `wither`
[INFO] [stderr]  --> tests/fail/model-read-concern-invalid.rs:8:20
[INFO] [stderr]   |
[INFO] [stderr] 8 |     pub id: Option<wither::bson::oid::ObjectId>,
[INFO] [stderr]   |                    ^^^^^^ use of undeclared crate or module `wither`
[INFO] [stderr] ┈┈┈┈┈┈┈┈┈┈┈┈┈┈┈┈┈┈┈┈┈┈┈┈┈┈┈┈┈┈┈┈┈┈┈┈┈┈┈┈┈┈┈┈┈┈┈┈┈┈┈┈┈┈┈┈┈┈┈┈
[INFO] [stderr] note: If the actual output is the correct output you can bless it by rerunning
[INFO] [stderr]       your test with the environment variable TRYBUILD=overwrite
[INFO] [stderr] 
[INFO] [stderr] test tests/fail/model-selection-criteria-invalid-fn-path.rs [should fail to compile] ... mismatch
[INFO] [stderr] 
[INFO] [stderr] EXPECTED:
[INFO] [stderr] ┈┈┈┈┈┈┈┈┈┈┈┈┈┈┈┈┈┈┈┈┈┈┈┈┈┈┈┈┈┈┈┈┈┈┈┈┈┈┈┈┈┈┈┈┈┈┈┈┈┈┈┈┈┈┈┈┈┈┈┈
[INFO] [stderr] error[E0599]: no function or associated item named `get_selection_criteria` found for struct `BadModel` in the current scope
[INFO] [stderr]  --> $DIR/model-selection-criteria-invalid-fn-path.rs:5:28
[INFO] [stderr]   |
[INFO] [stderr] 5 | #[model(selection_criteria="BadModel::get_selection_criteria")]
[INFO] [stderr]   |                            ^^^^^^^^^^^^^^^^^^^^^^^^^^^^^^^^^^ function or associated item not found in `BadModel`
[INFO] [stderr] 6 | struct BadModel {
[INFO] [stderr]   | --------------- function or associated item `get_selection_criteria` not found for this
[INFO] [stderr] ┈┈┈┈┈┈┈┈┈┈┈┈┈┈┈┈┈┈┈┈┈┈┈┈┈┈┈┈┈┈┈┈┈┈┈┈┈┈┈┈┈┈┈┈┈┈┈┈┈┈┈┈┈┈┈┈┈┈┈┈
[INFO] [stderr] 
[INFO] [stderr] ACTUAL OUTPUT:
[INFO] [stderr] ┈┈┈┈┈┈┈┈┈┈┈┈┈┈┈┈┈┈┈┈┈┈┈┈┈┈┈┈┈┈┈┈┈┈┈┈┈┈┈┈┈┈┈┈┈┈┈┈┈┈┈┈┈┈┈┈┈┈┈┈
[INFO] [stderr] error[E0432]: unresolved import `wither`
[INFO] [stderr]  --> tests/fail/model-selection-criteria-invalid-fn-path.rs:2:5
[INFO] [stderr]   |
[INFO] [stderr] 2 | use wither::Model;
[INFO] [stderr]   |     ^^^^^^ use of undeclared crate or module `wither`
[INFO] [stderr] 
[INFO] [stderr] error: cannot find attribute `model` in this scope
[INFO] [stderr]  --> tests/fail/model-selection-criteria-invalid-fn-path.rs:5:3
[INFO] [stderr]   |
[INFO] [stderr] 5 | #[model(selection_criteria="BadModel::get_selection_criteria")]
[INFO] [stderr]   |   ^^^^^
[INFO] [stderr] 
[INFO] [stderr] error[E0433]: failed to resolve: use of undeclared crate or module `wither`
[INFO] [stderr]  --> tests/fail/model-selection-criteria-invalid-fn-path.rs:8:20
[INFO] [stderr]   |
[INFO] [stderr] 8 |     pub id: Option<wither::bson::oid::ObjectId>,
[INFO] [stderr]   |                    ^^^^^^ use of undeclared crate or module `wither`
[INFO] [stderr] ┈┈┈┈┈┈┈┈┈┈┈┈┈┈┈┈┈┈┈┈┈┈┈┈┈┈┈┈┈┈┈┈┈┈┈┈┈┈┈┈┈┈┈┈┈┈┈┈┈┈┈┈┈┈┈┈┈┈┈┈
[INFO] [stderr] note: If the actual output is the correct output you can bless it by rerunning
[INFO] [stderr]       your test with the environment variable TRYBUILD=overwrite
[INFO] [stderr] 
[INFO] [stderr] test tests/fail/model-unrecognized-attr.rs [should fail to compile] ... mismatch
[INFO] [stderr] 
[INFO] [stderr] EXPECTED:
[INFO] [stderr] ┈┈┈┈┈┈┈┈┈┈┈┈┈┈┈┈┈┈┈┈┈┈┈┈┈┈┈┈┈┈┈┈┈┈┈┈┈┈┈┈┈┈┈┈┈┈┈┈┈┈┈┈┈┈┈┈┈┈┈┈
[INFO] [stderr] error: unrecognized wither model attribute
[INFO] [stderr]  --> $DIR/model-unrecognized-attr.rs:5:9
[INFO] [stderr]   |
[INFO] [stderr] 5 | #[model(bad_attr="val")]
[INFO] [stderr]   |         ^^^^^^^^
[INFO] [stderr] ┈┈┈┈┈┈┈┈┈┈┈┈┈┈┈┈┈┈┈┈┈┈┈┈┈┈┈┈┈┈┈┈┈┈┈┈┈┈┈┈┈┈┈┈┈┈┈┈┈┈┈┈┈┈┈┈┈┈┈┈
[INFO] [stderr] 
[INFO] [stderr] ACTUAL OUTPUT:
[INFO] [stderr] ┈┈┈┈┈┈┈┈┈┈┈┈┈┈┈┈┈┈┈┈┈┈┈┈┈┈┈┈┈┈┈┈┈┈┈┈┈┈┈┈┈┈┈┈┈┈┈┈┈┈┈┈┈┈┈┈┈┈┈┈
[INFO] [stderr] error[E0432]: unresolved import `wither`
[INFO] [stderr]  --> tests/fail/model-unrecognized-attr.rs:2:5
[INFO] [stderr]   |
[INFO] [stderr] 2 | use wither::Model;
[INFO] [stderr]   |     ^^^^^^ use of undeclared crate or module `wither`
[INFO] [stderr] 
[INFO] [stderr] error: cannot find attribute `model` in this scope
[INFO] [stderr]  --> tests/fail/model-unrecognized-attr.rs:5:3
[INFO] [stderr]   |
[INFO] [stderr] 5 | #[model(bad_attr="val")]
[INFO] [stderr]   |   ^^^^^
[INFO] [stderr] 
[INFO] [stderr] error[E0433]: failed to resolve: use of undeclared crate or module `wither`
[INFO] [stderr]  --> tests/fail/model-unrecognized-attr.rs:8:20
[INFO] [stderr]   |
[INFO] [stderr] 8 |     pub id: Option<wither::bson::oid::ObjectId>,
[INFO] [stderr]   |                    ^^^^^^ use of undeclared crate or module `wither`
[INFO] [stderr] ┈┈┈┈┈┈┈┈┈┈┈┈┈┈┈┈┈┈┈┈┈┈┈┈┈┈┈┈┈┈┈┈┈┈┈┈┈┈┈┈┈┈┈┈┈┈┈┈┈┈┈┈┈┈┈┈┈┈┈┈
[INFO] [stderr] note: If the actual output is the correct output you can bless it by rerunning
[INFO] [stderr]       your test with the environment variable TRYBUILD=overwrite
[INFO] [stderr] 
[INFO] [stderr] test tests/fail/model-write-concern-ack-invalid.rs [should fail to compile] ... mismatch
[INFO] [stderr] 
[INFO] [stderr] EXPECTED:
[INFO] [stderr] ┈┈┈┈┈┈┈┈┈┈┈┈┈┈┈┈┈┈┈┈┈┈┈┈┈┈┈┈┈┈┈┈┈┈┈┈┈┈┈┈┈┈┈┈┈┈┈┈┈┈┈┈┈┈┈┈┈┈┈┈
[INFO] [stderr] error: malformed attribute
[INFO] [stderr] 
[INFO] [stderr]   = help: expected literal
[INFO] [stderr] 
[INFO] [stderr]  --> $DIR/model-write-concern-ack-invalid.rs:5:1
[INFO] [stderr]   |
[INFO] [stderr] 5 | #[model(write_concern(w=WriteConcern::Majority, w_timeout=10, journal=false))]
[INFO] [stderr]   | ^^^^^^^^^^^^^^^^^^^^^^^^^^^^^^^^^^^^^^^^^^^^^^^^^^^^^^^^^^^^^^^^^^^^^^^^^^^^^^
[INFO] [stderr] 
[INFO] [stderr] error[E0599]: no function or associated item named `write_concern` found for struct `DerivedModel` in the current scope
[INFO] [stderr]   --> $DIR/model-write-concern-ack-invalid.rs:12:27
[INFO] [stderr]    |
[INFO] [stderr] 6  | struct DerivedModel {
[INFO] [stderr]    | ------------------- function or associated item `write_concern` not found for this
[INFO] [stderr] ...
[INFO] [stderr] 12 |     assert!(DerivedModel::write_concern().is_none());
[INFO] [stderr]    |                           ^^^^^^^^^^^^^ function or associated item not found in `DerivedModel`
[INFO] [stderr]    |
[INFO] [stderr]    = help: items from traits can only be used if the trait is implemented and in scope
[INFO] [stderr]    = note: the following trait defines an item `write_concern`, perhaps you need to implement it:
[INFO] [stderr]            candidate #1: `Model`
[INFO] [stderr] ┈┈┈┈┈┈┈┈┈┈┈┈┈┈┈┈┈┈┈┈┈┈┈┈┈┈┈┈┈┈┈┈┈┈┈┈┈┈┈┈┈┈┈┈┈┈┈┈┈┈┈┈┈┈┈┈┈┈┈┈
[INFO] [stderr] 
[INFO] [stderr] ACTUAL OUTPUT:
[INFO] [stderr] ┈┈┈┈┈┈┈┈┈┈┈┈┈┈┈┈┈┈┈┈┈┈┈┈┈┈┈┈┈┈┈┈┈┈┈┈┈┈┈┈┈┈┈┈┈┈┈┈┈┈┈┈┈┈┈┈┈┈┈┈
[INFO] [stderr] error[E0432]: unresolved import `wither`
[INFO] [stderr]  --> tests/fail/model-write-concern-ack-invalid.rs:2:5
[INFO] [stderr]   |
[INFO] [stderr] 2 | use wither::Model;
[INFO] [stderr]   |     ^^^^^^ use of undeclared crate or module `wither`
[INFO] [stderr] 
[INFO] [stderr] error: cannot find attribute `model` in this scope
[INFO] [stderr]  --> tests/fail/model-write-concern-ack-invalid.rs:5:3
[INFO] [stderr]   |
[INFO] [stderr] 5 | #[model(write_concern(w=WriteConcern::Majority, w_timeout=10, journal=false))]
[INFO] [stderr]   |   ^^^^^
[INFO] [stderr] 
[INFO] [stderr] error[E0433]: failed to resolve: use of undeclared crate or module `wither`
[INFO] [stderr]  --> tests/fail/model-write-concern-ack-invalid.rs:8:20
[INFO] [stderr]   |
[INFO] [stderr] 8 |     pub id: Option<wither::bson::oid::ObjectId>,
[INFO] [stderr]   |                    ^^^^^^ use of undeclared crate or module `wither`
[INFO] [stderr] 
[INFO] [stderr] error[E0599]: no function or associated item named `write_concern` found for struct `DerivedModel` in the current scope
[INFO] [stderr]   --> tests/fail/model-write-concern-ack-invalid.rs:12:27
[INFO] [stderr]    |
[INFO] [stderr] 6  | struct DerivedModel {
[INFO] [stderr]    | ------------------- function or associated item `write_concern` not found for this struct
[INFO] [stderr] ...
[INFO] [stderr] 12 |     assert!(DerivedModel::write_concern().is_none());
[INFO] [stderr]    |                           ^^^^^^^^^^^^^ function or associated item not found in `DerivedModel`
[INFO] [stderr] ┈┈┈┈┈┈┈┈┈┈┈┈┈┈┈┈┈┈┈┈┈┈┈┈┈┈┈┈┈┈┈┈┈┈┈┈┈┈┈┈┈┈┈┈┈┈┈┈┈┈┈┈┈┈┈┈┈┈┈┈
[INFO] [stderr] note: If the actual output is the correct output you can bless it by rerunning
[INFO] [stderr]       your test with the environment variable TRYBUILD=overwrite
[INFO] [stderr] 
[INFO] [stderr] 
[INFO] [stderr] 
[INFO] [stdout] test test::derive_tests ... FAILED
[INFO] [stderr] error: test failed, to rerun pass `--lib`
[INFO] [stdout] 
[INFO] [stdout] failures:
[INFO] [stdout] 
[INFO] [stdout] ---- test::derive_tests stdout ----
[INFO] [stdout] thread 'test::derive_tests' panicked at /opt/rustwide/cargo-home/registry/src/index.crates.io-6f17d22bba15001f/trybuild-1.0.101/src/run.rs:101:13:
[INFO] [stdout] 20 of 20 tests failed
[INFO] [stdout] stack backtrace:
[INFO] [stdout]    0:     0x758c8771e5aa - std::backtrace_rs::backtrace::libunwind::trace::h8810477743020387
[INFO] [stdout]                                at /rustc/202008a1b8de96d2e5b6bc02d379db03a877d34d/library/std/src/../../backtrace/src/backtrace/libunwind.rs:116:5
[INFO] [stdout]    1:     0x758c8771e5aa - std::backtrace_rs::backtrace::trace_unsynchronized::h3aa55355dd6c54a6
[INFO] [stdout]                                at /rustc/202008a1b8de96d2e5b6bc02d379db03a877d34d/library/std/src/../../backtrace/src/backtrace/mod.rs:66:5
[INFO] [stdout]    2:     0x758c8771e5aa - std::sys::backtrace::_print_fmt::h8588b0f62410823f
[INFO] [stdout]                                at /rustc/202008a1b8de96d2e5b6bc02d379db03a877d34d/library/std/src/sys/backtrace.rs:66:9
[INFO] [stdout]    3:     0x758c8771e5aa - <std::sys::backtrace::BacktraceLock::print::DisplayBacktrace as core::fmt::Display>::fmt::h98c26ac25ffe89bb
[INFO] [stdout]                                at /rustc/202008a1b8de96d2e5b6bc02d379db03a877d34d/library/std/src/sys/backtrace.rs:39:26
[INFO] [stdout]    4:     0x758c8776f173 - core::fmt::rt::Argument::fmt::hf95377f4aebd453b
[INFO] [stdout]                                at /rustc/202008a1b8de96d2e5b6bc02d379db03a877d34d/library/core/src/fmt/rt.rs:177:76
[INFO] [stdout]    5:     0x758c8776f173 - core::fmt::write::h0dd5f6e2238c7982
[INFO] [stdout]                                at /rustc/202008a1b8de96d2e5b6bc02d379db03a877d34d/library/core/src/fmt/mod.rs:1189:21
[INFO] [stdout]    6:     0x758c87711eb3 - std::io::Write::write_fmt::h03bb0ca26e6faf8c
[INFO] [stdout]                                at /rustc/202008a1b8de96d2e5b6bc02d379db03a877d34d/library/std/src/io/mod.rs:1884:15
[INFO] [stdout]    7:     0x758c8771e3f2 - std::sys::backtrace::BacktraceLock::print::h5c19c1c038ee186d
[INFO] [stdout]                                at /rustc/202008a1b8de96d2e5b6bc02d379db03a877d34d/library/std/src/sys/backtrace.rs:42:9
[INFO] [stdout]    8:     0x758c87720a1d - std::panicking::default_hook::{{closure}}::h77172f079a1fcb13
[INFO] [stdout]                                at /rustc/202008a1b8de96d2e5b6bc02d379db03a877d34d/library/std/src/panicking.rs:268:22
[INFO] [stdout]    9:     0x758c87720827 - std::panicking::default_hook::he5f8e3b203ccddba
[INFO] [stdout]                                at /rustc/202008a1b8de96d2e5b6bc02d379db03a877d34d/library/std/src/panicking.rs:292:9
[INFO] [stdout]   10:     0x5ecce64fbfb7 - <alloc::boxed::Box<F,A> as core::ops::function::Fn<Args>>::call::h7a3c7b4a1ae77f2f
[INFO] [stdout]                                at /rustc/202008a1b8de96d2e5b6bc02d379db03a877d34d/library/alloc/src/boxed.rs:1986:9
[INFO] [stdout]   11:     0x5ecce64fbfb7 - test::test_main::{{closure}}::hf0d3b69ae9b353d1
[INFO] [stdout]                                at /rustc/202008a1b8de96d2e5b6bc02d379db03a877d34d/library/test/src/lib.rs:134:21
[INFO] [stdout]   12:     0x758c87721198 - <alloc::boxed::Box<F,A> as core::ops::function::Fn<Args>>::call::h6332e82e7b189abd
[INFO] [stdout]                                at /rustc/202008a1b8de96d2e5b6bc02d379db03a877d34d/library/alloc/src/boxed.rs:1986:9
[INFO] [stdout]   13:     0x758c87721198 - std::panicking::rust_panic_with_hook::h53863d4e9018df39
[INFO] [stdout]                                at /rustc/202008a1b8de96d2e5b6bc02d379db03a877d34d/library/std/src/panicking.rs:809:13
[INFO] [stdout]   14:     0x758c87720f5a - std::panicking::begin_panic_handler::{{closure}}::h67280e6fa0757873
[INFO] [stdout]                                at /rustc/202008a1b8de96d2e5b6bc02d379db03a877d34d/library/std/src/panicking.rs:674:13
[INFO] [stdout]   15:     0x758c8771ea89 - std::sys::backtrace::__rust_end_short_backtrace::h1dac3f54d6fbbeb2
[INFO] [stdout]                                at /rustc/202008a1b8de96d2e5b6bc02d379db03a877d34d/library/std/src/sys/backtrace.rs:170:18
[INFO] [stdout]   16:     0x758c87720bec - rust_begin_unwind
[INFO] [stdout]                                at /rustc/202008a1b8de96d2e5b6bc02d379db03a877d34d/library/std/src/panicking.rs:665:5
[INFO] [stdout]   17:     0x758c8776b580 - core::panicking::panic_fmt::h6792bd1b2bf01041
[INFO] [stdout]                                at /rustc/202008a1b8de96d2e5b6bc02d379db03a877d34d/library/core/src/panicking.rs:76:14
[INFO] [stdout]   18:     0x5ecce62ca797 - trybuild::run::<impl trybuild::Runner>::run::h69f5e206acb7fd5c
[INFO] [stdout]   19:     0x5ecce62cf9e5 - <trybuild::TestCases as core::ops::drop::Drop>::drop::hc24a087fbbe3b994
[INFO] [stdout]   20:     0x5ecce627e537 - core::ptr::drop_in_place<trybuild::TestCases>::h74cc0d2cdaf2897c
[INFO] [stdout]                                at /rustc/202008a1b8de96d2e5b6bc02d379db03a877d34d/library/core/src/ptr/mod.rs:521:1
[INFO] [stdout]   21:     0x5ecce627eddb - wither_derive::test::derive_tests::h3762f73ebaa471f1
[INFO] [stdout]                                at /opt/rustwide/workdir/src/lib.rs:39:5
[INFO] [stdout]   22:     0x5ecce627ed57 - wither_derive::test::derive_tests::{{closure}}::h5d98267d7a9b1532
[INFO] [stdout]                                at /opt/rustwide/workdir/src/lib.rs:35:22
[INFO] [stdout]   23:     0x5ecce627e4e6 - core::ops::function::FnOnce::call_once::hf863b6b417db05e4
[INFO] [stdout]                                at /rustc/202008a1b8de96d2e5b6bc02d379db03a877d34d/library/core/src/ops/function.rs:250:5
[INFO] [stdout]   24:     0x5ecce6500adb - core::ops::function::FnOnce::call_once::h871bf86719ec9aa4
[INFO] [stdout]                                at /rustc/202008a1b8de96d2e5b6bc02d379db03a877d34d/library/core/src/ops/function.rs:250:5
[INFO] [stdout]   25:     0x5ecce6500adb - test::__rust_begin_short_backtrace::h2167df1e2b7d76fd
[INFO] [stdout]                                at /rustc/202008a1b8de96d2e5b6bc02d379db03a877d34d/library/test/src/lib.rs:632:18
[INFO] [stdout]   26:     0x5ecce65004c8 - test::run_test_in_process::{{closure}}::h15d92f75a3adfb79
[INFO] [stdout]                                at /rustc/202008a1b8de96d2e5b6bc02d379db03a877d34d/library/test/src/lib.rs:655:60
[INFO] [stdout]   27:     0x5ecce65004c8 - <core::panic::unwind_safe::AssertUnwindSafe<F> as core::ops::function::FnOnce<()>>::call_once::hb6c8955835a8dbbb
[INFO] [stdout]                                at /rustc/202008a1b8de96d2e5b6bc02d379db03a877d34d/library/core/src/panic/unwind_safe.rs:272:9
[INFO] [stdout]   28:     0x5ecce65004c8 - std::panicking::try::do_call::hc79d0fc888a0bd30
[INFO] [stdout]                                at /rustc/202008a1b8de96d2e5b6bc02d379db03a877d34d/library/std/src/panicking.rs:557:40
[INFO] [stdout]   29:     0x5ecce65004c8 - std::panicking::try::hb8a7878e3a8589d6
[INFO] [stdout]                                at /rustc/202008a1b8de96d2e5b6bc02d379db03a877d34d/library/std/src/panicking.rs:520:19
[INFO] [stdout]   30:     0x5ecce65004c8 - std::panic::catch_unwind::hb8e4600ff0ff5cfa
[INFO] [stdout]                                at /rustc/202008a1b8de96d2e5b6bc02d379db03a877d34d/library/std/src/panic.rs:358:14
[INFO] [stdout]   31:     0x5ecce65004c8 - test::run_test_in_process::hc2900b0b18688dd6
[INFO] [stdout]                                at /rustc/202008a1b8de96d2e5b6bc02d379db03a877d34d/library/test/src/lib.rs:655:27
[INFO] [stdout]   32:     0x5ecce65004c8 - test::run_test::{{closure}}::hac2a9cb07be3d48d
[INFO] [stdout]                                at /rustc/202008a1b8de96d2e5b6bc02d379db03a877d34d/library/test/src/lib.rs:576:43
[INFO] [stdout]   33:     0x5ecce64c3f6a - test::run_test::{{closure}}::h4a5b729e66a38cd8
[INFO] [stdout]                                at /rustc/202008a1b8de96d2e5b6bc02d379db03a877d34d/library/test/src/lib.rs:606:41
[INFO] [stdout]   34:     0x5ecce64c3f6a - std::sys::backtrace::__rust_begin_short_backtrace::h0496fb742492f573
[INFO] [stdout]                                at /rustc/202008a1b8de96d2e5b6bc02d379db03a877d34d/library/std/src/sys/backtrace.rs:154:18
[INFO] [stdout]   35:     0x5ecce64c78e4 - std::thread::Builder::spawn_unchecked_::{{closure}}::{{closure}}::hbb6d257c550a54bd
[INFO] [stdout]                                at /rustc/202008a1b8de96d2e5b6bc02d379db03a877d34d/library/std/src/thread/mod.rs:561:17
[INFO] [stdout]   36:     0x5ecce64c78e4 - <core::panic::unwind_safe::AssertUnwindSafe<F> as core::ops::function::FnOnce<()>>::call_once::h46696fe4a6832328
[INFO] [stdout]                                at /rustc/202008a1b8de96d2e5b6bc02d379db03a877d34d/library/core/src/panic/unwind_safe.rs:272:9
[INFO] [stdout]   37:     0x5ecce64c78e4 - std::panicking::try::do_call::h2625a51b667bfb64
[INFO] [stdout]                                at /rustc/202008a1b8de96d2e5b6bc02d379db03a877d34d/library/std/src/panicking.rs:557:40
[INFO] [stdout]   38:     0x5ecce64c78e4 - std::panicking::try::hb956a59a1973aa4c
[INFO] [stdout]                                at /rustc/202008a1b8de96d2e5b6bc02d379db03a877d34d/library/std/src/panicking.rs:520:19
[INFO] [stdout]   39:     0x5ecce64c78e4 - std::panic::catch_unwind::h64f3b9d1067ef6a0
[INFO] [stdout]                                at /rustc/202008a1b8de96d2e5b6bc02d379db03a877d34d/library/std/src/panic.rs:358:14
[INFO] [stdout]   40:     0x5ecce64c78e4 - std::thread::Builder::spawn_unchecked_::{{closure}}::h42b2841295b6c0b2
[INFO] [stdout]                                at /rustc/202008a1b8de96d2e5b6bc02d379db03a877d34d/library/std/src/thread/mod.rs:559:30
[INFO] [stdout]   41:     0x5ecce64c78e4 - core::ops::function::FnOnce::call_once{{vtable.shim}}::h6127de71b8124639
[INFO] [stdout]                                at /rustc/202008a1b8de96d2e5b6bc02d379db03a877d34d/library/core/src/ops/function.rs:250:5
[INFO] [stdout]   42:     0x758c8772ae8b - <alloc::boxed::Box<F,A> as core::ops::function::FnOnce<Args>>::call_once::h42f0ba71002a1b2c
[INFO] [stdout]                                at /rustc/202008a1b8de96d2e5b6bc02d379db03a877d34d/library/alloc/src/boxed.rs:1972:9
[INFO] [stdout]   43:     0x758c8772ae8b - <alloc::boxed::Box<F,A> as core::ops::function::FnOnce<Args>>::call_once::had9e47d7a3dcecb8
[INFO] [stdout]                                at /rustc/202008a1b8de96d2e5b6bc02d379db03a877d34d/library/alloc/src/boxed.rs:1972:9
[INFO] [stdout]   44:     0x758c8772ae8b - std::sys::pal::unix::thread::Thread::new::thread_start::h48cf765408f6f5f2
[INFO] [stdout]                                at /rustc/202008a1b8de96d2e5b6bc02d379db03a877d34d/library/std/src/sys/pal/unix/thread.rs:105:17
[INFO] [stdout]   45:     0x758c8739cac3 - <unknown>
[INFO] [stdout]   46:     0x758c8742da04 - clone
[INFO] [stdout]   47:                0x0 - <unknown>
[INFO] [stdout] 
[INFO] [stdout] 
[INFO] [stdout] failures:
[INFO] [stdout]     test::derive_tests
[INFO] [stdout] 
[INFO] [stdout] test result: FAILED. 0 passed; 1 failed; 0 ignored; 0 measured; 0 filtered out; finished in 35.10s
[INFO] [stdout] 
[INFO] running `Command { std: "docker" "inspect" "dc16e8f537c616691f8d646358fa43eef233fe535ca86af2ebf9e38f86bbcd66", kill_on_drop: false }`
[INFO] running `Command { std: "docker" "rm" "-f" "dc16e8f537c616691f8d646358fa43eef233fe535ca86af2ebf9e38f86bbcd66", kill_on_drop: false }`
[INFO] [stdout] dc16e8f537c616691f8d646358fa43eef233fe535ca86af2ebf9e38f86bbcd66
