[INFO] fetching crate wini-maud 0.26.4...
[INFO] testing wini-maud-0.26.4 against beta-2024-12-08 for beta-1.84.0-4-retry
[INFO] extracting crate wini-maud 0.26.4 into /workspace/builds/worker-3-tc2/source
[INFO] validating manifest of crates.io crate wini-maud 0.26.4 on toolchain beta-2024-12-08
[INFO] running `Command { std: CARGO_HOME="/workspace/cargo-home" RUSTUP_HOME="/workspace/rustup-home" "/workspace/cargo-home/bin/cargo" "+beta-2024-12-08" "metadata" "--manifest-path" "Cargo.toml" "--no-deps", kill_on_drop: false }`
[INFO] started tweaking crates.io crate wini-maud 0.26.4
[INFO] removed 0 missing tests
[INFO] finished tweaking crates.io crate wini-maud 0.26.4
[INFO] tweaked toml for crates.io crate wini-maud 0.26.4 written to /workspace/builds/worker-3-tc2/source/Cargo.toml
[INFO] crate crates.io crate wini-maud 0.26.4 already has a lockfile, it will not be regenerated
[INFO] running `Command { std: CARGO_HOME="/workspace/cargo-home" RUSTUP_HOME="/workspace/rustup-home" "/workspace/cargo-home/bin/cargo" "+beta-2024-12-08" "fetch" "--manifest-path" "Cargo.toml", kill_on_drop: false }`
[INFO] running `Command { std: "docker" "create" "-v" "/var/lib/crater-agent-workspace/builds/worker-3-tc2/target:/opt/rustwide/target:rw,Z" "-v" "/var/lib/crater-agent-workspace/builds/worker-3-tc2/source:/opt/rustwide/workdir:ro,Z" "-v" "/var/lib/crater-agent-workspace/cargo-home:/opt/rustwide/cargo-home:ro,Z" "-v" "/var/lib/crater-agent-workspace/rustup-home:/opt/rustwide/rustup-home:ro,Z" "-e" "SOURCE_DIR=/opt/rustwide/workdir" "-e" "CARGO_TARGET_DIR=/opt/rustwide/target" "-e" "CARGO_HOME=/opt/rustwide/cargo-home" "-e" "RUSTUP_HOME=/opt/rustwide/rustup-home" "-w" "/opt/rustwide/workdir" "-m" "1610612736" "--user" "0:0" "--network" "none" "ghcr.io/rust-lang/crates-build-env/linux@sha256:f3a9d4ad9d972b27faf3965f35b62e55ba32bbce8f20bc8fe909558a86702fde" "/opt/rustwide/cargo-home/bin/cargo" "+beta-2024-12-08" "metadata" "--no-deps" "--format-version=1", kill_on_drop: false }`
[INFO] [stdout] f5bad3fe10d7a0dbbd7507f0e43e9f25c87e9b18148b0868c8a522056015e524
[INFO] running `Command { std: "docker" "start" "-a" "f5bad3fe10d7a0dbbd7507f0e43e9f25c87e9b18148b0868c8a522056015e524", kill_on_drop: false }`
[INFO] running `Command { std: "docker" "inspect" "f5bad3fe10d7a0dbbd7507f0e43e9f25c87e9b18148b0868c8a522056015e524", kill_on_drop: false }`
[INFO] running `Command { std: "docker" "rm" "-f" "f5bad3fe10d7a0dbbd7507f0e43e9f25c87e9b18148b0868c8a522056015e524", kill_on_drop: false }`
[INFO] [stdout] f5bad3fe10d7a0dbbd7507f0e43e9f25c87e9b18148b0868c8a522056015e524
[INFO] running `Command { std: "docker" "create" "-v" "/var/lib/crater-agent-workspace/builds/worker-3-tc2/target:/opt/rustwide/target:rw,Z" "-v" "/var/lib/crater-agent-workspace/builds/worker-3-tc2/source:/opt/rustwide/workdir:ro,Z" "-v" "/var/lib/crater-agent-workspace/cargo-home:/opt/rustwide/cargo-home:ro,Z" "-v" "/var/lib/crater-agent-workspace/rustup-home:/opt/rustwide/rustup-home:ro,Z" "-e" "SOURCE_DIR=/opt/rustwide/workdir" "-e" "CARGO_TARGET_DIR=/opt/rustwide/target" "-e" "CARGO_INCREMENTAL=0" "-e" "RUST_BACKTRACE=full" "-e" "RUSTFLAGS=--cap-lints=warn" "-e" "RUSTDOCFLAGS=--cap-lints=warn" "-e" "CARGO_HOME=/opt/rustwide/cargo-home" "-e" "RUSTUP_HOME=/opt/rustwide/rustup-home" "-w" "/opt/rustwide/workdir" "-m" "1610612736" "--user" "0:0" "--network" "none" "ghcr.io/rust-lang/crates-build-env/linux@sha256:f3a9d4ad9d972b27faf3965f35b62e55ba32bbce8f20bc8fe909558a86702fde" "/opt/rustwide/cargo-home/bin/cargo" "+beta-2024-12-08" "build" "--frozen" "--message-format=json", kill_on_drop: false }`
[INFO] [stdout] 78dc100008ea9c072ceac282d6124de57ca527deea805b26f78a98920349d909
[INFO] running `Command { std: "docker" "start" "-a" "78dc100008ea9c072ceac282d6124de57ca527deea805b26f78a98920349d909", kill_on_drop: false }`
[INFO] [stderr]    Compiling version_check v0.9.5
[INFO] [stderr]    Compiling proc-macro2 v1.0.92
[INFO] [stderr]    Compiling unicode-ident v1.0.14
[INFO] [stderr]    Compiling allocator-api2 v0.2.20
[INFO] [stderr]    Compiling foldhash v0.1.3
[INFO] [stderr]    Compiling equivalent v1.0.1
[INFO] [stderr]    Compiling itoa v1.0.14
[INFO] [stderr]    Compiling proc-macro-error-attr v1.0.4
[INFO] [stderr]    Compiling proc-macro-error v1.0.4
[INFO] [stderr]    Compiling hashbrown v0.15.2
[INFO] [stderr]    Compiling quote v1.0.37
[INFO] [stderr]    Compiling syn v2.0.89
[INFO] [stderr]    Compiling wini_maud_macros v0.26.3
[INFO] [stderr]    Compiling wini-maud v0.26.4 (/opt/rustwide/workdir)
[INFO] [stderr]     Finished `dev` profile [unoptimized + debuginfo] target(s) in 5.76s
[INFO] running `Command { std: "docker" "inspect" "78dc100008ea9c072ceac282d6124de57ca527deea805b26f78a98920349d909", kill_on_drop: false }`
[INFO] running `Command { std: "docker" "rm" "-f" "78dc100008ea9c072ceac282d6124de57ca527deea805b26f78a98920349d909", kill_on_drop: false }`
[INFO] [stdout] 78dc100008ea9c072ceac282d6124de57ca527deea805b26f78a98920349d909
[INFO] running `Command { std: "docker" "create" "-v" "/var/lib/crater-agent-workspace/builds/worker-3-tc2/target:/opt/rustwide/target:rw,Z" "-v" "/var/lib/crater-agent-workspace/builds/worker-3-tc2/source:/opt/rustwide/workdir:ro,Z" "-v" "/var/lib/crater-agent-workspace/cargo-home:/opt/rustwide/cargo-home:ro,Z" "-v" "/var/lib/crater-agent-workspace/rustup-home:/opt/rustwide/rustup-home:ro,Z" "-e" "SOURCE_DIR=/opt/rustwide/workdir" "-e" "CARGO_TARGET_DIR=/opt/rustwide/target" "-e" "CARGO_INCREMENTAL=0" "-e" "RUST_BACKTRACE=full" "-e" "RUSTFLAGS=--cap-lints=warn" "-e" "RUSTDOCFLAGS=--cap-lints=warn" "-e" "CARGO_HOME=/opt/rustwide/cargo-home" "-e" "RUSTUP_HOME=/opt/rustwide/rustup-home" "-w" "/opt/rustwide/workdir" "-m" "1610612736" "--user" "0:0" "--network" "none" "ghcr.io/rust-lang/crates-build-env/linux@sha256:f3a9d4ad9d972b27faf3965f35b62e55ba32bbce8f20bc8fe909558a86702fde" "/opt/rustwide/cargo-home/bin/cargo" "+beta-2024-12-08" "test" "--frozen" "--no-run" "--message-format=json", kill_on_drop: false }`
[INFO] [stdout] 7430e3317e90c5415badf685d39d2df80353170b7670e4b6f06ae7a15f0b271e
[INFO] running `Command { std: "docker" "start" "-a" "7430e3317e90c5415badf685d39d2df80353170b7670e4b6f06ae7a15f0b271e", kill_on_drop: false }`
[INFO] [stderr]    Compiling libc v0.2.166
[INFO] [stderr]    Compiling serde v1.0.215
[INFO] [stderr]    Compiling autocfg v1.4.0
[INFO] [stderr]    Compiling parking_lot_core v0.9.10
[INFO] [stderr]    Compiling smallvec v1.13.2
[INFO] [stderr]    Compiling serde_json v1.0.133
[INFO] [stderr]    Compiling cfg-if v1.0.0
[INFO] [stderr]    Compiling winnow v0.6.20
[INFO] [stderr]    Compiling scopeguard v1.2.0
[INFO] [stderr]    Compiling target-triple v0.1.3
[INFO] [stderr]    Compiling ryu v1.0.18
[INFO] [stderr]    Compiling memchr v2.7.4
[INFO] [stderr]    Compiling indexmap v2.6.0
[INFO] [stderr]    Compiling syn v2.0.89
[INFO] [stderr]    Compiling bytes v1.9.0
[INFO] [stderr]    Compiling glob v0.3.1
[INFO] [stderr]    Compiling dissimilar v1.0.9
[INFO] [stderr]    Compiling termcolor v1.4.1
[INFO] [stderr]    Compiling pin-project-lite v0.2.15
[INFO] [stderr]    Compiling lock_api v0.4.12
[INFO] [stderr]    Compiling mio v1.0.2
[INFO] [stderr]    Compiling socket2 v0.5.8
[INFO] [stderr]    Compiling signal-hook-registry v1.4.2
[INFO] [stderr]    Compiling parking_lot v0.12.3
[INFO] [stderr]    Compiling serde_spanned v0.6.8
[INFO] [stderr]    Compiling toml_datetime v0.6.8
[INFO] [stderr]    Compiling wini_maud_macros v0.26.3
[INFO] [stderr]    Compiling tokio-macros v2.4.0
[INFO] [stderr]    Compiling serde_derive v1.0.215
[INFO] [stderr]    Compiling toml_edit v0.22.22
[INFO] [stderr]    Compiling wini-maud v0.26.4 (/opt/rustwide/workdir)
[INFO] [stderr]    Compiling tokio v1.41.1
[INFO] [stderr]    Compiling toml v0.8.19
[INFO] [stderr]    Compiling trybuild v1.0.101
[INFO] [stderr]     Finished `test` profile [unoptimized + debuginfo] target(s) in 18.68s
[INFO] running `Command { std: "docker" "inspect" "7430e3317e90c5415badf685d39d2df80353170b7670e4b6f06ae7a15f0b271e", kill_on_drop: false }`
[INFO] running `Command { std: "docker" "rm" "-f" "7430e3317e90c5415badf685d39d2df80353170b7670e4b6f06ae7a15f0b271e", kill_on_drop: false }`
[INFO] [stdout] 7430e3317e90c5415badf685d39d2df80353170b7670e4b6f06ae7a15f0b271e
[INFO] running `Command { std: "docker" "create" "-v" "/var/lib/crater-agent-workspace/builds/worker-3-tc2/target:/opt/rustwide/target:rw,Z" "-v" "/var/lib/crater-agent-workspace/builds/worker-3-tc2/source:/opt/rustwide/workdir:ro,Z" "-v" "/var/lib/crater-agent-workspace/cargo-home:/opt/rustwide/cargo-home:ro,Z" "-v" "/var/lib/crater-agent-workspace/rustup-home:/opt/rustwide/rustup-home:ro,Z" "-e" "SOURCE_DIR=/opt/rustwide/workdir" "-e" "CARGO_TARGET_DIR=/opt/rustwide/target" "-e" "CARGO_INCREMENTAL=0" "-e" "RUST_BACKTRACE=full" "-e" "RUSTFLAGS=--cap-lints=warn" "-e" "RUSTDOCFLAGS=--cap-lints=warn" "-e" "CARGO_HOME=/opt/rustwide/cargo-home" "-e" "RUSTUP_HOME=/opt/rustwide/rustup-home" "-w" "/opt/rustwide/workdir" "-m" "1610612736" "--user" "0:0" "--network" "none" "ghcr.io/rust-lang/crates-build-env/linux@sha256:f3a9d4ad9d972b27faf3965f35b62e55ba32bbce8f20bc8fe909558a86702fde" "/opt/rustwide/cargo-home/bin/cargo" "+beta-2024-12-08" "test" "--frozen", kill_on_drop: false }`
[INFO] [stdout] 1785a4ed3f27c06a808889ac7855209fe9c1ff7d19b9c30cb0e63641ea954012
[INFO] running `Command { std: "docker" "start" "-a" "1785a4ed3f27c06a808889ac7855209fe9c1ff7d19b9c30cb0e63641ea954012", kill_on_drop: false }`
[INFO] [stderr]     Finished `test` profile [unoptimized + debuginfo] target(s) in 0.13s
[INFO] [stderr]      Running unittests src/lib.rs (/opt/rustwide/target/debug/deps/maud-d71110823db96c77)
[INFO] [stdout] 
[INFO] [stdout] running 1 test
[INFO] [stdout] test escape::test::it_works ... ok
[INFO] [stderr]      Running tests/absolute_paths.rs (/opt/rustwide/target/debug/deps/absolute_paths-0199fdbe1d2f4279)
[INFO] [stdout] 
[INFO] [stdout] test result: ok. 1 passed; 0 failed; 0 ignored; 0 measured; 0 filtered out; finished in 0.00s
[INFO] [stdout] 
[INFO] [stdout] 
[INFO] [stdout] running 1 test
[INFO] [stdout] test issue_170 ... ok
[INFO] [stdout] 
[INFO] [stdout] test result: ok. 1 passed; 0 failed; 0 ignored; 0 measured; 0 filtered out; finished in 0.00s
[INFO] [stdout] 
[INFO] [stderr]      Running tests/basic_syntax.rs (/opt/rustwide/target/debug/deps/basic_syntax-968daa325e72a66f)
[INFO] [stdout] 
[INFO] [stdout] running 40 tests
[INFO] [stdout] test blocks ... ok
[INFO] [stdout] test class_string ... ok
[INFO] [stdout] test class_shorthand ... ok
[INFO] [stdout] test class_shorthand_with_space ... ok
[INFO] [stdout] test classes_attrs_ids_mixed_up ... ok
[INFO] [stdout] test classes_shorthand ... ok
[INFO] [stdout] test colons_in_names ... ok
[INFO] [stdout] test div_shorthand_class ... ok
[INFO] [stdout] test div_shorthand_class_with_attrs ... ok
[INFO] [stdout] test div_shorthand_id ... ok
[INFO] [stdout] test div_shorthand_id_with_attrs ... ok
[INFO] [stdout] test empty_attributes ... ok
[INFO] [stdout] test empty_attributes_question_mark ... ok
[INFO] [stdout] test empty_elements ... ok
[INFO] [stdout] test escaping ... ok
[INFO] [stdout] test hyphens_in_attribute_names ... ok
[INFO] [stdout] test hyphens_in_class_names ... ok
[INFO] [stdout] test hyphens_in_element_names ... ok
[INFO] [stdout] test id_shorthand ... ok
[INFO] [stdout] test id_string ... ok
[INFO] [stdout] test mixed_classes ... ok
[INFO] [stdout] test idents_and_literals_in_names ... ok
[INFO] [stdout] test literals ... ok
[INFO] [stdout] test semicolons ... ok
[INFO] [stdout] test simple_attributes ... ok
[INFO] [stdout] test simple_elements ... ok
[INFO] [stdout] test string_literals_in_attribute_names ... ok
[INFO] [stdout] test toggle_classes ... ok
[INFO] [stdout] test toggle_classes_braces ... ok
[INFO] [stdout] test toggle_classes_string ... ok
[INFO] [stdout] test toggle_empty_attributes ... ok
[INFO] [stdout] test toggle_empty_attributes_braces ... ok
[INFO] [stdout] test optional_attribute_braces ... ok
[INFO] [stdout] test optional_attribute_non_string_some ... ok
[INFO] [stdout] test raw_string_literals_in_attribute_names ... ok
[INFO] [stdout] test optional_attribute_none ... ok
[INFO] [stdout] test optional_attribute_some ... ok
[INFO] [stdout] test optional_attribute_variable ... ok
[INFO] [stdout] test other_literals_in_attribute_names ... ok
[INFO] [stdout] test optional_attribute_inner_value_evaluated_only_once ... ok
[INFO] [stdout] 
[INFO] [stdout] test result: ok. 40 passed; 0 failed; 0 ignored; 0 measured; 0 filtered out; finished in 0.00s
[INFO] [stdout] 
[INFO] [stderr]      Running tests/control_structures.rs (/opt/rustwide/target/debug/deps/control_structures-8b53e8600eda7635)
[INFO] [stdout] 
[INFO] [stdout] running 14 tests
[INFO] [stdout] test for_expr ... ok
[INFO] [stdout] test if_expr ... ok
[INFO] [stdout] test if_expr_in_class ... ok
[INFO] [stdout] test let_expr ... ok
[INFO] [stdout] test if_let ... ok
[INFO] [stdout] test let_lexical_scope ... ok
[INFO] [stdout] test let_type_ascription ... ok
[INFO] [stdout] test match_expr_with_guards ... ok
[INFO] [stdout] test match_expr_without_delims ... ok
[INFO] [stdout] test match_expr ... ok
[INFO] [stdout] test match_in_attribute ... ok
[INFO] [stdout] test match_no_trailing_comma ... ok
[INFO] [stdout] test while_expr ... ok
[INFO] [stdout] test while_let_expr ... ok
[INFO] [stdout] 
[INFO] [stdout] test result: ok. 14 passed; 0 failed; 0 ignored; 0 measured; 0 filtered out; finished in 0.00s
[INFO] [stdout] 
[INFO] [stderr]      Running tests/errors.rs (/opt/rustwide/target/debug/deps/errors-ceef347865a35e61)
[INFO] [stdout] 
[INFO] [stdout] running 1 test
[INFO] [stderr]    Compiling proc-macro2 v1.0.92
[INFO] [stderr]    Compiling unicode-ident v1.0.14
[INFO] [stderr]    Compiling libc v0.2.166
[INFO] [stderr]    Compiling version_check v0.9.5
[INFO] [stderr]    Compiling autocfg v1.4.0
[INFO] [stderr]    Compiling parking_lot_core v0.9.10
[INFO] [stderr]     Checking smallvec v1.13.2
[INFO] [stderr]    Compiling equivalent v1.0.1
[INFO] [stderr]     Checking cfg-if v1.0.0
[INFO] [stderr]     Checking scopeguard v1.2.0
[INFO] [stderr]    Compiling allocator-api2 v0.2.20
[INFO] [stderr]    Compiling foldhash v0.1.3
[INFO] [stderr]     Checking itoa v1.0.14
[INFO] [stderr]     Checking pin-project-lite v0.2.15
[INFO] [stderr]     Checking bytes v1.9.0
[INFO] [stderr]     Checking hashbrown v0.15.2
[INFO] [stderr]    Compiling proc-macro-error-attr v1.0.4
[INFO] [stderr]    Compiling proc-macro-error v1.0.4
[INFO] [stderr]    Compiling lock_api v0.4.12
[INFO] [stderr]    Compiling quote v1.0.37
[INFO] [stderr]    Compiling syn v2.0.89
[INFO] [stderr]     Checking mio v1.0.2
[INFO] [stderr]     Checking signal-hook-registry v1.4.2
[INFO] [stderr]     Checking socket2 v0.5.8
[INFO] [stderr]     Checking parking_lot v0.12.3
[INFO] [stderr]    Compiling tokio-macros v2.4.0
[INFO] [stderr]    Compiling wini_maud_macros v0.26.3
[INFO] [stderr]     Checking tokio v1.41.1
[INFO] [stderr]     Checking wini-maud v0.26.4 (/opt/rustwide/workdir)
[INFO] [stderr]     Checking wini-maud-tests v0.0.0 (/opt/rustwide/target/tests/trybuild/wini-maud)
[INFO] [stderr]     Finished `dev` profile [unoptimized + debuginfo] target(s) in 12.49s
[INFO] [stderr] 
[INFO] [stderr] 
[INFO] [stderr] test tests/warnings/attribute-missing-value.rs ... ok
[INFO] [stderr] test tests/warnings/class-shorthand-missing-value.rs ... ok
[INFO] [stderr] test tests/warnings/keyword-without-at.rs ... mismatch
[INFO] [stderr] 
[INFO] [stderr] EXPECTED:
[INFO] [stderr] ┈┈┈┈┈┈┈┈┈┈┈┈┈┈┈┈┈┈┈┈┈┈┈┈┈┈┈┈┈┈┈┈┈┈┈┈┈┈┈┈┈┈┈┈┈┈┈┈┈┈┈┈┈┈┈┈┈┈┈┈
[INFO] [stderr] error: found keyword `if`
[INFO] [stderr]  --> $DIR/keyword-without-at.rs:5:9
[INFO] [stderr]   |
[INFO] [stderr] 5 |         if {}
[INFO] [stderr]   |         ^^
[INFO] [stderr]   |
[INFO] [stderr]   = help: should this be a `@if`?
[INFO] [stderr] ┈┈┈┈┈┈┈┈┈┈┈┈┈┈┈┈┈┈┈┈┈┈┈┈┈┈┈┈┈┈┈┈┈┈┈┈┈┈┈┈┈┈┈┈┈┈┈┈┈┈┈┈┈┈┈┈┈┈┈┈
[INFO] [stderr] 
[INFO] [stderr] ACTUAL OUTPUT:
[INFO] [stderr] ┈┈┈┈┈┈┈┈┈┈┈┈┈┈┈┈┈┈┈┈┈┈┈┈┈┈┈┈┈┈┈┈┈┈┈┈┈┈┈┈┈┈┈┈┈┈┈┈┈┈┈┈┈┈┈┈┈┈┈┈
[INFO] [stderr] error: found keyword `if`
[INFO] [stderr] 
[INFO] [stderr]          = help: should this be a `@if`?
[INFO] [stderr] 
[INFO] [stderr]  --> tests/warnings/keyword-without-at.rs:5:9
[INFO] [stderr]   |
[INFO] [stderr] 5 |         if {}
[INFO] [stderr]   |         ^^
[INFO] [stderr] ┈┈┈┈┈┈┈┈┈┈┈┈┈┈┈┈┈┈┈┈┈┈┈┈┈┈┈┈┈┈┈┈┈┈┈┈┈┈┈┈┈┈┈┈┈┈┈┈┈┈┈┈┈┈┈┈┈┈┈┈
[INFO] [stderr] note: If the actual output is the correct output you can bless it by rerunning
[INFO] [stderr]       your test with the environment variable TRYBUILD=overwrite
[INFO] [stderr] 
[INFO] [stderr] test tests/warnings/non-closed-element.rs ... ok
[INFO] [stderr] test tests/warnings/non-string-literal.rs ... mismatch
[INFO] [stderr] 
[INFO] [stderr] EXPECTED:
[INFO] [stderr] ┈┈┈┈┈┈┈┈┈┈┈┈┈┈┈┈┈┈┈┈┈┈┈┈┈┈┈┈┈┈┈┈┈┈┈┈┈┈┈┈┈┈┈┈┈┈┈┈┈┈┈┈┈┈┈┈┈┈┈┈
[INFO] [stderr] error: literal must be double-quoted: `"42"`
[INFO] [stderr]  --> tests/warnings/non-string-literal.rs:5:9
[INFO] [stderr]   |
[INFO] [stderr] 5 |         42
[INFO] [stderr]   |         ^^
[INFO] [stderr] 
[INFO] [stderr] error: literal must be double-quoted: `"42usize"`
[INFO] [stderr]  --> tests/warnings/non-string-literal.rs:6:9
[INFO] [stderr]   |
[INFO] [stderr] 6 |         42usize
[INFO] [stderr]   |         ^^^^^^^
[INFO] [stderr] 
[INFO] [stderr] error: literal must be double-quoted: `"42.0"`
[INFO] [stderr]  --> tests/warnings/non-string-literal.rs:7:9
[INFO] [stderr]   |
[INFO] [stderr] 7 |         42.0
[INFO] [stderr]   |         ^^^^
[INFO] [stderr] 
[INFO] [stderr] error: literal must be double-quoted: `"a"`
[INFO] [stderr]  --> tests/warnings/non-string-literal.rs:8:9
[INFO] [stderr]   |
[INFO] [stderr] 8 |         'a'
[INFO] [stderr]   |         ^^^
[INFO] [stderr] 
[INFO] [stderr] error: expected string
[INFO] [stderr]  --> tests/warnings/non-string-literal.rs:9:9
[INFO] [stderr]   |
[INFO] [stderr] 9 |         b"a"
[INFO] [stderr]   |         ^^^^
[INFO] [stderr] 
[INFO] [stderr] error: expected string
[INFO] [stderr]   --> tests/warnings/non-string-literal.rs:10:9
[INFO] [stderr]    |
[INFO] [stderr] 10 |         b'a'
[INFO] [stderr]    |         ^^^^
[INFO] [stderr] 
[INFO] [stderr] error: attribute value must be a string
[INFO] [stderr]   --> tests/warnings/non-string-literal.rs:13:24
[INFO] [stderr]    |
[INFO] [stderr] 13 |         input disabled=true;
[INFO] [stderr]    |                        ^^^^
[INFO] [stderr]    |
[INFO] [stderr]    = help: to declare an empty attribute, omit the equals sign: `disabled`
[INFO] [stderr]    = help: to toggle the attribute, use square brackets: `disabled[some_boolean_flag]`
[INFO] [stderr] 
[INFO] [stderr] error: attribute value must be a string
[INFO] [stderr]   --> tests/warnings/non-string-literal.rs:14:24
[INFO] [stderr]    |
[INFO] [stderr] 14 |         input disabled=false;
[INFO] [stderr]    |                        ^^^^^
[INFO] [stderr]    |
[INFO] [stderr]    = help: to declare an empty attribute, omit the equals sign: `disabled`
[INFO] [stderr]    = help: to toggle the attribute, use square brackets: `disabled[some_boolean_flag]`
[INFO] [stderr] ┈┈┈┈┈┈┈┈┈┈┈┈┈┈┈┈┈┈┈┈┈┈┈┈┈┈┈┈┈┈┈┈┈┈┈┈┈┈┈┈┈┈┈┈┈┈┈┈┈┈┈┈┈┈┈┈┈┈┈┈
[INFO] [stderr] 
[INFO] [stderr] ACTUAL OUTPUT:
[INFO] [stderr] ┈┈┈┈┈┈┈┈┈┈┈┈┈┈┈┈┈┈┈┈┈┈┈┈┈┈┈┈┈┈┈┈┈┈┈┈┈┈┈┈┈┈┈┈┈┈┈┈┈┈┈┈┈┈┈┈┈┈┈┈
[INFO] [stderr] error: literal must be double-quoted: `"42"`
[INFO] [stderr]  --> tests/warnings/non-string-literal.rs:5:9
[INFO] [stderr]   |
[INFO] [stderr] 5 |         42
[INFO] [stderr]   |         ^^
[INFO] [stderr] 
[INFO] [stderr] error: literal must be double-quoted: `"42usize"`
[INFO] [stderr]  --> tests/warnings/non-string-literal.rs:6:9
[INFO] [stderr]   |
[INFO] [stderr] 6 |         42usize
[INFO] [stderr]   |         ^^^^^^^
[INFO] [stderr] 
[INFO] [stderr] error: literal must be double-quoted: `"42.0"`
[INFO] [stderr]  --> tests/warnings/non-string-literal.rs:7:9
[INFO] [stderr]   |
[INFO] [stderr] 7 |         42.0
[INFO] [stderr]   |         ^^^^
[INFO] [stderr] 
[INFO] [stderr] error: literal must be double-quoted: `"a"`
[INFO] [stderr]  --> tests/warnings/non-string-literal.rs:8:9
[INFO] [stderr]   |
[INFO] [stderr] 8 |         'a'
[INFO] [stderr]   |         ^^^
[INFO] [stderr] 
[INFO] [stderr] error: expected string
[INFO] [stderr]  --> tests/warnings/non-string-literal.rs:9:9
[INFO] [stderr]   |
[INFO] [stderr] 9 |         b"a"
[INFO] [stderr]   |         ^^^^
[INFO] [stderr] 
[INFO] [stderr] error: expected string
[INFO] [stderr]   --> tests/warnings/non-string-literal.rs:10:9
[INFO] [stderr]    |
[INFO] [stderr] 10 |         b'a'
[INFO] [stderr]    |         ^^^^
[INFO] [stderr] 
[INFO] [stderr] error: attribute value must be a string
[INFO] [stderr] 
[INFO] [stderr]          = help: to declare an empty attribute, omit the equals sign: `disabled`
[INFO] [stderr]          = help: to toggle the attribute, use square brackets: `disabled[some_boolean_flag]`
[INFO] [stderr] 
[INFO] [stderr]   --> tests/warnings/non-string-literal.rs:13:24
[INFO] [stderr]    |
[INFO] [stderr] 13 |         input disabled=true;
[INFO] [stderr]    |                        ^^^^
[INFO] [stderr] 
[INFO] [stderr] error: attribute value must be a string
[INFO] [stderr] 
[INFO] [stderr]          = help: to declare an empty attribute, omit the equals sign: `disabled`
[INFO] [stderr]          = help: to toggle the attribute, use square brackets: `disabled[some_boolean_flag]`
[INFO] [stderr] 
[INFO] [stderr]   --> tests/warnings/non-string-literal.rs:14:24
[INFO] [stderr]    |
[INFO] [stderr] 14 |         input disabled=false;
[INFO] [stderr]    |                        ^^^^^
[INFO] [stderr] ┈┈┈┈┈┈┈┈┈┈┈┈┈┈┈┈┈┈┈┈┈┈┈┈┈┈┈┈┈┈┈┈┈┈┈┈┈┈┈┈┈┈┈┈┈┈┈┈┈┈┈┈┈┈┈┈┈┈┈┈
[INFO] [stderr] note: If the actual output is the correct output you can bless it by rerunning
[INFO] [stderr]       your test with the environment variable TRYBUILD=overwrite
[INFO] [stderr] 
[INFO] [stderr] test tests/warnings/void-element-slash.rs ... mismatch
[INFO] [stderr] 
[INFO] [stderr] EXPECTED:
[INFO] [stderr] ┈┈┈┈┈┈┈┈┈┈┈┈┈┈┈┈┈┈┈┈┈┈┈┈┈┈┈┈┈┈┈┈┈┈┈┈┈┈┈┈┈┈┈┈┈┈┈┈┈┈┈┈┈┈┈┈┈┈┈┈
[INFO] [stderr] error: void elements must use `;`, not `/`
[INFO] [stderr]  --> $DIR/void-element-slash.rs:5:12
[INFO] [stderr]   |
[INFO] [stderr] 5 |         br /
[INFO] [stderr]   |            ^
[INFO] [stderr]   |
[INFO] [stderr]   = help: change this to `;`
[INFO] [stderr]   = help: see https://github.com/lambda-fairy/maud/pull/315 for details
[INFO] [stderr] 
[INFO] [stderr] error: void elements must use `;`, not `/`
[INFO] [stderr]  --> $DIR/void-element-slash.rs:7:27
[INFO] [stderr]   |
[INFO] [stderr] 7 |         input type="text" /
[INFO] [stderr]   |                           ^
[INFO] [stderr]   |
[INFO] [stderr]   = help: change this to `;`
[INFO] [stderr]   = help: see https://github.com/lambda-fairy/maud/pull/315 for details
[INFO] [stderr] ┈┈┈┈┈┈┈┈┈┈┈┈┈┈┈┈┈┈┈┈┈┈┈┈┈┈┈┈┈┈┈┈┈┈┈┈┈┈┈┈┈┈┈┈┈┈┈┈┈┈┈┈┈┈┈┈┈┈┈┈
[INFO] [stderr] 
[INFO] [stderr] ACTUAL OUTPUT:
[INFO] [stderr] ┈┈┈┈┈┈┈┈┈┈┈┈┈┈┈┈┈┈┈┈┈┈┈┈┈┈┈┈┈┈┈┈┈┈┈┈┈┈┈┈┈┈┈┈┈┈┈┈┈┈┈┈┈┈┈┈┈┈┈┈
[INFO] [stderr] error: void elements must use `;`, not `/`
[INFO] [stderr] 
[INFO] [stderr]          = help: change this to `;`
[INFO] [stderr]          = help: see https://github.com/lambda-fairy/maud/pull/315 for details
[INFO] [stderr] 
[INFO] [stderr]  --> tests/warnings/void-element-slash.rs:5:12
[INFO] [stderr]   |
[INFO] [stderr] 5 |         br /
[INFO] [stderr]   |            ^
[INFO] [stderr] 
[INFO] [stderr] error: void elements must use `;`, not `/`
[INFO] [stderr] 
[INFO] [stderr]          = help: change this to `;`
[INFO] [stderr]          = help: see https://github.com/lambda-fairy/maud/pull/315 for details
[INFO] [stderr] 
[INFO] [stderr]  --> tests/warnings/void-element-slash.rs:7:27
[INFO] [stderr]   |
[INFO] [stderr] 7 |         input type="text" /
[INFO] [stderr]   |                           ^
[INFO] [stderr] ┈┈┈┈┈┈┈┈┈┈┈┈┈┈┈┈┈┈┈┈┈┈┈┈┈┈┈┈┈┈┈┈┈┈┈┈┈┈┈┈┈┈┈┈┈┈┈┈┈┈┈┈┈┈┈┈┈┈┈┈
[INFO] [stderr] note: If the actual output is the correct output you can bless it by rerunning
[INFO] [stderr]       your test with the environment variable TRYBUILD=overwrite
[INFO] [stderr] 
[INFO] [stderr] 
[INFO] [stderr] 
[INFO] [stdout] test run_warnings ... FAILED
[INFO] [stdout] 
[INFO] [stdout] failures:
[INFO] [stdout] 
[INFO] [stdout] ---- run_warnings stdout ----
[INFO] [stdout] thread 'run_warnings' panicked at /opt/rustwide/cargo-home/registry/src/index.crates.io-6f17d22bba15001f/trybuild-1.0.101/src/run.rs:101:13:
[INFO] [stdout] 3 of 6 tests failed
[INFO] [stdout] stack backtrace:
[INFO] [stdout]    0:     0x6072192b875a - std::backtrace_rs::backtrace::libunwind::trace::h8810477743020387
[INFO] [stdout]                                at /rustc/202008a1b8de96d2e5b6bc02d379db03a877d34d/library/std/src/../../backtrace/src/backtrace/libunwind.rs:116:5
[INFO] [stdout]    1:     0x6072192b875a - std::backtrace_rs::backtrace::trace_unsynchronized::h3aa55355dd6c54a6
[INFO] [stdout]                                at /rustc/202008a1b8de96d2e5b6bc02d379db03a877d34d/library/std/src/../../backtrace/src/backtrace/mod.rs:66:5
[INFO] [stdout]    2:     0x6072192b875a - std::sys::backtrace::_print_fmt::h8588b0f62410823f
[INFO] [stdout]                                at /rustc/202008a1b8de96d2e5b6bc02d379db03a877d34d/library/std/src/sys/backtrace.rs:66:9
[INFO] [stdout]    3:     0x6072192b875a - <std::sys::backtrace::BacktraceLock::print::DisplayBacktrace as core::fmt::Display>::fmt::h98c26ac25ffe89bb
[INFO] [stdout]                                at /rustc/202008a1b8de96d2e5b6bc02d379db03a877d34d/library/std/src/sys/backtrace.rs:39:26
[INFO] [stdout]    4:     0x6072192e1ab3 - core::fmt::rt::Argument::fmt::hf95377f4aebd453b
[INFO] [stdout]                                at /rustc/202008a1b8de96d2e5b6bc02d379db03a877d34d/library/core/src/fmt/rt.rs:177:76
[INFO] [stdout]    5:     0x6072192e1ab3 - core::fmt::write::h0dd5f6e2238c7982
[INFO] [stdout]                                at /rustc/202008a1b8de96d2e5b6bc02d379db03a877d34d/library/core/src/fmt/mod.rs:1189:21
[INFO] [stdout]    6:     0x6072192b4e03 - std::io::Write::write_fmt::h03bb0ca26e6faf8c
[INFO] [stdout]                                at /rustc/202008a1b8de96d2e5b6bc02d379db03a877d34d/library/std/src/io/mod.rs:1884:15
[INFO] [stdout]    7:     0x6072192b85a2 - std::sys::backtrace::BacktraceLock::print::h5c19c1c038ee186d
[INFO] [stdout]                                at /rustc/202008a1b8de96d2e5b6bc02d379db03a877d34d/library/std/src/sys/backtrace.rs:42:9
[INFO] [stdout]    8:     0x6072192ba1dd - std::panicking::default_hook::{{closure}}::h77172f079a1fcb13
[INFO] [stdout]                                at /rustc/202008a1b8de96d2e5b6bc02d379db03a877d34d/library/std/src/panicking.rs:268:22
[INFO] [stdout]    9:     0x6072192b9fe7 - std::panicking::default_hook::he5f8e3b203ccddba
[INFO] [stdout]                                at /rustc/202008a1b8de96d2e5b6bc02d379db03a877d34d/library/std/src/panicking.rs:292:9
[INFO] [stdout]   10:     0x607218fb4d97 - <alloc::boxed::Box<F,A> as core::ops::function::Fn<Args>>::call::h7a3c7b4a1ae77f2f
[INFO] [stdout]                                at /rustc/202008a1b8de96d2e5b6bc02d379db03a877d34d/library/alloc/src/boxed.rs:1986:9
[INFO] [stdout]   11:     0x607218fb4d97 - test::test_main::{{closure}}::hf0d3b69ae9b353d1
[INFO] [stdout]                                at /rustc/202008a1b8de96d2e5b6bc02d379db03a877d34d/library/test/src/lib.rs:134:21
[INFO] [stdout]   12:     0x6072192ba888 - <alloc::boxed::Box<F,A> as core::ops::function::Fn<Args>>::call::h6332e82e7b189abd
[INFO] [stdout]                                at /rustc/202008a1b8de96d2e5b6bc02d379db03a877d34d/library/alloc/src/boxed.rs:1986:9
[INFO] [stdout]   13:     0x6072192ba888 - std::panicking::rust_panic_with_hook::h53863d4e9018df39
[INFO] [stdout]                                at /rustc/202008a1b8de96d2e5b6bc02d379db03a877d34d/library/std/src/panicking.rs:809:13
[INFO] [stdout]   14:     0x6072192ba64a - std::panicking::begin_panic_handler::{{closure}}::h67280e6fa0757873
[INFO] [stdout]                                at /rustc/202008a1b8de96d2e5b6bc02d379db03a877d34d/library/std/src/panicking.rs:674:13
[INFO] [stdout]   15:     0x6072192b8c39 - std::sys::backtrace::__rust_end_short_backtrace::h1dac3f54d6fbbeb2
[INFO] [stdout]                                at /rustc/202008a1b8de96d2e5b6bc02d379db03a877d34d/library/std/src/sys/backtrace.rs:170:18
[INFO] [stdout]   16:     0x6072192ba2dc - rust_begin_unwind
[INFO] [stdout]                                at /rustc/202008a1b8de96d2e5b6bc02d379db03a877d34d/library/std/src/panicking.rs:665:5
[INFO] [stdout]   17:     0x607218f7a260 - core::panicking::panic_fmt::h6792bd1b2bf01041
[INFO] [stdout]                                at /rustc/202008a1b8de96d2e5b6bc02d379db03a877d34d/library/core/src/panicking.rs:76:14
[INFO] [stdout]   18:     0x607218fcf88f - trybuild::run::<impl trybuild::Runner>::run::h1c65af980798403e
[INFO] [stdout]                                at /opt/rustwide/cargo-home/registry/src/index.crates.io-6f17d22bba15001f/trybuild-1.0.101/src/run.rs:101:13
[INFO] [stdout]   19:     0x607218fd4da8 - <trybuild::TestCases as core::ops::drop::Drop>::drop::h0b433baebefcd360
[INFO] [stdout]                                at /opt/rustwide/cargo-home/registry/src/index.crates.io-6f17d22bba15001f/trybuild-1.0.101/src/lib.rs:340:13
[INFO] [stdout]   20:     0x607218f7ad87 - core::ptr::drop_in_place<trybuild::TestCases>::h0ca020fded689538
[INFO] [stdout]                                at /rustc/202008a1b8de96d2e5b6bc02d379db03a877d34d/library/core/src/ptr/mod.rs:521:1
[INFO] [stdout]   21:     0x607218f7b4d3 - errors::run_warnings::hd9c951dd3cb77c24
[INFO] [stdout]                                at /opt/rustwide/workdir/tests/errors.rs:7:1
[INFO] [stdout]   22:     0x607218f7b467 - errors::run_warnings::{{closure}}::he7b77d796e14c429
[INFO] [stdout]                                at /opt/rustwide/workdir/tests/errors.rs:4:18
[INFO] [stdout]   23:     0x607218f7ace6 - core::ops::function::FnOnce::call_once::h3c7c5e840f79574b
[INFO] [stdout]                                at /rustc/202008a1b8de96d2e5b6bc02d379db03a877d34d/library/core/src/ops/function.rs:250:5
[INFO] [stdout]   24:     0x607218fb98bb - core::ops::function::FnOnce::call_once::h871bf86719ec9aa4
[INFO] [stdout]                                at /rustc/202008a1b8de96d2e5b6bc02d379db03a877d34d/library/core/src/ops/function.rs:250:5
[INFO] [stdout]   25:     0x607218fb98bb - test::__rust_begin_short_backtrace::h2167df1e2b7d76fd
[INFO] [stdout]                                at /rustc/202008a1b8de96d2e5b6bc02d379db03a877d34d/library/test/src/lib.rs:632:18
[INFO] [stdout]   26:     0x607218fb92a8 - test::run_test_in_process::{{closure}}::h15d92f75a3adfb79
[INFO] [stdout]                                at /rustc/202008a1b8de96d2e5b6bc02d379db03a877d34d/library/test/src/lib.rs:655:60
[INFO] [stdout]   27:     0x607218fb92a8 - <core::panic::unwind_safe::AssertUnwindSafe<F> as core::ops::function::FnOnce<()>>::call_once::hb6c8955835a8dbbb
[INFO] [stdout]                                at /rustc/202008a1b8de96d2e5b6bc02d379db03a877d34d/library/core/src/panic/unwind_safe.rs:272:9
[INFO] [stdout]   28:     0x607218fb92a8 - std::panicking::try::do_call::hc79d0fc888a0bd30
[INFO] [stdout]                                at /rustc/202008a1b8de96d2e5b6bc02d379db03a877d34d/library/std/src/panicking.rs:557:40
[INFO] [stdout]   29:     0x607218fb92a8 - std::panicking::try::hb8a7878e3a8589d6
[INFO] [stdout]                                at /rustc/202008a1b8de96d2e5b6bc02d379db03a877d34d/library/std/src/panicking.rs:520:19
[INFO] [stdout]   30:     0x607218fb92a8 - std::panic::catch_unwind::hb8e4600ff0ff5cfa
[INFO] [stdout]                                at /rustc/202008a1b8de96d2e5b6bc02d379db03a877d34d/library/std/src/panic.rs:358:14
[INFO] [stdout]   31:     0x607218fb92a8 - test::run_test_in_process::hc2900b0b18688dd6
[INFO] [stdout]                                at /rustc/202008a1b8de96d2e5b6bc02d379db03a877d34d/library/test/src/lib.rs:655:27
[INFO] [stdout]   32:     0x607218fb92a8 - test::run_test::{{closure}}::hac2a9cb07be3d48d
[INFO] [stdout]                                at /rustc/202008a1b8de96d2e5b6bc02d379db03a877d34d/library/test/src/lib.rs:576:43
[INFO] [stdout]   33:     0x607218f7cd4a - test::run_test::{{closure}}::h4a5b729e66a38cd8
[INFO] [stdout]                                at /rustc/202008a1b8de96d2e5b6bc02d379db03a877d34d/library/test/src/lib.rs:606:41
[INFO] [stdout]   34:     0x607218f7cd4a - std::sys::backtrace::__rust_begin_short_backtrace::h0496fb742492f573
[INFO] [stdout]                                at /rustc/202008a1b8de96d2e5b6bc02d379db03a877d34d/library/std/src/sys/backtrace.rs:154:18
[INFO] [stdout]   35:     0x607218f806c4 - std::thread::Builder::spawn_unchecked_::{{closure}}::{{closure}}::hbb6d257c550a54bd
[INFO] [stdout]                                at /rustc/202008a1b8de96d2e5b6bc02d379db03a877d34d/library/std/src/thread/mod.rs:561:17
[INFO] [stdout]   36:     0x607218f806c4 - <core::panic::unwind_safe::AssertUnwindSafe<F> as core::ops::function::FnOnce<()>>::call_once::h46696fe4a6832328
[INFO] [stdout]                                at /rustc/202008a1b8de96d2e5b6bc02d379db03a877d34d/library/core/src/panic/unwind_safe.rs:272:9
[INFO] [stdout]   37:     0x607218f806c4 - std::panicking::try::do_call::h2625a51b667bfb64
[INFO] [stdout]                                at /rustc/202008a1b8de96d2e5b6bc02d379db03a877d34d/library/std/src/panicking.rs:557:40
[INFO] [stdout]   38:     0x607218f806c4 - std::panicking::try::hb956a59a1973aa4c
[INFO] [stdout]                                at /rustc/202008a1b8de96d2e5b6bc02d379db03a877d34d/library/std/src/panicking.rs:520:19
[INFO] [stdout]   39:     0x607218f806c4 - std::panic::catch_unwind::h64f3b9d1067ef6a0
[INFO] [stdout]                                at /rustc/202008a1b8de96d2e5b6bc02d379db03a877d34d/library/std/src/panic.rs:358:14
[INFO] [stdout]   40:     0x607218f806c4 - std::thread::Builder::spawn_unchecked_::{{closure}}::h42b2841295b6c0b2
[INFO] [stdout]                                at /rustc/202008a1b8de96d2e5b6bc02d379db03a877d34d/library/std/src/thread/mod.rs:559:30
[INFO] [stdout]   41:     0x607218f806c4 - core::ops::function::FnOnce::call_once{{vtable.shim}}::h6127de71b8124639
[INFO] [stdout]                                at /rustc/202008a1b8de96d2e5b6bc02d379db03a877d34d/library/core/src/ops/function.rs:250:5
[INFO] [stdout]   42:     0x6072192bf79b - <alloc::boxed::Box<F,A> as core::ops::function::FnOnce<Args>>::call_once::h42f0ba71002a1b2c
[INFO] [stdout]                                at /rustc/202008a1b8de96d2e5b6bc02d379db03a877d34d/library/alloc/src/boxed.rs:1972:9
[INFO] [stdout]   43:     0x6072192bf79b - <alloc::boxed::Box<F,A> as core::ops::function::FnOnce<Args>>::call_once::had9e47d7a3dcecb8
[INFO] [stdout]                                at /rustc/202008a1b8de96d2e5b6bc02d379db03a877d34d/library/alloc/src/boxed.rs:1972:9
[INFO] [stdout]   44:     0x6072192bf79b - std::sys::pal::unix::thread::Thread::new::thread_start::h48cf765408f6f5f2
[INFO] [stdout]                                at /rustc/202008a1b8de96d2e5b6bc02d379db03a877d34d/library/std/src/sys/pal/unix/thread.rs:105:17
[INFO] [stdout]   45:     0x7f9b31ac1ac3 - <unknown>
[INFO] [stdout]   46:     0x7f9b31b52a04 - clone
[INFO] [stdout]   47:                0x0 - <unknown>
[INFO] [stdout] 
[INFO] [stdout] 
[INFO] [stdout] failures:
[INFO] [stdout]     run_warnings
[INFO] [stdout] 
[INFO] [stdout] test result: FAILED. 0 passed; 1 failed; 0 ignored; 0 measured; 0 filtered out; finished in 13.21s
[INFO] [stdout] 
[INFO] [stderr] error: test failed, to rerun pass `--test errors`
[INFO] running `Command { std: "docker" "inspect" "1785a4ed3f27c06a808889ac7855209fe9c1ff7d19b9c30cb0e63641ea954012", kill_on_drop: false }`
[INFO] running `Command { std: "docker" "rm" "-f" "1785a4ed3f27c06a808889ac7855209fe9c1ff7d19b9c30cb0e63641ea954012", kill_on_drop: false }`
[INFO] [stdout] 1785a4ed3f27c06a808889ac7855209fe9c1ff7d19b9c30cb0e63641ea954012
