[INFO] fetching crate wings 0.1.5...
[INFO] testing wings-0.1.5 against 1.83.0 for beta-1.84.0-4-retry
[INFO] extracting crate wings 0.1.5 into /workspace/builds/worker-5-tc1/source
[INFO] validating manifest of crates.io crate wings 0.1.5 on toolchain 1.83.0
[INFO] running `Command { std: CARGO_HOME="/workspace/cargo-home" RUSTUP_HOME="/workspace/rustup-home" "/workspace/cargo-home/bin/cargo" "+1.83.0" "metadata" "--manifest-path" "Cargo.toml" "--no-deps", kill_on_drop: false }`
[INFO] started tweaking crates.io crate wings 0.1.5
[INFO] finished tweaking crates.io crate wings 0.1.5
[INFO] tweaked toml for crates.io crate wings 0.1.5 written to /workspace/builds/worker-5-tc1/source/Cargo.toml
[INFO] running `Command { std: CARGO_HOME="/workspace/cargo-home" RUSTUP_HOME="/workspace/rustup-home" "/workspace/cargo-home/bin/cargo" "+1.83.0" "generate-lockfile" "--manifest-path" "Cargo.toml", kill_on_drop: false }`
[INFO] [stderr]     Updating crates.io index
[INFO] [stderr]     Blocking waiting for file lock on package cache
[INFO] [stderr]      Locking 12 packages to latest compatible versions
[INFO] running `Command { std: CARGO_HOME="/workspace/cargo-home" RUSTUP_HOME="/workspace/rustup-home" "/workspace/cargo-home/bin/cargo" "+1.83.0" "fetch" "--manifest-path" "Cargo.toml", kill_on_drop: false }`
[INFO] [stderr]     Blocking waiting for file lock on package cache
[INFO] [stderr]  Downloading crates ...
[INFO] [stderr]   Downloaded const_list v0.1.0
[INFO] [stderr]   Downloaded wings_macro v0.1.5
[INFO] [stderr]   Downloaded wings_marshal v0.1.5
[INFO] running `Command { std: "docker" "create" "-v" "/var/lib/crater-agent-workspace/builds/worker-5-tc1/target:/opt/rustwide/target:rw,Z" "-v" "/var/lib/crater-agent-workspace/builds/worker-5-tc1/source:/opt/rustwide/workdir:ro,Z" "-v" "/var/lib/crater-agent-workspace/cargo-home:/opt/rustwide/cargo-home:ro,Z" "-v" "/var/lib/crater-agent-workspace/rustup-home:/opt/rustwide/rustup-home:ro,Z" "-e" "SOURCE_DIR=/opt/rustwide/workdir" "-e" "CARGO_TARGET_DIR=/opt/rustwide/target" "-e" "CARGO_HOME=/opt/rustwide/cargo-home" "-e" "RUSTUP_HOME=/opt/rustwide/rustup-home" "-w" "/opt/rustwide/workdir" "-m" "1610612736" "--user" "0:0" "--network" "none" "ghcr.io/rust-lang/crates-build-env/linux@sha256:f3a9d4ad9d972b27faf3965f35b62e55ba32bbce8f20bc8fe909558a86702fde" "/opt/rustwide/cargo-home/bin/cargo" "+1.83.0" "metadata" "--no-deps" "--format-version=1", kill_on_drop: false }`
[INFO] [stdout] 6f7520a496eb8f3c8cf65721ab355a3091f168fce0843e628e0a5d2809d6deb6
[INFO] running `Command { std: "docker" "start" "-a" "6f7520a496eb8f3c8cf65721ab355a3091f168fce0843e628e0a5d2809d6deb6", kill_on_drop: false }`
[INFO] running `Command { std: "docker" "inspect" "6f7520a496eb8f3c8cf65721ab355a3091f168fce0843e628e0a5d2809d6deb6", kill_on_drop: false }`
[INFO] running `Command { std: "docker" "rm" "-f" "6f7520a496eb8f3c8cf65721ab355a3091f168fce0843e628e0a5d2809d6deb6", kill_on_drop: false }`
[INFO] [stdout] 6f7520a496eb8f3c8cf65721ab355a3091f168fce0843e628e0a5d2809d6deb6
[INFO] running `Command { std: "docker" "create" "-v" "/var/lib/crater-agent-workspace/builds/worker-5-tc1/target:/opt/rustwide/target:rw,Z" "-v" "/var/lib/crater-agent-workspace/builds/worker-5-tc1/source:/opt/rustwide/workdir:ro,Z" "-v" "/var/lib/crater-agent-workspace/cargo-home:/opt/rustwide/cargo-home:ro,Z" "-v" "/var/lib/crater-agent-workspace/rustup-home:/opt/rustwide/rustup-home:ro,Z" "-e" "SOURCE_DIR=/opt/rustwide/workdir" "-e" "CARGO_TARGET_DIR=/opt/rustwide/target" "-e" "CARGO_INCREMENTAL=0" "-e" "RUST_BACKTRACE=full" "-e" "RUSTFLAGS=--cap-lints=warn" "-e" "RUSTDOCFLAGS=--cap-lints=warn" "-e" "CARGO_HOME=/opt/rustwide/cargo-home" "-e" "RUSTUP_HOME=/opt/rustwide/rustup-home" "-w" "/opt/rustwide/workdir" "-m" "1610612736" "--user" "0:0" "--network" "none" "ghcr.io/rust-lang/crates-build-env/linux@sha256:f3a9d4ad9d972b27faf3965f35b62e55ba32bbce8f20bc8fe909558a86702fde" "/opt/rustwide/cargo-home/bin/cargo" "+1.83.0" "build" "--frozen" "--message-format=json", kill_on_drop: false }`
[INFO] [stdout] 0a949288a29f3608496c678bcf2901bb36b7b7f98d0152e6d5eae74111895042
[INFO] running `Command { std: "docker" "start" "-a" "0a949288a29f3608496c678bcf2901bb36b7b7f98d0152e6d5eae74111895042", kill_on_drop: false }`
[INFO] [stderr]    Compiling proc-macro2 v1.0.92
[INFO] [stderr]    Compiling unicode-ident v1.0.14
[INFO] [stderr]    Compiling serde v1.0.216
[INFO] [stderr]    Compiling thiserror v1.0.69
[INFO] [stderr]    Compiling const_list v0.1.0
[INFO] [stderr]    Compiling quote v1.0.37
[INFO] [stderr]    Compiling syn v2.0.90
[INFO] [stderr]    Compiling serde_derive v1.0.216
[INFO] [stderr]    Compiling thiserror-impl v1.0.69
[INFO] [stderr]    Compiling wings_macro v0.1.5
[INFO] [stderr]    Compiling bincode v1.3.3
[INFO] [stderr]    Compiling wings_marshal v0.1.5
[INFO] [stderr]    Compiling wings v0.1.5 (/opt/rustwide/workdir)
[INFO] [stderr]     Finished `dev` profile [unoptimized + debuginfo] target(s) in 9.72s
[INFO] running `Command { std: "docker" "inspect" "0a949288a29f3608496c678bcf2901bb36b7b7f98d0152e6d5eae74111895042", kill_on_drop: false }`
[INFO] running `Command { std: "docker" "rm" "-f" "0a949288a29f3608496c678bcf2901bb36b7b7f98d0152e6d5eae74111895042", kill_on_drop: false }`
[INFO] [stdout] 0a949288a29f3608496c678bcf2901bb36b7b7f98d0152e6d5eae74111895042
[INFO] running `Command { std: "docker" "create" "-v" "/var/lib/crater-agent-workspace/builds/worker-5-tc1/target:/opt/rustwide/target:rw,Z" "-v" "/var/lib/crater-agent-workspace/builds/worker-5-tc1/source:/opt/rustwide/workdir:ro,Z" "-v" "/var/lib/crater-agent-workspace/cargo-home:/opt/rustwide/cargo-home:ro,Z" "-v" "/var/lib/crater-agent-workspace/rustup-home:/opt/rustwide/rustup-home:ro,Z" "-e" "SOURCE_DIR=/opt/rustwide/workdir" "-e" "CARGO_TARGET_DIR=/opt/rustwide/target" "-e" "CARGO_INCREMENTAL=0" "-e" "RUST_BACKTRACE=full" "-e" "RUSTFLAGS=--cap-lints=warn" "-e" "RUSTDOCFLAGS=--cap-lints=warn" "-e" "CARGO_HOME=/opt/rustwide/cargo-home" "-e" "RUSTUP_HOME=/opt/rustwide/rustup-home" "-w" "/opt/rustwide/workdir" "-m" "1610612736" "--user" "0:0" "--network" "none" "ghcr.io/rust-lang/crates-build-env/linux@sha256:f3a9d4ad9d972b27faf3965f35b62e55ba32bbce8f20bc8fe909558a86702fde" "/opt/rustwide/cargo-home/bin/cargo" "+1.83.0" "test" "--frozen" "--no-run" "--message-format=json", kill_on_drop: false }`
[INFO] [stdout] e98cc6e5f37506637aaeb2d9b995832df46d26011b2049fe2d20825901f0020d
[INFO] running `Command { std: "docker" "start" "-a" "e98cc6e5f37506637aaeb2d9b995832df46d26011b2049fe2d20825901f0020d", kill_on_drop: false }`
[INFO] [stderr]    Compiling wings v0.1.5 (/opt/rustwide/workdir)
[INFO] [stderr]     Finished `test` profile [unoptimized + debuginfo] target(s) in 0.28s
[INFO] running `Command { std: "docker" "inspect" "e98cc6e5f37506637aaeb2d9b995832df46d26011b2049fe2d20825901f0020d", kill_on_drop: false }`
[INFO] running `Command { std: "docker" "rm" "-f" "e98cc6e5f37506637aaeb2d9b995832df46d26011b2049fe2d20825901f0020d", kill_on_drop: false }`
[INFO] [stdout] e98cc6e5f37506637aaeb2d9b995832df46d26011b2049fe2d20825901f0020d
[INFO] running `Command { std: "docker" "create" "-v" "/var/lib/crater-agent-workspace/builds/worker-5-tc1/target:/opt/rustwide/target:rw,Z" "-v" "/var/lib/crater-agent-workspace/builds/worker-5-tc1/source:/opt/rustwide/workdir:ro,Z" "-v" "/var/lib/crater-agent-workspace/cargo-home:/opt/rustwide/cargo-home:ro,Z" "-v" "/var/lib/crater-agent-workspace/rustup-home:/opt/rustwide/rustup-home:ro,Z" "-e" "SOURCE_DIR=/opt/rustwide/workdir" "-e" "CARGO_TARGET_DIR=/opt/rustwide/target" "-e" "CARGO_INCREMENTAL=0" "-e" "RUST_BACKTRACE=full" "-e" "RUSTFLAGS=--cap-lints=warn" "-e" "RUSTDOCFLAGS=--cap-lints=warn" "-e" "CARGO_HOME=/opt/rustwide/cargo-home" "-e" "RUSTUP_HOME=/opt/rustwide/rustup-home" "-w" "/opt/rustwide/workdir" "-m" "1610612736" "--user" "0:0" "--network" "none" "ghcr.io/rust-lang/crates-build-env/linux@sha256:f3a9d4ad9d972b27faf3965f35b62e55ba32bbce8f20bc8fe909558a86702fde" "/opt/rustwide/cargo-home/bin/cargo" "+1.83.0" "test" "--frozen", kill_on_drop: false }`
[INFO] [stdout] 1b15029b9fded1011ebbb5c42f72478738ef101870d65009c963c14e393a8813
[INFO] running `Command { std: "docker" "start" "-a" "1b15029b9fded1011ebbb5c42f72478738ef101870d65009c963c14e393a8813", kill_on_drop: false }`
[INFO] [stderr]     Finished `test` profile [unoptimized + debuginfo] target(s) in 0.02s
[INFO] [stderr]      Running unittests src/lib.rs (/opt/rustwide/target/debug/deps/wings-f29054b2d7b82acc)
[INFO] [stdout] 
[INFO] [stdout] running 0 tests
[INFO] [stdout] 
[INFO] [stdout] test result: ok. 0 passed; 0 failed; 0 ignored; 0 measured; 0 filtered out; finished in 0.00s
[INFO] [stdout] 
[INFO] [stderr]    Doc-tests wings
[INFO] [stdout] 
[INFO] [stdout] running 3 tests
[INFO] [stdout] test src/lib.rs - (line 54) ... FAILED
[INFO] [stdout] test src/lib.rs - (line 21) ... FAILED
[INFO] [stdout] test src/lib.rs - (line 33) ... FAILED
[INFO] [stdout] 
[INFO] [stdout] failures:
[INFO] [stdout] 
[INFO] [stdout] ---- src/lib.rs - (line 54) stdout ----
[INFO] [stdout] error: non-item in item list
[INFO] [stdout]   --> src/lib.rs:65:5
[INFO] [stdout]    |
[INFO] [stdout] 6  | impl Host for TestHost {
[INFO] [stdout]    |                        - item list starts here
[INFO] [stdout] ...
[INFO] [stdout] 13 |     ...
[INFO] [stdout]    |     ^^^ non-item starts here
[INFO] [stdout] 14 | }
[INFO] [stdout]    | - item list ends here
[INFO] [stdout] 
[INFO] [stdout] error[E0405]: cannot find trait `Host` in this scope
[INFO] [stdout]  --> src/lib.rs:58:6
[INFO] [stdout]   |
[INFO] [stdout] 6 | impl Host for TestHost {
[INFO] [stdout]   |      ^^^^ not found in this scope
[INFO] [stdout] 
[INFO] [stdout] error[E0412]: cannot find type `Systems` in this scope
[INFO] [stdout]  --> src/lib.rs:61:20
[INFO] [stdout]   |
[INFO] [stdout] 9 |     const SYSTEMS: Systems<Self> = systems()
[INFO] [stdout]   |                    ^^^^^^^ not found in this scope
[INFO] [stdout] 
[INFO] [stdout] error[E0405]: cannot find trait `ExampleSystem` in this scope
[INFO] [stdout]   --> src/lib.rs:71:6
[INFO] [stdout]    |
[INFO] [stdout] 19 | impl ExampleSystem for ExampleSystemImpl {
[INFO] [stdout]    |      ^^^^^^^^^^^^^ not found in this scope
[INFO] [stdout] 
[INFO] [stdout] error[E0433]: failed to resolve: use of undeclared crate or module `example_host_system`
[INFO] [stdout]   --> src/lib.rs:63:25
[INFO] [stdout]    |
[INFO] [stdout] 11 |             .with::<dyn example_host_system::ExampleSystem>());
[INFO] [stdout]    |                         ^^^^^^^^^^^^^^^^^^^ use of undeclared crate or module `example_host_system`
[INFO] [stdout] 
[INFO] [stdout] error[E0425]: cannot find function `systems` in this scope
[INFO] [stdout]  --> src/lib.rs:61:36
[INFO] [stdout]   |
[INFO] [stdout] 9 |     const SYSTEMS: Systems<Self> = systems()
[INFO] [stdout]   |                                    ^^^^^^^ not found in this scope
[INFO] [stdout] 
[INFO] [stdout] error[E0425]: cannot find function `traits` in this scope
[INFO] [stdout]   --> src/lib.rs:62:36
[INFO] [stdout]    |
[INFO] [stdout] 10 |         .with::<ExampleSystemImpl>(traits()
[INFO] [stdout]    |                                    ^^^^^^ not found in this scope
[INFO] [stdout] 
[INFO] [stdout] error: aborting due to 7 previous errors
[INFO] [stdout] 
[INFO] [stdout] Some errors have detailed explanations: E0405, E0412, E0425, E0433.
[INFO] [stdout] For more information about an error, try `rustc --explain E0405`.
[INFO] [stdout] Couldn't compile the test.
[INFO] [stdout] ---- src/lib.rs - (line 21) stdout ----
[INFO] [stdout] error: cannot find attribute `system_trait` in this scope
[INFO] [stdout]  --> src/lib.rs:24:3
[INFO] [stdout]   |
[INFO] [stdout] 5 | #[system_trait(host)]
[INFO] [stdout]   |   ^^^^^^^^^^^^
[INFO] [stdout]   |
[INFO] [stdout] help: consider importing one of these attribute macros
[INFO] [stdout]   |
[INFO] [stdout] 4 + use wings::system_trait;
[INFO] [stdout]   |
[INFO] [stdout] 4 + use wings_macro::system_trait;
[INFO] [stdout]   |
[INFO] [stdout] 
[INFO] [stdout] error: aborting due to 1 previous error
[INFO] [stdout] 
[INFO] [stdout] Couldn't compile the test.
[INFO] [stdout] ---- src/lib.rs - (line 33) stdout ----
[INFO] [stdout] error: cannot find attribute `export_system` in this scope
[INFO] [stdout]  --> src/lib.rs:35:3
[INFO] [stdout]   |
[INFO] [stdout] 4 | #[export_system]
[INFO] [stdout]   |   ^^^^^^^^^^^^^
[INFO] [stdout]   |
[INFO] [stdout] help: consider importing one of these attribute macros
[INFO] [stdout]   |
[INFO] [stdout] 3 + use wings::export_system;
[INFO] [stdout]   |
[INFO] [stdout] 3 + use wings_macro::export_system;
[INFO] [stdout]   |
[INFO] [stdout] 
[INFO] [stdout] error[E0405]: cannot find trait `WingsSystem` in this scope
[INFO] [stdout]  --> src/lib.rs:38:6
[INFO] [stdout]   |
[INFO] [stdout] 7 | impl WingsSystem for PluginSystem {
[INFO] [stdout]   |      ^^^^^^^^^^^ not found in this scope
[INFO] [stdout]   |
[INFO] [stdout] help: consider importing this trait
[INFO] [stdout]   |
[INFO] [stdout] 3 + use wings::WingsSystem;
[INFO] [stdout]   |
[INFO] [stdout] 
[INFO] [stdout] error[E0412]: cannot find type `Dependencies` in this scope
[INFO] [stdout]  --> src/lib.rs:40:25
[INFO] [stdout]   |
[INFO] [stdout] 9 |     const DEPENDENCIES: Dependencies = dependencies()
[INFO] [stdout]   |                         ^^^^^^^^^^^^ not found in this scope
[INFO] [stdout]   |
[INFO] [stdout] help: consider importing this struct
[INFO] [stdout]   |
[INFO] [stdout] 3 + use wings::Dependencies;
[INFO] [stdout]   |
[INFO] [stdout] 
[INFO] [stdout] error[E0425]: cannot find function `dependencies` in this scope
[INFO] [stdout]  --> src/lib.rs:40:40
[INFO] [stdout]   |
[INFO] [stdout] 9 |     const DEPENDENCIES: Dependencies = dependencies()
[INFO] [stdout]   |                                        ^^^^^^^^^^^^ not found in this scope
[INFO] [stdout]   |
[INFO] [stdout] help: consider importing this function
[INFO] [stdout]   |
[INFO] [stdout] 3 + use wings::dependencies;
[INFO] [stdout]   |
[INFO] [stdout] 
[INFO] [stdout] error[E0405]: cannot find trait `ExampleSystem` in this scope
[INFO] [stdout]   --> src/lib.rs:41:21
[INFO] [stdout]    |
[INFO] [stdout] 10 |         .with::<dyn ExampleSystem>();
[INFO] [stdout]    |                     ^^^^^^^^^^^^^ not found in this scope
[INFO] [stdout] 
[INFO] [stdout] error[E0412]: cannot find type `WingsContextHandle` in this scope
[INFO] [stdout]   --> src/lib.rs:44:21
[INFO] [stdout]    |
[INFO] [stdout] 13 |     fn new(mut ctx: WingsContextHandle<Self>) -> Self {
[INFO] [stdout]    |                     ^^^^^^^^^^^^^^^^^^ not found in this scope
[INFO] [stdout]    |
[INFO] [stdout] help: consider importing this struct
[INFO] [stdout]    |
[INFO] [stdout] 3  + use wings::WingsContextHandle;
[INFO] [stdout]    |
[INFO] [stdout] 
[INFO] [stdout] error[E0405]: cannot find trait `ExampleSystem` in this scope
[INFO] [stdout]   --> src/lib.rs:46:23
[INFO] [stdout]    |
[INFO] [stdout] 15 |         ctx.get::<dyn ExampleSystem>().print(&format!("Hello from WASM!"));
[INFO] [stdout]    |                       ^^^^^^^^^^^^^ not found in this scope
[INFO] [stdout] 
[INFO] [stdout] error: aborting due to 7 previous errors
[INFO] [stdout] 
[INFO] [stdout] Some errors have detailed explanations: E0405, E0412, E0425.
[INFO] [stdout] For more information about an error, try `rustc --explain E0405`.
[INFO] [stdout] Couldn't compile the test.
[INFO] [stdout] 
[INFO] [stdout] failures:
[INFO] [stdout]     src/lib.rs - (line 21)
[INFO] [stdout]     src/lib.rs - (line 33)
[INFO] [stdout]     src/lib.rs - (line 54)
[INFO] [stdout] 
[INFO] [stdout] test result: FAILED. 0 passed; 3 failed; 0 ignored; 0 measured; 0 filtered out; finished in 0.16s
[INFO] [stdout] 
[INFO] [stderr] error: doctest failed, to rerun pass `--doc`
[INFO] running `Command { std: "docker" "inspect" "1b15029b9fded1011ebbb5c42f72478738ef101870d65009c963c14e393a8813", kill_on_drop: false }`
[INFO] running `Command { std: "docker" "rm" "-f" "1b15029b9fded1011ebbb5c42f72478738ef101870d65009c963c14e393a8813", kill_on_drop: false }`
[INFO] [stdout] 1b15029b9fded1011ebbb5c42f72478738ef101870d65009c963c14e393a8813
