[INFO] fetching crate windows-strings 0.2.0...
[INFO] testing windows-strings-0.2.0 against 1.83.0 for beta-1.84.0-4-retry
[INFO] extracting crate windows-strings 0.2.0 into /workspace/builds/worker-0-tc1/source
[INFO] validating manifest of crates.io crate windows-strings 0.2.0 on toolchain 1.83.0
[INFO] running `Command { std: CARGO_HOME="/workspace/cargo-home" RUSTUP_HOME="/workspace/rustup-home" "/workspace/cargo-home/bin/cargo" "+1.83.0" "metadata" "--manifest-path" "Cargo.toml" "--no-deps", kill_on_drop: false }`
[INFO] started tweaking crates.io crate windows-strings 0.2.0
[INFO] finished tweaking crates.io crate windows-strings 0.2.0
[INFO] tweaked toml for crates.io crate windows-strings 0.2.0 written to /workspace/builds/worker-0-tc1/source/Cargo.toml
[INFO] running `Command { std: CARGO_HOME="/workspace/cargo-home" RUSTUP_HOME="/workspace/rustup-home" "/workspace/cargo-home/bin/cargo" "+1.83.0" "generate-lockfile" "--manifest-path" "Cargo.toml", kill_on_drop: false }`
[INFO] [stderr]     Updating crates.io index
[INFO] [stderr]      Locking 9 packages to latest compatible versions
[INFO] running `Command { std: CARGO_HOME="/workspace/cargo-home" RUSTUP_HOME="/workspace/rustup-home" "/workspace/cargo-home/bin/cargo" "+1.83.0" "fetch" "--manifest-path" "Cargo.toml", kill_on_drop: false }`
[INFO] running `Command { std: "docker" "create" "-v" "/var/lib/crater-agent-workspace/builds/worker-0-tc1/target:/opt/rustwide/target:rw,Z" "-v" "/var/lib/crater-agent-workspace/builds/worker-0-tc1/source:/opt/rustwide/workdir:ro,Z" "-v" "/var/lib/crater-agent-workspace/cargo-home:/opt/rustwide/cargo-home:ro,Z" "-v" "/var/lib/crater-agent-workspace/rustup-home:/opt/rustwide/rustup-home:ro,Z" "-e" "SOURCE_DIR=/opt/rustwide/workdir" "-e" "CARGO_TARGET_DIR=/opt/rustwide/target" "-e" "CARGO_HOME=/opt/rustwide/cargo-home" "-e" "RUSTUP_HOME=/opt/rustwide/rustup-home" "-w" "/opt/rustwide/workdir" "-m" "1610612736" "--user" "0:0" "--network" "none" "ghcr.io/rust-lang/crates-build-env/linux@sha256:f3a9d4ad9d972b27faf3965f35b62e55ba32bbce8f20bc8fe909558a86702fde" "/opt/rustwide/cargo-home/bin/cargo" "+1.83.0" "metadata" "--no-deps" "--format-version=1", kill_on_drop: false }`
[INFO] [stdout] cdd50725c828b07bdba3df9e84dc67d61b1ec1ce0ca26585ff7490d66f44a693
[INFO] running `Command { std: "docker" "start" "-a" "cdd50725c828b07bdba3df9e84dc67d61b1ec1ce0ca26585ff7490d66f44a693", kill_on_drop: false }`
[INFO] running `Command { std: "docker" "inspect" "cdd50725c828b07bdba3df9e84dc67d61b1ec1ce0ca26585ff7490d66f44a693", kill_on_drop: false }`
[INFO] running `Command { std: "docker" "rm" "-f" "cdd50725c828b07bdba3df9e84dc67d61b1ec1ce0ca26585ff7490d66f44a693", kill_on_drop: false }`
[INFO] [stdout] cdd50725c828b07bdba3df9e84dc67d61b1ec1ce0ca26585ff7490d66f44a693
[INFO] running `Command { std: "docker" "create" "-v" "/var/lib/crater-agent-workspace/builds/worker-0-tc1/target:/opt/rustwide/target:rw,Z" "-v" "/var/lib/crater-agent-workspace/builds/worker-0-tc1/source:/opt/rustwide/workdir:ro,Z" "-v" "/var/lib/crater-agent-workspace/cargo-home:/opt/rustwide/cargo-home:ro,Z" "-v" "/var/lib/crater-agent-workspace/rustup-home:/opt/rustwide/rustup-home:ro,Z" "-e" "SOURCE_DIR=/opt/rustwide/workdir" "-e" "CARGO_TARGET_DIR=/opt/rustwide/target" "-e" "CARGO_INCREMENTAL=0" "-e" "RUST_BACKTRACE=full" "-e" "RUSTFLAGS=--cap-lints=warn" "-e" "RUSTDOCFLAGS=--cap-lints=warn" "-e" "CARGO_HOME=/opt/rustwide/cargo-home" "-e" "RUSTUP_HOME=/opt/rustwide/rustup-home" "-w" "/opt/rustwide/workdir" "-m" "1610612736" "--user" "0:0" "--network" "none" "ghcr.io/rust-lang/crates-build-env/linux@sha256:f3a9d4ad9d972b27faf3965f35b62e55ba32bbce8f20bc8fe909558a86702fde" "/opt/rustwide/cargo-home/bin/cargo" "+1.83.0" "build" "--frozen" "--message-format=json", kill_on_drop: false }`
[INFO] [stdout] 2d8e776558732ee6062498042b0b5bc30857f5c1ce074b0b1a491f25cc0a0a4d
[INFO] running `Command { std: "docker" "start" "-a" "2d8e776558732ee6062498042b0b5bc30857f5c1ce074b0b1a491f25cc0a0a4d", kill_on_drop: false }`
[INFO] [stderr]    Compiling windows_x86_64_gnu v0.52.6
[INFO] [stderr]    Compiling windows-targets v0.52.6
[INFO] [stderr]    Compiling windows-strings v0.2.0 (/opt/rustwide/workdir)
[INFO] [stderr]     Finished `dev` profile [unoptimized + debuginfo] target(s) in 0.72s
[INFO] running `Command { std: "docker" "inspect" "2d8e776558732ee6062498042b0b5bc30857f5c1ce074b0b1a491f25cc0a0a4d", kill_on_drop: false }`
[INFO] running `Command { std: "docker" "rm" "-f" "2d8e776558732ee6062498042b0b5bc30857f5c1ce074b0b1a491f25cc0a0a4d", kill_on_drop: false }`
[INFO] [stdout] 2d8e776558732ee6062498042b0b5bc30857f5c1ce074b0b1a491f25cc0a0a4d
[INFO] running `Command { std: "docker" "create" "-v" "/var/lib/crater-agent-workspace/builds/worker-0-tc1/target:/opt/rustwide/target:rw,Z" "-v" "/var/lib/crater-agent-workspace/builds/worker-0-tc1/source:/opt/rustwide/workdir:ro,Z" "-v" "/var/lib/crater-agent-workspace/cargo-home:/opt/rustwide/cargo-home:ro,Z" "-v" "/var/lib/crater-agent-workspace/rustup-home:/opt/rustwide/rustup-home:ro,Z" "-e" "SOURCE_DIR=/opt/rustwide/workdir" "-e" "CARGO_TARGET_DIR=/opt/rustwide/target" "-e" "CARGO_INCREMENTAL=0" "-e" "RUST_BACKTRACE=full" "-e" "RUSTFLAGS=--cap-lints=warn" "-e" "RUSTDOCFLAGS=--cap-lints=warn" "-e" "CARGO_HOME=/opt/rustwide/cargo-home" "-e" "RUSTUP_HOME=/opt/rustwide/rustup-home" "-w" "/opt/rustwide/workdir" "-m" "1610612736" "--user" "0:0" "--network" "none" "ghcr.io/rust-lang/crates-build-env/linux@sha256:f3a9d4ad9d972b27faf3965f35b62e55ba32bbce8f20bc8fe909558a86702fde" "/opt/rustwide/cargo-home/bin/cargo" "+1.83.0" "test" "--frozen" "--no-run" "--message-format=json", kill_on_drop: false }`
[INFO] [stdout] c6bf845c7925c2038f2cca7a60066d32864aef050c021bdac022e147adfbc4a8
[INFO] running `Command { std: "docker" "start" "-a" "c6bf845c7925c2038f2cca7a60066d32864aef050c021bdac022e147adfbc4a8", kill_on_drop: false }`
[INFO] [stderr]    Compiling windows-strings v0.2.0 (/opt/rustwide/workdir)
[INFO] [stderr]     Finished `test` profile [unoptimized + debuginfo] target(s) in 0.40s
[INFO] running `Command { std: "docker" "inspect" "c6bf845c7925c2038f2cca7a60066d32864aef050c021bdac022e147adfbc4a8", kill_on_drop: false }`
[INFO] running `Command { std: "docker" "rm" "-f" "c6bf845c7925c2038f2cca7a60066d32864aef050c021bdac022e147adfbc4a8", kill_on_drop: false }`
[INFO] [stdout] c6bf845c7925c2038f2cca7a60066d32864aef050c021bdac022e147adfbc4a8
[INFO] running `Command { std: "docker" "create" "-v" "/var/lib/crater-agent-workspace/builds/worker-0-tc1/target:/opt/rustwide/target:rw,Z" "-v" "/var/lib/crater-agent-workspace/builds/worker-0-tc1/source:/opt/rustwide/workdir:ro,Z" "-v" "/var/lib/crater-agent-workspace/cargo-home:/opt/rustwide/cargo-home:ro,Z" "-v" "/var/lib/crater-agent-workspace/rustup-home:/opt/rustwide/rustup-home:ro,Z" "-e" "SOURCE_DIR=/opt/rustwide/workdir" "-e" "CARGO_TARGET_DIR=/opt/rustwide/target" "-e" "CARGO_INCREMENTAL=0" "-e" "RUST_BACKTRACE=full" "-e" "RUSTFLAGS=--cap-lints=warn" "-e" "RUSTDOCFLAGS=--cap-lints=warn" "-e" "CARGO_HOME=/opt/rustwide/cargo-home" "-e" "RUSTUP_HOME=/opt/rustwide/rustup-home" "-w" "/opt/rustwide/workdir" "-m" "1610612736" "--user" "0:0" "--network" "none" "ghcr.io/rust-lang/crates-build-env/linux@sha256:f3a9d4ad9d972b27faf3965f35b62e55ba32bbce8f20bc8fe909558a86702fde" "/opt/rustwide/cargo-home/bin/cargo" "+1.83.0" "test" "--frozen", kill_on_drop: false }`
[INFO] [stdout] dd568890228489252e2dcb6ae8bd77ab4153bb03533fc8089a1d8d4de60c6b36
[INFO] running `Command { std: "docker" "start" "-a" "dd568890228489252e2dcb6ae8bd77ab4153bb03533fc8089a1d8d4de60c6b36", kill_on_drop: false }`
[INFO] [stderr]     Finished `test` profile [unoptimized + debuginfo] target(s) in 0.02s
[INFO] [stderr]      Running unittests src/lib.rs (/opt/rustwide/target/debug/deps/windows_strings-4185cda00e478c56)
[INFO] [stdout] 
[INFO] [stdout] running 0 tests
[INFO] [stdout] 
[INFO] [stdout] test result: ok. 0 passed; 0 failed; 0 ignored; 0 measured; 0 filtered out; finished in 0.00s
[INFO] [stdout] 
[INFO] [stderr]    Doc-tests windows_strings
[INFO] [stdout] 
[INFO] [stdout] running 1 test
[INFO] [stdout] test src/../readme.md - (line 18) ... FAILED
[INFO] [stdout] 
[INFO] [stdout] failures:
[INFO] [stdout] 
[INFO] [stdout] ---- src/../readme.md - (line 18) stdout ----
[INFO] [stdout] error: cannot find macro `s` in this scope
[INFO] [stdout]  --> src/../readme.md:22:18
[INFO] [stdout]   |
[INFO] [stdout] 6 | const A: PCSTR = s!("ansi");
[INFO] [stdout]   |                  ^
[INFO] [stdout] 
[INFO] [stdout] error: cannot find macro `w` in this scope
[INFO] [stdout]  --> src/../readme.md:23:19
[INFO] [stdout]   |
[INFO] [stdout] 7 | const W: PCWSTR = w!("wide");
[INFO] [stdout]   |                   ^
[INFO] [stdout] 
[INFO] [stdout] error[E0412]: cannot find type `PCSTR` in this scope
[INFO] [stdout]  --> src/../readme.md:22:10
[INFO] [stdout]   |
[INFO] [stdout] 6 | const A: PCSTR = s!("ansi");
[INFO] [stdout]   |          ^^^^^ not found in this scope
[INFO] [stdout] 
[INFO] [stdout] error[E0412]: cannot find type `PCWSTR` in this scope
[INFO] [stdout]  --> src/../readme.md:23:10
[INFO] [stdout]   |
[INFO] [stdout] 7 | const W: PCWSTR = w!("wide");
[INFO] [stdout]   |          ^^^^^^ not found in this scope
[INFO] [stdout] 
[INFO] [stdout] error[E0433]: failed to resolve: use of undeclared type `BSTR`
[INFO] [stdout]   --> src/../readme.md:26:13
[INFO] [stdout]    |
[INFO] [stdout] 10 |     let b = BSTR::from("bstr");
[INFO] [stdout]    |             ^^^^ use of undeclared type `BSTR`
[INFO] [stdout] 
[INFO] [stdout] error[E0433]: failed to resolve: use of undeclared type `HSTRING`
[INFO] [stdout]   --> src/../readme.md:27:13
[INFO] [stdout]    |
[INFO] [stdout] 11 |     let h = HSTRING::from("hstring");
[INFO] [stdout]    |             ^^^^^^^ use of undeclared type `HSTRING`
[INFO] [stdout] 
[INFO] [stdout] error: aborting due to 6 previous errors
[INFO] [stdout] 
[INFO] [stdout] Some errors have detailed explanations: E0412, E0433.
[INFO] [stdout] For more information about an error, try `rustc --explain E0412`.
[INFO] [stdout] Couldn't compile the test.
[INFO] [stdout] 
[INFO] [stdout] failures:
[INFO] [stdout]     src/../readme.md - (line 18)
[INFO] [stdout] 
[INFO] [stdout] test result: FAILED. 0 passed; 1 failed; 0 ignored; 0 measured; 0 filtered out; finished in 0.12s
[INFO] [stdout] 
[INFO] [stderr] error: doctest failed, to rerun pass `--doc`
[INFO] running `Command { std: "docker" "inspect" "dd568890228489252e2dcb6ae8bd77ab4153bb03533fc8089a1d8d4de60c6b36", kill_on_drop: false }`
[INFO] running `Command { std: "docker" "rm" "-f" "dd568890228489252e2dcb6ae8bd77ab4153bb03533fc8089a1d8d4de60c6b36", kill_on_drop: false }`
[INFO] [stdout] dd568890228489252e2dcb6ae8bd77ab4153bb03533fc8089a1d8d4de60c6b36
