[INFO] fetching crate whyme_string_randomiser 0.1.0...
[INFO] testing whyme_string_randomiser-0.1.0 against 1.83.0 for beta-1.84.0-4-retry
[INFO] extracting crate whyme_string_randomiser 0.1.0 into /workspace/builds/worker-6-tc1/source
[INFO] validating manifest of crates.io crate whyme_string_randomiser 0.1.0 on toolchain 1.83.0
[INFO] running `Command { std: CARGO_HOME="/workspace/cargo-home" RUSTUP_HOME="/workspace/rustup-home" "/workspace/cargo-home/bin/cargo" "+1.83.0" "metadata" "--manifest-path" "Cargo.toml" "--no-deps", kill_on_drop: false }`
[INFO] started tweaking crates.io crate whyme_string_randomiser 0.1.0
[INFO] finished tweaking crates.io crate whyme_string_randomiser 0.1.0
[INFO] tweaked toml for crates.io crate whyme_string_randomiser 0.1.0 written to /workspace/builds/worker-6-tc1/source/Cargo.toml
[INFO] crate crates.io crate whyme_string_randomiser 0.1.0 already has a lockfile, it will not be regenerated
[INFO] running `Command { std: CARGO_HOME="/workspace/cargo-home" RUSTUP_HOME="/workspace/rustup-home" "/workspace/cargo-home/bin/cargo" "+1.83.0" "fetch" "--manifest-path" "Cargo.toml", kill_on_drop: false }`
[INFO] [stderr]     Blocking waiting for file lock on package cache
[INFO] [stderr]     Updating crates.io index
[INFO] [stderr]     Blocking waiting for file lock on package cache
[INFO] [stderr]  Downloading crates ...
[INFO] [stderr]   Downloaded rand_seeder v0.2.3
[INFO] running `Command { std: "docker" "create" "-v" "/var/lib/crater-agent-workspace/builds/worker-6-tc1/target:/opt/rustwide/target:rw,Z" "-v" "/var/lib/crater-agent-workspace/builds/worker-6-tc1/source:/opt/rustwide/workdir:ro,Z" "-v" "/var/lib/crater-agent-workspace/cargo-home:/opt/rustwide/cargo-home:ro,Z" "-v" "/var/lib/crater-agent-workspace/rustup-home:/opt/rustwide/rustup-home:ro,Z" "-e" "SOURCE_DIR=/opt/rustwide/workdir" "-e" "CARGO_TARGET_DIR=/opt/rustwide/target" "-e" "CARGO_HOME=/opt/rustwide/cargo-home" "-e" "RUSTUP_HOME=/opt/rustwide/rustup-home" "-w" "/opt/rustwide/workdir" "-m" "1610612736" "--user" "0:0" "--network" "none" "ghcr.io/rust-lang/crates-build-env/linux@sha256:f3a9d4ad9d972b27faf3965f35b62e55ba32bbce8f20bc8fe909558a86702fde" "/opt/rustwide/cargo-home/bin/cargo" "+1.83.0" "metadata" "--no-deps" "--format-version=1", kill_on_drop: false }`
[INFO] [stdout] a8e5c8e4462aebde44b6f4cf5ce66f33b15792e340954fe8d9da1b1fcabf665f
[INFO] running `Command { std: "docker" "start" "-a" "a8e5c8e4462aebde44b6f4cf5ce66f33b15792e340954fe8d9da1b1fcabf665f", kill_on_drop: false }`
[INFO] running `Command { std: "docker" "inspect" "a8e5c8e4462aebde44b6f4cf5ce66f33b15792e340954fe8d9da1b1fcabf665f", kill_on_drop: false }`
[INFO] running `Command { std: "docker" "rm" "-f" "a8e5c8e4462aebde44b6f4cf5ce66f33b15792e340954fe8d9da1b1fcabf665f", kill_on_drop: false }`
[INFO] [stdout] a8e5c8e4462aebde44b6f4cf5ce66f33b15792e340954fe8d9da1b1fcabf665f
[INFO] running `Command { std: "docker" "create" "-v" "/var/lib/crater-agent-workspace/builds/worker-6-tc1/target:/opt/rustwide/target:rw,Z" "-v" "/var/lib/crater-agent-workspace/builds/worker-6-tc1/source:/opt/rustwide/workdir:ro,Z" "-v" "/var/lib/crater-agent-workspace/cargo-home:/opt/rustwide/cargo-home:ro,Z" "-v" "/var/lib/crater-agent-workspace/rustup-home:/opt/rustwide/rustup-home:ro,Z" "-e" "SOURCE_DIR=/opt/rustwide/workdir" "-e" "CARGO_TARGET_DIR=/opt/rustwide/target" "-e" "CARGO_INCREMENTAL=0" "-e" "RUST_BACKTRACE=full" "-e" "RUSTFLAGS=--cap-lints=warn" "-e" "RUSTDOCFLAGS=--cap-lints=warn" "-e" "CARGO_HOME=/opt/rustwide/cargo-home" "-e" "RUSTUP_HOME=/opt/rustwide/rustup-home" "-w" "/opt/rustwide/workdir" "-m" "1610612736" "--user" "0:0" "--network" "none" "ghcr.io/rust-lang/crates-build-env/linux@sha256:f3a9d4ad9d972b27faf3965f35b62e55ba32bbce8f20bc8fe909558a86702fde" "/opt/rustwide/cargo-home/bin/cargo" "+1.83.0" "build" "--frozen" "--message-format=json", kill_on_drop: false }`
[INFO] [stdout] 4396e924399b29cc5c27a3caf1cecdac8555f72f3cd7621f852da87f32e5b0a4
[INFO] running `Command { std: "docker" "start" "-a" "4396e924399b29cc5c27a3caf1cecdac8555f72f3cd7621f852da87f32e5b0a4", kill_on_drop: false }`
[INFO] [stderr]    Compiling libc v0.2.144
[INFO] [stderr]    Compiling cfg-if v1.0.0
[INFO] [stderr]    Compiling ppv-lite86 v0.2.17
[INFO] [stderr]    Compiling getrandom v0.2.9
[INFO] [stderr]    Compiling rand_core v0.6.4
[INFO] [stderr]    Compiling rand_chacha v0.3.1
[INFO] [stderr]    Compiling rand_pcg v0.3.1
[INFO] [stderr]    Compiling rand_seeder v0.2.3
[INFO] [stderr]    Compiling rand v0.8.5
[INFO] [stderr]    Compiling whyme_string_randomiser v0.1.0 (/opt/rustwide/workdir)
[INFO] [stderr]     Finished `dev` profile [unoptimized + debuginfo] target(s) in 3.36s
[INFO] running `Command { std: "docker" "inspect" "4396e924399b29cc5c27a3caf1cecdac8555f72f3cd7621f852da87f32e5b0a4", kill_on_drop: false }`
[INFO] running `Command { std: "docker" "rm" "-f" "4396e924399b29cc5c27a3caf1cecdac8555f72f3cd7621f852da87f32e5b0a4", kill_on_drop: false }`
[INFO] [stdout] 4396e924399b29cc5c27a3caf1cecdac8555f72f3cd7621f852da87f32e5b0a4
[INFO] running `Command { std: "docker" "create" "-v" "/var/lib/crater-agent-workspace/builds/worker-6-tc1/target:/opt/rustwide/target:rw,Z" "-v" "/var/lib/crater-agent-workspace/builds/worker-6-tc1/source:/opt/rustwide/workdir:ro,Z" "-v" "/var/lib/crater-agent-workspace/cargo-home:/opt/rustwide/cargo-home:ro,Z" "-v" "/var/lib/crater-agent-workspace/rustup-home:/opt/rustwide/rustup-home:ro,Z" "-e" "SOURCE_DIR=/opt/rustwide/workdir" "-e" "CARGO_TARGET_DIR=/opt/rustwide/target" "-e" "CARGO_INCREMENTAL=0" "-e" "RUST_BACKTRACE=full" "-e" "RUSTFLAGS=--cap-lints=warn" "-e" "RUSTDOCFLAGS=--cap-lints=warn" "-e" "CARGO_HOME=/opt/rustwide/cargo-home" "-e" "RUSTUP_HOME=/opt/rustwide/rustup-home" "-w" "/opt/rustwide/workdir" "-m" "1610612736" "--user" "0:0" "--network" "none" "ghcr.io/rust-lang/crates-build-env/linux@sha256:f3a9d4ad9d972b27faf3965f35b62e55ba32bbce8f20bc8fe909558a86702fde" "/opt/rustwide/cargo-home/bin/cargo" "+1.83.0" "test" "--frozen" "--no-run" "--message-format=json", kill_on_drop: false }`
[INFO] [stdout] 0cecc68268db5738ad796f18badd67977cc752c4fa52155e4b50645da20f0a17
[INFO] running `Command { std: "docker" "start" "-a" "0cecc68268db5738ad796f18badd67977cc752c4fa52155e4b50645da20f0a17", kill_on_drop: false }`
[INFO] [stderr]    Compiling whyme_string_randomiser v0.1.0 (/opt/rustwide/workdir)
[INFO] [stderr]     Finished `test` profile [unoptimized + debuginfo] target(s) in 0.49s
[INFO] running `Command { std: "docker" "inspect" "0cecc68268db5738ad796f18badd67977cc752c4fa52155e4b50645da20f0a17", kill_on_drop: false }`
[INFO] running `Command { std: "docker" "rm" "-f" "0cecc68268db5738ad796f18badd67977cc752c4fa52155e4b50645da20f0a17", kill_on_drop: false }`
[INFO] [stdout] 0cecc68268db5738ad796f18badd67977cc752c4fa52155e4b50645da20f0a17
[INFO] running `Command { std: "docker" "create" "-v" "/var/lib/crater-agent-workspace/builds/worker-6-tc1/target:/opt/rustwide/target:rw,Z" "-v" "/var/lib/crater-agent-workspace/builds/worker-6-tc1/source:/opt/rustwide/workdir:ro,Z" "-v" "/var/lib/crater-agent-workspace/cargo-home:/opt/rustwide/cargo-home:ro,Z" "-v" "/var/lib/crater-agent-workspace/rustup-home:/opt/rustwide/rustup-home:ro,Z" "-e" "SOURCE_DIR=/opt/rustwide/workdir" "-e" "CARGO_TARGET_DIR=/opt/rustwide/target" "-e" "CARGO_INCREMENTAL=0" "-e" "RUST_BACKTRACE=full" "-e" "RUSTFLAGS=--cap-lints=warn" "-e" "RUSTDOCFLAGS=--cap-lints=warn" "-e" "CARGO_HOME=/opt/rustwide/cargo-home" "-e" "RUSTUP_HOME=/opt/rustwide/rustup-home" "-w" "/opt/rustwide/workdir" "-m" "1610612736" "--user" "0:0" "--network" "none" "ghcr.io/rust-lang/crates-build-env/linux@sha256:f3a9d4ad9d972b27faf3965f35b62e55ba32bbce8f20bc8fe909558a86702fde" "/opt/rustwide/cargo-home/bin/cargo" "+1.83.0" "test" "--frozen", kill_on_drop: false }`
[INFO] [stdout] c9bc556a9e8a1460aa4a439e3ace8b143b01fa716b7ab4cf11788a1361c7b7f6
[INFO] running `Command { std: "docker" "start" "-a" "c9bc556a9e8a1460aa4a439e3ace8b143b01fa716b7ab4cf11788a1361c7b7f6", kill_on_drop: false }`
[INFO] [stderr]     Finished `test` profile [unoptimized + debuginfo] target(s) in 0.02s
[INFO] [stderr]      Running unittests src/lib.rs (/opt/rustwide/target/debug/deps/whyme_string_randomiser-b36e0f35b8a29d83)
[INFO] [stdout] 
[INFO] [stdout] running 0 tests
[INFO] [stdout] 
[INFO] [stdout] test result: ok. 0 passed; 0 failed; 0 ignored; 0 measured; 0 filtered out; finished in 0.00s
[INFO] [stdout] 
[INFO] [stderr]      Running unittests src/main.rs (/opt/rustwide/target/debug/deps/whyme_string_randomiser-6dd5a89d1ad214a7)
[INFO] [stdout] 
[INFO] [stdout] running 0 tests
[INFO] [stdout] 
[INFO] [stdout] test result: ok. 0 passed; 0 failed; 0 ignored; 0 measured; 0 filtered out; finished in 0.00s
[INFO] [stdout] 
[INFO] [stderr]    Doc-tests whyme_string_randomiser
[INFO] [stdout] 
[INFO] [stdout] running 2 tests
[INFO] [stdout] test src/string_operations.rs - string_operations::get_random_char (line 7) ... FAILED
[INFO] [stdout] test src/lib.rs - get_seeded_random (line 18) ... FAILED
[INFO] [stdout] 
[INFO] [stdout] failures:
[INFO] [stdout] 
[INFO] [stdout] ---- src/string_operations.rs - string_operations::get_random_char (line 7) stdout ----
[INFO] [stdout] error[E0432]: unresolved import `string_randomiser`
[INFO] [stdout]  --> src/string_operations.rs:8:5
[INFO] [stdout]   |
[INFO] [stdout] 3 | use string_randomiser::get_random_char;
[INFO] [stdout]   |     ^^^^^^^^^^^^^^^^^ use of undeclared crate or module `string_randomiser`
[INFO] [stdout] 
[INFO] [stdout] error: aborting due to 1 previous error
[INFO] [stdout] 
[INFO] [stdout] For more information about this error, try `rustc --explain E0432`.
[INFO] [stdout] Couldn't compile the test.
[INFO] [stdout] ---- src/lib.rs - get_seeded_random (line 18) stdout ----
[INFO] [stdout] error[E0432]: unresolved import `string_randomiser`
[INFO] [stdout]  --> src/lib.rs:19:5
[INFO] [stdout]   |
[INFO] [stdout] 3 | use string_randomiser::get_seeded_random;
[INFO] [stdout]   |     ^^^^^^^^^^^^^^^^^ use of undeclared crate or module `string_randomiser`
[INFO] [stdout] 
[INFO] [stdout] error: aborting due to 1 previous error
[INFO] [stdout] 
[INFO] [stdout] For more information about this error, try `rustc --explain E0432`.
[INFO] [stdout] Couldn't compile the test.
[INFO] [stdout] 
[INFO] [stdout] failures:
[INFO] [stdout]     src/lib.rs - get_seeded_random (line 18)
[INFO] [stdout]     src/string_operations.rs - string_operations::get_random_char (line 7)
[INFO] [stdout] 
[INFO] [stdout] test result: FAILED. 0 passed; 2 failed; 0 ignored; 0 measured; 0 filtered out; finished in 0.13s
[INFO] [stdout] 
[INFO] [stderr] error: doctest failed, to rerun pass `--doc`
[INFO] running `Command { std: "docker" "inspect" "c9bc556a9e8a1460aa4a439e3ace8b143b01fa716b7ab4cf11788a1361c7b7f6", kill_on_drop: false }`
[INFO] running `Command { std: "docker" "rm" "-f" "c9bc556a9e8a1460aa4a439e3ace8b143b01fa716b7ab4cf11788a1361c7b7f6", kill_on_drop: false }`
[INFO] [stdout] c9bc556a9e8a1460aa4a439e3ace8b143b01fa716b7ab4cf11788a1361c7b7f6
