[INFO] fetching crate wgpu_tokio 0.12.6...
[INFO] testing wgpu_tokio-0.12.6 against 1.83.0 for beta-1.84.0-4-retry
[INFO] extracting crate wgpu_tokio 0.12.6 into /workspace/builds/worker-2-tc1/source
[INFO] validating manifest of crates.io crate wgpu_tokio 0.12.6 on toolchain 1.83.0
[INFO] running `Command { std: CARGO_HOME="/workspace/cargo-home" RUSTUP_HOME="/workspace/rustup-home" "/workspace/cargo-home/bin/cargo" "+1.83.0" "metadata" "--manifest-path" "Cargo.toml" "--no-deps", kill_on_drop: false }`
[INFO] started tweaking crates.io crate wgpu_tokio 0.12.6
[INFO] finished tweaking crates.io crate wgpu_tokio 0.12.6
[INFO] tweaked toml for crates.io crate wgpu_tokio 0.12.6 written to /workspace/builds/worker-2-tc1/source/Cargo.toml
[INFO] running `Command { std: CARGO_HOME="/workspace/cargo-home" RUSTUP_HOME="/workspace/rustup-home" "/workspace/cargo-home/bin/cargo" "+1.83.0" "generate-lockfile" "--manifest-path" "Cargo.toml", kill_on_drop: false }`
[INFO] [stderr]     Updating crates.io index
[INFO] [stderr]      Locking 109 packages to latest compatible versions
[INFO] [stderr]       Adding wasm-bindgen-futures v0.4.45 (available: v0.4.49)
[INFO] [stderr]       Adding web-sys v0.3.57 (available: v0.3.76)
[INFO] [stderr]       Adding wgpu v0.12.0 (available: v23.0.1)
[INFO] running `Command { std: CARGO_HOME="/workspace/cargo-home" RUSTUP_HOME="/workspace/rustup-home" "/workspace/cargo-home/bin/cargo" "+1.83.0" "fetch" "--manifest-path" "Cargo.toml", kill_on_drop: false }`
[INFO] [stderr]  Downloading crates ...
[INFO] [stderr]   Downloaded inplace_it v0.3.6
[INFO] running `Command { std: "docker" "create" "-v" "/var/lib/crater-agent-workspace/builds/worker-2-tc1/target:/opt/rustwide/target:rw,Z" "-v" "/var/lib/crater-agent-workspace/builds/worker-2-tc1/source:/opt/rustwide/workdir:ro,Z" "-v" "/var/lib/crater-agent-workspace/cargo-home:/opt/rustwide/cargo-home:ro,Z" "-v" "/var/lib/crater-agent-workspace/rustup-home:/opt/rustwide/rustup-home:ro,Z" "-e" "SOURCE_DIR=/opt/rustwide/workdir" "-e" "CARGO_TARGET_DIR=/opt/rustwide/target" "-e" "CARGO_HOME=/opt/rustwide/cargo-home" "-e" "RUSTUP_HOME=/opt/rustwide/rustup-home" "-w" "/opt/rustwide/workdir" "-m" "1610612736" "--user" "0:0" "--network" "none" "ghcr.io/rust-lang/crates-build-env/linux@sha256:f3a9d4ad9d972b27faf3965f35b62e55ba32bbce8f20bc8fe909558a86702fde" "/opt/rustwide/cargo-home/bin/cargo" "+1.83.0" "metadata" "--no-deps" "--format-version=1", kill_on_drop: false }`
[INFO] [stdout] eb1d42a18424903c3029a7d01e0526a1364716487a7986a4e94c10c2938394a9
[INFO] running `Command { std: "docker" "start" "-a" "eb1d42a18424903c3029a7d01e0526a1364716487a7986a4e94c10c2938394a9", kill_on_drop: false }`
[INFO] running `Command { std: "docker" "inspect" "eb1d42a18424903c3029a7d01e0526a1364716487a7986a4e94c10c2938394a9", kill_on_drop: false }`
[INFO] running `Command { std: "docker" "rm" "-f" "eb1d42a18424903c3029a7d01e0526a1364716487a7986a4e94c10c2938394a9", kill_on_drop: false }`
[INFO] [stdout] eb1d42a18424903c3029a7d01e0526a1364716487a7986a4e94c10c2938394a9
[INFO] running `Command { std: "docker" "create" "-v" "/var/lib/crater-agent-workspace/builds/worker-2-tc1/target:/opt/rustwide/target:rw,Z" "-v" "/var/lib/crater-agent-workspace/builds/worker-2-tc1/source:/opt/rustwide/workdir:ro,Z" "-v" "/var/lib/crater-agent-workspace/cargo-home:/opt/rustwide/cargo-home:ro,Z" "-v" "/var/lib/crater-agent-workspace/rustup-home:/opt/rustwide/rustup-home:ro,Z" "-e" "SOURCE_DIR=/opt/rustwide/workdir" "-e" "CARGO_TARGET_DIR=/opt/rustwide/target" "-e" "CARGO_INCREMENTAL=0" "-e" "RUST_BACKTRACE=full" "-e" "RUSTFLAGS=--cap-lints=warn" "-e" "RUSTDOCFLAGS=--cap-lints=warn" "-e" "CARGO_HOME=/opt/rustwide/cargo-home" "-e" "RUSTUP_HOME=/opt/rustwide/rustup-home" "-w" "/opt/rustwide/workdir" "-m" "1610612736" "--user" "0:0" "--network" "none" "ghcr.io/rust-lang/crates-build-env/linux@sha256:f3a9d4ad9d972b27faf3965f35b62e55ba32bbce8f20bc8fe909558a86702fde" "/opt/rustwide/cargo-home/bin/cargo" "+1.83.0" "build" "--frozen" "--message-format=json", kill_on_drop: false }`
[INFO] [stdout] 86a3c43f70b275015fc5f418866ad63ed96dd95e2ded29be39cb7a1a43ad2458
[INFO] running `Command { std: "docker" "start" "-a" "86a3c43f70b275015fc5f418866ad63ed96dd95e2ded29be39cb7a1a43ad2458", kill_on_drop: false }`
[INFO] [stderr]    Compiling autocfg v1.4.0
[INFO] [stderr]    Compiling cfg-if v1.0.0
[INFO] [stderr]    Compiling proc-macro2 v1.0.92
[INFO] [stderr]    Compiling unicode-ident v1.0.14
[INFO] [stderr]    Compiling bitflags v1.3.2
[INFO] [stderr]    Compiling libc v0.2.168
[INFO] [stderr]    Compiling version_check v0.9.5
[INFO] [stderr]    Compiling zerocopy v0.7.35
[INFO] [stderr]    Compiling thiserror v1.0.69
[INFO] [stderr]    Compiling once_cell v1.20.2
[INFO] [stderr]    Compiling parking_lot_core v0.8.6
[INFO] [stderr]    Compiling smallvec v1.13.2
[INFO] [stderr]    Compiling bitflags v2.6.0
[INFO] [stderr]    Compiling hashbrown v0.12.3
[INFO] [stderr]    Compiling allocator-api2 v0.2.21
[INFO] [stderr]    Compiling khronos-egl v4.1.0
[INFO] [stderr]    Compiling instant v0.1.13
[INFO] [stderr]    Compiling libloading v0.7.4
[INFO] [stderr]    Compiling scopeguard v1.2.0
[INFO] [stderr]    Compiling bit-vec v0.6.3
[INFO] [stderr]    Compiling termcolor v1.4.1
[INFO] [stderr]    Compiling unicode-width v0.1.14
[INFO] [stderr]    Compiling ash v0.34.0+1.2.203
[INFO] [stderr]    Compiling gpu-descriptor-types v0.1.2
[INFO] [stderr]    Compiling gpu-alloc-types v0.2.0
[INFO] [stderr]    Compiling cty v0.2.2
[INFO] [stderr]    Compiling bit-set v0.5.3
[INFO] [stderr]    Compiling cfg_aliases v0.1.1
[INFO] [stderr]    Compiling log v0.4.22
[INFO] [stderr]    Compiling rustc-hash v1.1.0
[INFO] [stderr]    Compiling byteorder v1.5.0
[INFO] [stderr]    Compiling hexf-parse v0.2.1
[INFO] [stderr]    Compiling wgpu-core v0.12.2
[INFO] [stderr]    Compiling raw-window-handle v0.4.3
[INFO] [stderr]    Compiling gpu-alloc v0.5.4
[INFO] [stderr]    Compiling wgpu-types v0.12.0
[INFO] [stderr]    Compiling inplace_it v0.3.6
[INFO] [stderr]    Compiling ahash v0.8.11
[INFO] [stderr]    Compiling profiling v1.0.16
[INFO] [stderr]    Compiling codespan-reporting v0.11.1
[INFO] [stderr]    Compiling num-traits v0.2.19
[INFO] [stderr]    Compiling indexmap v1.9.3
[INFO] [stderr]    Compiling lock_api v0.4.12
[INFO] [stderr]    Compiling fxhash v0.2.1
[INFO] [stderr]    Compiling renderdoc-sys v0.7.1
[INFO] [stderr]    Compiling arrayvec v0.7.6
[INFO] [stderr]    Compiling glow v0.11.2
[INFO] [stderr]    Compiling copyless v0.1.5
[INFO] [stderr]    Compiling pin-project-lite v0.2.15
[INFO] [stderr]    Compiling tokio v1.42.0
[INFO] [stderr]    Compiling quote v1.0.37
[INFO] [stderr]    Compiling hashbrown v0.14.5
[INFO] [stderr]    Compiling syn v2.0.90
[INFO] [stderr]    Compiling parking_lot v0.11.2
[INFO] [stderr]    Compiling gpu-descriptor v0.2.4
[INFO] [stderr]    Compiling spirv v0.2.0+1.5.4
[INFO] [stderr]    Compiling thiserror-impl v1.0.69
[INFO] [stderr]    Compiling async-trait v0.1.83
[INFO] [stderr]    Compiling naga v0.8.5
[INFO] [stderr]    Compiling wgpu-hal v0.12.5
[INFO] [stderr]    Compiling wgpu v0.12.0
[INFO] [stderr]    Compiling wgpu_tokio v0.12.6 (/opt/rustwide/workdir)
[INFO] [stderr]     Finished `dev` profile [unoptimized + debuginfo] target(s) in 1m 00s
[INFO] running `Command { std: "docker" "inspect" "86a3c43f70b275015fc5f418866ad63ed96dd95e2ded29be39cb7a1a43ad2458", kill_on_drop: false }`
[INFO] running `Command { std: "docker" "rm" "-f" "86a3c43f70b275015fc5f418866ad63ed96dd95e2ded29be39cb7a1a43ad2458", kill_on_drop: false }`
[INFO] [stdout] 86a3c43f70b275015fc5f418866ad63ed96dd95e2ded29be39cb7a1a43ad2458
[INFO] running `Command { std: "docker" "create" "-v" "/var/lib/crater-agent-workspace/builds/worker-2-tc1/target:/opt/rustwide/target:rw,Z" "-v" "/var/lib/crater-agent-workspace/builds/worker-2-tc1/source:/opt/rustwide/workdir:ro,Z" "-v" "/var/lib/crater-agent-workspace/cargo-home:/opt/rustwide/cargo-home:ro,Z" "-v" "/var/lib/crater-agent-workspace/rustup-home:/opt/rustwide/rustup-home:ro,Z" "-e" "SOURCE_DIR=/opt/rustwide/workdir" "-e" "CARGO_TARGET_DIR=/opt/rustwide/target" "-e" "CARGO_INCREMENTAL=0" "-e" "RUST_BACKTRACE=full" "-e" "RUSTFLAGS=--cap-lints=warn" "-e" "RUSTDOCFLAGS=--cap-lints=warn" "-e" "CARGO_HOME=/opt/rustwide/cargo-home" "-e" "RUSTUP_HOME=/opt/rustwide/rustup-home" "-w" "/opt/rustwide/workdir" "-m" "1610612736" "--user" "0:0" "--network" "none" "ghcr.io/rust-lang/crates-build-env/linux@sha256:f3a9d4ad9d972b27faf3965f35b62e55ba32bbce8f20bc8fe909558a86702fde" "/opt/rustwide/cargo-home/bin/cargo" "+1.83.0" "test" "--frozen" "--no-run" "--message-format=json", kill_on_drop: false }`
[INFO] [stdout] 3e43d5957a3fe02c38cf09089c445707cda40eb2b193f19d09f3057a68be4d64
[INFO] running `Command { std: "docker" "start" "-a" "3e43d5957a3fe02c38cf09089c445707cda40eb2b193f19d09f3057a68be4d64", kill_on_drop: false }`
[INFO] [stderr]    Compiling wgpu_tokio v0.12.6 (/opt/rustwide/workdir)
[INFO] [stderr]     Finished `test` profile [unoptimized + debuginfo] target(s) in 16.45s
[INFO] running `Command { std: "docker" "inspect" "3e43d5957a3fe02c38cf09089c445707cda40eb2b193f19d09f3057a68be4d64", kill_on_drop: false }`
[INFO] running `Command { std: "docker" "rm" "-f" "3e43d5957a3fe02c38cf09089c445707cda40eb2b193f19d09f3057a68be4d64", kill_on_drop: false }`
[INFO] [stdout] 3e43d5957a3fe02c38cf09089c445707cda40eb2b193f19d09f3057a68be4d64
[INFO] running `Command { std: "docker" "create" "-v" "/var/lib/crater-agent-workspace/builds/worker-2-tc1/target:/opt/rustwide/target:rw,Z" "-v" "/var/lib/crater-agent-workspace/builds/worker-2-tc1/source:/opt/rustwide/workdir:ro,Z" "-v" "/var/lib/crater-agent-workspace/cargo-home:/opt/rustwide/cargo-home:ro,Z" "-v" "/var/lib/crater-agent-workspace/rustup-home:/opt/rustwide/rustup-home:ro,Z" "-e" "SOURCE_DIR=/opt/rustwide/workdir" "-e" "CARGO_TARGET_DIR=/opt/rustwide/target" "-e" "CARGO_INCREMENTAL=0" "-e" "RUST_BACKTRACE=full" "-e" "RUSTFLAGS=--cap-lints=warn" "-e" "RUSTDOCFLAGS=--cap-lints=warn" "-e" "CARGO_HOME=/opt/rustwide/cargo-home" "-e" "RUSTUP_HOME=/opt/rustwide/rustup-home" "-w" "/opt/rustwide/workdir" "-m" "1610612736" "--user" "0:0" "--network" "none" "ghcr.io/rust-lang/crates-build-env/linux@sha256:f3a9d4ad9d972b27faf3965f35b62e55ba32bbce8f20bc8fe909558a86702fde" "/opt/rustwide/cargo-home/bin/cargo" "+1.83.0" "test" "--frozen", kill_on_drop: false }`
[INFO] [stdout] 031f39f3edb382c42b4239cce28d743b8f09caf85103f783691966482d9e5f79
[INFO] running `Command { std: "docker" "start" "-a" "031f39f3edb382c42b4239cce28d743b8f09caf85103f783691966482d9e5f79", kill_on_drop: false }`
[INFO] [stderr]     Finished `test` profile [unoptimized + debuginfo] target(s) in 0.11s
[INFO] [stderr]      Running unittests src/lib.rs (/opt/rustwide/target/debug/deps/wgpu_tokio-1b7f0e59e17db782)
[INFO] [stdout] 
[INFO] [stdout] running 0 tests
[INFO] [stdout] 
[INFO] [stdout] test result: ok. 0 passed; 0 failed; 0 ignored; 0 measured; 0 filtered out; finished in 0.00s
[INFO] [stdout] 
[INFO] [stderr]    Doc-tests wgpu_tokio
[INFO] [stdout] 
[INFO] [stdout] running 2 tests
[INFO] [stdout] test src/../README.md - (line 37) ... FAILED
[INFO] [stdout] test src/../README.md - (line 31) ... ok
[INFO] [stdout] 
[INFO] [stdout] failures:
[INFO] [stdout] 
[INFO] [stdout] ---- src/../README.md - (line 37) stdout ----
[INFO] [stdout] error: unexpected token: `...`
[INFO] [stdout]  --> src/../README.md:39:48
[INFO] [stdout]   |
[INFO] [stdout] 4 |     let my_buffer = device.create_buffer_async(...).await;
[INFO] [stdout]   |                                                ^^^
[INFO] [stdout]   |
[INFO] [stdout] help: use `..` for an exclusive range
[INFO] [stdout]   |
[INFO] [stdout] 4 |     let my_buffer = device.create_buffer_async(..).await;
[INFO] [stdout]   |                                                ~~
[INFO] [stdout] help: or `..=` for an inclusive range
[INFO] [stdout]   |
[INFO] [stdout] 4 |     let my_buffer = device.create_buffer_async(..=).await;
[INFO] [stdout]   |                                                ~~~
[INFO] [stdout] 
[INFO] [stdout] error[E0586]: inclusive range with no end
[INFO] [stdout]  --> src/../README.md:39:48
[INFO] [stdout]   |
[INFO] [stdout] 4 |     let my_buffer = device.create_buffer_async(...).await;
[INFO] [stdout]   |                                                ^^^
[INFO] [stdout]   |
[INFO] [stdout]   = note: inclusive ranges must be bounded at the end (`..=b` or `a..=b`)
[INFO] [stdout] help: use `..` instead
[INFO] [stdout]   |
[INFO] [stdout] 4 -     let my_buffer = device.create_buffer_async(...).await;
[INFO] [stdout] 4 +     let my_buffer = device.create_buffer_async(..).await;
[INFO] [stdout]   |
[INFO] [stdout] 
[INFO] [stdout] error[E0412]: cannot find type `Arc` in this scope
[INFO] [stdout]  --> src/../README.md:38:31
[INFO] [stdout]   |
[INFO] [stdout] 3 | async fn do_something(device: Arc<Device>) {
[INFO] [stdout]   |                               ^^^ not found in this scope
[INFO] [stdout]   |
[INFO] [stdout] help: consider importing this struct
[INFO] [stdout]   |
[INFO] [stdout] 2 + use std::sync::Arc;
[INFO] [stdout]   |
[INFO] [stdout] 
[INFO] [stdout] error[E0412]: cannot find type `Device` in this scope
[INFO] [stdout]  --> src/../README.md:38:35
[INFO] [stdout]   |
[INFO] [stdout] 3 | async fn do_something(device: Arc<Device>) {
[INFO] [stdout]   |                                   ^^^^^^ not found in this scope
[INFO] [stdout]   |
[INFO] [stdout] help: consider importing this struct
[INFO] [stdout]   |
[INFO] [stdout] 2 + use wgpu::Device;
[INFO] [stdout]   |
[INFO] [stdout] 
[INFO] [stdout] error: aborting due to 4 previous errors
[INFO] [stdout] 
[INFO] [stdout] Some errors have detailed explanations: E0412, E0586.
[INFO] [stdout] For more information about an error, try `rustc --explain E0412`.
[INFO] [stdout] Couldn't compile the test.
[INFO] [stdout] 
[INFO] [stdout] failures:
[INFO] [stdout]     src/../README.md - (line 37)
[INFO] [stdout] 
[INFO] [stdout] test result: FAILED. 1 passed; 1 failed; 0 ignored; 0 measured; 0 filtered out; finished in 1.96s
[INFO] [stdout] 
[INFO] [stderr] error: doctest failed, to rerun pass `--doc`
[INFO] running `Command { std: "docker" "inspect" "031f39f3edb382c42b4239cce28d743b8f09caf85103f783691966482d9e5f79", kill_on_drop: false }`
[INFO] running `Command { std: "docker" "rm" "-f" "031f39f3edb382c42b4239cce28d743b8f09caf85103f783691966482d9e5f79", kill_on_drop: false }`
[INFO] [stdout] 031f39f3edb382c42b4239cce28d743b8f09caf85103f783691966482d9e5f79
