[INFO] fetching crate wgpu-async 23.0.0...
[INFO] testing wgpu-async-23.0.0 against beta-2024-12-08 for beta-1.84.0-4-retry
[INFO] extracting crate wgpu-async 23.0.0 into /workspace/builds/worker-5-tc2/source
[INFO] validating manifest of crates.io crate wgpu-async 23.0.0 on toolchain beta-2024-12-08
[INFO] running `Command { std: CARGO_HOME="/workspace/cargo-home" RUSTUP_HOME="/workspace/rustup-home" "/workspace/cargo-home/bin/cargo" "+beta-2024-12-08" "metadata" "--manifest-path" "Cargo.toml" "--no-deps", kill_on_drop: false }`
[INFO] started tweaking crates.io crate wgpu-async 23.0.0
[INFO] finished tweaking crates.io crate wgpu-async 23.0.0
[INFO] tweaked toml for crates.io crate wgpu-async 23.0.0 written to /workspace/builds/worker-5-tc2/source/Cargo.toml
[INFO] running `Command { std: CARGO_HOME="/workspace/cargo-home" RUSTUP_HOME="/workspace/rustup-home" "/workspace/cargo-home/bin/cargo" "+beta-2024-12-08" "generate-lockfile" "--manifest-path" "Cargo.toml", kill_on_drop: false }`
[INFO] [stderr]     Updating crates.io index
[INFO] [stderr]      Locking 117 packages to latest compatible versions
[INFO] [stderr]       Adding pollster v0.3.0 (available: v0.4.0)
[INFO] running `Command { std: CARGO_HOME="/workspace/cargo-home" RUSTUP_HOME="/workspace/rustup-home" "/workspace/cargo-home/bin/cargo" "+beta-2024-12-08" "fetch" "--manifest-path" "Cargo.toml", kill_on_drop: false }`
[INFO] running `Command { std: "docker" "create" "-v" "/var/lib/crater-agent-workspace/builds/worker-5-tc2/target:/opt/rustwide/target:rw,Z" "-v" "/var/lib/crater-agent-workspace/builds/worker-5-tc2/source:/opt/rustwide/workdir:ro,Z" "-v" "/var/lib/crater-agent-workspace/cargo-home:/opt/rustwide/cargo-home:ro,Z" "-v" "/var/lib/crater-agent-workspace/rustup-home:/opt/rustwide/rustup-home:ro,Z" "-e" "SOURCE_DIR=/opt/rustwide/workdir" "-e" "CARGO_TARGET_DIR=/opt/rustwide/target" "-e" "CARGO_HOME=/opt/rustwide/cargo-home" "-e" "RUSTUP_HOME=/opt/rustwide/rustup-home" "-w" "/opt/rustwide/workdir" "-m" "1610612736" "--user" "0:0" "--network" "none" "ghcr.io/rust-lang/crates-build-env/linux@sha256:f3a9d4ad9d972b27faf3965f35b62e55ba32bbce8f20bc8fe909558a86702fde" "/opt/rustwide/cargo-home/bin/cargo" "+beta-2024-12-08" "metadata" "--no-deps" "--format-version=1", kill_on_drop: false }`
[INFO] [stdout] 00aafe50a89d4fdbcf6aaf6a9b50e8e278268c32a1887516cee42c764feac089
[INFO] running `Command { std: "docker" "start" "-a" "00aafe50a89d4fdbcf6aaf6a9b50e8e278268c32a1887516cee42c764feac089", kill_on_drop: false }`
[INFO] running `Command { std: "docker" "inspect" "00aafe50a89d4fdbcf6aaf6a9b50e8e278268c32a1887516cee42c764feac089", kill_on_drop: false }`
[INFO] running `Command { std: "docker" "rm" "-f" "00aafe50a89d4fdbcf6aaf6a9b50e8e278268c32a1887516cee42c764feac089", kill_on_drop: false }`
[INFO] [stdout] 00aafe50a89d4fdbcf6aaf6a9b50e8e278268c32a1887516cee42c764feac089
[INFO] running `Command { std: "docker" "create" "-v" "/var/lib/crater-agent-workspace/builds/worker-5-tc2/target:/opt/rustwide/target:rw,Z" "-v" "/var/lib/crater-agent-workspace/builds/worker-5-tc2/source:/opt/rustwide/workdir:ro,Z" "-v" "/var/lib/crater-agent-workspace/cargo-home:/opt/rustwide/cargo-home:ro,Z" "-v" "/var/lib/crater-agent-workspace/rustup-home:/opt/rustwide/rustup-home:ro,Z" "-e" "SOURCE_DIR=/opt/rustwide/workdir" "-e" "CARGO_TARGET_DIR=/opt/rustwide/target" "-e" "CARGO_INCREMENTAL=0" "-e" "RUST_BACKTRACE=full" "-e" "RUSTFLAGS=--cap-lints=warn" "-e" "RUSTDOCFLAGS=--cap-lints=warn" "-e" "CARGO_HOME=/opt/rustwide/cargo-home" "-e" "RUSTUP_HOME=/opt/rustwide/rustup-home" "-w" "/opt/rustwide/workdir" "-m" "1610612736" "--user" "0:0" "--network" "none" "ghcr.io/rust-lang/crates-build-env/linux@sha256:f3a9d4ad9d972b27faf3965f35b62e55ba32bbce8f20bc8fe909558a86702fde" "/opt/rustwide/cargo-home/bin/cargo" "+beta-2024-12-08" "build" "--frozen" "--message-format=json", kill_on_drop: false }`
[INFO] [stdout] 8d5e94d9decad855730614ad5a96d0bc06f427ffffef3500e0f0a27628b54df1
[INFO] running `Command { std: "docker" "start" "-a" "8d5e94d9decad855730614ad5a96d0bc06f427ffffef3500e0f0a27628b54df1", kill_on_drop: false }`
[INFO] [stderr]    Compiling cfg_aliases v0.1.1
[INFO] [stderr]    Compiling thiserror v1.0.69
[INFO] [stderr]    Compiling parking_lot_core v0.9.10
[INFO] [stderr]    Compiling libloading v0.8.6
[INFO] [stderr]    Compiling hashbrown v0.15.2
[INFO] [stderr]    Compiling unicode-width v0.1.14
[INFO] [stderr]    Compiling smallvec v1.13.2
[INFO] [stderr]    Compiling ash v0.38.0+1.3.281
[INFO] [stderr]    Compiling lock_api v0.4.12
[INFO] [stderr]    Compiling khronos-egl v6.0.0
[INFO] [stderr]    Compiling equivalent v1.0.1
[INFO] [stderr]    Compiling termcolor v1.4.1
[INFO] [stderr]    Compiling bit-vec v0.8.0
[INFO] [stderr]    Compiling gpu-descriptor-types v0.2.0
[INFO] [stderr]    Compiling syn v2.0.90
[INFO] [stderr]    Compiling spirv v0.3.0+sdk-1.3.268.0
[INFO] [stderr]    Compiling naga v23.0.0
[INFO] [stderr]    Compiling wgpu-hal v23.0.1
[INFO] [stderr]    Compiling codespan-reporting v0.11.1
[INFO] [stderr]    Compiling bit-set v0.8.0
[INFO] [stderr]    Compiling gpu-alloc-types v0.3.0
[INFO] [stderr]    Compiling hexf-parse v0.2.1
[INFO] [stderr]    Compiling arrayvec v0.7.6
[INFO] [stderr]    Compiling rustc-hash v1.1.0
[INFO] [stderr]    Compiling unicode-xid v0.2.6
[INFO] [stderr]    Compiling gpu-descriptor v0.3.0
[INFO] [stderr]    Compiling wgpu-core v23.0.1
[INFO] [stderr]    Compiling wgpu-types v23.0.0
[INFO] [stderr]    Compiling bytemuck v1.20.0
[INFO] [stderr]    Compiling litrs v0.4.1
[INFO] [stderr]    Compiling profiling v1.0.16
[INFO] [stderr]    Compiling glow v0.14.2
[INFO] [stderr]    Compiling gpu-alloc v0.6.0
[INFO] [stderr]    Compiling parking_lot v0.12.3
[INFO] [stderr]    Compiling renderdoc-sys v1.1.0
[INFO] [stderr]    Compiling indexmap v2.7.0
[INFO] [stderr]    Compiling raw-window-handle v0.6.2
[INFO] [stderr]    Compiling wgpu v23.0.1
[INFO] [stderr]    Compiling document-features v0.2.10
[INFO] [stderr]    Compiling thiserror-impl v1.0.69
[INFO] [stderr]    Compiling wgpu-async v23.0.0 (/opt/rustwide/workdir)
[INFO] [stderr]     Finished `dev` profile [unoptimized + debuginfo] target(s) in 42.66s
[INFO] running `Command { std: "docker" "inspect" "8d5e94d9decad855730614ad5a96d0bc06f427ffffef3500e0f0a27628b54df1", kill_on_drop: false }`
[INFO] running `Command { std: "docker" "rm" "-f" "8d5e94d9decad855730614ad5a96d0bc06f427ffffef3500e0f0a27628b54df1", kill_on_drop: false }`
[INFO] [stdout] 8d5e94d9decad855730614ad5a96d0bc06f427ffffef3500e0f0a27628b54df1
[INFO] running `Command { std: "docker" "create" "-v" "/var/lib/crater-agent-workspace/builds/worker-5-tc2/target:/opt/rustwide/target:rw,Z" "-v" "/var/lib/crater-agent-workspace/builds/worker-5-tc2/source:/opt/rustwide/workdir:ro,Z" "-v" "/var/lib/crater-agent-workspace/cargo-home:/opt/rustwide/cargo-home:ro,Z" "-v" "/var/lib/crater-agent-workspace/rustup-home:/opt/rustwide/rustup-home:ro,Z" "-e" "SOURCE_DIR=/opt/rustwide/workdir" "-e" "CARGO_TARGET_DIR=/opt/rustwide/target" "-e" "CARGO_INCREMENTAL=0" "-e" "RUST_BACKTRACE=full" "-e" "RUSTFLAGS=--cap-lints=warn" "-e" "RUSTDOCFLAGS=--cap-lints=warn" "-e" "CARGO_HOME=/opt/rustwide/cargo-home" "-e" "RUSTUP_HOME=/opt/rustwide/rustup-home" "-w" "/opt/rustwide/workdir" "-m" "1610612736" "--user" "0:0" "--network" "none" "ghcr.io/rust-lang/crates-build-env/linux@sha256:f3a9d4ad9d972b27faf3965f35b62e55ba32bbce8f20bc8fe909558a86702fde" "/opt/rustwide/cargo-home/bin/cargo" "+beta-2024-12-08" "test" "--frozen" "--no-run" "--message-format=json", kill_on_drop: false }`
[INFO] [stdout] c5c022154a2ab2f4ffebbce7eba10c40c921ceaacb32ad6384ea8a03ac48e0e1
[INFO] running `Command { std: "docker" "start" "-a" "c5c022154a2ab2f4ffebbce7eba10c40c921ceaacb32ad6384ea8a03ac48e0e1", kill_on_drop: false }`
[INFO] [stderr]    Compiling pollster v0.3.0
[INFO] [stderr]    Compiling wgpu-async v23.0.0 (/opt/rustwide/workdir)
[INFO] [stderr]     Finished `test` profile [unoptimized + debuginfo] target(s) in 0.71s
[INFO] running `Command { std: "docker" "inspect" "c5c022154a2ab2f4ffebbce7eba10c40c921ceaacb32ad6384ea8a03ac48e0e1", kill_on_drop: false }`
[INFO] running `Command { std: "docker" "rm" "-f" "c5c022154a2ab2f4ffebbce7eba10c40c921ceaacb32ad6384ea8a03ac48e0e1", kill_on_drop: false }`
[INFO] [stdout] c5c022154a2ab2f4ffebbce7eba10c40c921ceaacb32ad6384ea8a03ac48e0e1
[INFO] running `Command { std: "docker" "create" "-v" "/var/lib/crater-agent-workspace/builds/worker-5-tc2/target:/opt/rustwide/target:rw,Z" "-v" "/var/lib/crater-agent-workspace/builds/worker-5-tc2/source:/opt/rustwide/workdir:ro,Z" "-v" "/var/lib/crater-agent-workspace/cargo-home:/opt/rustwide/cargo-home:ro,Z" "-v" "/var/lib/crater-agent-workspace/rustup-home:/opt/rustwide/rustup-home:ro,Z" "-e" "SOURCE_DIR=/opt/rustwide/workdir" "-e" "CARGO_TARGET_DIR=/opt/rustwide/target" "-e" "CARGO_INCREMENTAL=0" "-e" "RUST_BACKTRACE=full" "-e" "RUSTFLAGS=--cap-lints=warn" "-e" "RUSTDOCFLAGS=--cap-lints=warn" "-e" "CARGO_HOME=/opt/rustwide/cargo-home" "-e" "RUSTUP_HOME=/opt/rustwide/rustup-home" "-w" "/opt/rustwide/workdir" "-m" "1610612736" "--user" "0:0" "--network" "none" "ghcr.io/rust-lang/crates-build-env/linux@sha256:f3a9d4ad9d972b27faf3965f35b62e55ba32bbce8f20bc8fe909558a86702fde" "/opt/rustwide/cargo-home/bin/cargo" "+beta-2024-12-08" "test" "--frozen", kill_on_drop: false }`
[INFO] [stdout] 3c9ff0a902fc95b8815199419bfc565bae472bd61cb5125b26fd3b3091517c7d
[INFO] running `Command { std: "docker" "start" "-a" "3c9ff0a902fc95b8815199419bfc565bae472bd61cb5125b26fd3b3091517c7d", kill_on_drop: false }`
[INFO] [stderr]     Finished `test` profile [unoptimized + debuginfo] target(s) in 0.10s
[INFO] [stderr]      Running unittests src/lib.rs (/opt/rustwide/target/debug/deps/wgpu_async-ed7b447dbacddd12)
[INFO] [stdout] 
[INFO] [stdout] running 0 tests
[INFO] [stdout] 
[INFO] [stdout] test result: ok. 0 passed; 0 failed; 0 ignored; 0 measured; 0 filtered out; finished in 0.00s
[INFO] [stdout] 
[INFO] [stderr]    Doc-tests wgpu_async
[INFO] [stdout] 
[INFO] [stdout] running 9 tests
[INFO] [stdout] test src/lib.rs - (line 101) ... ignored
[INFO] [stdout] test src/lib.rs - (line 109) ... ignored
[INFO] [stdout] test src/lib.rs - (line 32) ... ignored
[INFO] [stdout] test src/lib.rs - (line 40) ... ignored
[INFO] [stdout] test src/lib.rs - (line 46) ... ignored
[INFO] [stdout] test src/lib.rs - (line 70) ... ignored
[INFO] [stdout] test src/lib.rs - wrap (line 38) ... FAILED
[INFO] [stdout] test src/lib.rs - (line 56) - compile fail ... ok
[INFO] [stdout] test src/async_device.rs - async_device::AsyncDevice::do_async (line 37) ... ok
[INFO] [stdout] 
[INFO] [stdout] failures:
[INFO] [stdout] 
[INFO] [stdout] ---- src/lib.rs - wrap (line 38) stdout ----
[INFO] [stdout] error[E0063]: missing field `memory_hints` in initializer of `wgpu_types::DeviceDescriptor<Option<&str>>`
[INFO] [stdout]   --> src/lib.rs:53:10
[INFO] [stdout]    |
[INFO] [stdout] 18 |         &wgpu::DeviceDescriptor {
[INFO] [stdout]    |          ^^^^^^^^^^^^^^^^^^^^^^ missing `memory_hints`
[INFO] [stdout] 
[INFO] [stdout] error: aborting due to 1 previous error
[INFO] [stdout] 
[INFO] [stdout] For more information about this error, try `rustc --explain E0063`.
[INFO] [stdout] Couldn't compile the test.
[INFO] [stdout] 
[INFO] [stdout] failures:
[INFO] [stdout]     src/lib.rs - wrap (line 38)
[INFO] [stdout] 
[INFO] [stdout] test result: FAILED. 2 passed; 1 failed; 6 ignored; 0 measured; 0 filtered out; finished in 0.33s
[INFO] [stdout] 
[INFO] [stderr] error: doctest failed, to rerun pass `--doc`
[INFO] running `Command { std: "docker" "inspect" "3c9ff0a902fc95b8815199419bfc565bae472bd61cb5125b26fd3b3091517c7d", kill_on_drop: false }`
[INFO] running `Command { std: "docker" "rm" "-f" "3c9ff0a902fc95b8815199419bfc565bae472bd61cb5125b26fd3b3091517c7d", kill_on_drop: false }`
[INFO] [stdout] 3c9ff0a902fc95b8815199419bfc565bae472bd61cb5125b26fd3b3091517c7d
