[INFO] fetching crate wfst4str 1.0.4...
[INFO] testing wfst4str-1.0.4 against 1.83.0 for beta-1.84.0-4-retry
[INFO] extracting crate wfst4str 1.0.4 into /workspace/builds/worker-0-tc1/source
[INFO] validating manifest of crates.io crate wfst4str 1.0.4 on toolchain 1.83.0
[INFO] running `Command { std: CARGO_HOME="/workspace/cargo-home" RUSTUP_HOME="/workspace/rustup-home" "/workspace/cargo-home/bin/cargo" "+1.83.0" "metadata" "--manifest-path" "Cargo.toml" "--no-deps", kill_on_drop: false }`
[INFO] removed /workspace/builds/worker-0-tc1/source/.cargo/config.toml
[INFO] started tweaking crates.io crate wfst4str 1.0.4
[INFO] finished tweaking crates.io crate wfst4str 1.0.4
[INFO] tweaked toml for crates.io crate wfst4str 1.0.4 written to /workspace/builds/worker-0-tc1/source/Cargo.toml
[INFO] running `Command { std: CARGO_HOME="/workspace/cargo-home" RUSTUP_HOME="/workspace/rustup-home" "/workspace/cargo-home/bin/cargo" "+1.83.0" "generate-lockfile" "--manifest-path" "Cargo.toml", kill_on_drop: false }`
[INFO] [stderr]     Updating crates.io index
[INFO] [stderr]      Locking 74 packages to latest compatible versions
[INFO] [stderr]       Adding indoc-impl v0.3.6 (available: v0.3.7)
[INFO] [stderr]       Adding memchr v2.3.4 (available: v2.7.4)
[INFO] [stderr]       Adding pyo3 v0.15.2 (available: v0.23.3)
[INFO] [stderr]       Adding rustfst v0.9.0 (available: v1.1.2)
[INFO] running `Command { std: CARGO_HOME="/workspace/cargo-home" RUSTUP_HOME="/workspace/rustup-home" "/workspace/cargo-home/bin/cargo" "+1.83.0" "fetch" "--manifest-path" "Cargo.toml", kill_on_drop: false }`
[INFO] [stderr]  Downloading crates ...
[INFO] [stderr]   Downloaded unsafe_unwrap v0.1.0
[INFO] [stderr]   Downloaded binary-heap-plus v0.1.6
[INFO] [stderr]   Downloaded compare v0.0.6
[INFO] [stderr]   Downloaded ordered_iter v0.1.2
[INFO] [stderr]   Downloaded stable_bst v0.2.0
[INFO] [stderr]   Downloaded bimap v0.3.1
[INFO] [stderr]   Downloaded rustfst v0.9.0
[INFO] running `Command { std: "docker" "create" "-v" "/var/lib/crater-agent-workspace/builds/worker-0-tc1/target:/opt/rustwide/target:rw,Z" "-v" "/var/lib/crater-agent-workspace/builds/worker-0-tc1/source:/opt/rustwide/workdir:ro,Z" "-v" "/var/lib/crater-agent-workspace/cargo-home:/opt/rustwide/cargo-home:ro,Z" "-v" "/var/lib/crater-agent-workspace/rustup-home:/opt/rustwide/rustup-home:ro,Z" "-e" "SOURCE_DIR=/opt/rustwide/workdir" "-e" "CARGO_TARGET_DIR=/opt/rustwide/target" "-e" "CARGO_HOME=/opt/rustwide/cargo-home" "-e" "RUSTUP_HOME=/opt/rustwide/rustup-home" "-w" "/opt/rustwide/workdir" "-m" "1610612736" "--user" "0:0" "--network" "none" "ghcr.io/rust-lang/crates-build-env/linux@sha256:f3a9d4ad9d972b27faf3965f35b62e55ba32bbce8f20bc8fe909558a86702fde" "/opt/rustwide/cargo-home/bin/cargo" "+1.83.0" "metadata" "--no-deps" "--format-version=1", kill_on_drop: false }`
[INFO] [stdout] e5146af184783740f7eb90ec2ed67ddde6a7a75cf5c1dc375f60344d9b482dbc
[INFO] running `Command { std: "docker" "start" "-a" "e5146af184783740f7eb90ec2ed67ddde6a7a75cf5c1dc375f60344d9b482dbc", kill_on_drop: false }`
[INFO] running `Command { std: "docker" "inspect" "e5146af184783740f7eb90ec2ed67ddde6a7a75cf5c1dc375f60344d9b482dbc", kill_on_drop: false }`
[INFO] running `Command { std: "docker" "rm" "-f" "e5146af184783740f7eb90ec2ed67ddde6a7a75cf5c1dc375f60344d9b482dbc", kill_on_drop: false }`
[INFO] [stdout] e5146af184783740f7eb90ec2ed67ddde6a7a75cf5c1dc375f60344d9b482dbc
[INFO] running `Command { std: "docker" "create" "-v" "/var/lib/crater-agent-workspace/builds/worker-0-tc1/target:/opt/rustwide/target:rw,Z" "-v" "/var/lib/crater-agent-workspace/builds/worker-0-tc1/source:/opt/rustwide/workdir:ro,Z" "-v" "/var/lib/crater-agent-workspace/cargo-home:/opt/rustwide/cargo-home:ro,Z" "-v" "/var/lib/crater-agent-workspace/rustup-home:/opt/rustwide/rustup-home:ro,Z" "-e" "SOURCE_DIR=/opt/rustwide/workdir" "-e" "CARGO_TARGET_DIR=/opt/rustwide/target" "-e" "CARGO_INCREMENTAL=0" "-e" "RUST_BACKTRACE=full" "-e" "RUSTFLAGS=--cap-lints=warn" "-e" "RUSTDOCFLAGS=--cap-lints=warn" "-e" "CARGO_HOME=/opt/rustwide/cargo-home" "-e" "RUSTUP_HOME=/opt/rustwide/rustup-home" "-w" "/opt/rustwide/workdir" "-m" "1610612736" "--user" "0:0" "--network" "none" "ghcr.io/rust-lang/crates-build-env/linux@sha256:f3a9d4ad9d972b27faf3965f35b62e55ba32bbce8f20bc8fe909558a86702fde" "/opt/rustwide/cargo-home/bin/cargo" "+1.83.0" "build" "--frozen" "--message-format=json", kill_on_drop: false }`
[INFO] [stdout] a2607fe9c9576d9d04b8534de4e74fd6be81d1a1ab08c762b6d3e884a073c164
[INFO] running `Command { std: "docker" "start" "-a" "a2607fe9c9576d9d04b8534de4e74fd6be81d1a1ab08c762b6d3e884a073c164", kill_on_drop: false }`
[INFO] [stderr]    Compiling proc-macro2 v1.0.92
[INFO] [stderr]    Compiling unicode-ident v1.0.14
[INFO] [stderr]    Compiling cfg-if v1.0.0
[INFO] [stderr]    Compiling autocfg v1.4.0
[INFO] [stderr]    Compiling libc v0.2.168
[INFO] [stderr]    Compiling syn v1.0.109
[INFO] [stderr]    Compiling proc-macro-hack v0.5.20+deprecated
[INFO] [stderr]    Compiling pyo3-build-config v0.15.2
[INFO] [stderr]    Compiling once_cell v1.20.2
[INFO] [stderr]    Compiling memchr v2.3.4
[INFO] [stderr]    Compiling radium v0.5.3
[INFO] [stderr]    Compiling byteorder v1.5.0
[INFO] [stderr]    Compiling bit-vec v0.6.3
[INFO] [stderr]    Compiling lexical-core v0.7.6
[INFO] [stderr]    Compiling typenum v1.17.0
[INFO] [stderr]    Compiling version_check v0.9.5
[INFO] [stderr]    Compiling parking_lot_core v0.8.6
[INFO] [stderr]    Compiling instant v0.1.13
[INFO] [stderr]    Compiling wyz v0.2.0
[INFO] [stderr]    Compiling arrayvec v0.5.2
[INFO] [stderr]    Compiling bitflags v1.3.2
[INFO] [stderr]    Compiling tap v1.0.1
[INFO] [stderr]    Compiling bit-set v0.5.3
[INFO] [stderr]    Compiling vec_map v0.8.2
[INFO] [stderr]    Compiling serde v1.0.216
[INFO] [stderr]    Compiling static_assertions v1.1.0
[INFO] [stderr]    Compiling anyhow v1.0.94
[INFO] [stderr]    Compiling nom v6.2.2
[INFO] [stderr]    Compiling scopeguard v1.2.0
[INFO] [stderr]    Compiling unindent v0.1.11
[INFO] [stderr]    Compiling smallvec v1.13.2
[INFO] [stderr]    Compiling funty v1.1.0
[INFO] [stderr]    Compiling ryu v1.0.18
[INFO] [stderr]    Compiling ordered_iter v0.1.2
[INFO] [stderr]    Compiling num-traits v0.2.19
[INFO] [stderr]    Compiling lock_api v0.4.12
[INFO] [stderr]    Compiling cfg-if v0.1.10
[INFO] [stderr]    Compiling either v1.13.0
[INFO] [stderr]    Compiling compare v0.0.6
[INFO] [stderr]    Compiling bimap v0.3.1
[INFO] [stderr]    Compiling superslice v1.0.0
[INFO] [stderr]    Compiling binary-heap-plus v0.1.6
[INFO] [stderr]    Compiling stable_bst v0.2.0
[INFO] [stderr]    Compiling unsafe_unwrap v0.1.0
[INFO] [stderr]    Compiling itertools v0.9.0
[INFO] [stderr]    Compiling minimal-lexical v0.2.1
[INFO] [stderr]    Compiling bitvec v0.19.6
[INFO] [stderr]    Compiling quote v1.0.37
[INFO] [stderr]    Compiling nom v7.1.3
[INFO] [stderr]    Compiling syn v2.0.90
[INFO] [stderr]    Compiling generic-array v0.12.4
[INFO] [stderr]    Compiling getrandom v0.2.15
[INFO] [stderr]    Compiling rand_core v0.6.4
[INFO] [stderr]    Compiling parking_lot v0.11.2
[INFO] [stderr]    Compiling paste-impl v0.1.18
[INFO] [stderr]    Compiling ordered-float v1.1.1
[INFO] [stderr]    Compiling pyo3 v0.15.2
[INFO] [stderr]    Compiling paste v0.1.18
[INFO] [stderr]    Compiling zerocopy-derive v0.7.35
[INFO] [stderr]    Compiling serde_derive v1.0.216
[INFO] [stderr]    Compiling zerocopy v0.7.35
[INFO] [stderr]    Compiling pyo3-macros-backend v0.15.2
[INFO] [stderr]    Compiling ppv-lite86 v0.2.20
[INFO] [stderr]    Compiling indoc-impl v0.3.6
[INFO] [stderr]    Compiling rand_chacha v0.3.1
[INFO] [stderr]    Compiling rand v0.8.5
[INFO] [stderr]    Compiling indoc v0.3.6
[INFO] [stderr]    Compiling pyo3-macros v0.15.2
[INFO] [stderr]    Compiling rustfst v0.9.0
[INFO] [stderr]    Compiling wfst4str v1.0.4 (/opt/rustwide/workdir)
[INFO] [stderr]     Finished `dev` profile [unoptimized + debuginfo] target(s) in 27.18s
[INFO] running `Command { std: "docker" "inspect" "a2607fe9c9576d9d04b8534de4e74fd6be81d1a1ab08c762b6d3e884a073c164", kill_on_drop: false }`
[INFO] running `Command { std: "docker" "rm" "-f" "a2607fe9c9576d9d04b8534de4e74fd6be81d1a1ab08c762b6d3e884a073c164", kill_on_drop: false }`
[INFO] [stdout] a2607fe9c9576d9d04b8534de4e74fd6be81d1a1ab08c762b6d3e884a073c164
[INFO] running `Command { std: "docker" "create" "-v" "/var/lib/crater-agent-workspace/builds/worker-0-tc1/target:/opt/rustwide/target:rw,Z" "-v" "/var/lib/crater-agent-workspace/builds/worker-0-tc1/source:/opt/rustwide/workdir:ro,Z" "-v" "/var/lib/crater-agent-workspace/cargo-home:/opt/rustwide/cargo-home:ro,Z" "-v" "/var/lib/crater-agent-workspace/rustup-home:/opt/rustwide/rustup-home:ro,Z" "-e" "SOURCE_DIR=/opt/rustwide/workdir" "-e" "CARGO_TARGET_DIR=/opt/rustwide/target" "-e" "CARGO_INCREMENTAL=0" "-e" "RUST_BACKTRACE=full" "-e" "RUSTFLAGS=--cap-lints=warn" "-e" "RUSTDOCFLAGS=--cap-lints=warn" "-e" "CARGO_HOME=/opt/rustwide/cargo-home" "-e" "RUSTUP_HOME=/opt/rustwide/rustup-home" "-w" "/opt/rustwide/workdir" "-m" "1610612736" "--user" "0:0" "--network" "none" "ghcr.io/rust-lang/crates-build-env/linux@sha256:f3a9d4ad9d972b27faf3965f35b62e55ba32bbce8f20bc8fe909558a86702fde" "/opt/rustwide/cargo-home/bin/cargo" "+1.83.0" "test" "--frozen" "--no-run" "--message-format=json", kill_on_drop: false }`
[INFO] [stdout] 89585bfb4a3ea24f483b25ebe933a905110b3326cd3b7c7cd7666648e10519ad
[INFO] running `Command { std: "docker" "start" "-a" "89585bfb4a3ea24f483b25ebe933a905110b3326cd3b7c7cd7666648e10519ad", kill_on_drop: false }`
[INFO] [stderr]    Compiling wfst4str v1.0.4 (/opt/rustwide/workdir)
[INFO] [stderr]     Finished `test` profile [unoptimized + debuginfo] target(s) in 5.92s
[INFO] running `Command { std: "docker" "inspect" "89585bfb4a3ea24f483b25ebe933a905110b3326cd3b7c7cd7666648e10519ad", kill_on_drop: false }`
[INFO] running `Command { std: "docker" "rm" "-f" "89585bfb4a3ea24f483b25ebe933a905110b3326cd3b7c7cd7666648e10519ad", kill_on_drop: false }`
[INFO] [stdout] 89585bfb4a3ea24f483b25ebe933a905110b3326cd3b7c7cd7666648e10519ad
[INFO] running `Command { std: "docker" "create" "-v" "/var/lib/crater-agent-workspace/builds/worker-0-tc1/target:/opt/rustwide/target:rw,Z" "-v" "/var/lib/crater-agent-workspace/builds/worker-0-tc1/source:/opt/rustwide/workdir:ro,Z" "-v" "/var/lib/crater-agent-workspace/cargo-home:/opt/rustwide/cargo-home:ro,Z" "-v" "/var/lib/crater-agent-workspace/rustup-home:/opt/rustwide/rustup-home:ro,Z" "-e" "SOURCE_DIR=/opt/rustwide/workdir" "-e" "CARGO_TARGET_DIR=/opt/rustwide/target" "-e" "CARGO_INCREMENTAL=0" "-e" "RUST_BACKTRACE=full" "-e" "RUSTFLAGS=--cap-lints=warn" "-e" "RUSTDOCFLAGS=--cap-lints=warn" "-e" "CARGO_HOME=/opt/rustwide/cargo-home" "-e" "RUSTUP_HOME=/opt/rustwide/rustup-home" "-w" "/opt/rustwide/workdir" "-m" "1610612736" "--user" "0:0" "--network" "none" "ghcr.io/rust-lang/crates-build-env/linux@sha256:f3a9d4ad9d972b27faf3965f35b62e55ba32bbce8f20bc8fe909558a86702fde" "/opt/rustwide/cargo-home/bin/cargo" "+1.83.0" "test" "--frozen", kill_on_drop: false }`
[INFO] [stdout] 7dd2dadbfb6a656c0fe8d3d66008c3e2b250ab48f53dfba926b8b277bfa2dc46
[INFO] running `Command { std: "docker" "start" "-a" "7dd2dadbfb6a656c0fe8d3d66008c3e2b250ab48f53dfba926b8b277bfa2dc46", kill_on_drop: false }`
[INFO] [stderr]     Finished `test` profile [unoptimized + debuginfo] target(s) in 0.08s
[INFO] [stderr]      Running unittests src/lib.rs (/opt/rustwide/target/debug/deps/wfst4str-8dc47838904498d9)
[INFO] [stdout] 
[INFO] [stdout] running 0 tests
[INFO] [stdout] 
[INFO] [stdout] test result: ok. 0 passed; 0 failed; 0 ignored; 0 measured; 0 filtered out; finished in 0.00s
[INFO] [stdout] 
[INFO] [stderr]    Doc-tests wfst4str
[INFO] [stdout] 
[INFO] [stdout] running 7 tests
[INFO] [stdout] test src/lib.rs - SymTab (line 47) ... FAILED
[INFO] [stdout] test src/lib.rs - SymTab::add_symbol (line 78) ... FAILED
[INFO] [stdout] test src/lib.rs - SymTab::new (line 62) ... FAILED
[INFO] [stdout] test src/lib.rs - SymTab (line 42) ... FAILED
[INFO] [stdout] test src/lib.rs - SymTab::get_symbol (line 104) ... FAILED
[INFO] [stdout] test src/lib.rs - SymTab::get_label (line 92) ... FAILED
[INFO] [stdout] test src/lib.rs - WeightedFst (line 118) ... FAILED
[INFO] [stdout] 
[INFO] [stdout] failures:
[INFO] [stdout] 
[INFO] [stdout] ---- src/lib.rs - SymTab (line 47) stdout ----
[INFO] [stdout] error: expected `;`, found `assert`
[INFO] [stdout]  --> src/lib.rs:48:31
[INFO] [stdout]   |
[INFO] [stdout] 3 | symt = SymTab(["a", "b", "c"])
[INFO] [stdout]   |                               ^ help: add `;` here
[INFO] [stdout] 4 | assert(symt.get_symbol(1) == "a")
[INFO] [stdout]   | ------ unexpected token
[INFO] [stdout] 
[INFO] [stdout] error[E0425]: cannot find value `symt` in this scope
[INFO] [stdout]  --> src/lib.rs:49:8
[INFO] [stdout]   |
[INFO] [stdout] 4 | assert(symt.get_symbol(1) == "a")
[INFO] [stdout]   |        ^^^^ not found in this scope
[INFO] [stdout] 
[INFO] [stdout] error[E0423]: expected function, found macro `assert`
[INFO] [stdout]  --> src/lib.rs:49:1
[INFO] [stdout]   |
[INFO] [stdout] 4 | assert(symt.get_symbol(1) == "a")
[INFO] [stdout]   | ^^^^^^ not a function
[INFO] [stdout]   |
[INFO] [stdout] help: use `!` to invoke the macro
[INFO] [stdout]   |
[INFO] [stdout] 4 | assert!(symt.get_symbol(1) == "a")
[INFO] [stdout]   |       +
[INFO] [stdout] 
[INFO] [stdout] error: aborting due to 3 previous errors
[INFO] [stdout] 
[INFO] [stdout] Some errors have detailed explanations: E0423, E0425.
[INFO] [stdout] For more information about an error, try `rustc --explain E0423`.
[INFO] [stdout] Couldn't compile the test.
[INFO] [stdout] ---- src/lib.rs - SymTab::add_symbol (line 78) stdout ----
[INFO] [stdout] error[E0433]: failed to resolve: use of undeclared type `SymTab`
[INFO] [stdout]  --> src/lib.rs:79:12
[INFO] [stdout]   |
[INFO] [stdout] 3 | let symt = SymTab::new(vec!["a", "b"]);
[INFO] [stdout]   |            ^^^^^^ use of undeclared type `SymTab`
[INFO] [stdout]   |
[INFO] [stdout] help: consider importing this struct
[INFO] [stdout]   |
[INFO] [stdout] 2 + use wfst4str::SymTab;
[INFO] [stdout]   |
[INFO] [stdout] 
[INFO] [stdout] error: aborting due to 1 previous error
[INFO] [stdout] 
[INFO] [stdout] For more information about this error, try `rustc --explain E0433`.
[INFO] [stdout] Couldn't compile the test.
[INFO] [stdout] ---- src/lib.rs - SymTab::new (line 62) stdout ----
[INFO] [stdout] error[E0433]: failed to resolve: use of undeclared type `SymTab`
[INFO] [stdout]  --> src/lib.rs:63:12
[INFO] [stdout]   |
[INFO] [stdout] 3 | let symt = SymTab::new(vec!["a", "b", "c"]);
[INFO] [stdout]   |            ^^^^^^ use of undeclared type `SymTab`
[INFO] [stdout]   |
[INFO] [stdout] help: consider importing this struct
[INFO] [stdout]   |
[INFO] [stdout] 2 + use wfst4str::SymTab;
[INFO] [stdout]   |
[INFO] [stdout] 
[INFO] [stdout] error: aborting due to 1 previous error
[INFO] [stdout] 
[INFO] [stdout] For more information about this error, try `rustc --explain E0433`.
[INFO] [stdout] Couldn't compile the test.
[INFO] [stdout] ---- src/lib.rs - SymTab (line 42) stdout ----
[INFO] [stdout] error[E0433]: failed to resolve: use of undeclared type `SymTab`
[INFO] [stdout]  --> src/lib.rs:43:12
[INFO] [stdout]   |
[INFO] [stdout] 3 | let symt = SymTab::new(vec!["a", "b", "c"]);
[INFO] [stdout]   |            ^^^^^^ use of undeclared type `SymTab`
[INFO] [stdout]   |
[INFO] [stdout] help: consider importing this struct
[INFO] [stdout]   |
[INFO] [stdout] 2 + use wfst4str::SymTab;
[INFO] [stdout]   |
[INFO] [stdout] 
[INFO] [stdout] error: aborting due to 1 previous error
[INFO] [stdout] 
[INFO] [stdout] For more information about this error, try `rustc --explain E0433`.
[INFO] [stdout] Couldn't compile the test.
[INFO] [stdout] ---- src/lib.rs - SymTab::get_symbol (line 104) stdout ----
[INFO] [stdout] error[E0433]: failed to resolve: use of undeclared type `SymTab`
[INFO] [stdout]  --> src/lib.rs:105:12
[INFO] [stdout]   |
[INFO] [stdout] 3 | let symt = SymTab::new(vec!["a", "b", "c"]);
[INFO] [stdout]   |            ^^^^^^ use of undeclared type `SymTab`
[INFO] [stdout]   |
[INFO] [stdout] help: consider importing this struct
[INFO] [stdout]   |
[INFO] [stdout] 2 + use wfst4str::SymTab;
[INFO] [stdout]   |
[INFO] [stdout] 
[INFO] [stdout] error: aborting due to 1 previous error
[INFO] [stdout] 
[INFO] [stdout] For more information about this error, try `rustc --explain E0433`.
[INFO] [stdout] Couldn't compile the test.
[INFO] [stdout] ---- src/lib.rs - SymTab::get_label (line 92) stdout ----
[INFO] [stdout] error[E0433]: failed to resolve: use of undeclared type `SymTab`
[INFO] [stdout]  --> src/lib.rs:93:12
[INFO] [stdout]   |
[INFO] [stdout] 3 | let symt = SymTab::new(vec!["a", "b", "c"]);
[INFO] [stdout]   |            ^^^^^^ use of undeclared type `SymTab`
[INFO] [stdout]   |
[INFO] [stdout] help: consider importing this struct
[INFO] [stdout]   |
[INFO] [stdout] 2 + use wfst4str::SymTab;
[INFO] [stdout]   |
[INFO] [stdout] 
[INFO] [stdout] error: aborting due to 1 previous error
[INFO] [stdout] 
[INFO] [stdout] For more information about this error, try `rustc --explain E0433`.
[INFO] [stdout] Couldn't compile the test.
[INFO] [stdout] ---- src/lib.rs - WeightedFst (line 118) stdout ----
[INFO] [stdout] error[E0308]: mismatched types
[INFO] [stdout]    --> src/lib.rs:124:21
[INFO] [stdout]     |
[INFO] [stdout] 9   | t.set_input_symbols(sym);
[INFO] [stdout]     |   ----------------- ^^^ expected `Vec<String>`, found `Vec<&str>`
[INFO] [stdout]     |   |
[INFO] [stdout]     |   arguments to this method are incorrect
[INFO] [stdout]     |
[INFO] [stdout]     = note: expected struct `Vec<String>`
[INFO] [stdout]                found struct `Vec<&str>`
[INFO] [stdout] note: method defined here
[INFO] [stdout]    --> /opt/rustwide/workdir/src/lib.rs:200:12
[INFO] [stdout]     |
[INFO] [stdout] 200 |     pub fn set_input_symbols(&mut self, sym_vec: Vec<String>) {
[INFO] [stdout]     |            ^^^^^^^^^^^^^^^^^
[INFO] [stdout] 
[INFO] [stdout] error[E0308]: mismatched types
[INFO] [stdout]    --> src/lib.rs:125:22
[INFO] [stdout]     |
[INFO] [stdout] 10  | t.set_output_symbols(sym);
[INFO] [stdout]     |   ------------------ ^^^ expected `Vec<String>`, found `Vec<&str>`
[INFO] [stdout]     |   |
[INFO] [stdout]     |   arguments to this method are incorrect
[INFO] [stdout]     |
[INFO] [stdout]     = note: expected struct `Vec<String>`
[INFO] [stdout]                found struct `Vec<&str>`
[INFO] [stdout] note: method defined here
[INFO] [stdout]    --> /opt/rustwide/workdir/src/lib.rs:216:12
[INFO] [stdout]     |
[INFO] [stdout] 216 |     pub fn set_output_symbols(&mut self, sym_vec: Vec<String>) {
[INFO] [stdout]     |            ^^^^^^^^^^^^^^^^^^
[INFO] [stdout] 
[INFO] [stdout] error[E0061]: this method takes 5 arguments but 4 arguments were supplied
[INFO] [stdout]    --> src/lib.rs:130:3
[INFO] [stdout]     |
[INFO] [stdout] 15  | t.add_tr(0, 1, "a", "b").unwrap();
[INFO] [stdout]     |   ^^^^^^---------------- argument #5 of type `f32` is missing
[INFO] [stdout]     |
[INFO] [stdout] note: method defined here
[INFO] [stdout]    --> /opt/rustwide/workdir/src/lib.rs:358:12
[INFO] [stdout]     |
[INFO] [stdout] 358 |     pub fn add_tr(
[INFO] [stdout]     |            ^^^^^^
[INFO] [stdout] help: provide the argument
[INFO] [stdout]     |
[INFO] [stdout] 15  | t.add_tr(0, 1, "a", "b", /* f32 */).unwrap();
[INFO] [stdout]     |         ~~~~~~~~~~~~~~~~~~~~~~~~~~~
[INFO] [stdout] 
[INFO] [stdout] error: aborting due to 3 previous errors
[INFO] [stdout] 
[INFO] [stdout] Some errors have detailed explanations: E0061, E0308.
[INFO] [stdout] For more information about an error, try `rustc --explain E0061`.
[INFO] [stdout] Couldn't compile the test.
[INFO] [stdout] 
[INFO] [stdout] failures:
[INFO] [stdout]     src/lib.rs - SymTab (line 42)
[INFO] [stdout]     src/lib.rs - SymTab (line 47)
[INFO] [stdout]     src/lib.rs - SymTab::add_symbol (line 78)
[INFO] [stdout]     src/lib.rs - SymTab::get_label (line 92)
[INFO] [stdout]     src/lib.rs - SymTab::get_symbol (line 104)
[INFO] [stdout]     src/lib.rs - SymTab::new (line 62)
[INFO] [stdout]     src/lib.rs - WeightedFst (line 118)
[INFO] [stdout] 
[INFO] [stdout] test result: FAILED. 0 passed; 7 failed; 0 ignored; 0 measured; 0 filtered out; finished in 0.32s
[INFO] [stdout] 
[INFO] [stderr] error: doctest failed, to rerun pass `--doc`
[INFO] running `Command { std: "docker" "inspect" "7dd2dadbfb6a656c0fe8d3d66008c3e2b250ab48f53dfba926b8b277bfa2dc46", kill_on_drop: false }`
[INFO] running `Command { std: "docker" "rm" "-f" "7dd2dadbfb6a656c0fe8d3d66008c3e2b250ab48f53dfba926b8b277bfa2dc46", kill_on_drop: false }`
[INFO] [stdout] 7dd2dadbfb6a656c0fe8d3d66008c3e2b250ab48f53dfba926b8b277bfa2dc46
