[INFO] fetching crate weighted-rs-wasm 0.1.4...
[INFO] testing weighted-rs-wasm-0.1.4 against 1.83.0 for beta-1.84.0-4-retry
[INFO] extracting crate weighted-rs-wasm 0.1.4 into /workspace/builds/worker-7-tc1/source
[INFO] validating manifest of crates.io crate weighted-rs-wasm 0.1.4 on toolchain 1.83.0
[INFO] running `Command { std: CARGO_HOME="/workspace/cargo-home" RUSTUP_HOME="/workspace/rustup-home" "/workspace/cargo-home/bin/cargo" "+1.83.0" "metadata" "--manifest-path" "Cargo.toml" "--no-deps", kill_on_drop: false }`
[INFO] started tweaking crates.io crate weighted-rs-wasm 0.1.4
[INFO] finished tweaking crates.io crate weighted-rs-wasm 0.1.4
[INFO] tweaked toml for crates.io crate weighted-rs-wasm 0.1.4 written to /workspace/builds/worker-7-tc1/source/Cargo.toml
[INFO] running `Command { std: CARGO_HOME="/workspace/cargo-home" RUSTUP_HOME="/workspace/rustup-home" "/workspace/cargo-home/bin/cargo" "+1.83.0" "generate-lockfile" "--manifest-path" "Cargo.toml", kill_on_drop: false }`
[INFO] running `Command { std: CARGO_HOME="/workspace/cargo-home" RUSTUP_HOME="/workspace/rustup-home" "/workspace/cargo-home/bin/cargo" "+1.83.0" "fetch" "--manifest-path" "Cargo.toml", kill_on_drop: false }`
[INFO] running `Command { std: "docker" "create" "-v" "/var/lib/crater-agent-workspace/builds/worker-7-tc1/target:/opt/rustwide/target:rw,Z" "-v" "/var/lib/crater-agent-workspace/builds/worker-7-tc1/source:/opt/rustwide/workdir:ro,Z" "-v" "/var/lib/crater-agent-workspace/cargo-home:/opt/rustwide/cargo-home:ro,Z" "-v" "/var/lib/crater-agent-workspace/rustup-home:/opt/rustwide/rustup-home:ro,Z" "-e" "SOURCE_DIR=/opt/rustwide/workdir" "-e" "CARGO_TARGET_DIR=/opt/rustwide/target" "-e" "CARGO_HOME=/opt/rustwide/cargo-home" "-e" "RUSTUP_HOME=/opt/rustwide/rustup-home" "-w" "/opt/rustwide/workdir" "-m" "1610612736" "--user" "0:0" "--network" "none" "ghcr.io/rust-lang/crates-build-env/linux@sha256:f3a9d4ad9d972b27faf3965f35b62e55ba32bbce8f20bc8fe909558a86702fde" "/opt/rustwide/cargo-home/bin/cargo" "+1.83.0" "metadata" "--no-deps" "--format-version=1", kill_on_drop: false }`
[INFO] [stdout] 871893a1e0dc2a29b61b653d421159488f4616bdc97fdcb033a75b026eb3ba48
[INFO] running `Command { std: "docker" "start" "-a" "871893a1e0dc2a29b61b653d421159488f4616bdc97fdcb033a75b026eb3ba48", kill_on_drop: false }`
[INFO] running `Command { std: "docker" "inspect" "871893a1e0dc2a29b61b653d421159488f4616bdc97fdcb033a75b026eb3ba48", kill_on_drop: false }`
[INFO] running `Command { std: "docker" "rm" "-f" "871893a1e0dc2a29b61b653d421159488f4616bdc97fdcb033a75b026eb3ba48", kill_on_drop: false }`
[INFO] [stdout] 871893a1e0dc2a29b61b653d421159488f4616bdc97fdcb033a75b026eb3ba48
[INFO] running `Command { std: "docker" "create" "-v" "/var/lib/crater-agent-workspace/builds/worker-7-tc1/target:/opt/rustwide/target:rw,Z" "-v" "/var/lib/crater-agent-workspace/builds/worker-7-tc1/source:/opt/rustwide/workdir:ro,Z" "-v" "/var/lib/crater-agent-workspace/cargo-home:/opt/rustwide/cargo-home:ro,Z" "-v" "/var/lib/crater-agent-workspace/rustup-home:/opt/rustwide/rustup-home:ro,Z" "-e" "SOURCE_DIR=/opt/rustwide/workdir" "-e" "CARGO_TARGET_DIR=/opt/rustwide/target" "-e" "CARGO_INCREMENTAL=0" "-e" "RUST_BACKTRACE=full" "-e" "RUSTFLAGS=--cap-lints=warn" "-e" "RUSTDOCFLAGS=--cap-lints=warn" "-e" "CARGO_HOME=/opt/rustwide/cargo-home" "-e" "RUSTUP_HOME=/opt/rustwide/rustup-home" "-w" "/opt/rustwide/workdir" "-m" "1610612736" "--user" "0:0" "--network" "none" "ghcr.io/rust-lang/crates-build-env/linux@sha256:f3a9d4ad9d972b27faf3965f35b62e55ba32bbce8f20bc8fe909558a86702fde" "/opt/rustwide/cargo-home/bin/cargo" "+1.83.0" "build" "--frozen" "--message-format=json", kill_on_drop: false }`
[INFO] [stdout] 80dd9f8816388475521acf1b490e591e4b974550444274fa878dc752e4c4c965
[INFO] running `Command { std: "docker" "start" "-a" "80dd9f8816388475521acf1b490e591e4b974550444274fa878dc752e4c4c965", kill_on_drop: false }`
[INFO] [stderr]    Compiling weighted-rs-wasm v0.1.4 (/opt/rustwide/workdir)
[INFO] [stderr]     Finished `dev` profile [unoptimized + debuginfo] target(s) in 0.20s
[INFO] running `Command { std: "docker" "inspect" "80dd9f8816388475521acf1b490e591e4b974550444274fa878dc752e4c4c965", kill_on_drop: false }`
[INFO] running `Command { std: "docker" "rm" "-f" "80dd9f8816388475521acf1b490e591e4b974550444274fa878dc752e4c4c965", kill_on_drop: false }`
[INFO] [stdout] 80dd9f8816388475521acf1b490e591e4b974550444274fa878dc752e4c4c965
[INFO] running `Command { std: "docker" "create" "-v" "/var/lib/crater-agent-workspace/builds/worker-7-tc1/target:/opt/rustwide/target:rw,Z" "-v" "/var/lib/crater-agent-workspace/builds/worker-7-tc1/source:/opt/rustwide/workdir:ro,Z" "-v" "/var/lib/crater-agent-workspace/cargo-home:/opt/rustwide/cargo-home:ro,Z" "-v" "/var/lib/crater-agent-workspace/rustup-home:/opt/rustwide/rustup-home:ro,Z" "-e" "SOURCE_DIR=/opt/rustwide/workdir" "-e" "CARGO_TARGET_DIR=/opt/rustwide/target" "-e" "CARGO_INCREMENTAL=0" "-e" "RUST_BACKTRACE=full" "-e" "RUSTFLAGS=--cap-lints=warn" "-e" "RUSTDOCFLAGS=--cap-lints=warn" "-e" "CARGO_HOME=/opt/rustwide/cargo-home" "-e" "RUSTUP_HOME=/opt/rustwide/rustup-home" "-w" "/opt/rustwide/workdir" "-m" "1610612736" "--user" "0:0" "--network" "none" "ghcr.io/rust-lang/crates-build-env/linux@sha256:f3a9d4ad9d972b27faf3965f35b62e55ba32bbce8f20bc8fe909558a86702fde" "/opt/rustwide/cargo-home/bin/cargo" "+1.83.0" "test" "--frozen" "--no-run" "--message-format=json", kill_on_drop: false }`
[INFO] [stdout] 1665daac73951cac401b895bcaab78a9d77ec17f3ec1559ce18106a55774d6c8
[INFO] running `Command { std: "docker" "start" "-a" "1665daac73951cac401b895bcaab78a9d77ec17f3ec1559ce18106a55774d6c8", kill_on_drop: false }`
[INFO] [stderr]    Compiling weighted-rs-wasm v0.1.4 (/opt/rustwide/workdir)
[INFO] [stderr]     Finished `test` profile [unoptimized + debuginfo] target(s) in 0.60s
[INFO] running `Command { std: "docker" "inspect" "1665daac73951cac401b895bcaab78a9d77ec17f3ec1559ce18106a55774d6c8", kill_on_drop: false }`
[INFO] running `Command { std: "docker" "rm" "-f" "1665daac73951cac401b895bcaab78a9d77ec17f3ec1559ce18106a55774d6c8", kill_on_drop: false }`
[INFO] [stdout] 1665daac73951cac401b895bcaab78a9d77ec17f3ec1559ce18106a55774d6c8
[INFO] running `Command { std: "docker" "create" "-v" "/var/lib/crater-agent-workspace/builds/worker-7-tc1/target:/opt/rustwide/target:rw,Z" "-v" "/var/lib/crater-agent-workspace/builds/worker-7-tc1/source:/opt/rustwide/workdir:ro,Z" "-v" "/var/lib/crater-agent-workspace/cargo-home:/opt/rustwide/cargo-home:ro,Z" "-v" "/var/lib/crater-agent-workspace/rustup-home:/opt/rustwide/rustup-home:ro,Z" "-e" "SOURCE_DIR=/opt/rustwide/workdir" "-e" "CARGO_TARGET_DIR=/opt/rustwide/target" "-e" "CARGO_INCREMENTAL=0" "-e" "RUST_BACKTRACE=full" "-e" "RUSTFLAGS=--cap-lints=warn" "-e" "RUSTDOCFLAGS=--cap-lints=warn" "-e" "CARGO_HOME=/opt/rustwide/cargo-home" "-e" "RUSTUP_HOME=/opt/rustwide/rustup-home" "-w" "/opt/rustwide/workdir" "-m" "1610612736" "--user" "0:0" "--network" "none" "ghcr.io/rust-lang/crates-build-env/linux@sha256:f3a9d4ad9d972b27faf3965f35b62e55ba32bbce8f20bc8fe909558a86702fde" "/opt/rustwide/cargo-home/bin/cargo" "+1.83.0" "test" "--frozen", kill_on_drop: false }`
[INFO] [stdout] f0364aecd84768e4c09cb3fb83af51b7df7f40a48bfbf683822cfefff8bc740d
[INFO] running `Command { std: "docker" "start" "-a" "f0364aecd84768e4c09cb3fb83af51b7df7f40a48bfbf683822cfefff8bc740d", kill_on_drop: false }`
[INFO] [stderr]     Finished `test` profile [unoptimized + debuginfo] target(s) in 0.01s
[INFO] [stderr]      Running unittests src/lib.rs (/opt/rustwide/target/debug/deps/weighted_rs_wasm-29e7bf347fe9486c)
[INFO] [stdout] 
[INFO] [stdout] running 2 tests
[INFO] [stdout] test roundrobin_weight::tests::test_rr_weight ... ok
[INFO] [stdout] test smooth_weight::tests::test_smooth_weight ... ok
[INFO] [stdout] 
[INFO] [stdout] test result: ok. 2 passed; 0 failed; 0 ignored; 0 measured; 0 filtered out; finished in 0.00s
[INFO] [stdout] 
[INFO] [stderr]    Doc-tests weighted_rs_wasm
[INFO] [stdout] 
[INFO] [stdout] running 1 test
[INFO] [stdout] test src/lib.rs - (line 11) ... FAILED
[INFO] [stdout] 
[INFO] [stdout] failures:
[INFO] [stdout] 
[INFO] [stdout] ---- src/lib.rs - (line 11) stdout ----
[INFO] [stdout] error[E0432]: unresolved import `weighted_rs`
[INFO] [stdout]  --> src/lib.rs:12:5
[INFO] [stdout]   |
[INFO] [stdout] 3 | use weighted_rs::{SmoothWeight, Weight};
[INFO] [stdout]   |     ^^^^^^^^^^^ use of undeclared crate or module `weighted_rs`
[INFO] [stdout] 
[INFO] [stdout] error: aborting due to 1 previous error
[INFO] [stdout] 
[INFO] [stdout] For more information about this error, try `rustc --explain E0432`.
[INFO] [stdout] Couldn't compile the test.
[INFO] [stdout] 
[INFO] [stdout] failures:
[INFO] [stdout]     src/lib.rs - (line 11)
[INFO] [stdout] 
[INFO] [stdout] test result: FAILED. 0 passed; 1 failed; 0 ignored; 0 measured; 0 filtered out; finished in 0.08s
[INFO] [stdout] 
[INFO] [stderr] error: doctest failed, to rerun pass `--doc`
[INFO] running `Command { std: "docker" "inspect" "f0364aecd84768e4c09cb3fb83af51b7df7f40a48bfbf683822cfefff8bc740d", kill_on_drop: false }`
[INFO] running `Command { std: "docker" "rm" "-f" "f0364aecd84768e4c09cb3fb83af51b7df7f40a48bfbf683822cfefff8bc740d", kill_on_drop: false }`
[INFO] [stdout] f0364aecd84768e4c09cb3fb83af51b7df7f40a48bfbf683822cfefff8bc740d
