[INFO] fetching crate weensy-proc-macro 0.1.2...
[INFO] testing weensy-proc-macro-0.1.2 against 1.83.0 for beta-1.84.0-4-retry
[INFO] extracting crate weensy-proc-macro 0.1.2 into /workspace/builds/worker-7-tc1/source
[INFO] validating manifest of crates.io crate weensy-proc-macro 0.1.2 on toolchain 1.83.0
[INFO] running `Command { std: CARGO_HOME="/workspace/cargo-home" RUSTUP_HOME="/workspace/rustup-home" "/workspace/cargo-home/bin/cargo" "+1.83.0" "metadata" "--manifest-path" "Cargo.toml" "--no-deps", kill_on_drop: false }`
[INFO] started tweaking crates.io crate weensy-proc-macro 0.1.2
[INFO] finished tweaking crates.io crate weensy-proc-macro 0.1.2
[INFO] tweaked toml for crates.io crate weensy-proc-macro 0.1.2 written to /workspace/builds/worker-7-tc1/source/Cargo.toml
[INFO] running `Command { std: CARGO_HOME="/workspace/cargo-home" RUSTUP_HOME="/workspace/rustup-home" "/workspace/cargo-home/bin/cargo" "+1.83.0" "generate-lockfile" "--manifest-path" "Cargo.toml", kill_on_drop: false }`
[INFO] [stderr]     Updating crates.io index
[INFO] [stderr]      Locking 55 packages to latest compatible versions
[INFO] [stderr]       Adding teensy4-bsp v0.4.8 (available: v0.5.0)
[INFO] running `Command { std: CARGO_HOME="/workspace/cargo-home" RUSTUP_HOME="/workspace/rustup-home" "/workspace/cargo-home/bin/cargo" "+1.83.0" "fetch" "--manifest-path" "Cargo.toml", kill_on_drop: false }`
[INFO] [stderr]  Downloading crates ...
[INFO] [stderr]   Downloaded imxrt-boot-gen v0.3.3
[INFO] [stderr]   Downloaded teensy4-fcb v0.4.0
[INFO] [stderr]   Downloaded imxrt-iomuxc v0.2.8
[INFO] [stderr]   Downloaded imxrt-log v0.1.2
[INFO] [stderr]   Downloaded imxrt-usbd v0.2.2
[INFO] [stderr]   Downloaded ral-registers v0.1.3
[INFO] [stderr]   Downloaded imxrt-dma v0.1.1
[INFO] [stderr]   Downloaded bbqueue v0.5.1
[INFO] [stderr]   Downloaded imxrt-hal v0.5.9
[INFO] [stderr]   Downloaded teensy4-pins v0.3.2
[INFO] [stderr]   Downloaded imxrt-ral v0.5.3
[INFO] [stderr]   Downloaded usbd-serial v0.1.1
[INFO] [stderr]   Downloaded teensy4-bsp v0.4.8
[INFO] running `Command { std: "docker" "create" "-v" "/var/lib/crater-agent-workspace/builds/worker-7-tc1/target:/opt/rustwide/target:rw,Z" "-v" "/var/lib/crater-agent-workspace/builds/worker-7-tc1/source:/opt/rustwide/workdir:ro,Z" "-v" "/var/lib/crater-agent-workspace/cargo-home:/opt/rustwide/cargo-home:ro,Z" "-v" "/var/lib/crater-agent-workspace/rustup-home:/opt/rustwide/rustup-home:ro,Z" "-e" "SOURCE_DIR=/opt/rustwide/workdir" "-e" "CARGO_TARGET_DIR=/opt/rustwide/target" "-e" "CARGO_HOME=/opt/rustwide/cargo-home" "-e" "RUSTUP_HOME=/opt/rustwide/rustup-home" "-w" "/opt/rustwide/workdir" "-m" "1610612736" "--user" "0:0" "--network" "none" "ghcr.io/rust-lang/crates-build-env/linux@sha256:f3a9d4ad9d972b27faf3965f35b62e55ba32bbce8f20bc8fe909558a86702fde" "/opt/rustwide/cargo-home/bin/cargo" "+1.83.0" "metadata" "--no-deps" "--format-version=1", kill_on_drop: false }`
[INFO] [stdout] fb60abcaf8311f84e017a15e8ae1e373a953b98c07eef2a8f09e597a6a780bff
[INFO] running `Command { std: "docker" "start" "-a" "fb60abcaf8311f84e017a15e8ae1e373a953b98c07eef2a8f09e597a6a780bff", kill_on_drop: false }`
[INFO] running `Command { std: "docker" "inspect" "fb60abcaf8311f84e017a15e8ae1e373a953b98c07eef2a8f09e597a6a780bff", kill_on_drop: false }`
[INFO] running `Command { std: "docker" "rm" "-f" "fb60abcaf8311f84e017a15e8ae1e373a953b98c07eef2a8f09e597a6a780bff", kill_on_drop: false }`
[INFO] [stdout] fb60abcaf8311f84e017a15e8ae1e373a953b98c07eef2a8f09e597a6a780bff
[INFO] running `Command { std: "docker" "create" "-v" "/var/lib/crater-agent-workspace/builds/worker-7-tc1/target:/opt/rustwide/target:rw,Z" "-v" "/var/lib/crater-agent-workspace/builds/worker-7-tc1/source:/opt/rustwide/workdir:ro,Z" "-v" "/var/lib/crater-agent-workspace/cargo-home:/opt/rustwide/cargo-home:ro,Z" "-v" "/var/lib/crater-agent-workspace/rustup-home:/opt/rustwide/rustup-home:ro,Z" "-e" "SOURCE_DIR=/opt/rustwide/workdir" "-e" "CARGO_TARGET_DIR=/opt/rustwide/target" "-e" "CARGO_INCREMENTAL=0" "-e" "RUST_BACKTRACE=full" "-e" "RUSTFLAGS=--cap-lints=warn" "-e" "RUSTDOCFLAGS=--cap-lints=warn" "-e" "CARGO_HOME=/opt/rustwide/cargo-home" "-e" "RUSTUP_HOME=/opt/rustwide/rustup-home" "-w" "/opt/rustwide/workdir" "-m" "1610612736" "--user" "0:0" "--network" "none" "ghcr.io/rust-lang/crates-build-env/linux@sha256:f3a9d4ad9d972b27faf3965f35b62e55ba32bbce8f20bc8fe909558a86702fde" "/opt/rustwide/cargo-home/bin/cargo" "+1.83.0" "build" "--frozen" "--message-format=json", kill_on_drop: false }`
[INFO] [stdout] 603b17091d30c62cc3e56cc93ab65bf4fec36dd94cebb23b65718ebbe17f8b46
[INFO] running `Command { std: "docker" "start" "-a" "603b17091d30c62cc3e56cc93ab65bf4fec36dd94cebb23b65718ebbe17f8b46", kill_on_drop: false }`
[INFO] [stderr]    Compiling proc-macro2 v1.0.92
[INFO] [stderr]    Compiling unicode-ident v1.0.14
[INFO] [stderr]    Compiling quote v1.0.37
[INFO] [stderr]    Compiling syn v2.0.90
[INFO] [stderr]    Compiling weensy-proc-macro v0.1.2 (/opt/rustwide/workdir)
[INFO] [stderr]     Finished `dev` profile [unoptimized + debuginfo] target(s) in 8.65s
[INFO] running `Command { std: "docker" "inspect" "603b17091d30c62cc3e56cc93ab65bf4fec36dd94cebb23b65718ebbe17f8b46", kill_on_drop: false }`
[INFO] running `Command { std: "docker" "rm" "-f" "603b17091d30c62cc3e56cc93ab65bf4fec36dd94cebb23b65718ebbe17f8b46", kill_on_drop: false }`
[INFO] [stdout] 603b17091d30c62cc3e56cc93ab65bf4fec36dd94cebb23b65718ebbe17f8b46
[INFO] running `Command { std: "docker" "create" "-v" "/var/lib/crater-agent-workspace/builds/worker-7-tc1/target:/opt/rustwide/target:rw,Z" "-v" "/var/lib/crater-agent-workspace/builds/worker-7-tc1/source:/opt/rustwide/workdir:ro,Z" "-v" "/var/lib/crater-agent-workspace/cargo-home:/opt/rustwide/cargo-home:ro,Z" "-v" "/var/lib/crater-agent-workspace/rustup-home:/opt/rustwide/rustup-home:ro,Z" "-e" "SOURCE_DIR=/opt/rustwide/workdir" "-e" "CARGO_TARGET_DIR=/opt/rustwide/target" "-e" "CARGO_INCREMENTAL=0" "-e" "RUST_BACKTRACE=full" "-e" "RUSTFLAGS=--cap-lints=warn" "-e" "RUSTDOCFLAGS=--cap-lints=warn" "-e" "CARGO_HOME=/opt/rustwide/cargo-home" "-e" "RUSTUP_HOME=/opt/rustwide/rustup-home" "-w" "/opt/rustwide/workdir" "-m" "1610612736" "--user" "0:0" "--network" "none" "ghcr.io/rust-lang/crates-build-env/linux@sha256:f3a9d4ad9d972b27faf3965f35b62e55ba32bbce8f20bc8fe909558a86702fde" "/opt/rustwide/cargo-home/bin/cargo" "+1.83.0" "test" "--frozen" "--no-run" "--message-format=json", kill_on_drop: false }`
[INFO] [stdout] 6a4072bc9003d959181a39828ecb556f25f6290910ff3f943eec74ef7f2ff8ee
[INFO] running `Command { std: "docker" "start" "-a" "6a4072bc9003d959181a39828ecb556f25f6290910ff3f943eec74ef7f2ff8ee", kill_on_drop: false }`
[INFO] [stderr]    Compiling semver-parser v0.7.0
[INFO] [stderr]    Compiling nb v1.1.0
[INFO] [stderr]    Compiling cortex-m v0.7.7
[INFO] [stderr]    Compiling void v1.0.2
[INFO] [stderr]    Compiling vcell v0.1.3
[INFO] [stderr]    Compiling critical-section v1.2.0
[INFO] [stderr]    Compiling thiserror v2.0.7
[INFO] [stderr]    Compiling bitfield v0.13.2
[INFO] [stderr]    Compiling nb v0.1.3
[INFO] [stderr]    Compiling volatile-register v0.2.2
[INFO] [stderr]    Compiling thiserror-impl v2.0.7
[INFO] [stderr]    Compiling embedded-hal v0.2.7
[INFO] [stderr]    Compiling ral-registers v0.1.3
[INFO] [stderr]    Compiling proc-macro-error-attr2 v2.0.0
[INFO] [stderr]    Compiling futures-core v0.3.31
[INFO] [stderr]    Compiling usb-device v0.2.9
[INFO] [stderr]    Compiling defmt v0.3.10
[INFO] [stderr]    Compiling semver v0.9.0
[INFO] [stderr]    Compiling defmt-macros v0.4.0
[INFO] [stderr]    Compiling bitflags v1.3.2
[INFO] [stderr]    Compiling rustc_version v0.2.3
[INFO] [stderr]    Compiling futures-sink v0.3.31
[INFO] [stderr]    Compiling futures-macro v0.3.31
[INFO] [stderr]    Compiling futures-task v0.3.31
[INFO] [stderr]    Compiling imxrt-ral v0.5.3
[INFO] [stderr]    Compiling pin-project-lite v0.2.15
[INFO] [stderr]    Compiling imxrt-boot-gen v0.3.3
[INFO] [stderr]    Compiling pin-utils v0.1.0
[INFO] [stderr]    Compiling futures-channel v0.3.31
[INFO] [stderr]    Compiling gcd v2.3.0
[INFO] [stderr]    Compiling imxrt-iomuxc v0.2.8
[INFO] [stderr]    Compiling proc-macro-error2 v2.0.1
[INFO] [stderr]    Compiling bare-metal v0.2.5
[INFO] [stderr]    Compiling futures-io v0.3.31
[INFO] [stderr]    Compiling imxrt-log v0.1.2
[INFO] [stderr]    Compiling imxrt-hal v0.5.9
[INFO] [stderr]    Compiling fugit v0.3.7
[INFO] [stderr]    Compiling usbd-serial v0.1.1
[INFO] [stderr]    Compiling teensy4-bsp v0.4.8
[INFO] [stderr]    Compiling imxrt-usbd v0.2.2
[INFO] [stderr]    Compiling imxrt-dma v0.1.1
[INFO] [stderr]    Compiling cfg-if v1.0.0
[INFO] [stderr]    Compiling embedded-io v0.6.1
[INFO] [stderr]    Compiling log v0.4.22
[INFO] [stderr]    Compiling embedded-hal v1.0.0
[INFO] [stderr]    Compiling bbqueue v0.5.1
[INFO] [stderr]    Compiling teensy4-pins v0.3.2
[INFO] [stderr]    Compiling teensy4-fcb v0.4.0
[INFO] [stderr]    Compiling weensy-proc-macro v0.1.2 (/opt/rustwide/workdir)
[INFO] [stderr]    Compiling futures-util v0.3.31
[INFO] [stderr]    Compiling defmt-parser v0.4.1
[INFO] [stderr]    Compiling futures v0.3.31
[INFO] [stderr]     Finished `test` profile [unoptimized + debuginfo] target(s) in 20.17s
[INFO] running `Command { std: "docker" "inspect" "6a4072bc9003d959181a39828ecb556f25f6290910ff3f943eec74ef7f2ff8ee", kill_on_drop: false }`
[INFO] running `Command { std: "docker" "rm" "-f" "6a4072bc9003d959181a39828ecb556f25f6290910ff3f943eec74ef7f2ff8ee", kill_on_drop: false }`
[INFO] [stdout] 6a4072bc9003d959181a39828ecb556f25f6290910ff3f943eec74ef7f2ff8ee
[INFO] running `Command { std: "docker" "create" "-v" "/var/lib/crater-agent-workspace/builds/worker-7-tc1/target:/opt/rustwide/target:rw,Z" "-v" "/var/lib/crater-agent-workspace/builds/worker-7-tc1/source:/opt/rustwide/workdir:ro,Z" "-v" "/var/lib/crater-agent-workspace/cargo-home:/opt/rustwide/cargo-home:ro,Z" "-v" "/var/lib/crater-agent-workspace/rustup-home:/opt/rustwide/rustup-home:ro,Z" "-e" "SOURCE_DIR=/opt/rustwide/workdir" "-e" "CARGO_TARGET_DIR=/opt/rustwide/target" "-e" "CARGO_INCREMENTAL=0" "-e" "RUST_BACKTRACE=full" "-e" "RUSTFLAGS=--cap-lints=warn" "-e" "RUSTDOCFLAGS=--cap-lints=warn" "-e" "CARGO_HOME=/opt/rustwide/cargo-home" "-e" "RUSTUP_HOME=/opt/rustwide/rustup-home" "-w" "/opt/rustwide/workdir" "-m" "1610612736" "--user" "0:0" "--network" "none" "ghcr.io/rust-lang/crates-build-env/linux@sha256:f3a9d4ad9d972b27faf3965f35b62e55ba32bbce8f20bc8fe909558a86702fde" "/opt/rustwide/cargo-home/bin/cargo" "+1.83.0" "test" "--frozen", kill_on_drop: false }`
[INFO] [stdout] b949b8234c5e67959e7849733a41affe3fa7782fee42b77eab747c9d5c96aba0
[INFO] running `Command { std: "docker" "start" "-a" "b949b8234c5e67959e7849733a41affe3fa7782fee42b77eab747c9d5c96aba0", kill_on_drop: false }`
[INFO] [stderr]     Finished `test` profile [unoptimized + debuginfo] target(s) in 0.09s
[INFO] [stderr]      Running unittests src/lib.rs (/opt/rustwide/target/debug/deps/weensy_proc_macro-bd2c0e736f46079b)
[INFO] [stdout] 
[INFO] [stdout] running 0 tests
[INFO] [stdout] 
[INFO] [stdout] test result: ok. 0 passed; 0 failed; 0 ignored; 0 measured; 0 filtered out; finished in 0.00s
[INFO] [stdout] 
[INFO] [stderr]    Doc-tests weensy_proc_macro
[INFO] [stdout] 
[INFO] [stdout] running 2 tests
[INFO] [stdout] test src/lib.rs - entry (line 29) - compile fail ... ok
[INFO] [stdout] test src/lib.rs - entry (line 14) ... FAILED
[INFO] [stdout] 
[INFO] [stdout] failures:
[INFO] [stdout] 
[INFO] [stdout] ---- src/lib.rs - entry (line 14) stdout ----
[INFO] [stdout] error[E0432]: unresolved import `weensy`
[INFO] [stdout]  --> src/lib.rs:16:5
[INFO] [stdout]   |
[INFO] [stdout] 3 | use weensy::{init, entry};
[INFO] [stdout]   |     ^^^^^^ use of undeclared crate or module `weensy`
[INFO] [stdout] 
[INFO] [stdout] error[E0425]: cannot find value `usb` in this scope
[INFO] [stdout]  --> src/lib.rs:20:15
[INFO] [stdout]   |
[INFO] [stdout] 7 |     init::log(usb);
[INFO] [stdout]   |               ^^^ not found in this scope
[INFO] [stdout] 
[INFO] [stdout] error: aborting due to 2 previous errors
[INFO] [stdout] 
[INFO] [stdout] Some errors have detailed explanations: E0425, E0432.
[INFO] [stdout] For more information about an error, try `rustc --explain E0425`.
[INFO] [stdout] Couldn't compile the test.
[INFO] [stdout] 
[INFO] [stdout] failures:
[INFO] [stdout]     src/lib.rs - entry (line 14)
[INFO] [stdout] 
[INFO] [stdout] test result: FAILED. 1 passed; 1 failed; 0 ignored; 0 measured; 0 filtered out; finished in 0.18s
[INFO] [stdout] 
[INFO] [stderr] error: doctest failed, to rerun pass `--doc`
[INFO] running `Command { std: "docker" "inspect" "b949b8234c5e67959e7849733a41affe3fa7782fee42b77eab747c9d5c96aba0", kill_on_drop: false }`
[INFO] running `Command { std: "docker" "rm" "-f" "b949b8234c5e67959e7849733a41affe3fa7782fee42b77eab747c9d5c96aba0", kill_on_drop: false }`
[INFO] [stdout] b949b8234c5e67959e7849733a41affe3fa7782fee42b77eab747c9d5c96aba0
