[INFO] fetching crate website-icon-extract 0.5.3...
[INFO] testing website-icon-extract-0.5.3 against beta-2024-12-08 for beta-1.84.0-4-retry
[INFO] extracting crate website-icon-extract 0.5.3 into /workspace/builds/worker-2-tc2/source
[INFO] validating manifest of crates.io crate website-icon-extract 0.5.3 on toolchain beta-2024-12-08
[INFO] running `Command { std: CARGO_HOME="/workspace/cargo-home" RUSTUP_HOME="/workspace/rustup-home" "/workspace/cargo-home/bin/cargo" "+beta-2024-12-08" "metadata" "--manifest-path" "Cargo.toml" "--no-deps", kill_on_drop: false }`
[INFO] started tweaking crates.io crate website-icon-extract 0.5.3
[INFO] finished tweaking crates.io crate website-icon-extract 0.5.3
[INFO] tweaked toml for crates.io crate website-icon-extract 0.5.3 written to /workspace/builds/worker-2-tc2/source/Cargo.toml
[INFO] crate crates.io crate website-icon-extract 0.5.3 already has a lockfile, it will not be regenerated
[INFO] running `Command { std: CARGO_HOME="/workspace/cargo-home" RUSTUP_HOME="/workspace/rustup-home" "/workspace/cargo-home/bin/cargo" "+beta-2024-12-08" "fetch" "--manifest-path" "Cargo.toml", kill_on_drop: false }`
[INFO] running `Command { std: "docker" "create" "-v" "/var/lib/crater-agent-workspace/builds/worker-2-tc2/target:/opt/rustwide/target:rw,Z" "-v" "/var/lib/crater-agent-workspace/builds/worker-2-tc2/source:/opt/rustwide/workdir:ro,Z" "-v" "/var/lib/crater-agent-workspace/cargo-home:/opt/rustwide/cargo-home:ro,Z" "-v" "/var/lib/crater-agent-workspace/rustup-home:/opt/rustwide/rustup-home:ro,Z" "-e" "SOURCE_DIR=/opt/rustwide/workdir" "-e" "CARGO_TARGET_DIR=/opt/rustwide/target" "-e" "CARGO_HOME=/opt/rustwide/cargo-home" "-e" "RUSTUP_HOME=/opt/rustwide/rustup-home" "-w" "/opt/rustwide/workdir" "-m" "1610612736" "--user" "0:0" "--network" "none" "ghcr.io/rust-lang/crates-build-env/linux@sha256:f3a9d4ad9d972b27faf3965f35b62e55ba32bbce8f20bc8fe909558a86702fde" "/opt/rustwide/cargo-home/bin/cargo" "+beta-2024-12-08" "metadata" "--no-deps" "--format-version=1", kill_on_drop: false }`
[INFO] [stdout] 7d59d23402214285132005b2d86d7ff516e223e7f308d81eb1dc8681cf5af2d6
[INFO] running `Command { std: "docker" "start" "-a" "7d59d23402214285132005b2d86d7ff516e223e7f308d81eb1dc8681cf5af2d6", kill_on_drop: false }`
[INFO] running `Command { std: "docker" "inspect" "7d59d23402214285132005b2d86d7ff516e223e7f308d81eb1dc8681cf5af2d6", kill_on_drop: false }`
[INFO] running `Command { std: "docker" "rm" "-f" "7d59d23402214285132005b2d86d7ff516e223e7f308d81eb1dc8681cf5af2d6", kill_on_drop: false }`
[INFO] [stdout] 7d59d23402214285132005b2d86d7ff516e223e7f308d81eb1dc8681cf5af2d6
[INFO] running `Command { std: "docker" "create" "-v" "/var/lib/crater-agent-workspace/builds/worker-2-tc2/target:/opt/rustwide/target:rw,Z" "-v" "/var/lib/crater-agent-workspace/builds/worker-2-tc2/source:/opt/rustwide/workdir:ro,Z" "-v" "/var/lib/crater-agent-workspace/cargo-home:/opt/rustwide/cargo-home:ro,Z" "-v" "/var/lib/crater-agent-workspace/rustup-home:/opt/rustwide/rustup-home:ro,Z" "-e" "SOURCE_DIR=/opt/rustwide/workdir" "-e" "CARGO_TARGET_DIR=/opt/rustwide/target" "-e" "CARGO_INCREMENTAL=0" "-e" "RUST_BACKTRACE=full" "-e" "RUSTFLAGS=--cap-lints=warn" "-e" "RUSTDOCFLAGS=--cap-lints=warn" "-e" "CARGO_HOME=/opt/rustwide/cargo-home" "-e" "RUSTUP_HOME=/opt/rustwide/rustup-home" "-w" "/opt/rustwide/workdir" "-m" "1610612736" "--user" "0:0" "--network" "none" "ghcr.io/rust-lang/crates-build-env/linux@sha256:f3a9d4ad9d972b27faf3965f35b62e55ba32bbce8f20bc8fe909558a86702fde" "/opt/rustwide/cargo-home/bin/cargo" "+beta-2024-12-08" "build" "--frozen" "--message-format=json", kill_on_drop: false }`
[INFO] [stdout] 0d7ab2e39e76df2ca5e9b178418aca17c52bbca17f438f3de10e23f473447e72
[INFO] running `Command { std: "docker" "start" "-a" "0d7ab2e39e76df2ca5e9b178418aca17c52bbca17f438f3de10e23f473447e72", kill_on_drop: false }`
[INFO] [stderr]    Compiling libc v0.2.152
[INFO] [stderr]    Compiling pin-project-lite v0.2.13
[INFO] [stderr]    Compiling bytes v1.5.0
[INFO] [stderr]    Compiling vcpkg v0.2.15
[INFO] [stderr]    Compiling pkg-config v0.3.28
[INFO] [stderr]    Compiling once_cell v1.19.0
[INFO] [stderr]    Compiling proc-macro2 v1.0.76
[INFO] [stderr]    Compiling unicode-ident v1.0.12
[INFO] [stderr]    Compiling cfg-if v1.0.0
[INFO] [stderr]    Compiling autocfg v1.1.0
[INFO] [stderr]    Compiling futures-core v0.3.30
[INFO] [stderr]    Compiling itoa v1.0.10
[INFO] [stderr]    Compiling memchr v2.7.1
[INFO] [stderr]    Compiling tracing-core v0.1.32
[INFO] [stderr]    Compiling slab v0.4.9
[INFO] [stderr]    Compiling foreign-types-shared v0.1.1
[INFO] [stderr]    Compiling fnv v1.0.7
[INFO] [stderr]    Compiling openssl v0.10.62
[INFO] [stderr]    Compiling http v0.2.11
[INFO] [stderr]    Compiling tracing v0.1.40
[INFO] [stderr]    Compiling quote v1.0.35
[INFO] [stderr]    Compiling foreign-types v0.3.2
[INFO] [stderr]    Compiling native-tls v0.2.11
[INFO] [stderr]    Compiling pin-utils v0.1.0
[INFO] [stderr]    Compiling hashbrown v0.14.3
[INFO] [stderr]    Compiling tinyvec_macros v0.1.1
[INFO] [stderr]    Compiling syn v2.0.48
[INFO] [stderr]    Compiling httparse v1.8.0
[INFO] [stderr]    Compiling bitflags v2.4.1
[INFO] [stderr]    Compiling crc32fast v1.3.2
[INFO] [stderr]    Compiling equivalent v1.0.1
[INFO] [stderr]    Compiling futures-task v0.3.30
[INFO] [stderr]    Compiling futures-io v0.3.30
[INFO] [stderr]    Compiling futures-sink v0.3.30
[INFO] [stderr]    Compiling tinyvec v1.6.0
[INFO] [stderr]    Compiling adler v1.0.2
[INFO] [stderr]    Compiling futures-util v0.3.30
[INFO] [stderr]    Compiling try-lock v0.2.5
[INFO] [stderr]    Compiling percent-encoding v2.3.1
[INFO] [stderr]    Compiling serde v1.0.195
[INFO] [stderr]    Compiling openssl-probe v0.1.5
[INFO] [stderr]    Compiling indexmap v2.1.0
[INFO] [stderr]    Compiling log v0.4.20
[INFO] [stderr]    Compiling cc v1.0.83
[INFO] [stderr]    Compiling mio v0.8.10
[INFO] [stderr]    Compiling num_cpus v1.16.0
[INFO] [stderr]    Compiling socket2 v0.5.5
[INFO] [stderr]    Compiling tokio v1.35.1
[INFO] [stderr]    Compiling unicode-normalization v0.1.22
[INFO] [stderr]    Compiling form_urlencoded v1.2.1
[INFO] [stderr]    Compiling want v0.3.1
[INFO] [stderr]    Compiling http-body v0.4.6
[INFO] [stderr]    Compiling miniz_oxide v0.7.1
[INFO] [stderr]    Compiling futures-channel v0.3.30
[INFO] [stderr]    Compiling tower-service v0.3.2
[INFO] [stderr]    Compiling unicode-bidi v0.3.14
[INFO] [stderr]    Compiling openssl-sys v0.9.98
[INFO] [stderr]    Compiling httpdate v1.0.3
[INFO] [stderr]    Compiling flate2 v1.0.28
[INFO] [stderr]    Compiling idna v0.5.0
[INFO] [stderr]    Compiling ryu v1.0.16
[INFO] [stderr]    Compiling encoding_rs v0.8.33
[INFO] [stderr]    Compiling base64 v0.21.7
[INFO] [stderr]    Compiling mime v0.3.17
[INFO] [stderr]    Compiling url v2.5.0
[INFO] [stderr]    Compiling ipnet v2.9.0
[INFO] [stderr]    Compiling quick-xml v0.31.0
[INFO] [stderr]    Compiling imagesize v0.12.0
[INFO] [stderr]    Compiling serde_urlencoded v0.7.1
[INFO] [stderr]    Compiling openssl-macros v0.1.1
[INFO] [stderr]    Compiling tokio-util v0.7.10
[INFO] [stderr]    Compiling async-compression v0.4.5
[INFO] [stderr]    Compiling h2 v0.3.23
[INFO] [stderr]    Compiling hyper v0.14.28
[INFO] [stderr]    Compiling tokio-native-tls v0.3.1
[INFO] [stderr]    Compiling hyper-tls v0.5.0
[INFO] [stderr]    Compiling reqwest v0.11.23
[INFO] [stderr]    Compiling website-icon-extract v0.5.3 (/opt/rustwide/workdir)
[INFO] [stderr]     Finished `dev` profile [unoptimized + debuginfo] target(s) in 59.28s
[INFO] running `Command { std: "docker" "inspect" "0d7ab2e39e76df2ca5e9b178418aca17c52bbca17f438f3de10e23f473447e72", kill_on_drop: false }`
[INFO] running `Command { std: "docker" "rm" "-f" "0d7ab2e39e76df2ca5e9b178418aca17c52bbca17f438f3de10e23f473447e72", kill_on_drop: false }`
[INFO] [stdout] 0d7ab2e39e76df2ca5e9b178418aca17c52bbca17f438f3de10e23f473447e72
[INFO] running `Command { std: "docker" "create" "-v" "/var/lib/crater-agent-workspace/builds/worker-2-tc2/target:/opt/rustwide/target:rw,Z" "-v" "/var/lib/crater-agent-workspace/builds/worker-2-tc2/source:/opt/rustwide/workdir:ro,Z" "-v" "/var/lib/crater-agent-workspace/cargo-home:/opt/rustwide/cargo-home:ro,Z" "-v" "/var/lib/crater-agent-workspace/rustup-home:/opt/rustwide/rustup-home:ro,Z" "-e" "SOURCE_DIR=/opt/rustwide/workdir" "-e" "CARGO_TARGET_DIR=/opt/rustwide/target" "-e" "CARGO_INCREMENTAL=0" "-e" "RUST_BACKTRACE=full" "-e" "RUSTFLAGS=--cap-lints=warn" "-e" "RUSTDOCFLAGS=--cap-lints=warn" "-e" "CARGO_HOME=/opt/rustwide/cargo-home" "-e" "RUSTUP_HOME=/opt/rustwide/rustup-home" "-w" "/opt/rustwide/workdir" "-m" "1610612736" "--user" "0:0" "--network" "none" "ghcr.io/rust-lang/crates-build-env/linux@sha256:f3a9d4ad9d972b27faf3965f35b62e55ba32bbce8f20bc8fe909558a86702fde" "/opt/rustwide/cargo-home/bin/cargo" "+beta-2024-12-08" "test" "--frozen" "--no-run" "--message-format=json", kill_on_drop: false }`
[INFO] [stdout] dae0e7c1b88307ee61a3cb2fb952e224730b3debb1d76ea27d89b4bc3e117e4e
[INFO] running `Command { std: "docker" "start" "-a" "dae0e7c1b88307ee61a3cb2fb952e224730b3debb1d76ea27d89b4bc3e117e4e", kill_on_drop: false }`
[INFO] [stderr]    Compiling website-icon-extract v0.5.3 (/opt/rustwide/workdir)
[INFO] [stderr]     Finished `test` profile [unoptimized + debuginfo] target(s) in 0.89s
[INFO] running `Command { std: "docker" "inspect" "dae0e7c1b88307ee61a3cb2fb952e224730b3debb1d76ea27d89b4bc3e117e4e", kill_on_drop: false }`
[INFO] running `Command { std: "docker" "rm" "-f" "dae0e7c1b88307ee61a3cb2fb952e224730b3debb1d76ea27d89b4bc3e117e4e", kill_on_drop: false }`
[INFO] [stdout] dae0e7c1b88307ee61a3cb2fb952e224730b3debb1d76ea27d89b4bc3e117e4e
[INFO] running `Command { std: "docker" "create" "-v" "/var/lib/crater-agent-workspace/builds/worker-2-tc2/target:/opt/rustwide/target:rw,Z" "-v" "/var/lib/crater-agent-workspace/builds/worker-2-tc2/source:/opt/rustwide/workdir:ro,Z" "-v" "/var/lib/crater-agent-workspace/cargo-home:/opt/rustwide/cargo-home:ro,Z" "-v" "/var/lib/crater-agent-workspace/rustup-home:/opt/rustwide/rustup-home:ro,Z" "-e" "SOURCE_DIR=/opt/rustwide/workdir" "-e" "CARGO_TARGET_DIR=/opt/rustwide/target" "-e" "CARGO_INCREMENTAL=0" "-e" "RUST_BACKTRACE=full" "-e" "RUSTFLAGS=--cap-lints=warn" "-e" "RUSTDOCFLAGS=--cap-lints=warn" "-e" "CARGO_HOME=/opt/rustwide/cargo-home" "-e" "RUSTUP_HOME=/opt/rustwide/rustup-home" "-w" "/opt/rustwide/workdir" "-m" "1610612736" "--user" "0:0" "--network" "none" "ghcr.io/rust-lang/crates-build-env/linux@sha256:f3a9d4ad9d972b27faf3965f35b62e55ba32bbce8f20bc8fe909558a86702fde" "/opt/rustwide/cargo-home/bin/cargo" "+beta-2024-12-08" "test" "--frozen", kill_on_drop: false }`
[INFO] [stdout] f3cd6df539c5759c242109b951e510155f820f2bf682b466a0c6ed7e701aa727
[INFO] running `Command { std: "docker" "start" "-a" "f3cd6df539c5759c242109b951e510155f820f2bf682b466a0c6ed7e701aa727", kill_on_drop: false }`
[INFO] [stderr]     Finished `test` profile [unoptimized + debuginfo] target(s) in 0.15s
[INFO] [stderr]      Running unittests src/lib.rs (/opt/rustwide/target/debug/deps/website_icon_extract-48a984de4f27ee05)
[INFO] [stdout] 
[INFO] [stdout] running 0 tests
[INFO] [stdout] 
[INFO] [stdout] test result: ok. 0 passed; 0 failed; 0 ignored; 0 measured; 0 filtered out; finished in 0.00s
[INFO] [stdout] 
[INFO] [stderr]      Running unittests src/bin/extract.rs (/opt/rustwide/target/debug/deps/extract-ac687b70ecfb4162)
[INFO] [stdout] 
[INFO] [stdout] running 0 tests
[INFO] [stdout] 
[INFO] [stdout] test result: ok. 0 passed; 0 failed; 0 ignored; 0 measured; 0 filtered out; finished in 0.00s
[INFO] [stdout] 
[INFO] [stderr]    Doc-tests website_icon_extract
[INFO] [stdout] 
[INFO] [stdout] running 2 tests
[INFO] [stdout] test src/lib.rs - (line 16) ... FAILED
[INFO] [stdout] test src/lib.rs - ImageLink::from_website (line 81) ... FAILED
[INFO] [stdout] 
[INFO] [stdout] failures:
[INFO] [stdout] 
[INFO] [stdout] ---- src/lib.rs - (line 16) stdout ----
[INFO] [stdout] error[E0433]: failed to resolve: use of undeclared type `ImageLink`
[INFO] [stdout]  --> src/lib.rs:18:12
[INFO] [stdout]   |
[INFO] [stdout] 4 | let list = ImageLink::from_website(url, "TEST", 5).unwrap();
[INFO] [stdout]   |            ^^^^^^^^^ use of undeclared type `ImageLink`
[INFO] [stdout]   |
[INFO] [stdout] help: consider importing this struct
[INFO] [stdout]   |
[INFO] [stdout] 2 + use website_icon_extract::ImageLink;
[INFO] [stdout]   |
[INFO] [stdout] 
[INFO] [stdout] error[E0423]: expected function, found macro `println`
[INFO] [stdout]  --> src/lib.rs:19:1
[INFO] [stdout]   |
[INFO] [stdout] 5 | println("{:?}", list);
[INFO] [stdout]   | ^^^^^^^ not a function
[INFO] [stdout]   |
[INFO] [stdout] help: use `!` to invoke the macro
[INFO] [stdout]   |
[INFO] [stdout] 5 | println!("{:?}", list);
[INFO] [stdout]   |        +
[INFO] [stdout] 
[INFO] [stdout] error: aborting due to 2 previous errors
[INFO] [stdout] 
[INFO] [stdout] Some errors have detailed explanations: E0423, E0433.
[INFO] [stdout] For more information about an error, try `rustc --explain E0423`.
[INFO] [stdout] Couldn't compile the test.
[INFO] [stdout] ---- src/lib.rs - ImageLink::from_website (line 81) stdout ----
[INFO] [stdout] error[E0433]: failed to resolve: use of undeclared type `ImageLink`
[INFO] [stdout]  --> src/lib.rs:83:12
[INFO] [stdout]   |
[INFO] [stdout] 4 | let list = ImageLink::from_website(url, "TEST", 5).unwrap();
[INFO] [stdout]   |            ^^^^^^^^^ use of undeclared type `ImageLink`
[INFO] [stdout]   |
[INFO] [stdout] help: consider importing this struct
[INFO] [stdout]   |
[INFO] [stdout] 2 + use website_icon_extract::ImageLink;
[INFO] [stdout]   |
[INFO] [stdout] 
[INFO] [stdout] error[E0423]: expected function, found macro `println`
[INFO] [stdout]  --> src/lib.rs:84:1
[INFO] [stdout]   |
[INFO] [stdout] 5 | println("{:?}", list);
[INFO] [stdout]   | ^^^^^^^ not a function
[INFO] [stdout]   |
[INFO] [stdout] help: use `!` to invoke the macro
[INFO] [stdout]   |
[INFO] [stdout] 5 | println!("{:?}", list);
[INFO] [stdout]   |        +
[INFO] [stdout] 
[INFO] [stdout] error: aborting due to 2 previous errors
[INFO] [stdout] 
[INFO] [stdout] Some errors have detailed explanations: E0423, E0433.
[INFO] [stdout] For more information about an error, try `rustc --explain E0423`.
[INFO] [stdout] Couldn't compile the test.
[INFO] [stdout] 
[INFO] [stdout] failures:
[INFO] [stdout]     src/lib.rs - (line 16)
[INFO] [stdout]     src/lib.rs - ImageLink::from_website (line 81)
[INFO] [stdout] 
[INFO] [stdout] test result: FAILED. 0 passed; 2 failed; 0 ignored; 0 measured; 0 filtered out; finished in 0.19s
[INFO] [stdout] 
[INFO] [stderr] error: doctest failed, to rerun pass `--doc`
[INFO] running `Command { std: "docker" "inspect" "f3cd6df539c5759c242109b951e510155f820f2bf682b466a0c6ed7e701aa727", kill_on_drop: false }`
[INFO] running `Command { std: "docker" "rm" "-f" "f3cd6df539c5759c242109b951e510155f820f2bf682b466a0c6ed7e701aa727", kill_on_drop: false }`
[INFO] [stdout] f3cd6df539c5759c242109b951e510155f820f2bf682b466a0c6ed7e701aa727
