[INFO] fetching crate webgl2-glyph 0.1.3...
[INFO] testing webgl2-glyph-0.1.3 against beta-2024-12-08 for beta-1.84.0-4-retry
[INFO] extracting crate webgl2-glyph 0.1.3 into /workspace/builds/worker-4-tc2/source
[INFO] validating manifest of crates.io crate webgl2-glyph 0.1.3 on toolchain beta-2024-12-08
[INFO] running `Command { std: CARGO_HOME="/workspace/cargo-home" RUSTUP_HOME="/workspace/rustup-home" "/workspace/cargo-home/bin/cargo" "+beta-2024-12-08" "metadata" "--manifest-path" "Cargo.toml" "--no-deps", kill_on_drop: false }`
[INFO] started tweaking crates.io crate webgl2-glyph 0.1.3
[INFO] finished tweaking crates.io crate webgl2-glyph 0.1.3
[INFO] tweaked toml for crates.io crate webgl2-glyph 0.1.3 written to /workspace/builds/worker-4-tc2/source/Cargo.toml
[INFO] running `Command { std: CARGO_HOME="/workspace/cargo-home" RUSTUP_HOME="/workspace/rustup-home" "/workspace/cargo-home/bin/cargo" "+beta-2024-12-08" "generate-lockfile" "--manifest-path" "Cargo.toml", kill_on_drop: false }`
[INFO] [stderr]     Updating crates.io index
[INFO] [stderr]      Locking 49 packages to latest compatible versions
[INFO] running `Command { std: CARGO_HOME="/workspace/cargo-home" RUSTUP_HOME="/workspace/rustup-home" "/workspace/cargo-home/bin/cargo" "+beta-2024-12-08" "fetch" "--manifest-path" "Cargo.toml", kill_on_drop: false }`
[INFO] running `Command { std: "docker" "create" "-v" "/var/lib/crater-agent-workspace/builds/worker-4-tc2/target:/opt/rustwide/target:rw,Z" "-v" "/var/lib/crater-agent-workspace/builds/worker-4-tc2/source:/opt/rustwide/workdir:ro,Z" "-v" "/var/lib/crater-agent-workspace/cargo-home:/opt/rustwide/cargo-home:ro,Z" "-v" "/var/lib/crater-agent-workspace/rustup-home:/opt/rustwide/rustup-home:ro,Z" "-e" "SOURCE_DIR=/opt/rustwide/workdir" "-e" "CARGO_TARGET_DIR=/opt/rustwide/target" "-e" "CARGO_HOME=/opt/rustwide/cargo-home" "-e" "RUSTUP_HOME=/opt/rustwide/rustup-home" "-w" "/opt/rustwide/workdir" "-m" "1610612736" "--user" "0:0" "--network" "none" "ghcr.io/rust-lang/crates-build-env/linux@sha256:f3a9d4ad9d972b27faf3965f35b62e55ba32bbce8f20bc8fe909558a86702fde" "/opt/rustwide/cargo-home/bin/cargo" "+beta-2024-12-08" "metadata" "--no-deps" "--format-version=1", kill_on_drop: false }`
[INFO] [stdout] 931eb2c25f1507d0b9d15537672f1e9bf573a5917989086e24a7a1ce6da9f729
[INFO] running `Command { std: "docker" "start" "-a" "931eb2c25f1507d0b9d15537672f1e9bf573a5917989086e24a7a1ce6da9f729", kill_on_drop: false }`
[INFO] running `Command { std: "docker" "inspect" "931eb2c25f1507d0b9d15537672f1e9bf573a5917989086e24a7a1ce6da9f729", kill_on_drop: false }`
[INFO] running `Command { std: "docker" "rm" "-f" "931eb2c25f1507d0b9d15537672f1e9bf573a5917989086e24a7a1ce6da9f729", kill_on_drop: false }`
[INFO] [stdout] 931eb2c25f1507d0b9d15537672f1e9bf573a5917989086e24a7a1ce6da9f729
[INFO] running `Command { std: "docker" "create" "-v" "/var/lib/crater-agent-workspace/builds/worker-4-tc2/target:/opt/rustwide/target:rw,Z" "-v" "/var/lib/crater-agent-workspace/builds/worker-4-tc2/source:/opt/rustwide/workdir:ro,Z" "-v" "/var/lib/crater-agent-workspace/cargo-home:/opt/rustwide/cargo-home:ro,Z" "-v" "/var/lib/crater-agent-workspace/rustup-home:/opt/rustwide/rustup-home:ro,Z" "-e" "SOURCE_DIR=/opt/rustwide/workdir" "-e" "CARGO_TARGET_DIR=/opt/rustwide/target" "-e" "CARGO_INCREMENTAL=0" "-e" "RUST_BACKTRACE=full" "-e" "RUSTFLAGS=--cap-lints=warn" "-e" "RUSTDOCFLAGS=--cap-lints=warn" "-e" "CARGO_HOME=/opt/rustwide/cargo-home" "-e" "RUSTUP_HOME=/opt/rustwide/rustup-home" "-w" "/opt/rustwide/workdir" "-m" "1610612736" "--user" "0:0" "--network" "none" "ghcr.io/rust-lang/crates-build-env/linux@sha256:f3a9d4ad9d972b27faf3965f35b62e55ba32bbce8f20bc8fe909558a86702fde" "/opt/rustwide/cargo-home/bin/cargo" "+beta-2024-12-08" "build" "--frozen" "--message-format=json", kill_on_drop: false }`
[INFO] [stdout] 3c914431c924d8c34db3112dbfb35636ccf763ade74d381488c939656d3e588e
[INFO] running `Command { std: "docker" "start" "-a" "3c914431c924d8c34db3112dbfb35636ccf763ade74d381488c939656d3e588e", kill_on_drop: false }`
[INFO] [stderr]    Compiling proc-macro2 v1.0.92
[INFO] [stderr]    Compiling unicode-ident v1.0.14
[INFO] [stderr]    Compiling crossbeam-utils v0.8.20
[INFO] [stderr]    Compiling cfg-if v1.0.0
[INFO] [stderr]    Compiling wasm-bindgen-shared v0.2.99
[INFO] [stderr]    Compiling libc v0.2.168
[INFO] [stderr]    Compiling autocfg v1.4.0
[INFO] [stderr]    Compiling bumpalo v3.16.0
[INFO] [stderr]    Compiling log v0.4.22
[INFO] [stderr]    Compiling byteorder v1.5.0
[INFO] [stderr]    Compiling rayon-core v1.12.1
[INFO] [stderr]    Compiling ttf-parser v0.25.1
[INFO] [stderr]    Compiling ab_glyph_rasterizer v0.1.8
[INFO] [stderr]    Compiling wasm-bindgen v0.2.99
[INFO] [stderr]    Compiling either v1.13.0
[INFO] [stderr]    Compiling once_cell v1.20.2
[INFO] [stderr]    Compiling rustc-hash v2.1.0
[INFO] [stderr]    Compiling linked-hash-map v0.5.6
[INFO] [stderr]    Compiling xi-unicode v0.3.0
[INFO] [stderr]    Compiling num-traits v0.2.19
[INFO] [stderr]    Compiling quote v1.0.37
[INFO] [stderr]    Compiling crossbeam-epoch v0.9.18
[INFO] [stderr]    Compiling crossbeam-channel v0.5.13
[INFO] [stderr]    Compiling syn v2.0.90
[INFO] [stderr]    Compiling approx v0.5.1
[INFO] [stderr]    Compiling ordered-float v4.5.0
[INFO] [stderr]    Compiling crossbeam-deque v0.8.5
[INFO] [stderr]    Compiling getrandom v0.2.15
[INFO] [stderr]    Compiling rand_core v0.6.4
[INFO] [stderr]    Compiling rayon v1.10.0
[INFO] [stderr]    Compiling owned_ttf_parser v0.25.0
[INFO] [stderr]    Compiling ab_glyph v0.2.29
[INFO] [stderr]    Compiling glyph_brush_layout v0.2.4
[INFO] [stderr]    Compiling glyph_brush_draw_cache v0.1.6
[INFO] [stderr]    Compiling wasm-bindgen-backend v0.2.99
[INFO] [stderr]    Compiling zerocopy-derive v0.7.35
[INFO] [stderr]    Compiling bytemuck_derive v1.8.0
[INFO] [stderr]    Compiling wasm-bindgen-macro-support v0.2.99
[INFO] [stderr]    Compiling zerocopy v0.7.35
[INFO] [stderr]    Compiling wasm-bindgen-macro v0.2.99
[INFO] [stderr]    Compiling bytemuck v1.20.0
[INFO] [stderr]    Compiling ppv-lite86 v0.2.20
[INFO] [stderr]    Compiling rand_chacha v0.3.1
[INFO] [stderr]    Compiling rand v0.8.5
[INFO] [stderr]    Compiling js-sys v0.3.76
[INFO] [stderr]    Compiling twox-hash v2.1.0
[INFO] [stderr]    Compiling glyph_brush v0.7.11
[INFO] [stderr]    Compiling web-sys v0.3.76
[INFO] [stderr]    Compiling webgl2-glyph v0.1.3 (/opt/rustwide/workdir)
[INFO] [stdout] warning: method `buffer` is never used
[INFO] [stdout]   --> src/lib.rs:82:12
[INFO] [stdout]    |
[INFO] [stdout] 81 | impl ReusableBuffer {
[INFO] [stdout]    | ------------------- method in this implementation
[INFO] [stdout] 82 |     pub fn buffer(&self) -> &WebGlBuffer {
[INFO] [stdout]    |            ^^^^^^
[INFO] [stdout]    |
[INFO] [stdout]    = note: `#[warn(dead_code)]` on by default
[INFO] [stdout] 
[INFO] [stdout] 
[INFO] [stderr]     Finished `dev` profile [unoptimized + debuginfo] target(s) in 31.58s
[INFO] running `Command { std: "docker" "inspect" "3c914431c924d8c34db3112dbfb35636ccf763ade74d381488c939656d3e588e", kill_on_drop: false }`
[INFO] running `Command { std: "docker" "rm" "-f" "3c914431c924d8c34db3112dbfb35636ccf763ade74d381488c939656d3e588e", kill_on_drop: false }`
[INFO] [stdout] 3c914431c924d8c34db3112dbfb35636ccf763ade74d381488c939656d3e588e
[INFO] running `Command { std: "docker" "create" "-v" "/var/lib/crater-agent-workspace/builds/worker-4-tc2/target:/opt/rustwide/target:rw,Z" "-v" "/var/lib/crater-agent-workspace/builds/worker-4-tc2/source:/opt/rustwide/workdir:ro,Z" "-v" "/var/lib/crater-agent-workspace/cargo-home:/opt/rustwide/cargo-home:ro,Z" "-v" "/var/lib/crater-agent-workspace/rustup-home:/opt/rustwide/rustup-home:ro,Z" "-e" "SOURCE_DIR=/opt/rustwide/workdir" "-e" "CARGO_TARGET_DIR=/opt/rustwide/target" "-e" "CARGO_INCREMENTAL=0" "-e" "RUST_BACKTRACE=full" "-e" "RUSTFLAGS=--cap-lints=warn" "-e" "RUSTDOCFLAGS=--cap-lints=warn" "-e" "CARGO_HOME=/opt/rustwide/cargo-home" "-e" "RUSTUP_HOME=/opt/rustwide/rustup-home" "-w" "/opt/rustwide/workdir" "-m" "1610612736" "--user" "0:0" "--network" "none" "ghcr.io/rust-lang/crates-build-env/linux@sha256:f3a9d4ad9d972b27faf3965f35b62e55ba32bbce8f20bc8fe909558a86702fde" "/opt/rustwide/cargo-home/bin/cargo" "+beta-2024-12-08" "test" "--frozen" "--no-run" "--message-format=json", kill_on_drop: false }`
[INFO] [stdout] 5b8d86f068e4ead36f7cc09af0dbf8c8c10c642b53d492439cc81f6035b713d2
[INFO] running `Command { std: "docker" "start" "-a" "5b8d86f068e4ead36f7cc09af0dbf8c8c10c642b53d492439cc81f6035b713d2", kill_on_drop: false }`
[INFO] [stdout] warning: method `buffer` is never used
[INFO] [stdout]   --> src/lib.rs:82:12
[INFO] [stdout]    |
[INFO] [stdout] 81 | impl ReusableBuffer {
[INFO] [stdout]    | ------------------- method in this implementation
[INFO] [stdout] 82 |     pub fn buffer(&self) -> &WebGlBuffer {
[INFO] [stdout]    |            ^^^^^^
[INFO] [stdout]    |
[INFO] [stdout]    = note: `#[warn(dead_code)]` on by default
[INFO] [stdout] 
[INFO] [stdout] 
[INFO] [stderr]    Compiling webgl2-glyph v0.1.3 (/opt/rustwide/workdir)
[INFO] [stdout] warning: method `buffer` is never used
[INFO] [stdout]   --> src/lib.rs:82:12
[INFO] [stdout]    |
[INFO] [stdout] 81 | impl ReusableBuffer {
[INFO] [stdout]    | ------------------- method in this implementation
[INFO] [stdout] 82 |     pub fn buffer(&self) -> &WebGlBuffer {
[INFO] [stdout]    |            ^^^^^^
[INFO] [stdout]    |
[INFO] [stdout]    = note: `#[warn(dead_code)]` on by default
[INFO] [stdout] 
[INFO] [stdout] 
[INFO] [stderr]     Finished `test` profile [unoptimized + debuginfo] target(s) in 0.59s
[INFO] running `Command { std: "docker" "inspect" "5b8d86f068e4ead36f7cc09af0dbf8c8c10c642b53d492439cc81f6035b713d2", kill_on_drop: false }`
[INFO] running `Command { std: "docker" "rm" "-f" "5b8d86f068e4ead36f7cc09af0dbf8c8c10c642b53d492439cc81f6035b713d2", kill_on_drop: false }`
[INFO] [stdout] 5b8d86f068e4ead36f7cc09af0dbf8c8c10c642b53d492439cc81f6035b713d2
[INFO] running `Command { std: "docker" "create" "-v" "/var/lib/crater-agent-workspace/builds/worker-4-tc2/target:/opt/rustwide/target:rw,Z" "-v" "/var/lib/crater-agent-workspace/builds/worker-4-tc2/source:/opt/rustwide/workdir:ro,Z" "-v" "/var/lib/crater-agent-workspace/cargo-home:/opt/rustwide/cargo-home:ro,Z" "-v" "/var/lib/crater-agent-workspace/rustup-home:/opt/rustwide/rustup-home:ro,Z" "-e" "SOURCE_DIR=/opt/rustwide/workdir" "-e" "CARGO_TARGET_DIR=/opt/rustwide/target" "-e" "CARGO_INCREMENTAL=0" "-e" "RUST_BACKTRACE=full" "-e" "RUSTFLAGS=--cap-lints=warn" "-e" "RUSTDOCFLAGS=--cap-lints=warn" "-e" "CARGO_HOME=/opt/rustwide/cargo-home" "-e" "RUSTUP_HOME=/opt/rustwide/rustup-home" "-w" "/opt/rustwide/workdir" "-m" "1610612736" "--user" "0:0" "--network" "none" "ghcr.io/rust-lang/crates-build-env/linux@sha256:f3a9d4ad9d972b27faf3965f35b62e55ba32bbce8f20bc8fe909558a86702fde" "/opt/rustwide/cargo-home/bin/cargo" "+beta-2024-12-08" "test" "--frozen", kill_on_drop: false }`
[INFO] [stdout] 4c478a42ee70eb9aa27ecd9593f1801c99230c70c649a478f97c16eb3dd2da76
[INFO] running `Command { std: "docker" "start" "-a" "4c478a42ee70eb9aa27ecd9593f1801c99230c70c649a478f97c16eb3dd2da76", kill_on_drop: false }`
[INFO] [stderr] warning: method `buffer` is never used
[INFO] [stderr]   --> src/lib.rs:82:12
[INFO] [stderr]    |
[INFO] [stderr] 81 | impl ReusableBuffer {
[INFO] [stderr]    | ------------------- method in this implementation
[INFO] [stderr] 82 |     pub fn buffer(&self) -> &WebGlBuffer {
[INFO] [stderr]    |            ^^^^^^
[INFO] [stderr]    |
[INFO] [stderr]    = note: `#[warn(dead_code)]` on by default
[INFO] [stderr] 
[INFO] [stderr] warning: `webgl2-glyph` (lib) generated 1 warning
[INFO] [stderr] warning: `webgl2-glyph` (lib test) generated 1 warning (1 duplicate)
[INFO] [stderr]     Finished `test` profile [unoptimized + debuginfo] target(s) in 0.07s
[INFO] [stderr]      Running unittests src/lib.rs (/opt/rustwide/target/debug/deps/webgl2_glyph-4dedb9c692e82d68)
[INFO] [stdout] 
[INFO] [stdout] running 0 tests
[INFO] [stdout] 
[INFO] [stdout] test result: ok. 0 passed; 0 failed; 0 ignored; 0 measured; 0 filtered out; finished in 0.00s
[INFO] [stdout] 
[INFO] [stderr]    Doc-tests webgl2_glyph
[INFO] [stdout] 
[INFO] [stdout] running 1 test
[INFO] [stdout] test src/lib.rs - TextRenderer (line 38) ... FAILED
[INFO] [stdout] 
[INFO] [stdout] failures:
[INFO] [stdout] 
[INFO] [stdout] ---- src/lib.rs - TextRenderer (line 38) stdout ----
[INFO] [stdout] error: couldn't read `src/../demos/SourceSansPro-Regular.ttf`: No such file or directory (os error 2)
[INFO] [stdout]   --> src/lib.rs:57:29
[INFO] [stdout]    |
[INFO] [stdout] 22 |     FontArc::try_from_slice(include_bytes!("../demos/SourceSansPro-Regular.ttf")).unwrap();
[INFO] [stdout]    |                             ^^^^^^^^^^^^^^^^^^^^^^^^^^^^^^^^^^^^^^^^^^^^^^^^^^^^
[INFO] [stdout]    |
[INFO] [stdout]    = note: this error originates in the macro `include_bytes` (in Nightly builds, run with -Z macro-backtrace for more info)
[INFO] [stdout] 
[INFO] [stdout] error[E0308]: mismatched types
[INFO] [stdout]    --> src/lib.rs:58:42
[INFO] [stdout]     |
[INFO] [stdout] 23  | let mut renderer = TextRenderer::try_new(&gl, font).unwrap();
[INFO] [stdout]     |                    --------------------- ^^^ expected `Rc<WebGl2RenderingContext>`, found `&WebGl2RenderingContext`
[INFO] [stdout]     |                    |
[INFO] [stdout]     |                    arguments to this function are incorrect
[INFO] [stdout]     |
[INFO] [stdout]     = note: expected struct `Rc<WebGl2RenderingContext>`
[INFO] [stdout]             found reference `&WebGl2RenderingContext`
[INFO] [stdout] note: associated function defined here
[INFO] [stdout]    --> /opt/rustwide/workdir/src/lib.rs:199:12
[INFO] [stdout]     |
[INFO] [stdout] 199 |     pub fn try_new(gl: Rc<WebGl2RenderingContext>, font: FontArc) -> Result<Self, Box<dyn Error>> {
[INFO] [stdout]     |            ^^^^^^^
[INFO] [stdout] 
[INFO] [stdout] error: aborting due to 2 previous errors
[INFO] [stdout] 
[INFO] [stdout] For more information about this error, try `rustc --explain E0308`.
[INFO] [stdout] Couldn't compile the test.
[INFO] [stdout] 
[INFO] [stdout] failures:
[INFO] [stdout]     src/lib.rs - TextRenderer (line 38)
[INFO] [stdout] 
[INFO] [stdout] test result: FAILED. 0 passed; 1 failed; 0 ignored; 0 measured; 0 filtered out; finished in 0.11s
[INFO] [stdout] 
[INFO] [stderr] error: doctest failed, to rerun pass `--doc`
[INFO] running `Command { std: "docker" "inspect" "4c478a42ee70eb9aa27ecd9593f1801c99230c70c649a478f97c16eb3dd2da76", kill_on_drop: false }`
[INFO] running `Command { std: "docker" "rm" "-f" "4c478a42ee70eb9aa27ecd9593f1801c99230c70c649a478f97c16eb3dd2da76", kill_on_drop: false }`
[INFO] [stdout] 4c478a42ee70eb9aa27ecd9593f1801c99230c70c649a478f97c16eb3dd2da76
