[INFO] fetching crate web-static-pack-packer 0.5.0-beta.2...
[INFO] testing web-static-pack-packer-0.5.0-beta.2 against 1.83.0 for beta-1.84.0-4-retry
[INFO] extracting crate web-static-pack-packer 0.5.0-beta.2 into /workspace/builds/worker-3-tc1/source
[INFO] validating manifest of crates.io crate web-static-pack-packer 0.5.0-beta.2 on toolchain 1.83.0
[INFO] running `Command { std: CARGO_HOME="/workspace/cargo-home" RUSTUP_HOME="/workspace/rustup-home" "/workspace/cargo-home/bin/cargo" "+1.83.0" "metadata" "--manifest-path" "Cargo.toml" "--no-deps", kill_on_drop: false }`
[INFO] started tweaking crates.io crate web-static-pack-packer 0.5.0-beta.2
[INFO] finished tweaking crates.io crate web-static-pack-packer 0.5.0-beta.2
[INFO] tweaked toml for crates.io crate web-static-pack-packer 0.5.0-beta.2 written to /workspace/builds/worker-3-tc1/source/Cargo.toml
[INFO] crate crates.io crate web-static-pack-packer 0.5.0-beta.2 already has a lockfile, it will not be regenerated
[INFO] running `Command { std: CARGO_HOME="/workspace/cargo-home" RUSTUP_HOME="/workspace/rustup-home" "/workspace/cargo-home/bin/cargo" "+1.83.0" "fetch" "--manifest-path" "Cargo.toml", kill_on_drop: false }`
[INFO] [stderr]     Updating crates.io index
[INFO] [stderr]  Downloading crates ...
[INFO] [stderr]   Downloaded web-static-pack-common v0.5.0-beta.2
[INFO] running `Command { std: "docker" "create" "-v" "/var/lib/crater-agent-workspace/builds/worker-3-tc1/target:/opt/rustwide/target:rw,Z" "-v" "/var/lib/crater-agent-workspace/builds/worker-3-tc1/source:/opt/rustwide/workdir:ro,Z" "-v" "/var/lib/crater-agent-workspace/cargo-home:/opt/rustwide/cargo-home:ro,Z" "-v" "/var/lib/crater-agent-workspace/rustup-home:/opt/rustwide/rustup-home:ro,Z" "-e" "SOURCE_DIR=/opt/rustwide/workdir" "-e" "CARGO_TARGET_DIR=/opt/rustwide/target" "-e" "CARGO_HOME=/opt/rustwide/cargo-home" "-e" "RUSTUP_HOME=/opt/rustwide/rustup-home" "-w" "/opt/rustwide/workdir" "-m" "1610612736" "--user" "0:0" "--network" "none" "ghcr.io/rust-lang/crates-build-env/linux@sha256:f3a9d4ad9d972b27faf3965f35b62e55ba32bbce8f20bc8fe909558a86702fde" "/opt/rustwide/cargo-home/bin/cargo" "+1.83.0" "metadata" "--no-deps" "--format-version=1", kill_on_drop: false }`
[INFO] [stdout] eef2c82f7357bbc9d1ea385f0ce85925d7a330d44e08812a17838aa56350bf30
[INFO] running `Command { std: "docker" "start" "-a" "eef2c82f7357bbc9d1ea385f0ce85925d7a330d44e08812a17838aa56350bf30", kill_on_drop: false }`
[INFO] running `Command { std: "docker" "inspect" "eef2c82f7357bbc9d1ea385f0ce85925d7a330d44e08812a17838aa56350bf30", kill_on_drop: false }`
[INFO] running `Command { std: "docker" "rm" "-f" "eef2c82f7357bbc9d1ea385f0ce85925d7a330d44e08812a17838aa56350bf30", kill_on_drop: false }`
[INFO] [stdout] eef2c82f7357bbc9d1ea385f0ce85925d7a330d44e08812a17838aa56350bf30
[INFO] running `Command { std: "docker" "create" "-v" "/var/lib/crater-agent-workspace/builds/worker-3-tc1/target:/opt/rustwide/target:rw,Z" "-v" "/var/lib/crater-agent-workspace/builds/worker-3-tc1/source:/opt/rustwide/workdir:ro,Z" "-v" "/var/lib/crater-agent-workspace/cargo-home:/opt/rustwide/cargo-home:ro,Z" "-v" "/var/lib/crater-agent-workspace/rustup-home:/opt/rustwide/rustup-home:ro,Z" "-e" "SOURCE_DIR=/opt/rustwide/workdir" "-e" "CARGO_TARGET_DIR=/opt/rustwide/target" "-e" "CARGO_INCREMENTAL=0" "-e" "RUST_BACKTRACE=full" "-e" "RUSTFLAGS=--cap-lints=warn" "-e" "RUSTDOCFLAGS=--cap-lints=warn" "-e" "CARGO_HOME=/opt/rustwide/cargo-home" "-e" "RUSTUP_HOME=/opt/rustwide/rustup-home" "-w" "/opt/rustwide/workdir" "-m" "1610612736" "--user" "0:0" "--network" "none" "ghcr.io/rust-lang/crates-build-env/linux@sha256:f3a9d4ad9d972b27faf3965f35b62e55ba32bbce8f20bc8fe909558a86702fde" "/opt/rustwide/cargo-home/bin/cargo" "+1.83.0" "build" "--frozen" "--message-format=json", kill_on_drop: false }`
[INFO] [stdout] fead378b98711cd58b06f18c047797b4524f1eefd470488f11a60cd4d435f7ca
[INFO] running `Command { std: "docker" "start" "-a" "fead378b98711cd58b06f18c047797b4524f1eefd470488f11a60cd4d435f7ca", kill_on_drop: false }`
[INFO] [stderr]    Compiling version_check v0.9.4
[INFO] [stderr]    Compiling proc-macro2 v1.0.86
[INFO] [stderr]    Compiling unicode-ident v1.0.12
[INFO] [stderr]    Compiling libc v0.2.155
[INFO] [stderr]    Compiling typenum v1.17.0
[INFO] [stderr]    Compiling syn v1.0.109
[INFO] [stderr]    Compiling cfg-if v1.0.0
[INFO] [stderr]    Compiling utf8parse v0.2.2
[INFO] [stderr]    Compiling once_cell v1.19.0
[INFO] [stderr]    Compiling is_terminal_polyfill v1.70.0
[INFO] [stderr]    Compiling colorchoice v1.0.1
[INFO] [stderr]    Compiling rkyv v0.7.44
[INFO] [stderr]    Compiling alloc-no-stdlib v2.0.4
[INFO] [stderr]    Compiling anstyle v1.0.7
[INFO] [stderr]    Compiling anstyle-query v1.1.0
[INFO] [stderr]    Compiling anyhow v1.0.86
[INFO] [stderr]    Compiling heck v0.5.0
[INFO] [stderr]    Compiling adler v1.0.2
[INFO] [stderr]    Compiling clap_lex v0.7.1
[INFO] [stderr]    Compiling anstyle-parse v0.2.4
[INFO] [stderr]    Compiling alloc-stdlib v0.2.2
[INFO] [stderr]    Compiling seahash v4.1.0
[INFO] [stderr]    Compiling strsim v0.11.1
[INFO] [stderr]    Compiling miniz_oxide v0.7.4
[INFO] [stderr]    Compiling crc32fast v1.4.2
[INFO] [stderr]    Compiling either v1.13.0
[INFO] [stderr]    Compiling brotli-decompressor v4.0.1
[INFO] [stderr]    Compiling anstream v0.6.14
[INFO] [stderr]    Compiling keccak v0.1.5
[INFO] [stderr]    Compiling mime v0.3.17
[INFO] [stderr]    Compiling same-file v1.0.6
[INFO] [stderr]    Compiling generic-array v0.14.7
[INFO] [stderr]    Compiling unicase v2.7.0
[INFO] [stderr]    Compiling ahash v0.7.8
[INFO] [stderr]    Compiling itertools v0.13.0
[INFO] [stderr]    Compiling walkdir v2.5.0
[INFO] [stderr]    Compiling clap_builder v4.5.8
[INFO] [stderr]    Compiling flate2 v1.0.30
[INFO] [stderr]    Compiling getrandom v0.2.15
[INFO] [stderr]    Compiling quote v1.0.36
[INFO] [stderr]    Compiling brotli v6.0.0
[INFO] [stderr]    Compiling mime_guess v2.0.5
[INFO] [stderr]    Compiling hashbrown v0.12.3
[INFO] [stderr]    Compiling syn v2.0.68
[INFO] [stderr]    Compiling block-buffer v0.10.4
[INFO] [stderr]    Compiling crypto-common v0.1.6
[INFO] [stderr]    Compiling digest v0.10.7
[INFO] [stderr]    Compiling sha3 v0.10.8
[INFO] [stderr]    Compiling ptr_meta_derive v0.1.4
[INFO] [stderr]    Compiling rkyv_derive v0.7.44
[INFO] [stderr]    Compiling clap_derive v4.5.8
[INFO] [stderr]    Compiling ptr_meta v0.1.4
[INFO] [stderr]    Compiling clap v4.5.8
[INFO] [stderr]    Compiling web-static-pack-common v0.5.0-beta.2
[INFO] [stderr]    Compiling web-static-pack-packer v0.5.0-beta.2 (/opt/rustwide/workdir)
[INFO] [stderr]     Finished `dev` profile [unoptimized + debuginfo] target(s) in 34.26s
[INFO] running `Command { std: "docker" "inspect" "fead378b98711cd58b06f18c047797b4524f1eefd470488f11a60cd4d435f7ca", kill_on_drop: false }`
[INFO] running `Command { std: "docker" "rm" "-f" "fead378b98711cd58b06f18c047797b4524f1eefd470488f11a60cd4d435f7ca", kill_on_drop: false }`
[INFO] [stdout] fead378b98711cd58b06f18c047797b4524f1eefd470488f11a60cd4d435f7ca
[INFO] running `Command { std: "docker" "create" "-v" "/var/lib/crater-agent-workspace/builds/worker-3-tc1/target:/opt/rustwide/target:rw,Z" "-v" "/var/lib/crater-agent-workspace/builds/worker-3-tc1/source:/opt/rustwide/workdir:ro,Z" "-v" "/var/lib/crater-agent-workspace/cargo-home:/opt/rustwide/cargo-home:ro,Z" "-v" "/var/lib/crater-agent-workspace/rustup-home:/opt/rustwide/rustup-home:ro,Z" "-e" "SOURCE_DIR=/opt/rustwide/workdir" "-e" "CARGO_TARGET_DIR=/opt/rustwide/target" "-e" "CARGO_INCREMENTAL=0" "-e" "RUST_BACKTRACE=full" "-e" "RUSTFLAGS=--cap-lints=warn" "-e" "RUSTDOCFLAGS=--cap-lints=warn" "-e" "CARGO_HOME=/opt/rustwide/cargo-home" "-e" "RUSTUP_HOME=/opt/rustwide/rustup-home" "-w" "/opt/rustwide/workdir" "-m" "1610612736" "--user" "0:0" "--network" "none" "ghcr.io/rust-lang/crates-build-env/linux@sha256:f3a9d4ad9d972b27faf3965f35b62e55ba32bbce8f20bc8fe909558a86702fde" "/opt/rustwide/cargo-home/bin/cargo" "+1.83.0" "test" "--frozen" "--no-run" "--message-format=json", kill_on_drop: false }`
[INFO] [stdout] b25dc50624bbbc742a9815a5be0b10ee9d464b1fe849eb7f9739f9b5239200c2
[INFO] running `Command { std: "docker" "start" "-a" "b25dc50624bbbc742a9815a5be0b10ee9d464b1fe849eb7f9739f9b5239200c2", kill_on_drop: false }`
[INFO] [stderr]    Compiling syn v2.0.68
[INFO] [stderr]    Compiling test-case-core v3.3.1
[INFO] [stderr]    Compiling clap_derive v4.5.8
[INFO] [stderr]    Compiling test-case-macros v3.3.1
[INFO] [stderr]    Compiling test-case v3.3.1
[INFO] [stderr]    Compiling clap v4.5.8
[INFO] [stderr]    Compiling web-static-pack-packer v0.5.0-beta.2 (/opt/rustwide/workdir)
[INFO] [stderr]     Finished `test` profile [unoptimized + debuginfo] target(s) in 12.86s
[INFO] running `Command { std: "docker" "inspect" "b25dc50624bbbc742a9815a5be0b10ee9d464b1fe849eb7f9739f9b5239200c2", kill_on_drop: false }`
[INFO] running `Command { std: "docker" "rm" "-f" "b25dc50624bbbc742a9815a5be0b10ee9d464b1fe849eb7f9739f9b5239200c2", kill_on_drop: false }`
[INFO] [stdout] b25dc50624bbbc742a9815a5be0b10ee9d464b1fe849eb7f9739f9b5239200c2
[INFO] running `Command { std: "docker" "create" "-v" "/var/lib/crater-agent-workspace/builds/worker-3-tc1/target:/opt/rustwide/target:rw,Z" "-v" "/var/lib/crater-agent-workspace/builds/worker-3-tc1/source:/opt/rustwide/workdir:ro,Z" "-v" "/var/lib/crater-agent-workspace/cargo-home:/opt/rustwide/cargo-home:ro,Z" "-v" "/var/lib/crater-agent-workspace/rustup-home:/opt/rustwide/rustup-home:ro,Z" "-e" "SOURCE_DIR=/opt/rustwide/workdir" "-e" "CARGO_TARGET_DIR=/opt/rustwide/target" "-e" "CARGO_INCREMENTAL=0" "-e" "RUST_BACKTRACE=full" "-e" "RUSTFLAGS=--cap-lints=warn" "-e" "RUSTDOCFLAGS=--cap-lints=warn" "-e" "CARGO_HOME=/opt/rustwide/cargo-home" "-e" "RUSTUP_HOME=/opt/rustwide/rustup-home" "-w" "/opt/rustwide/workdir" "-m" "1610612736" "--user" "0:0" "--network" "none" "ghcr.io/rust-lang/crates-build-env/linux@sha256:f3a9d4ad9d972b27faf3965f35b62e55ba32bbce8f20bc8fe909558a86702fde" "/opt/rustwide/cargo-home/bin/cargo" "+1.83.0" "test" "--frozen", kill_on_drop: false }`
[INFO] [stdout] 5ea50246b5577ae585513ff2b6a4f2d4a4a6517ab354153693bcda35c6ca4d0b
[INFO] running `Command { std: "docker" "start" "-a" "5ea50246b5577ae585513ff2b6a4f2d4a4a6517ab354153693bcda35c6ca4d0b", kill_on_drop: false }`
[INFO] [stderr]     Finished `test` profile [unoptimized + debuginfo] target(s) in 0.09s
[INFO] [stderr]      Running unittests src/lib.rs (/opt/rustwide/target/debug/deps/web_static_pack_packer-0dc5bdd86e2417ad)
[INFO] [stdout] 
[INFO] [stdout] running 12 tests
[INFO] [stdout] test file::test::content_type_from_path_returns_expected::js_file_full_path_with_some_hex_in_stem ... ok
[INFO] [stdout] test file::test::empty_should_not_be_compressed ... ok
[INFO] [stdout] test file::test::content_type_from_path_returns_expected::webp_image_in_windows_style_path_format ... ok
[INFO] [stdout] test file::test::etag_from_content_returns_expected ... ok
[INFO] [stdout] test pack_path::test::from_file_base_relative_path_returns_expected::base_file_path_without_prefix ... ok
[INFO] [stdout] test file::test::content_type_from_path_returns_expected::html_file ... ok
[INFO] [stdout] test pack_path::test::from_file_base_relative_path_returns_expected::linux_like_relative_path ... ok
[INFO] [stdout] test file::test::content_type_from_path_returns_expected::css_file_in_directory ... ok
[INFO] [stdout] test file::test::content_brotli_from_content_returns_expected ... ok
[INFO] [stdout] test file::test::content_gzip_from_content_returns_expected ... ok
[INFO] [stdout] test file::test::build_from_content_returns_expected ... ok
[INFO] [stdout] test pack_path::test::from_file_base_relative_path_returns_expected::windows_relative_path ... FAILED
[INFO] [stdout] 
[INFO] [stdout] failures:
[INFO] [stdout] 
[INFO] [stdout] ---- pack_path::test::from_file_base_relative_path_returns_expected::windows_relative_path stdout ----
[INFO] [stdout] thread 'pack_path::test::from_file_base_relative_path_returns_expected::windows_relative_path' panicked at src/pack_path.rs:92:9:
[INFO] [stdout] assertion `left == right` failed
[INFO] [stdout]   left: PackPath { inner: "/Project\\MyApp\\Application.js" }
[INFO] [stdout]  right: PackPath { inner: "/Project/MyApp/Application.js" }
[INFO] [stdout] stack backtrace:
[INFO] [stdout]    0:     0x55b23dc4fe1a - std::backtrace_rs::backtrace::libunwind::trace::h5a5b8284f2d0c266
[INFO] [stdout]                                at /rustc/90b35a6239c3d8bdabc530a6a0816f7ff89a0aaf/library/std/src/../../backtrace/src/backtrace/libunwind.rs:116:5
[INFO] [stdout]    1:     0x55b23dc4fe1a - std::backtrace_rs::backtrace::trace_unsynchronized::h76d4f1c9b0b875e3
[INFO] [stdout]                                at /rustc/90b35a6239c3d8bdabc530a6a0816f7ff89a0aaf/library/std/src/../../backtrace/src/backtrace/mod.rs:66:5
[INFO] [stdout]    2:     0x55b23dc4fe1a - std::sys::backtrace::_print_fmt::hc4546b8364a537c6
[INFO] [stdout]                                at /rustc/90b35a6239c3d8bdabc530a6a0816f7ff89a0aaf/library/std/src/sys/backtrace.rs:66:9
[INFO] [stdout]    3:     0x55b23dc4fe1a - <std::sys::backtrace::BacktraceLock::print::DisplayBacktrace as core::fmt::Display>::fmt::h5b6bd5631a6d1f6b
[INFO] [stdout]                                at /rustc/90b35a6239c3d8bdabc530a6a0816f7ff89a0aaf/library/std/src/sys/backtrace.rs:39:26
[INFO] [stdout]    4:     0x55b23dc752a3 - core::fmt::rt::Argument::fmt::h270f6602a2b96f62
[INFO] [stdout]                                at /rustc/90b35a6239c3d8bdabc530a6a0816f7ff89a0aaf/library/core/src/fmt/rt.rs:177:76
[INFO] [stdout]    5:     0x55b23dc752a3 - core::fmt::write::h7550c97b06c86515
[INFO] [stdout]                                at /rustc/90b35a6239c3d8bdabc530a6a0816f7ff89a0aaf/library/core/src/fmt/mod.rs:1186:21
[INFO] [stdout]    6:     0x55b23dc4cd03 - std::io::Write::write_fmt::h509ff860e5956e5e
[INFO] [stdout]                                at /rustc/90b35a6239c3d8bdabc530a6a0816f7ff89a0aaf/library/std/src/io/mod.rs:1839:15
[INFO] [stdout]    7:     0x55b23dc4fc62 - std::sys::backtrace::BacktraceLock::print::h2395ccd2c84ba3aa
[INFO] [stdout]                                at /rustc/90b35a6239c3d8bdabc530a6a0816f7ff89a0aaf/library/std/src/sys/backtrace.rs:42:9
[INFO] [stdout]    8:     0x55b23dc5127a - std::panicking::default_hook::{{closure}}::he19d4c7230e07961
[INFO] [stdout]                                at /rustc/90b35a6239c3d8bdabc530a6a0816f7ff89a0aaf/library/std/src/panicking.rs:268:22
[INFO] [stdout]    9:     0x55b23dc51084 - std::panicking::default_hook::hf614597d3c67bbdb
[INFO] [stdout]                                at /rustc/90b35a6239c3d8bdabc530a6a0816f7ff89a0aaf/library/std/src/panicking.rs:292:9
[INFO] [stdout]   10:     0x55b23dbaa169 - <alloc::boxed::Box<F,A> as core::ops::function::Fn<Args>>::call::h39b51ce4599c23d1
[INFO] [stdout]                                at /rustc/90b35a6239c3d8bdabc530a6a0816f7ff89a0aaf/library/alloc/src/boxed.rs:2468:9
[INFO] [stdout]   11:     0x55b23dbaa169 - test::test_main::{{closure}}::he977ae839a582784
[INFO] [stdout]                                at /rustc/90b35a6239c3d8bdabc530a6a0816f7ff89a0aaf/library/test/src/lib.rs:133:21
[INFO] [stdout]   12:     0x55b23dc51918 - <alloc::boxed::Box<F,A> as core::ops::function::Fn<Args>>::call::h9455091b6b06f9fb
[INFO] [stdout]                                at /rustc/90b35a6239c3d8bdabc530a6a0816f7ff89a0aaf/library/alloc/src/boxed.rs:2468:9
[INFO] [stdout]   13:     0x55b23dc51918 - std::panicking::rust_panic_with_hook::h8942133a8b252070
[INFO] [stdout]                                at /rustc/90b35a6239c3d8bdabc530a6a0816f7ff89a0aaf/library/std/src/panicking.rs:809:13
[INFO] [stdout]   14:     0x55b23dc516da - std::panicking::begin_panic_handler::{{closure}}::hb5f5963570096b29
[INFO] [stdout]                                at /rustc/90b35a6239c3d8bdabc530a6a0816f7ff89a0aaf/library/std/src/panicking.rs:674:13
[INFO] [stdout]   15:     0x55b23dc502f9 - std::sys::backtrace::__rust_end_short_backtrace::h6208cedc1922feda
[INFO] [stdout]                                at /rustc/90b35a6239c3d8bdabc530a6a0816f7ff89a0aaf/library/std/src/sys/backtrace.rs:170:18
[INFO] [stdout]   16:     0x55b23dc5136c - rust_begin_unwind
[INFO] [stdout]                                at /rustc/90b35a6239c3d8bdabc530a6a0816f7ff89a0aaf/library/std/src/panicking.rs:665:5
[INFO] [stdout]   17:     0x55b23da63fd0 - core::panicking::panic_fmt::h0c3082644d1bf418
[INFO] [stdout]                                at /rustc/90b35a6239c3d8bdabc530a6a0816f7ff89a0aaf/library/core/src/panicking.rs:74:14
[INFO] [stdout]   18:     0x55b23da6439b - core::panicking::assert_failed_inner::h2ddf1fcc067fa858
[INFO] [stdout]   19:     0x55b23db56640 - core::panicking::assert_failed::h21cc882f63ae5ac5
[INFO] [stdout]                                at /rustc/90b35a6239c3d8bdabc530a6a0816f7ff89a0aaf/library/core/src/panicking.rs:367:5
[INFO] [stdout]   20:     0x55b23db12ba6 - web_static_pack_packer::pack_path::test::from_file_base_relative_path_returns_expected::h398900a09affce9b
[INFO] [stdout]                                at /opt/rustwide/workdir/src/pack_path.rs:92:9
[INFO] [stdout]   21:     0x55b23daef5c1 - web_static_pack_packer::pack_path::test::from_file_base_relative_path_returns_expected::windows_relative_path::h6c453405ed149c8e
[INFO] [stdout]                                at /opt/rustwide/workdir/src/pack_path.rs:73:5
[INFO] [stdout]   22:     0x55b23daef4f7 - web_static_pack_packer::pack_path::test::from_file_base_relative_path_returns_expected::windows_relative_path::{{closure}}::h1bce20b2aea730ca
[INFO] [stdout]                                at /opt/rustwide/workdir/src/pack_path.rs:77:7
[INFO] [stdout]   23:     0x55b23db0e836 - core::ops::function::FnOnce::call_once::h9abd8a82b0bdf063
[INFO] [stdout]                                at /rustc/90b35a6239c3d8bdabc530a6a0816f7ff89a0aaf/library/core/src/ops/function.rs:250:5
[INFO] [stdout]   24:     0x55b23dbaeb2b - core::ops::function::FnOnce::call_once::h109cf8051a59b34e
[INFO] [stdout]                                at /rustc/90b35a6239c3d8bdabc530a6a0816f7ff89a0aaf/library/core/src/ops/function.rs:250:5
[INFO] [stdout]   25:     0x55b23dbaeb2b - test::__rust_begin_short_backtrace::hf4fff89d377446ba
[INFO] [stdout]                                at /rustc/90b35a6239c3d8bdabc530a6a0816f7ff89a0aaf/library/test/src/lib.rs:621:18
[INFO] [stdout]   26:     0x55b23dbae367 - test::run_test_in_process::{{closure}}::h0e39181dd7ee5a43
[INFO] [stdout]                                at /rustc/90b35a6239c3d8bdabc530a6a0816f7ff89a0aaf/library/test/src/lib.rs:644:60
[INFO] [stdout]   27:     0x55b23dbae367 - <core::panic::unwind_safe::AssertUnwindSafe<F> as core::ops::function::FnOnce<()>>::call_once::hc5a66a30f0bdfd1f
[INFO] [stdout]                                at /rustc/90b35a6239c3d8bdabc530a6a0816f7ff89a0aaf/library/core/src/panic/unwind_safe.rs:272:9
[INFO] [stdout]   28:     0x55b23dbae367 - std::panicking::try::do_call::h873b7cf639554a5e
[INFO] [stdout]                                at /rustc/90b35a6239c3d8bdabc530a6a0816f7ff89a0aaf/library/std/src/panicking.rs:557:40
[INFO] [stdout]   29:     0x55b23dbae367 - std::panicking::try::hdb19862fad9c8bd1
[INFO] [stdout]                                at /rustc/90b35a6239c3d8bdabc530a6a0816f7ff89a0aaf/library/std/src/panicking.rs:520:19
[INFO] [stdout]   30:     0x55b23dbae367 - std::panic::catch_unwind::h281fe732d236d260
[INFO] [stdout]                                at /rustc/90b35a6239c3d8bdabc530a6a0816f7ff89a0aaf/library/std/src/panic.rs:358:14
[INFO] [stdout]   31:     0x55b23dbae367 - test::run_test_in_process::h949b6df8457ed338
[INFO] [stdout]                                at /rustc/90b35a6239c3d8bdabc530a6a0816f7ff89a0aaf/library/test/src/lib.rs:644:27
[INFO] [stdout]   32:     0x55b23dbae367 - test::run_test::{{closure}}::h52c556a6d4740e10
[INFO] [stdout]                                at /rustc/90b35a6239c3d8bdabc530a6a0816f7ff89a0aaf/library/test/src/lib.rs:565:43
[INFO] [stdout]   33:     0x55b23db73644 - test::run_test::{{closure}}::h4237f6381c45ccb9
[INFO] [stdout]                                at /rustc/90b35a6239c3d8bdabc530a6a0816f7ff89a0aaf/library/test/src/lib.rs:595:41
[INFO] [stdout]   34:     0x55b23db73644 - std::sys::backtrace::__rust_begin_short_backtrace::h505c97a579eca628
[INFO] [stdout]                                at /rustc/90b35a6239c3d8bdabc530a6a0816f7ff89a0aaf/library/std/src/sys/backtrace.rs:154:18
[INFO] [stdout]   35:     0x55b23db76d0e - std::thread::Builder::spawn_unchecked_::{{closure}}::{{closure}}::h9e86b2e2bc107ea3
[INFO] [stdout]                                at /rustc/90b35a6239c3d8bdabc530a6a0816f7ff89a0aaf/library/std/src/thread/mod.rs:538:17
[INFO] [stdout]   36:     0x55b23db76d0e - <core::panic::unwind_safe::AssertUnwindSafe<F> as core::ops::function::FnOnce<()>>::call_once::h8b06ddb275ff4a25
[INFO] [stdout]                                at /rustc/90b35a6239c3d8bdabc530a6a0816f7ff89a0aaf/library/core/src/panic/unwind_safe.rs:272:9
[INFO] [stdout]   37:     0x55b23db76d0e - std::panicking::try::do_call::hb26ecd7cd9a9355d
[INFO] [stdout]                                at /rustc/90b35a6239c3d8bdabc530a6a0816f7ff89a0aaf/library/std/src/panicking.rs:557:40
[INFO] [stdout]   38:     0x55b23db76d0e - std::panicking::try::h8ddeca9d705f9069
[INFO] [stdout]                                at /rustc/90b35a6239c3d8bdabc530a6a0816f7ff89a0aaf/library/std/src/panicking.rs:520:19
[INFO] [stdout]   39:     0x55b23db76d0e - std::panic::catch_unwind::h49e1c33078844c46
[INFO] [stdout]                                at /rustc/90b35a6239c3d8bdabc530a6a0816f7ff89a0aaf/library/std/src/panic.rs:358:14
[INFO] [stdout]   40:     0x55b23db76d0e - std::thread::Builder::spawn_unchecked_::{{closure}}::h6073db6ff56ad35d
[INFO] [stdout]                                at /rustc/90b35a6239c3d8bdabc530a6a0816f7ff89a0aaf/library/std/src/thread/mod.rs:537:30
[INFO] [stdout]   41:     0x55b23db76d0e - core::ops::function::FnOnce::call_once{{vtable.shim}}::h2c5a5f3779c774f1
[INFO] [stdout]                                at /rustc/90b35a6239c3d8bdabc530a6a0816f7ff89a0aaf/library/core/src/ops/function.rs:250:5
[INFO] [stdout]   42:     0x55b23dc5566b - <alloc::boxed::Box<F,A> as core::ops::function::FnOnce<Args>>::call_once::hf75717d9f28faebf
[INFO] [stdout]                                at /rustc/90b35a6239c3d8bdabc530a6a0816f7ff89a0aaf/library/alloc/src/boxed.rs:2454:9
[INFO] [stdout]   43:     0x55b23dc5566b - <alloc::boxed::Box<F,A> as core::ops::function::FnOnce<Args>>::call_once::h7bd883a5f3c5f3c1
[INFO] [stdout]                                at /rustc/90b35a6239c3d8bdabc530a6a0816f7ff89a0aaf/library/alloc/src/boxed.rs:2454:9
[INFO] [stdout]   44:     0x55b23dc5566b - std::sys::pal::unix::thread::Thread::new::thread_start::hcc78f3943333fa94
[INFO] [stdout]                                at /rustc/90b35a6239c3d8bdabc530a6a0816f7ff89a0aaf/library/std/src/sys/pal/unix/thread.rs:105:17
[INFO] [stdout]   45:     0x71a4b3635ac3 - <unknown>
[INFO] [stdout]   46:     0x71a4b36c6a04 - clone
[INFO] [stdout]   47:                0x0 - <unknown>
[INFO] [stdout] 
[INFO] [stdout] 
[INFO] [stdout] failures:
[INFO] [stdout]     pack_path::test::from_file_base_relative_path_returns_expected::windows_relative_path
[INFO] [stdout] 
[INFO] [stdout] test result: FAILED. 11 passed; 1 failed; 0 ignored; 0 measured; 0 filtered out; finished in 0.05s
[INFO] [stdout] 
[INFO] [stderr] error: test failed, to rerun pass `--lib`
[INFO] running `Command { std: "docker" "inspect" "5ea50246b5577ae585513ff2b6a4f2d4a4a6517ab354153693bcda35c6ca4d0b", kill_on_drop: false }`
[INFO] running `Command { std: "docker" "rm" "-f" "5ea50246b5577ae585513ff2b6a4f2d4a4a6517ab354153693bcda35c6ca4d0b", kill_on_drop: false }`
[INFO] [stdout] 5ea50246b5577ae585513ff2b6a4f2d4a4a6517ab354153693bcda35c6ca4d0b
