[INFO] fetching crate web-socket-io 0.1.0...
[INFO] testing web-socket-io-0.1.0 against beta-2024-12-08 for beta-1.84.0-4-retry
[INFO] extracting crate web-socket-io 0.1.0 into /workspace/builds/worker-5-tc2/source
[INFO] validating manifest of crates.io crate web-socket-io 0.1.0 on toolchain beta-2024-12-08
[INFO] running `Command { std: CARGO_HOME="/workspace/cargo-home" RUSTUP_HOME="/workspace/rustup-home" "/workspace/cargo-home/bin/cargo" "+beta-2024-12-08" "metadata" "--manifest-path" "Cargo.toml" "--no-deps", kill_on_drop: false }`
[INFO] started tweaking crates.io crate web-socket-io 0.1.0
[INFO] finished tweaking crates.io crate web-socket-io 0.1.0
[INFO] tweaked toml for crates.io crate web-socket-io 0.1.0 written to /workspace/builds/worker-5-tc2/source/Cargo.toml
[INFO] running `Command { std: CARGO_HOME="/workspace/cargo-home" RUSTUP_HOME="/workspace/rustup-home" "/workspace/cargo-home/bin/cargo" "+beta-2024-12-08" "generate-lockfile" "--manifest-path" "Cargo.toml", kill_on_drop: false }`
[INFO] [stderr]     Updating crates.io index
[INFO] [stderr]      Locking 36 packages to latest compatible versions
[INFO] running `Command { std: CARGO_HOME="/workspace/cargo-home" RUSTUP_HOME="/workspace/rustup-home" "/workspace/cargo-home/bin/cargo" "+beta-2024-12-08" "fetch" "--manifest-path" "Cargo.toml", kill_on_drop: false }`
[INFO] running `Command { std: "docker" "create" "-v" "/var/lib/crater-agent-workspace/builds/worker-5-tc2/target:/opt/rustwide/target:rw,Z" "-v" "/var/lib/crater-agent-workspace/builds/worker-5-tc2/source:/opt/rustwide/workdir:ro,Z" "-v" "/var/lib/crater-agent-workspace/cargo-home:/opt/rustwide/cargo-home:ro,Z" "-v" "/var/lib/crater-agent-workspace/rustup-home:/opt/rustwide/rustup-home:ro,Z" "-e" "SOURCE_DIR=/opt/rustwide/workdir" "-e" "CARGO_TARGET_DIR=/opt/rustwide/target" "-e" "CARGO_HOME=/opt/rustwide/cargo-home" "-e" "RUSTUP_HOME=/opt/rustwide/rustup-home" "-w" "/opt/rustwide/workdir" "-m" "1610612736" "--user" "0:0" "--network" "none" "ghcr.io/rust-lang/crates-build-env/linux@sha256:f3a9d4ad9d972b27faf3965f35b62e55ba32bbce8f20bc8fe909558a86702fde" "/opt/rustwide/cargo-home/bin/cargo" "+beta-2024-12-08" "metadata" "--no-deps" "--format-version=1", kill_on_drop: false }`
[INFO] [stdout] aa8cc692efd20e4a1b7a603db8b3794be5558e4c4b169d6a1029cfb2005e4124
[INFO] running `Command { std: "docker" "start" "-a" "aa8cc692efd20e4a1b7a603db8b3794be5558e4c4b169d6a1029cfb2005e4124", kill_on_drop: false }`
[INFO] running `Command { std: "docker" "inspect" "aa8cc692efd20e4a1b7a603db8b3794be5558e4c4b169d6a1029cfb2005e4124", kill_on_drop: false }`
[INFO] running `Command { std: "docker" "rm" "-f" "aa8cc692efd20e4a1b7a603db8b3794be5558e4c4b169d6a1029cfb2005e4124", kill_on_drop: false }`
[INFO] [stdout] aa8cc692efd20e4a1b7a603db8b3794be5558e4c4b169d6a1029cfb2005e4124
[INFO] running `Command { std: "docker" "create" "-v" "/var/lib/crater-agent-workspace/builds/worker-5-tc2/target:/opt/rustwide/target:rw,Z" "-v" "/var/lib/crater-agent-workspace/builds/worker-5-tc2/source:/opt/rustwide/workdir:ro,Z" "-v" "/var/lib/crater-agent-workspace/cargo-home:/opt/rustwide/cargo-home:ro,Z" "-v" "/var/lib/crater-agent-workspace/rustup-home:/opt/rustwide/rustup-home:ro,Z" "-e" "SOURCE_DIR=/opt/rustwide/workdir" "-e" "CARGO_TARGET_DIR=/opt/rustwide/target" "-e" "CARGO_INCREMENTAL=0" "-e" "RUST_BACKTRACE=full" "-e" "RUSTFLAGS=--cap-lints=warn" "-e" "RUSTDOCFLAGS=--cap-lints=warn" "-e" "CARGO_HOME=/opt/rustwide/cargo-home" "-e" "RUSTUP_HOME=/opt/rustwide/rustup-home" "-w" "/opt/rustwide/workdir" "-m" "1610612736" "--user" "0:0" "--network" "none" "ghcr.io/rust-lang/crates-build-env/linux@sha256:f3a9d4ad9d972b27faf3965f35b62e55ba32bbce8f20bc8fe909558a86702fde" "/opt/rustwide/cargo-home/bin/cargo" "+beta-2024-12-08" "build" "--frozen" "--message-format=json", kill_on_drop: false }`
[INFO] [stdout] 062b0a4871bc7ec124d1bf09799500eed7d690b96c6887135bee7cc70c870e29
[INFO] running `Command { std: "docker" "start" "-a" "062b0a4871bc7ec124d1bf09799500eed7d690b96c6887135bee7cc70c870e29", kill_on_drop: false }`
[INFO] [stderr]    Compiling libc v0.2.168
[INFO] [stderr]    Compiling syn v2.0.90
[INFO] [stderr]    Compiling byteorder v1.5.0
[INFO] [stderr]    Compiling cfg-if v1.0.0
[INFO] [stderr]    Compiling pin-project-lite v0.2.15
[INFO] [stderr]    Compiling bytes v1.9.0
[INFO] [stderr]    Compiling tokio v1.42.0
[INFO] [stderr]    Compiling getrandom v0.2.15
[INFO] [stderr]    Compiling rand_core v0.6.4
[INFO] [stderr]    Compiling zerocopy-derive v0.7.35
[INFO] [stderr]    Compiling zerocopy v0.7.35
[INFO] [stderr]    Compiling ppv-lite86 v0.2.20
[INFO] [stderr]    Compiling rand_chacha v0.3.1
[INFO] [stderr]    Compiling rand v0.8.5
[INFO] [stderr]    Compiling web-socket v0.7.0
[INFO] [stderr]    Compiling web-socket-io v0.1.0 (/opt/rustwide/workdir)
[INFO] [stderr]     Finished `dev` profile [unoptimized + debuginfo] target(s) in 8.08s
[INFO] running `Command { std: "docker" "inspect" "062b0a4871bc7ec124d1bf09799500eed7d690b96c6887135bee7cc70c870e29", kill_on_drop: false }`
[INFO] running `Command { std: "docker" "rm" "-f" "062b0a4871bc7ec124d1bf09799500eed7d690b96c6887135bee7cc70c870e29", kill_on_drop: false }`
[INFO] [stdout] 062b0a4871bc7ec124d1bf09799500eed7d690b96c6887135bee7cc70c870e29
[INFO] running `Command { std: "docker" "create" "-v" "/var/lib/crater-agent-workspace/builds/worker-5-tc2/target:/opt/rustwide/target:rw,Z" "-v" "/var/lib/crater-agent-workspace/builds/worker-5-tc2/source:/opt/rustwide/workdir:ro,Z" "-v" "/var/lib/crater-agent-workspace/cargo-home:/opt/rustwide/cargo-home:ro,Z" "-v" "/var/lib/crater-agent-workspace/rustup-home:/opt/rustwide/rustup-home:ro,Z" "-e" "SOURCE_DIR=/opt/rustwide/workdir" "-e" "CARGO_TARGET_DIR=/opt/rustwide/target" "-e" "CARGO_INCREMENTAL=0" "-e" "RUST_BACKTRACE=full" "-e" "RUSTFLAGS=--cap-lints=warn" "-e" "RUSTDOCFLAGS=--cap-lints=warn" "-e" "CARGO_HOME=/opt/rustwide/cargo-home" "-e" "RUSTUP_HOME=/opt/rustwide/rustup-home" "-w" "/opt/rustwide/workdir" "-m" "1610612736" "--user" "0:0" "--network" "none" "ghcr.io/rust-lang/crates-build-env/linux@sha256:f3a9d4ad9d972b27faf3965f35b62e55ba32bbce8f20bc8fe909558a86702fde" "/opt/rustwide/cargo-home/bin/cargo" "+beta-2024-12-08" "test" "--frozen" "--no-run" "--message-format=json", kill_on_drop: false }`
[INFO] [stdout] 6b8a2de517c44f520fd3fac4dabae9a11f6ce43788d4552a3a74b3056f320541
[INFO] running `Command { std: "docker" "start" "-a" "6b8a2de517c44f520fd3fac4dabae9a11f6ce43788d4552a3a74b3056f320541", kill_on_drop: false }`
[INFO] [stderr]    Compiling web-socket-io v0.1.0 (/opt/rustwide/workdir)
[INFO] [stderr]     Finished `test` profile [unoptimized + debuginfo] target(s) in 0.51s
[INFO] running `Command { std: "docker" "inspect" "6b8a2de517c44f520fd3fac4dabae9a11f6ce43788d4552a3a74b3056f320541", kill_on_drop: false }`
[INFO] running `Command { std: "docker" "rm" "-f" "6b8a2de517c44f520fd3fac4dabae9a11f6ce43788d4552a3a74b3056f320541", kill_on_drop: false }`
[INFO] [stdout] 6b8a2de517c44f520fd3fac4dabae9a11f6ce43788d4552a3a74b3056f320541
[INFO] running `Command { std: "docker" "create" "-v" "/var/lib/crater-agent-workspace/builds/worker-5-tc2/target:/opt/rustwide/target:rw,Z" "-v" "/var/lib/crater-agent-workspace/builds/worker-5-tc2/source:/opt/rustwide/workdir:ro,Z" "-v" "/var/lib/crater-agent-workspace/cargo-home:/opt/rustwide/cargo-home:ro,Z" "-v" "/var/lib/crater-agent-workspace/rustup-home:/opt/rustwide/rustup-home:ro,Z" "-e" "SOURCE_DIR=/opt/rustwide/workdir" "-e" "CARGO_TARGET_DIR=/opt/rustwide/target" "-e" "CARGO_INCREMENTAL=0" "-e" "RUST_BACKTRACE=full" "-e" "RUSTFLAGS=--cap-lints=warn" "-e" "RUSTDOCFLAGS=--cap-lints=warn" "-e" "CARGO_HOME=/opt/rustwide/cargo-home" "-e" "RUSTUP_HOME=/opt/rustwide/rustup-home" "-w" "/opt/rustwide/workdir" "-m" "1610612736" "--user" "0:0" "--network" "none" "ghcr.io/rust-lang/crates-build-env/linux@sha256:f3a9d4ad9d972b27faf3965f35b62e55ba32bbce8f20bc8fe909558a86702fde" "/opt/rustwide/cargo-home/bin/cargo" "+beta-2024-12-08" "test" "--frozen", kill_on_drop: false }`
[INFO] [stdout] 6cc314c4b27d12aeaeb20a2c8e3868d7956f4daedf5331a0351f9b3eb403854f
[INFO] running `Command { std: "docker" "start" "-a" "6cc314c4b27d12aeaeb20a2c8e3868d7956f4daedf5331a0351f9b3eb403854f", kill_on_drop: false }`
[INFO] [stderr]     Finished `test` profile [unoptimized + debuginfo] target(s) in 0.04s
[INFO] [stderr]      Running unittests src/lib.rs (/opt/rustwide/target/debug/deps/web_socket_io-d1ac4ebfde2f31bf)
[INFO] [stdout] 
[INFO] [stdout] running 0 tests
[INFO] [stdout] 
[INFO] [stdout] test result: ok. 0 passed; 0 failed; 0 ignored; 0 measured; 0 filtered out; finished in 0.00s
[INFO] [stderr]    Doc-tests web_socket_io
[INFO] [stdout] 
[INFO] [stdout] 
[INFO] [stdout] running 2 tests
[INFO] [stdout] test src/lib.rs - AbortController::abort_on_reset (line 307) ... FAILED
[INFO] [stdout] test src/lib.rs - AbortController::spawn_and_abort_on_reset (line 328) ... FAILED
[INFO] [stdout] 
[INFO] [stdout] failures:
[INFO] [stdout] 
[INFO] [stdout] ---- src/lib.rs - AbortController::abort_on_reset (line 307) stdout ----
[INFO] [stdout] error[E0425]: cannot find value `controller` in this scope
[INFO] [stdout]  --> src/lib.rs:308:1
[INFO] [stdout]   |
[INFO] [stdout] 3 | controller.abort_on_reset(async {  }).await;
[INFO] [stdout]   | ^^^^^^^^^^ not found in this scope
[INFO] [stdout] 
[INFO] [stdout] error[E0728]: `await` is only allowed inside `async` functions and blocks
[INFO] [stdout]  --> src/lib.rs:308:39
[INFO] [stdout]   |
[INFO] [stdout] 2 | fn main() { #[allow(non_snake_case)] fn _doctest_main_src_lib_rs_307_0() {
[INFO] [stdout]   |                                      ----------------------------------- this is not `async`
[INFO] [stdout] 3 | controller.abort_on_reset(async {  }).await;
[INFO] [stdout]   |                                       ^^^^^ only allowed inside `async` functions and blocks
[INFO] [stdout] 
[INFO] [stdout] error: aborting due to 2 previous errors
[INFO] [stdout] 
[INFO] [stdout] Some errors have detailed explanations: E0425, E0728.
[INFO] [stdout] For more information about an error, try `rustc --explain E0425`.
[INFO] [stdout] Couldn't compile the test.
[INFO] [stdout] ---- src/lib.rs - AbortController::spawn_and_abort_on_reset (line 328) stdout ----
[INFO] [stdout] error: unexpected token: `...`
[INFO] [stdout]  --> src/lib.rs:329:45
[INFO] [stdout]   |
[INFO] [stdout] 3 | controller.spawn_and_abort_on_reset(async { ... });
[INFO] [stdout]   |                                             ^^^
[INFO] [stdout]   |
[INFO] [stdout] help: use `..` for an exclusive range
[INFO] [stdout]   |
[INFO] [stdout] 3 | controller.spawn_and_abort_on_reset(async { .. });
[INFO] [stdout]   |                                             ~~
[INFO] [stdout] help: or `..=` for an inclusive range
[INFO] [stdout]   |
[INFO] [stdout] 3 | controller.spawn_and_abort_on_reset(async { ..= });
[INFO] [stdout]   |                                             ~~~
[INFO] [stdout] 
[INFO] [stdout] error[E0586]: inclusive range with no end
[INFO] [stdout]  --> src/lib.rs:329:45
[INFO] [stdout]   |
[INFO] [stdout] 3 | controller.spawn_and_abort_on_reset(async { ... });
[INFO] [stdout]   |                                             ^^^
[INFO] [stdout]   |
[INFO] [stdout]   = note: inclusive ranges must be bounded at the end (`..=b` or `a..=b`)
[INFO] [stdout] help: use `..` instead
[INFO] [stdout]   |
[INFO] [stdout] 3 - controller.spawn_and_abort_on_reset(async { ... });
[INFO] [stdout] 3 + controller.spawn_and_abort_on_reset(async { .. });
[INFO] [stdout]   |
[INFO] [stdout] 
[INFO] [stdout] error[E0425]: cannot find value `controller` in this scope
[INFO] [stdout]  --> src/lib.rs:329:1
[INFO] [stdout]   |
[INFO] [stdout] 3 | controller.spawn_and_abort_on_reset(async { ... });
[INFO] [stdout]   | ^^^^^^^^^^ not found in this scope
[INFO] [stdout] 
[INFO] [stdout] error: aborting due to 3 previous errors
[INFO] [stdout] 
[INFO] [stdout] Some errors have detailed explanations: E0425, E0586.
[INFO] [stdout] For more information about an error, try `rustc --explain E0425`.
[INFO] [stdout] Couldn't compile the test.
[INFO] [stdout] 
[INFO] [stdout] failures:
[INFO] [stdout]     src/lib.rs - AbortController::abort_on_reset (line 307)
[INFO] [stdout]     src/lib.rs - AbortController::spawn_and_abort_on_reset (line 328)
[INFO] [stdout] 
[INFO] [stdout] test result: FAILED. 0 passed; 2 failed; 0 ignored; 0 measured; 0 filtered out; finished in 0.13s
[INFO] [stdout] 
[INFO] [stderr] error: doctest failed, to rerun pass `--doc`
[INFO] running `Command { std: "docker" "inspect" "6cc314c4b27d12aeaeb20a2c8e3868d7956f4daedf5331a0351f9b3eb403854f", kill_on_drop: false }`
[INFO] running `Command { std: "docker" "rm" "-f" "6cc314c4b27d12aeaeb20a2c8e3868d7956f4daedf5331a0351f9b3eb403854f", kill_on_drop: false }`
[INFO] [stdout] 6cc314c4b27d12aeaeb20a2c8e3868d7956f4daedf5331a0351f9b3eb403854f
