[INFO] fetching crate web-rpc 0.0.3...
[INFO] testing web-rpc-0.0.3 against beta-2024-12-08 for beta-1.84.0-4-retry
[INFO] extracting crate web-rpc 0.0.3 into /workspace/builds/worker-4-tc2/source
[INFO] validating manifest of crates.io crate web-rpc 0.0.3 on toolchain beta-2024-12-08
[INFO] running `Command { std: CARGO_HOME="/workspace/cargo-home" RUSTUP_HOME="/workspace/rustup-home" "/workspace/cargo-home/bin/cargo" "+beta-2024-12-08" "metadata" "--manifest-path" "Cargo.toml" "--no-deps", kill_on_drop: false }`
[INFO] started tweaking crates.io crate web-rpc 0.0.3
[INFO] removed 0 missing tests
[INFO] finished tweaking crates.io crate web-rpc 0.0.3
[INFO] tweaked toml for crates.io crate web-rpc 0.0.3 written to /workspace/builds/worker-4-tc2/source/Cargo.toml
[INFO] running `Command { std: CARGO_HOME="/workspace/cargo-home" RUSTUP_HOME="/workspace/rustup-home" "/workspace/cargo-home/bin/cargo" "+beta-2024-12-08" "generate-lockfile" "--manifest-path" "Cargo.toml", kill_on_drop: false }`
[INFO] [stderr]     Updating crates.io index
[INFO] [stderr]     Blocking waiting for file lock on package cache
[INFO] [stderr]      Locking 52 packages to latest compatible versions
[INFO] running `Command { std: CARGO_HOME="/workspace/cargo-home" RUSTUP_HOME="/workspace/rustup-home" "/workspace/cargo-home/bin/cargo" "+beta-2024-12-08" "fetch" "--manifest-path" "Cargo.toml", kill_on_drop: false }`
[INFO] [stderr]     Blocking waiting for file lock on package cache
[INFO] [stderr]     Blocking waiting for file lock on package cache
[INFO] running `Command { std: "docker" "create" "-v" "/var/lib/crater-agent-workspace/builds/worker-4-tc2/target:/opt/rustwide/target:rw,Z" "-v" "/var/lib/crater-agent-workspace/builds/worker-4-tc2/source:/opt/rustwide/workdir:ro,Z" "-v" "/var/lib/crater-agent-workspace/cargo-home:/opt/rustwide/cargo-home:ro,Z" "-v" "/var/lib/crater-agent-workspace/rustup-home:/opt/rustwide/rustup-home:ro,Z" "-e" "SOURCE_DIR=/opt/rustwide/workdir" "-e" "CARGO_TARGET_DIR=/opt/rustwide/target" "-e" "CARGO_HOME=/opt/rustwide/cargo-home" "-e" "RUSTUP_HOME=/opt/rustwide/rustup-home" "-w" "/opt/rustwide/workdir" "-m" "1610612736" "--user" "0:0" "--network" "none" "ghcr.io/rust-lang/crates-build-env/linux@sha256:f3a9d4ad9d972b27faf3965f35b62e55ba32bbce8f20bc8fe909558a86702fde" "/opt/rustwide/cargo-home/bin/cargo" "+beta-2024-12-08" "metadata" "--no-deps" "--format-version=1", kill_on_drop: false }`
[INFO] [stdout] 2de10facb3632131bd1d6758dab8ad11dcca718a3c756868a0d9a51baec698e4
[INFO] running `Command { std: "docker" "start" "-a" "2de10facb3632131bd1d6758dab8ad11dcca718a3c756868a0d9a51baec698e4", kill_on_drop: false }`
[INFO] running `Command { std: "docker" "inspect" "2de10facb3632131bd1d6758dab8ad11dcca718a3c756868a0d9a51baec698e4", kill_on_drop: false }`
[INFO] running `Command { std: "docker" "rm" "-f" "2de10facb3632131bd1d6758dab8ad11dcca718a3c756868a0d9a51baec698e4", kill_on_drop: false }`
[INFO] [stdout] 2de10facb3632131bd1d6758dab8ad11dcca718a3c756868a0d9a51baec698e4
[INFO] running `Command { std: "docker" "create" "-v" "/var/lib/crater-agent-workspace/builds/worker-4-tc2/target:/opt/rustwide/target:rw,Z" "-v" "/var/lib/crater-agent-workspace/builds/worker-4-tc2/source:/opt/rustwide/workdir:ro,Z" "-v" "/var/lib/crater-agent-workspace/cargo-home:/opt/rustwide/cargo-home:ro,Z" "-v" "/var/lib/crater-agent-workspace/rustup-home:/opt/rustwide/rustup-home:ro,Z" "-e" "SOURCE_DIR=/opt/rustwide/workdir" "-e" "CARGO_TARGET_DIR=/opt/rustwide/target" "-e" "CARGO_INCREMENTAL=0" "-e" "RUST_BACKTRACE=full" "-e" "RUSTFLAGS=--cap-lints=warn" "-e" "RUSTDOCFLAGS=--cap-lints=warn" "-e" "CARGO_HOME=/opt/rustwide/cargo-home" "-e" "RUSTUP_HOME=/opt/rustwide/rustup-home" "-w" "/opt/rustwide/workdir" "-m" "1610612736" "--user" "0:0" "--network" "none" "ghcr.io/rust-lang/crates-build-env/linux@sha256:f3a9d4ad9d972b27faf3965f35b62e55ba32bbce8f20bc8fe909558a86702fde" "/opt/rustwide/cargo-home/bin/cargo" "+beta-2024-12-08" "build" "--frozen" "--message-format=json", kill_on_drop: false }`
[INFO] [stdout] c972f93e594f16e61ce5511363dd0acd143aea22f2fb6f71787f4085b65e3447
[INFO] running `Command { std: "docker" "start" "-a" "c972f93e594f16e61ce5511363dd0acd143aea22f2fb6f71787f4085b65e3447", kill_on_drop: false }`
[INFO] [stderr]    Compiling proc-macro2 v1.0.92
[INFO] [stderr]    Compiling unicode-ident v1.0.14
[INFO] [stderr]    Compiling wasm-bindgen-shared v0.2.99
[INFO] [stderr]    Compiling log v0.4.22
[INFO] [stderr]    Compiling bumpalo v3.16.0
[INFO] [stderr]    Compiling wasm-bindgen v0.2.99
[INFO] [stderr]    Compiling once_cell v1.20.2
[INFO] [stderr]    Compiling cfg-if v1.0.0
[INFO] [stderr]    Compiling autocfg v1.4.0
[INFO] [stderr]    Compiling syn v1.0.109
[INFO] [stderr]    Compiling serde v1.0.216
[INFO] [stderr]    Compiling futures-core v0.3.31
[INFO] [stderr]    Compiling futures-task v0.3.31
[INFO] [stderr]    Compiling pin-project-lite v0.2.15
[INFO] [stderr]    Compiling futures-channel v0.3.31
[INFO] [stderr]    Compiling pin-utils v0.1.0
[INFO] [stderr]    Compiling slab v0.4.9
[INFO] [stderr]    Compiling quote v1.0.37
[INFO] [stderr]    Compiling syn v2.0.90
[INFO] [stderr]    Compiling web-rpc-macro v0.0.3
[INFO] [stderr]    Compiling wasm-bindgen-backend v0.2.99
[INFO] [stderr]    Compiling serde_derive v1.0.216
[INFO] [stderr]    Compiling futures-macro v0.3.31
[INFO] [stderr]    Compiling futures-util v0.3.31
[INFO] [stderr]    Compiling wasm-bindgen-macro-support v0.2.99
[INFO] [stderr]    Compiling wasm-bindgen-macro v0.2.99
[INFO] [stderr]    Compiling js-sys v0.3.76
[INFO] [stderr]    Compiling web-sys v0.3.76
[INFO] [stderr]    Compiling gloo-timers v0.3.0
[INFO] [stderr]    Compiling wasm-bindgen-futures v0.4.49
[INFO] [stderr]    Compiling bincode v1.3.3
[INFO] [stderr]    Compiling gloo-events v0.2.0
[INFO] [stderr]    Compiling web-rpc v0.0.3 (/opt/rustwide/workdir)
[INFO] [stderr]     Finished `dev` profile [unoptimized + debuginfo] target(s) in 36.92s
[INFO] running `Command { std: "docker" "inspect" "c972f93e594f16e61ce5511363dd0acd143aea22f2fb6f71787f4085b65e3447", kill_on_drop: false }`
[INFO] running `Command { std: "docker" "rm" "-f" "c972f93e594f16e61ce5511363dd0acd143aea22f2fb6f71787f4085b65e3447", kill_on_drop: false }`
[INFO] [stdout] c972f93e594f16e61ce5511363dd0acd143aea22f2fb6f71787f4085b65e3447
[INFO] running `Command { std: "docker" "create" "-v" "/var/lib/crater-agent-workspace/builds/worker-4-tc2/target:/opt/rustwide/target:rw,Z" "-v" "/var/lib/crater-agent-workspace/builds/worker-4-tc2/source:/opt/rustwide/workdir:ro,Z" "-v" "/var/lib/crater-agent-workspace/cargo-home:/opt/rustwide/cargo-home:ro,Z" "-v" "/var/lib/crater-agent-workspace/rustup-home:/opt/rustwide/rustup-home:ro,Z" "-e" "SOURCE_DIR=/opt/rustwide/workdir" "-e" "CARGO_TARGET_DIR=/opt/rustwide/target" "-e" "CARGO_INCREMENTAL=0" "-e" "RUST_BACKTRACE=full" "-e" "RUSTFLAGS=--cap-lints=warn" "-e" "RUSTDOCFLAGS=--cap-lints=warn" "-e" "CARGO_HOME=/opt/rustwide/cargo-home" "-e" "RUSTUP_HOME=/opt/rustwide/rustup-home" "-w" "/opt/rustwide/workdir" "-m" "1610612736" "--user" "0:0" "--network" "none" "ghcr.io/rust-lang/crates-build-env/linux@sha256:f3a9d4ad9d972b27faf3965f35b62e55ba32bbce8f20bc8fe909558a86702fde" "/opt/rustwide/cargo-home/bin/cargo" "+beta-2024-12-08" "test" "--frozen" "--no-run" "--message-format=json", kill_on_drop: false }`
[INFO] [stdout] 5bfaa5bf3855ff9b4364cd9d91436d1f6e2fccab7fd9c9f4da9a331247e69ccf
[INFO] running `Command { std: "docker" "start" "-a" "5bfaa5bf3855ff9b4364cd9d91436d1f6e2fccab7fd9c9f4da9a331247e69ccf", kill_on_drop: false }`
[INFO] [stderr]    Compiling scoped-tls v1.0.1
[INFO] [stderr]    Compiling wasm-bindgen-test-macro v0.3.49
[INFO] [stderr]    Compiling console_error_panic_hook v0.1.7
[INFO] [stderr]    Compiling web-sys v0.3.76
[INFO] [stderr]    Compiling wasm-bindgen-test v0.3.49
[INFO] [stderr]    Compiling gloo-events v0.2.0
[INFO] [stderr]    Compiling web-rpc v0.0.3 (/opt/rustwide/workdir)
[INFO] [stdout] warning: function `abort_via_drop` is never used
[INFO] [stdout]   --> tests/abort.rs:23:10
[INFO] [stdout]    |
[INFO] [stdout] 23 | async fn abort_via_drop() {
[INFO] [stdout]    |          ^^^^^^^^^^^^^^
[INFO] [stdout]    |
[INFO] [stdout]    = note: `#[warn(dead_code)]` on by default
[INFO] [stdout] 
[INFO] [stdout] 
[INFO] [stdout] warning: struct `CalculatorServiceImpl` is never constructed
[INFO] [stdout]  --> tests/unidirectional.rs:8:8
[INFO] [stdout]   |
[INFO] [stdout] 8 | struct CalculatorServiceImpl;
[INFO] [stdout]   |        ^^^^^^^^^^^^^^^^^^^^^
[INFO] [stdout]   |
[INFO] [stdout]   = note: `#[warn(dead_code)]` on by default
[INFO] [stdout] 
[INFO] [stdout] 
[INFO] [stdout] warning: function `unidirectional` is never used
[INFO] [stdout]   --> tests/unidirectional.rs:16:10
[INFO] [stdout]    |
[INFO] [stdout] 16 | async fn unidirectional() {
[INFO] [stdout]    |          ^^^^^^^^^^^^^^
[INFO] [stdout] 
[INFO] [stdout] 
[INFO] [stdout] warning: struct `FortyTwoServiceImpl` is never constructed
[INFO] [stdout]   --> tests/inception.rs:10:8
[INFO] [stdout]    |
[INFO] [stdout] 10 | struct FortyTwoServiceImpl;
[INFO] [stdout]    |        ^^^^^^^^^^^^^^^^^^^
[INFO] [stdout]    |
[INFO] [stdout]    = note: `#[warn(dead_code)]` on by default
[INFO] [stdout] 
[INFO] [stdout] 
[INFO] [stdout] warning: struct `ChannelServiceImpl` is never constructed
[INFO] [stdout]   --> tests/inception.rs:24:8
[INFO] [stdout]    |
[INFO] [stdout] 24 | struct ChannelServiceImpl {
[INFO] [stdout]    |        ^^^^^^^^^^^^^^^^^^
[INFO] [stdout]    |
[INFO] [stdout]    = note: `ChannelServiceImpl` has a derived impl for the trait `Default`, but this is intentionally ignored during dead code analysis
[INFO] [stdout] 
[INFO] [stdout] 
[INFO] [stdout] warning: function `inception` is never used
[INFO] [stdout]   --> tests/inception.rs:54:10
[INFO] [stdout]    |
[INFO] [stdout] 54 | async fn inception() {
[INFO] [stdout]    |          ^^^^^^^^^
[INFO] [stdout] 
[INFO] [stdout] 
[INFO] [stdout] warning: struct `ConcatServiceImpl` is never constructed
[INFO] [stdout]  --> tests/post.rs:9:8
[INFO] [stdout]   |
[INFO] [stdout] 9 | struct ConcatServiceImpl;
[INFO] [stdout]   |        ^^^^^^^^^^^^^^^^^
[INFO] [stdout]   |
[INFO] [stdout]   = note: `#[warn(dead_code)]` on by default
[INFO] [stdout] 
[INFO] [stdout] 
[INFO] [stdout] warning: function `post` is never used
[INFO] [stdout]   --> tests/post.rs:21:10
[INFO] [stdout]    |
[INFO] [stdout] 21 | async fn post() {
[INFO] [stdout]    |          ^^^^
[INFO] [stdout] 
[INFO] [stdout] 
[INFO] [stdout] warning: struct `CalculatorServiceImpl` is never constructed
[INFO] [stdout]   --> tests/bidirectional.rs:10:8
[INFO] [stdout]    |
[INFO] [stdout] 10 | struct CalculatorServiceImpl;
[INFO] [stdout]    |        ^^^^^^^^^^^^^^^^^^^^^
[INFO] [stdout]    |
[INFO] [stdout]    = note: `#[warn(dead_code)]` on by default
[INFO] [stdout] 
[INFO] [stdout] 
[INFO] [stdout] warning: function `bidirectional` is never used
[INFO] [stdout]   --> tests/bidirectional.rs:18:10
[INFO] [stdout]    |
[INFO] [stdout] 18 | async fn bidirectional() {
[INFO] [stdout]    |          ^^^^^^^^^^^^^
[INFO] [stdout] 
[INFO] [stdout] 
[INFO] [stdout] warning: struct `CalculatorServiceImpl` is never constructed
[INFO] [stdout]  --> tests/multiple.rs:9:8
[INFO] [stdout]   |
[INFO] [stdout] 9 | struct CalculatorServiceImpl;
[INFO] [stdout]   |        ^^^^^^^^^^^^^^^^^^^^^
[INFO] [stdout]   |
[INFO] [stdout]   = note: `#[warn(dead_code)]` on by default
[INFO] [stdout] 
[INFO] [stdout] 
[INFO] [stdout] warning: function `post` is never used
[INFO] [stdout]   --> tests/multiple.rs:20:10
[INFO] [stdout]    |
[INFO] [stdout] 20 | async fn post() {
[INFO] [stdout]    |          ^^^^
[INFO] [stdout] 
[INFO] [stdout] 
[INFO] [stderr]     Finished `test` profile [unoptimized + debuginfo] target(s) in 6.35s
[INFO] running `Command { std: "docker" "inspect" "5bfaa5bf3855ff9b4364cd9d91436d1f6e2fccab7fd9c9f4da9a331247e69ccf", kill_on_drop: false }`
[INFO] running `Command { std: "docker" "rm" "-f" "5bfaa5bf3855ff9b4364cd9d91436d1f6e2fccab7fd9c9f4da9a331247e69ccf", kill_on_drop: false }`
[INFO] [stdout] 5bfaa5bf3855ff9b4364cd9d91436d1f6e2fccab7fd9c9f4da9a331247e69ccf
[INFO] running `Command { std: "docker" "create" "-v" "/var/lib/crater-agent-workspace/builds/worker-4-tc2/target:/opt/rustwide/target:rw,Z" "-v" "/var/lib/crater-agent-workspace/builds/worker-4-tc2/source:/opt/rustwide/workdir:ro,Z" "-v" "/var/lib/crater-agent-workspace/cargo-home:/opt/rustwide/cargo-home:ro,Z" "-v" "/var/lib/crater-agent-workspace/rustup-home:/opt/rustwide/rustup-home:ro,Z" "-e" "SOURCE_DIR=/opt/rustwide/workdir" "-e" "CARGO_TARGET_DIR=/opt/rustwide/target" "-e" "CARGO_INCREMENTAL=0" "-e" "RUST_BACKTRACE=full" "-e" "RUSTFLAGS=--cap-lints=warn" "-e" "RUSTDOCFLAGS=--cap-lints=warn" "-e" "CARGO_HOME=/opt/rustwide/cargo-home" "-e" "RUSTUP_HOME=/opt/rustwide/rustup-home" "-w" "/opt/rustwide/workdir" "-m" "1610612736" "--user" "0:0" "--network" "none" "ghcr.io/rust-lang/crates-build-env/linux@sha256:f3a9d4ad9d972b27faf3965f35b62e55ba32bbce8f20bc8fe909558a86702fde" "/opt/rustwide/cargo-home/bin/cargo" "+beta-2024-12-08" "test" "--frozen", kill_on_drop: false }`
[INFO] [stdout] e4267375bc9f4f82d6d7b1ef94609fcc0c6afc7de6e3fe2bb3619e2d8d47d4c3
[INFO] running `Command { std: "docker" "start" "-a" "e4267375bc9f4f82d6d7b1ef94609fcc0c6afc7de6e3fe2bb3619e2d8d47d4c3", kill_on_drop: false }`
[INFO] [stderr] warning: struct `FortyTwoServiceImpl` is never constructed
[INFO] [stderr]   --> tests/inception.rs:10:8
[INFO] [stderr]    |
[INFO] [stderr] 10 | struct FortyTwoServiceImpl;
[INFO] [stderr]    |        ^^^^^^^^^^^^^^^^^^^
[INFO] [stderr]    |
[INFO] [stderr]    = note: `#[warn(dead_code)]` on by default
[INFO] [stderr] 
[INFO] [stderr] warning: struct `ChannelServiceImpl` is never constructed
[INFO] [stderr]   --> tests/inception.rs:24:8
[INFO] [stderr]    |
[INFO] [stderr] 24 | struct ChannelServiceImpl {
[INFO] [stderr]    |        ^^^^^^^^^^^^^^^^^^
[INFO] [stderr]    |
[INFO] [stderr]    = note: `ChannelServiceImpl` has a derived impl for the trait `Default`, but this is intentionally ignored during dead code analysis
[INFO] [stderr] 
[INFO] [stderr] warning: function `inception` is never used
[INFO] [stderr]   --> tests/inception.rs:54:10
[INFO] [stderr]    |
[INFO] [stderr] 54 | async fn inception() {
[INFO] [stderr]    |          ^^^^^^^^^
[INFO] [stderr] 
[INFO] [stderr] warning: struct `ConcatServiceImpl` is never constructed
[INFO] [stderr]  --> tests/post.rs:9:8
[INFO] [stderr]   |
[INFO] [stderr] 9 | struct ConcatServiceImpl;
[INFO] [stderr]   |        ^^^^^^^^^^^^^^^^^
[INFO] [stderr]   |
[INFO] [stderr]   = note: `#[warn(dead_code)]` on by default
[INFO] [stderr] 
[INFO] [stderr] warning: function `post` is never used
[INFO] [stderr]   --> tests/post.rs:21:10
[INFO] [stderr]    |
[INFO] [stderr] 21 | async fn post() {
[INFO] [stderr]    |          ^^^^
[INFO] [stderr] 
[INFO] [stderr] warning: struct `CalculatorServiceImpl` is never constructed
[INFO] [stderr]  --> tests/unidirectional.rs:8:8
[INFO] [stderr]   |
[INFO] [stderr] 8 | struct CalculatorServiceImpl;
[INFO] [stderr]   |        ^^^^^^^^^^^^^^^^^^^^^
[INFO] [stderr]   |
[INFO] [stderr]   = note: `#[warn(dead_code)]` on by default
[INFO] [stderr] 
[INFO] [stderr] warning: function `unidirectional` is never used
[INFO] [stderr]   --> tests/unidirectional.rs:16:10
[INFO] [stderr]    |
[INFO] [stderr] 16 | async fn unidirectional() {
[INFO] [stderr]    |          ^^^^^^^^^^^^^^
[INFO] [stderr] 
[INFO] [stderr] warning: struct `CalculatorServiceImpl` is never constructed
[INFO] [stderr]   --> tests/bidirectional.rs:10:8
[INFO] [stderr]    |
[INFO] [stderr] 10 | struct CalculatorServiceImpl;
[INFO] [stderr]    |        ^^^^^^^^^^^^^^^^^^^^^
[INFO] [stderr]    |
[INFO] [stderr]    = note: `#[warn(dead_code)]` on by default
[INFO] [stderr] 
[INFO] [stderr] warning: function `bidirectional` is never used
[INFO] [stderr]   --> tests/bidirectional.rs:18:10
[INFO] [stderr]    |
[INFO] [stderr] 18 | async fn bidirectional() {
[INFO] [stderr]    |          ^^^^^^^^^^^^^
[INFO] [stderr] 
[INFO] [stderr] warning: struct `CalculatorServiceImpl` is never constructed
[INFO] [stderr]  --> tests/multiple.rs:9:8
[INFO] [stderr]   |
[INFO] [stderr] 9 | struct CalculatorServiceImpl;
[INFO] [stderr]   |        ^^^^^^^^^^^^^^^^^^^^^
[INFO] [stderr]   |
[INFO] [stderr]   = note: `#[warn(dead_code)]` on by default
[INFO] [stderr] 
[INFO] [stderr] warning: function `post` is never used
[INFO] [stderr]   --> tests/multiple.rs:20:10
[INFO] [stderr]    |
[INFO] [stderr] 20 | async fn post() {
[INFO] [stderr]    |          ^^^^
[INFO] [stderr] 
[INFO] [stderr] warning: function `abort_via_drop` is never used
[INFO] [stderr]   --> tests/abort.rs:23:10
[INFO] [stderr]    |
[INFO] [stderr] 23 | async fn abort_via_drop() {
[INFO] [stderr]    |          ^^^^^^^^^^^^^^
[INFO] [stderr]    |
[INFO] [stderr]    = note: `#[warn(dead_code)]` on by default
[INFO] [stderr] 
[INFO] [stderr] warning: `web-rpc` (test "inception") generated 3 warnings
[INFO] [stderr] warning: `web-rpc` (test "post") generated 2 warnings
[INFO] [stderr] warning: `web-rpc` (test "unidirectional") generated 2 warnings
[INFO] [stderr] warning: `web-rpc` (test "bidirectional") generated 2 warnings
[INFO] [stderr] warning: `web-rpc` (test "multiple") generated 2 warnings
[INFO] [stderr] warning: `web-rpc` (test "abort") generated 1 warning
[INFO] [stderr]     Finished `test` profile [unoptimized + debuginfo] target(s) in 0.08s
[INFO] [stderr]      Running unittests src/lib.rs (/opt/rustwide/target/debug/deps/web_rpc-b783270ba9ca1866)
[INFO] [stdout] 
[INFO] [stdout] running 0 tests
[INFO] [stdout] 
[INFO] [stdout] test result: ok. 0 passed; 0 failed; 0 ignored; 0 measured; 0 filtered out; finished in 0.00s
[INFO] [stdout] 
[INFO] [stderr]      Running tests/abort.rs (/opt/rustwide/target/debug/deps/abort-f358562677ea95f1)
[INFO] [stdout] 
[INFO] [stdout] running 0 tests
[INFO] [stdout] 
[INFO] [stdout] test result: ok. 0 passed; 0 failed; 0 ignored; 0 measured; 0 filtered out; finished in 0.00s
[INFO] [stdout] 
[INFO] [stderr]      Running tests/bidirectional.rs (/opt/rustwide/target/debug/deps/bidirectional-59cfb6879e3f2cce)
[INFO] [stdout] 
[INFO] [stdout] running 0 tests
[INFO] [stdout] 
[INFO] [stdout] test result: ok. 0 passed; 0 failed; 0 ignored; 0 measured; 0 filtered out; finished in 0.00s
[INFO] [stdout] 
[INFO] [stderr]      Running tests/inception.rs (/opt/rustwide/target/debug/deps/inception-4b99977c5c54f8a9)
[INFO] [stdout] 
[INFO] [stdout] running 0 tests
[INFO] [stdout] 
[INFO] [stdout] test result: ok. 0 passed; 0 failed; 0 ignored; 0 measured; 0 filtered out; finished in 0.00s
[INFO] [stdout] 
[INFO] [stderr]      Running tests/multiple.rs (/opt/rustwide/target/debug/deps/multiple-800e5940fb012076)
[INFO] [stdout] 
[INFO] [stdout] running 0 tests
[INFO] [stdout] 
[INFO] [stdout] test result: ok. 0 passed; 0 failed; 0 ignored; 0 measured; 0 filtered out; finished in 0.00s
[INFO] [stdout] 
[INFO] [stderr]      Running tests/post.rs (/opt/rustwide/target/debug/deps/post-2d3805ce1aa768e2)
[INFO] [stdout] 
[INFO] [stdout] running 0 tests
[INFO] [stdout] 
[INFO] [stdout] test result: ok. 0 passed; 0 failed; 0 ignored; 0 measured; 0 filtered out; finished in 0.00s
[INFO] [stdout] 
[INFO] [stderr]      Running tests/unidirectional.rs (/opt/rustwide/target/debug/deps/unidirectional-2c00e5f021c5acec)
[INFO] [stdout] 
[INFO] [stdout] running 0 tests
[INFO] [stderr]    Doc-tests web_rpc
[INFO] [stdout] 
[INFO] [stdout] test result: ok. 0 passed; 0 failed; 0 ignored; 0 measured; 0 filtered out; finished in 0.00s
[INFO] [stdout] 
[INFO] [stdout] 
[INFO] [stdout] running 9 tests
[INFO] [stdout] test src/lib.rs - (line 58) ... FAILED
[INFO] [stdout] test src/lib.rs - Builder<C,()>::with_service (line 243) ... FAILED
[INFO] [stdout] test src/lib.rs - (line 18) ... FAILED
[INFO] [stdout] test src/lib.rs - (line 143) ... FAILED
[INFO] [stdout] test src/lib.rs - (line 79) ... FAILED
[INFO] [stdout] test src/lib.rs - (line 35) ... FAILED
[INFO] [stdout] test src/lib.rs - (line 128) ... FAILED
[INFO] [stdout] test src/lib.rs - (line 112) ... ok
[INFO] [stdout] test src/lib.rs - (line 10) ... ok
[INFO] [stdout] 
[INFO] [stdout] failures:
[INFO] [stdout] 
[INFO] [stdout] ---- src/lib.rs - (line 58) stdout ----
[INFO] [stdout] error[E0425]: cannot find value `client_interface` in this scope
[INFO] [stdout]  --> src/lib.rs:61:36
[INFO] [stdout]   |
[INFO] [stdout] 6 | let client = web_rpc::Builder::new(client_interface)
[INFO] [stdout]   |                                    ^^^^^^^^^^^^^^^^ not found in this scope
[INFO] [stdout] 
[INFO] [stdout] error[E0412]: cannot find type `CalculatorClient` in this scope
[INFO] [stdout]  --> src/lib.rs:62:20
[INFO] [stdout]   |
[INFO] [stdout] 7 |     .with_client::<CalculatorClient>()
[INFO] [stdout]   |                    ^^^^^^^^^^^^^^^^ not found in this scope
[INFO] [stdout]   |
[INFO] [stdout] help: you might be missing a type parameter
[INFO] [stdout]   |
[INFO] [stdout] 5 | fn main() { #[allow(non_snake_case)] fn _doctest_main_src_lib_rs_58_0<CalculatorClient>() {
[INFO] [stdout]   |                                                                      ++++++++++++++++++
[INFO] [stdout] 
[INFO] [stdout] error[E0728]: `await` is only allowed inside `async` functions and blocks
[INFO] [stdout]   --> src/lib.rs:65:30
[INFO] [stdout]    |
[INFO] [stdout] 5  | fn main() { #[allow(non_snake_case)] fn _doctest_main_src_lib_rs_58_0() {
[INFO] [stdout]    |                                      ---------------------------------- this is not `async`
[INFO] [stdout] ...
[INFO] [stdout] 10 | assert_eq!(client.add(41, 1).await, 42);
[INFO] [stdout]    |                              ^^^^^ only allowed inside `async` functions and blocks
[INFO] [stdout] 
[INFO] [stdout] error: aborting due to 3 previous errors
[INFO] [stdout] 
[INFO] [stdout] Some errors have detailed explanations: E0412, E0425, E0728.
[INFO] [stdout] For more information about an error, try `rustc --explain E0412`.
[INFO] [stdout] Couldn't compile the test.
[INFO] [stdout] ---- src/lib.rs - Builder<C,()>::with_service (line 243) stdout ----
[INFO] [stdout] error: comparison operators cannot be chained
[INFO] [stdout]  --> src/lib.rs:247:18
[INFO] [stdout]   |
[INFO] [stdout] 6 |     .with_service<CalculatorService<_>>(CalculatorServiceImpl)
[INFO] [stdout]   |                  ^                 ^
[INFO] [stdout]   |
[INFO] [stdout] help: use `::<...>` instead of `<...>` to specify lifetime, type, or const arguments
[INFO] [stdout]   |
[INFO] [stdout] 6 |     .with_service::<CalculatorService<_>>(CalculatorServiceImpl)
[INFO] [stdout]   |                  ++
[INFO] [stdout] 
[INFO] [stdout] error: expected one of `;` or `else`, found `.`
[INFO] [stdout]  --> src/lib.rs:248:5
[INFO] [stdout]   |
[INFO] [stdout] 6 |     .with_service<CalculatorService<_>>(CalculatorServiceImpl)
[INFO] [stdout]   |                                                               - expected one of `;` or `else`
[INFO] [stdout] 7 |     .build();
[INFO] [stdout]   |     ^ unexpected token
[INFO] [stdout] 
[INFO] [stdout] error[E0405]: cannot find trait `Calculator` in this scope
[INFO] [stdout]  --> src/lib.rs:245:6
[INFO] [stdout]   |
[INFO] [stdout] 4 | impl Calculator for CalculatorServiceImpl { /* add Calculator's methods */}
[INFO] [stdout]   |      ^^^^^^^^^^ not found in this scope
[INFO] [stdout] 
[INFO] [stdout] error: aborting due to 3 previous errors
[INFO] [stdout] 
[INFO] [stdout] For more information about this error, try `rustc --explain E0405`.
[INFO] [stdout] Couldn't compile the test.
[INFO] [stdout] ---- src/lib.rs - (line 18) stdout ----
[INFO] [stdout] error[E0405]: cannot find trait `Calculator` in this scope
[INFO] [stdout]  --> src/lib.rs:21:6
[INFO] [stdout]   |
[INFO] [stdout] 5 | impl Calculator for CalculatorServiceImpl {
[INFO] [stdout]   |      ^^^^^^^^^^ not found in this scope
[INFO] [stdout] 
[INFO] [stdout] error: aborting due to 1 previous error
[INFO] [stdout] 
[INFO] [stdout] For more information about this error, try `rustc --explain E0405`.
[INFO] [stdout] Couldn't compile the test.
[INFO] [stdout] ---- src/lib.rs - (line 143) stdout ----
[INFO] [stdout] error[E0425]: cannot find value `CalculatorServiceImpl` in this scope
[INFO] [stdout]   --> src/lib.rs:153:43
[INFO] [stdout]    |
[INFO] [stdout] 13 |     .with_service::<CalculatorService<_>>(CalculatorServiceImpl)
[INFO] [stdout]    |                                           ^^^^^^^^^^^^^^^^^^^^^ not found in this scope
[INFO] [stdout] 
[INFO] [stdout] error[E0412]: cannot find type `CalculatorService` in this scope
[INFO] [stdout]   --> src/lib.rs:153:21
[INFO] [stdout]    |
[INFO] [stdout] 13 |     .with_service::<CalculatorService<_>>(CalculatorServiceImpl)
[INFO] [stdout]    |                     ^^^^^^^^^^^^^^^^^ not found in this scope
[INFO] [stdout] 
[INFO] [stdout] error[E0412]: cannot find type `CalculatorClient` in this scope
[INFO] [stdout]   --> src/lib.rs:154:20
[INFO] [stdout]    |
[INFO] [stdout] 14 |     .with_client::<CalculatorClient>()
[INFO] [stdout]    |                    ^^^^^^^^^^^^^^^^ not found in this scope
[INFO] [stdout]    |
[INFO] [stdout] help: you might be missing a type parameter
[INFO] [stdout]    |
[INFO] [stdout] 4  | fn main() { #[allow(non_snake_case)] fn _doctest_main_src_lib_rs_143_0<CalculatorClient>() {
[INFO] [stdout]    |                                                                       ++++++++++++++++++
[INFO] [stdout] 
[INFO] [stdout] error[E0425]: cannot find value `CalculatorServiceImpl` in this scope
[INFO] [stdout]   --> src/lib.rs:158:43
[INFO] [stdout]    |
[INFO] [stdout] 18 |     .with_service::<CalculatorService<_>>(CalculatorServiceImpl)
[INFO] [stdout]    |                                           ^^^^^^^^^^^^^^^^^^^^^ not found in this scope
[INFO] [stdout] 
[INFO] [stdout] error[E0412]: cannot find type `CalculatorService` in this scope
[INFO] [stdout]   --> src/lib.rs:158:21
[INFO] [stdout]    |
[INFO] [stdout] 18 |     .with_service::<CalculatorService<_>>(CalculatorServiceImpl)
[INFO] [stdout]    |                     ^^^^^^^^^^^^^^^^^ not found in this scope
[INFO] [stdout] 
[INFO] [stdout] error[E0412]: cannot find type `CalculatorClient` in this scope
[INFO] [stdout]   --> src/lib.rs:159:20
[INFO] [stdout]    |
[INFO] [stdout] 19 |     .with_client::<CalculatorClient>()
[INFO] [stdout]    |                    ^^^^^^^^^^^^^^^^ not found in this scope
[INFO] [stdout]    |
[INFO] [stdout] help: you might be missing a type parameter
[INFO] [stdout]    |
[INFO] [stdout] 4  | fn main() { #[allow(non_snake_case)] fn _doctest_main_src_lib_rs_143_0<CalculatorClient>() {
[INFO] [stdout]    |                                                                       ++++++++++++++++++
[INFO] [stdout] 
[INFO] [stdout] error[E0728]: `await` is only allowed inside `async` functions and blocks
[INFO] [stdout]   --> src/lib.rs:150:3
[INFO] [stdout]    |
[INFO] [stdout] 4  | fn main() { #[allow(non_snake_case)] fn _doctest_main_src_lib_rs_143_0() {
[INFO] [stdout]    |                                      ----------------------------------- this is not `async`
[INFO] [stdout] ...
[INFO] [stdout] 10 | ).await;
[INFO] [stdout]    |   ^^^^^ only allowed inside `async` functions and blocks
[INFO] [stdout] 
[INFO] [stdout] error: aborting due to 7 previous errors
[INFO] [stdout] 
[INFO] [stdout] Some errors have detailed explanations: E0412, E0425, E0728.
[INFO] [stdout] For more information about an error, try `rustc --explain E0412`.
[INFO] [stdout] Couldn't compile the test.
[INFO] [stdout] ---- src/lib.rs - (line 79) stdout ----
[INFO] [stdout] error[E0412]: cannot find type `Duration` in this scope
[INFO] [stdout]  --> src/lib.rs:83:30
[INFO] [stdout]   |
[INFO] [stdout] 7 |     async fn sleep(interval: Duration);
[INFO] [stdout]   |                              ^^^^^^^^ not found in this scope
[INFO] [stdout]   |
[INFO] [stdout] help: consider importing this struct
[INFO] [stdout]   |
[INFO] [stdout] 2 + use std::time::Duration;
[INFO] [stdout]   |
[INFO] [stdout] 
[INFO] [stdout] error[E0412]: cannot find type `Duration` in this scope
[INFO] [stdout]   --> src/lib.rs:88:37
[INFO] [stdout]    |
[INFO] [stdout] 12 |     async fn sleep(&self, interval: Duration) -> bool {
[INFO] [stdout]    |                                     ^^^^^^^^ not found in this scope
[INFO] [stdout]    |
[INFO] [stdout] help: consider importing this struct
[INFO] [stdout]    |
[INFO] [stdout] 2  + use std::time::Duration;
[INFO] [stdout]    |
[INFO] [stdout] 
[INFO] [stdout] error: aborting due to 2 previous errors
[INFO] [stdout] 
[INFO] [stdout] For more information about this error, try `rustc --explain E0412`.
[INFO] [stdout] Couldn't compile the test.
[INFO] [stdout] ---- src/lib.rs - (line 35) stdout ----
[INFO] [stdout] error[E0425]: cannot find value `CalculatorServiceImpl` in this scope
[INFO] [stdout]   --> src/lib.rs:46:43
[INFO] [stdout]    |
[INFO] [stdout] 14 |     .with_service::<CalculatorService<_>>(CalculatorServiceImpl)
[INFO] [stdout]    |                                           ^^^^^^^^^^^^^^^^^^^^^ not found in this scope
[INFO] [stdout] 
[INFO] [stdout] error[E0412]: cannot find type `CalculatorService` in this scope
[INFO] [stdout]   --> src/lib.rs:46:21
[INFO] [stdout]    |
[INFO] [stdout] 14 |     .with_service::<CalculatorService<_>>(CalculatorServiceImpl)
[INFO] [stdout]    |                     ^^^^^^^^^^^^^^^^^ not found in this scope
[INFO] [stdout] 
[INFO] [stdout] error[E0728]: `await` is only allowed inside `async` functions and blocks
[INFO] [stdout]   --> src/lib.rs:43:3
[INFO] [stdout]    |
[INFO] [stdout] 5  | fn main() { #[allow(non_snake_case)] fn _doctest_main_src_lib_rs_35_0() {
[INFO] [stdout]    |                                      ---------------------------------- this is not `async`
[INFO] [stdout] ...
[INFO] [stdout] 11 | ).await;
[INFO] [stdout]    |   ^^^^^ only allowed inside `async` functions and blocks
[INFO] [stdout] 
[INFO] [stdout] error[E0599]: no method named `port1` found for enum `Result` in the current scope
[INFO] [stdout]  --> src/lib.rs:41:37
[INFO] [stdout]   |
[INFO] [stdout] 9 |     web_rpc::Interface::new(channel.port1()),
[INFO] [stdout]   |                                     ^^^^^ method not found in `Result<MessageChannel, JsValue>`
[INFO] [stdout]   |
[INFO] [stdout] note: the method `port1` exists on the type `MessageChannel`
[INFO] [stdout]  --> /opt/rustwide/cargo-home/registry/src/index.crates.io-6f17d22bba15001f/web-sys-0.3.76/src/features/gen_MessageChannel.rs:5:1
[INFO] [stdout]   |
[INFO] [stdout] 5 | #[wasm_bindgen]
[INFO] [stdout]   | ^^^^^^^^^^^^^^^
[INFO] [stdout]   = note: this error originates in the attribute macro `wasm_bindgen` (in Nightly builds, run with -Z macro-backtrace for more info)
[INFO] [stdout] help: consider using `Result::expect` to unwrap the `MessageChannel` value, panicking if the value is a `Result::Err`
[INFO] [stdout]   |
[INFO] [stdout] 9 |     web_rpc::Interface::new(channel.expect("REASON").port1()),
[INFO] [stdout]   |                                    +++++++++++++++++
[INFO] [stdout] 
[INFO] [stdout] error[E0599]: no method named `port2` found for enum `Result` in the current scope
[INFO] [stdout]   --> src/lib.rs:42:37
[INFO] [stdout]    |
[INFO] [stdout] 10 |     web_rpc::Interface::new(channel.port2()),
[INFO] [stdout]    |                                     ^^^^^ method not found in `Result<MessageChannel, JsValue>`
[INFO] [stdout]    |
[INFO] [stdout] note: the method `port2` exists on the type `MessageChannel`
[INFO] [stdout]   --> /opt/rustwide/cargo-home/registry/src/index.crates.io-6f17d22bba15001f/web-sys-0.3.76/src/features/gen_MessageChannel.rs:5:1
[INFO] [stdout]    |
[INFO] [stdout] 5  | #[wasm_bindgen]
[INFO] [stdout]    | ^^^^^^^^^^^^^^^
[INFO] [stdout]    = note: this error originates in the attribute macro `wasm_bindgen` (in Nightly builds, run with -Z macro-backtrace for more info)
[INFO] [stdout] help: consider using `Result::expect` to unwrap the `MessageChannel` value, panicking if the value is a `Result::Err`
[INFO] [stdout]    |
[INFO] [stdout] 10 |     web_rpc::Interface::new(channel.expect("REASON").port2()),
[INFO] [stdout]    |                                    +++++++++++++++++
[INFO] [stdout] 
[INFO] [stdout] error: aborting due to 5 previous errors
[INFO] [stdout] 
[INFO] [stdout] Some errors have detailed explanations: E0412, E0425, E0599, E0728.
[INFO] [stdout] For more information about an error, try `rustc --explain E0412`.
[INFO] [stdout] Couldn't compile the test.
[INFO] [stdout] ---- src/lib.rs - (line 128) stdout ----
[INFO] [stdout] error[E0412]: cannot find type `OffscreenCanvas` in crate `js_sys`
[INFO] [stdout]  --> src/lib.rs:134:25
[INFO] [stdout]   |
[INFO] [stdout] 9 |         canvas: js_sys::OffscreenCanvas,
[INFO] [stdout]   |                         ^^^^^^^^^^^^^^^ not found in `js_sys`
[INFO] [stdout] 
[INFO] [stdout] error: aborting due to 1 previous error
[INFO] [stdout] 
[INFO] [stdout] For more information about this error, try `rustc --explain E0412`.
[INFO] [stdout] Couldn't compile the test.
[INFO] [stdout] 
[INFO] [stdout] failures:
[INFO] [stdout]     src/lib.rs - (line 128)
[INFO] [stdout]     src/lib.rs - (line 143)
[INFO] [stdout]     src/lib.rs - (line 18)
[INFO] [stdout]     src/lib.rs - (line 35)
[INFO] [stdout]     src/lib.rs - (line 58)
[INFO] [stdout]     src/lib.rs - (line 79)
[INFO] [stdout]     src/lib.rs - Builder<C,()>::with_service (line 243)
[INFO] [stdout] 
[INFO] [stdout] test result: FAILED. 2 passed; 7 failed; 0 ignored; 0 measured; 0 filtered out; finished in 1.51s
[INFO] [stdout] 
[INFO] [stderr] error: doctest failed, to rerun pass `--doc`
[INFO] running `Command { std: "docker" "inspect" "e4267375bc9f4f82d6d7b1ef94609fcc0c6afc7de6e3fe2bb3619e2d8d47d4c3", kill_on_drop: false }`
[INFO] running `Command { std: "docker" "rm" "-f" "e4267375bc9f4f82d6d7b1ef94609fcc0c6afc7de6e3fe2bb3619e2d8d47d4c3", kill_on_drop: false }`
[INFO] [stdout] e4267375bc9f4f82d6d7b1ef94609fcc0c6afc7de6e3fe2bb3619e2d8d47d4c3
