[INFO] fetching crate wd_run 0.5.0...
[INFO] testing wd_run-0.5.0 against 1.83.0 for beta-1.84.0-4-retry
[INFO] extracting crate wd_run 0.5.0 into /workspace/builds/worker-6-tc1/source
[INFO] validating manifest of crates.io crate wd_run 0.5.0 on toolchain 1.83.0
[INFO] running `Command { std: CARGO_HOME="/workspace/cargo-home" RUSTUP_HOME="/workspace/rustup-home" "/workspace/cargo-home/bin/cargo" "+1.83.0" "metadata" "--manifest-path" "Cargo.toml" "--no-deps", kill_on_drop: false }`
[INFO] started tweaking crates.io crate wd_run 0.5.0
[INFO] finished tweaking crates.io crate wd_run 0.5.0
[INFO] tweaked toml for crates.io crate wd_run 0.5.0 written to /workspace/builds/worker-6-tc1/source/Cargo.toml
[INFO] running `Command { std: CARGO_HOME="/workspace/cargo-home" RUSTUP_HOME="/workspace/rustup-home" "/workspace/cargo-home/bin/cargo" "+1.83.0" "generate-lockfile" "--manifest-path" "Cargo.toml", kill_on_drop: false }`
[INFO] [stderr]     Updating crates.io index
[INFO] [stderr]      Locking 71 packages to latest compatible versions
[INFO] [stderr]       Adding serde_yaml v0.8.26 (available: v0.9.34+deprecated)
[INFO] [stderr]       Adding toml v0.5.11 (available: v0.8.19)
[INFO] [stderr]       Adding wd_log v0.2.0 (available: v0.4.0)
[INFO] [stderr]       Adding wd_tools v0.11.0 (available: v0.13.14)
[INFO] running `Command { std: CARGO_HOME="/workspace/cargo-home" RUSTUP_HOME="/workspace/rustup-home" "/workspace/cargo-home/bin/cargo" "+1.83.0" "fetch" "--manifest-path" "Cargo.toml", kill_on_drop: false }`
[INFO] [stderr]  Downloading crates ...
[INFO] [stderr]   Downloaded wd_log v0.2.0
[INFO] [stderr]   Downloaded wd_tools v0.11.0
[INFO] running `Command { std: "docker" "create" "-v" "/var/lib/crater-agent-workspace/builds/worker-6-tc1/target:/opt/rustwide/target:rw,Z" "-v" "/var/lib/crater-agent-workspace/builds/worker-6-tc1/source:/opt/rustwide/workdir:ro,Z" "-v" "/var/lib/crater-agent-workspace/cargo-home:/opt/rustwide/cargo-home:ro,Z" "-v" "/var/lib/crater-agent-workspace/rustup-home:/opt/rustwide/rustup-home:ro,Z" "-e" "SOURCE_DIR=/opt/rustwide/workdir" "-e" "CARGO_TARGET_DIR=/opt/rustwide/target" "-e" "CARGO_HOME=/opt/rustwide/cargo-home" "-e" "RUSTUP_HOME=/opt/rustwide/rustup-home" "-w" "/opt/rustwide/workdir" "-m" "1610612736" "--user" "0:0" "--network" "none" "ghcr.io/rust-lang/crates-build-env/linux@sha256:f3a9d4ad9d972b27faf3965f35b62e55ba32bbce8f20bc8fe909558a86702fde" "/opt/rustwide/cargo-home/bin/cargo" "+1.83.0" "metadata" "--no-deps" "--format-version=1", kill_on_drop: false }`
[INFO] [stdout] 095253a29df1b6efb3b032bf4021c7602acbed04abfadfdaddabc46ff7985694
[INFO] running `Command { std: "docker" "start" "-a" "095253a29df1b6efb3b032bf4021c7602acbed04abfadfdaddabc46ff7985694", kill_on_drop: false }`
[INFO] running `Command { std: "docker" "inspect" "095253a29df1b6efb3b032bf4021c7602acbed04abfadfdaddabc46ff7985694", kill_on_drop: false }`
[INFO] running `Command { std: "docker" "rm" "-f" "095253a29df1b6efb3b032bf4021c7602acbed04abfadfdaddabc46ff7985694", kill_on_drop: false }`
[INFO] [stdout] 095253a29df1b6efb3b032bf4021c7602acbed04abfadfdaddabc46ff7985694
[INFO] running `Command { std: "docker" "create" "-v" "/var/lib/crater-agent-workspace/builds/worker-6-tc1/target:/opt/rustwide/target:rw,Z" "-v" "/var/lib/crater-agent-workspace/builds/worker-6-tc1/source:/opt/rustwide/workdir:ro,Z" "-v" "/var/lib/crater-agent-workspace/cargo-home:/opt/rustwide/cargo-home:ro,Z" "-v" "/var/lib/crater-agent-workspace/rustup-home:/opt/rustwide/rustup-home:ro,Z" "-e" "SOURCE_DIR=/opt/rustwide/workdir" "-e" "CARGO_TARGET_DIR=/opt/rustwide/target" "-e" "CARGO_INCREMENTAL=0" "-e" "RUST_BACKTRACE=full" "-e" "RUSTFLAGS=--cap-lints=warn" "-e" "RUSTDOCFLAGS=--cap-lints=warn" "-e" "CARGO_HOME=/opt/rustwide/cargo-home" "-e" "RUSTUP_HOME=/opt/rustwide/rustup-home" "-w" "/opt/rustwide/workdir" "-m" "1610612736" "--user" "0:0" "--network" "none" "ghcr.io/rust-lang/crates-build-env/linux@sha256:f3a9d4ad9d972b27faf3965f35b62e55ba32bbce8f20bc8fe909558a86702fde" "/opt/rustwide/cargo-home/bin/cargo" "+1.83.0" "build" "--frozen" "--message-format=json", kill_on_drop: false }`
[INFO] [stdout] f5443102c8228aed28055771400a83b4434d88241dea695aeafe7749734af3b0
[INFO] running `Command { std: "docker" "start" "-a" "f5443102c8228aed28055771400a83b4434d88241dea695aeafe7749734af3b0", kill_on_drop: false }`
[INFO] [stderr]    Compiling proc-macro2 v1.0.92
[INFO] [stderr]    Compiling unicode-ident v1.0.14
[INFO] [stderr]    Compiling autocfg v1.4.0
[INFO] [stderr]    Compiling serde v1.0.216
[INFO] [stderr]    Compiling libc v0.2.168
[INFO] [stderr]    Compiling equivalent v1.0.1
[INFO] [stderr]    Compiling anyhow v1.0.94
[INFO] [stderr]    Compiling allocator-api2 v0.2.21
[INFO] [stderr]    Compiling foldhash v0.1.3
[INFO] [stderr]    Compiling iana-time-zone v0.1.61
[INFO] [stderr]    Compiling serde_json v1.0.133
[INFO] [stderr]    Compiling pin-project-lite v0.2.15
[INFO] [stderr]    Compiling linked-hash-map v0.5.6
[INFO] [stderr]    Compiling hashbrown v0.12.3
[INFO] [stderr]    Compiling ryu v1.0.18
[INFO] [stderr]    Compiling lazy_static v1.5.0
[INFO] [stderr]    Compiling memchr v2.7.4
[INFO] [stderr]    Compiling itoa v1.0.14
[INFO] [stderr]    Compiling yaml-rust v0.4.5
[INFO] [stderr]    Compiling hashbrown v0.15.2
[INFO] [stderr]    Compiling num-traits v0.2.19
[INFO] [stderr]    Compiling indexmap v1.9.3
[INFO] [stderr]    Compiling lru v0.12.5
[INFO] [stderr]    Compiling quote v1.0.37
[INFO] [stderr]    Compiling syn v2.0.90
[INFO] [stderr]    Compiling mio v1.0.3
[INFO] [stderr]    Compiling signal-hook-registry v1.4.2
[INFO] [stderr]    Compiling serde_derive v1.0.216
[INFO] [stderr]    Compiling tokio-macros v2.4.0
[INFO] [stderr]    Compiling async-trait v0.1.83
[INFO] [stderr]    Compiling tokio v1.42.0
[INFO] [stderr]    Compiling wd_tools v0.11.0
[INFO] [stderr]    Compiling chrono v0.4.39
[INFO] [stderr]    Compiling serde_yaml v0.8.26
[INFO] [stderr]    Compiling toml v0.5.11
[INFO] [stderr]    Compiling wd_log v0.2.0
[INFO] [stderr]    Compiling wd_run v0.5.0 (/opt/rustwide/workdir)
[INFO] [stderr]     Finished `dev` profile [unoptimized + debuginfo] target(s) in 22.64s
[INFO] running `Command { std: "docker" "inspect" "f5443102c8228aed28055771400a83b4434d88241dea695aeafe7749734af3b0", kill_on_drop: false }`
[INFO] running `Command { std: "docker" "rm" "-f" "f5443102c8228aed28055771400a83b4434d88241dea695aeafe7749734af3b0", kill_on_drop: false }`
[INFO] [stdout] f5443102c8228aed28055771400a83b4434d88241dea695aeafe7749734af3b0
[INFO] running `Command { std: "docker" "create" "-v" "/var/lib/crater-agent-workspace/builds/worker-6-tc1/target:/opt/rustwide/target:rw,Z" "-v" "/var/lib/crater-agent-workspace/builds/worker-6-tc1/source:/opt/rustwide/workdir:ro,Z" "-v" "/var/lib/crater-agent-workspace/cargo-home:/opt/rustwide/cargo-home:ro,Z" "-v" "/var/lib/crater-agent-workspace/rustup-home:/opt/rustwide/rustup-home:ro,Z" "-e" "SOURCE_DIR=/opt/rustwide/workdir" "-e" "CARGO_TARGET_DIR=/opt/rustwide/target" "-e" "CARGO_INCREMENTAL=0" "-e" "RUST_BACKTRACE=full" "-e" "RUSTFLAGS=--cap-lints=warn" "-e" "RUSTDOCFLAGS=--cap-lints=warn" "-e" "CARGO_HOME=/opt/rustwide/cargo-home" "-e" "RUSTUP_HOME=/opt/rustwide/rustup-home" "-w" "/opt/rustwide/workdir" "-m" "1610612736" "--user" "0:0" "--network" "none" "ghcr.io/rust-lang/crates-build-env/linux@sha256:f3a9d4ad9d972b27faf3965f35b62e55ba32bbce8f20bc8fe909558a86702fde" "/opt/rustwide/cargo-home/bin/cargo" "+1.83.0" "test" "--frozen" "--no-run" "--message-format=json", kill_on_drop: false }`
[INFO] [stdout] aac7774e467a7e2cb16d20133edaf7f9cc17abcbdd34dd7c4793adcf5afcc711
[INFO] running `Command { std: "docker" "start" "-a" "aac7774e467a7e2cb16d20133edaf7f9cc17abcbdd34dd7c4793adcf5afcc711", kill_on_drop: false }`
[INFO] [stderr]    Compiling wd_run v0.5.0 (/opt/rustwide/workdir)
[INFO] [stderr]     Finished `test` profile [unoptimized + debuginfo] target(s) in 1.81s
[INFO] running `Command { std: "docker" "inspect" "aac7774e467a7e2cb16d20133edaf7f9cc17abcbdd34dd7c4793adcf5afcc711", kill_on_drop: false }`
[INFO] running `Command { std: "docker" "rm" "-f" "aac7774e467a7e2cb16d20133edaf7f9cc17abcbdd34dd7c4793adcf5afcc711", kill_on_drop: false }`
[INFO] [stdout] aac7774e467a7e2cb16d20133edaf7f9cc17abcbdd34dd7c4793adcf5afcc711
[INFO] running `Command { std: "docker" "create" "-v" "/var/lib/crater-agent-workspace/builds/worker-6-tc1/target:/opt/rustwide/target:rw,Z" "-v" "/var/lib/crater-agent-workspace/builds/worker-6-tc1/source:/opt/rustwide/workdir:ro,Z" "-v" "/var/lib/crater-agent-workspace/cargo-home:/opt/rustwide/cargo-home:ro,Z" "-v" "/var/lib/crater-agent-workspace/rustup-home:/opt/rustwide/rustup-home:ro,Z" "-e" "SOURCE_DIR=/opt/rustwide/workdir" "-e" "CARGO_TARGET_DIR=/opt/rustwide/target" "-e" "CARGO_INCREMENTAL=0" "-e" "RUST_BACKTRACE=full" "-e" "RUSTFLAGS=--cap-lints=warn" "-e" "RUSTDOCFLAGS=--cap-lints=warn" "-e" "CARGO_HOME=/opt/rustwide/cargo-home" "-e" "RUSTUP_HOME=/opt/rustwide/rustup-home" "-w" "/opt/rustwide/workdir" "-m" "1610612736" "--user" "0:0" "--network" "none" "ghcr.io/rust-lang/crates-build-env/linux@sha256:f3a9d4ad9d972b27faf3965f35b62e55ba32bbce8f20bc8fe909558a86702fde" "/opt/rustwide/cargo-home/bin/cargo" "+1.83.0" "test" "--frozen", kill_on_drop: false }`
[INFO] [stdout] 56bb7720ed5555b1e2351713b6885f3e647cbbb9b0f9cac9fa2f12edbcfb64b1
[INFO] running `Command { std: "docker" "start" "-a" "56bb7720ed5555b1e2351713b6885f3e647cbbb9b0f9cac9fa2f12edbcfb64b1", kill_on_drop: false }`
[INFO] [stderr]     Finished `test` profile [unoptimized + debuginfo] target(s) in 0.07s
[INFO] [stderr]      Running unittests src/lib.rs (/opt/rustwide/target/debug/deps/wd_run-b541df4b7f37c93b)
[INFO] [stdout] 
[INFO] [stdout] running 2 tests
[INFO] [stdout] test context::test::test_context ... ok
[INFO] [stdout] test util::conf::locad_conf::test::load_config_test ... ok
[INFO] [stdout] 
[INFO] [stdout] test result: ok. 2 passed; 0 failed; 0 ignored; 0 measured; 0 filtered out; finished in 0.00s
[INFO] [stdout] 
[INFO] [stderr]    Doc-tests wd_run
[INFO] [stdout] 
[INFO] [stdout] running 1 test
[INFO] [stdout] test src/util/conf/locad_conf.rs - util::conf::locad_conf::load_config (line 16) ... FAILED
[INFO] [stdout] 
[INFO] [stdout] failures:
[INFO] [stdout] 
[INFO] [stdout] ---- src/util/conf/locad_conf.rs - util::conf::locad_conf::load_config (line 16) stdout ----
[INFO] [stdout] error: cannot find derive macro `Deserialize` in this scope
[INFO] [stdout]  --> src/util/conf/locad_conf.rs:17:17
[INFO] [stdout]   |
[INFO] [stdout] 3 | #[derive(Debug, Deserialize)]
[INFO] [stdout]   |                 ^^^^^^^^^^^
[INFO] [stdout]   |
[INFO] [stdout] help: consider importing this derive macro
[INFO] [stdout]   |
[INFO] [stdout] 2 + use serde::Deserialize;
[INFO] [stdout]   |
[INFO] [stdout] 
[INFO] [stdout] error[E0425]: cannot find function `load_config` in this scope
[INFO] [stdout]  --> src/util/conf/locad_conf.rs:23:19
[INFO] [stdout]   |
[INFO] [stdout] 9 | let conf:Config = load_config("./src/util/conf/config.toml").unwrap();
[INFO] [stdout]   |                   ^^^^^^^^^^^ not found in this scope
[INFO] [stdout]   |
[INFO] [stdout] help: consider importing this function
[INFO] [stdout]   |
[INFO] [stdout] 2 + use wd_run::load_config;
[INFO] [stdout]   |
[INFO] [stdout] 
[INFO] [stdout] error: aborting due to 2 previous errors
[INFO] [stdout] 
[INFO] [stdout] For more information about this error, try `rustc --explain E0425`.
[INFO] [stdout] Couldn't compile the test.
[INFO] [stdout] 
[INFO] [stdout] failures:
[INFO] [stdout]     src/util/conf/locad_conf.rs - util::conf::locad_conf::load_config (line 16)
[INFO] [stdout] 
[INFO] [stdout] test result: FAILED. 0 passed; 1 failed; 0 ignored; 0 measured; 0 filtered out; finished in 0.13s
[INFO] [stdout] 
[INFO] [stderr] error: doctest failed, to rerun pass `--doc`
[INFO] running `Command { std: "docker" "inspect" "56bb7720ed5555b1e2351713b6885f3e647cbbb9b0f9cac9fa2f12edbcfb64b1", kill_on_drop: false }`
[INFO] running `Command { std: "docker" "rm" "-f" "56bb7720ed5555b1e2351713b6885f3e647cbbb9b0f9cac9fa2f12edbcfb64b1", kill_on_drop: false }`
[INFO] [stdout] 56bb7720ed5555b1e2351713b6885f3e647cbbb9b0f9cac9fa2f12edbcfb64b1
