[INFO] fetching crate wave_stream 0.5.0...
[INFO] testing wave_stream-0.5.0 against 1.83.0 for beta-1.84.0-4-retry
[INFO] extracting crate wave_stream 0.5.0 into /workspace/builds/worker-2-tc1/source
[INFO] validating manifest of crates.io crate wave_stream 0.5.0 on toolchain 1.83.0
[INFO] running `Command { std: CARGO_HOME="/workspace/cargo-home" RUSTUP_HOME="/workspace/rustup-home" "/workspace/cargo-home/bin/cargo" "+1.83.0" "metadata" "--manifest-path" "Cargo.toml" "--no-deps", kill_on_drop: false }`
[INFO] started tweaking crates.io crate wave_stream 0.5.0
[INFO] finished tweaking crates.io crate wave_stream 0.5.0
[INFO] tweaked toml for crates.io crate wave_stream 0.5.0 written to /workspace/builds/worker-2-tc1/source/Cargo.toml
[INFO] running `Command { std: CARGO_HOME="/workspace/cargo-home" RUSTUP_HOME="/workspace/rustup-home" "/workspace/cargo-home/bin/cargo" "+1.83.0" "generate-lockfile" "--manifest-path" "Cargo.toml", kill_on_drop: false }`
[INFO] [stderr]     Updating crates.io index
[INFO] [stderr]      Locking 26 packages to latest compatible versions
[INFO] running `Command { std: CARGO_HOME="/workspace/cargo-home" RUSTUP_HOME="/workspace/rustup-home" "/workspace/cargo-home/bin/cargo" "+1.83.0" "fetch" "--manifest-path" "Cargo.toml", kill_on_drop: false }`
[INFO] running `Command { std: "docker" "create" "-v" "/var/lib/crater-agent-workspace/builds/worker-2-tc1/target:/opt/rustwide/target:rw,Z" "-v" "/var/lib/crater-agent-workspace/builds/worker-2-tc1/source:/opt/rustwide/workdir:ro,Z" "-v" "/var/lib/crater-agent-workspace/cargo-home:/opt/rustwide/cargo-home:ro,Z" "-v" "/var/lib/crater-agent-workspace/rustup-home:/opt/rustwide/rustup-home:ro,Z" "-e" "SOURCE_DIR=/opt/rustwide/workdir" "-e" "CARGO_TARGET_DIR=/opt/rustwide/target" "-e" "CARGO_HOME=/opt/rustwide/cargo-home" "-e" "RUSTUP_HOME=/opt/rustwide/rustup-home" "-w" "/opt/rustwide/workdir" "-m" "1610612736" "--user" "0:0" "--network" "none" "ghcr.io/rust-lang/crates-build-env/linux@sha256:f3a9d4ad9d972b27faf3965f35b62e55ba32bbce8f20bc8fe909558a86702fde" "/opt/rustwide/cargo-home/bin/cargo" "+1.83.0" "metadata" "--no-deps" "--format-version=1", kill_on_drop: false }`
[INFO] [stdout] 3d3700615625bc831c24185e2246d9adba5b3b5a0867aabe87db3de70700c359
[INFO] running `Command { std: "docker" "start" "-a" "3d3700615625bc831c24185e2246d9adba5b3b5a0867aabe87db3de70700c359", kill_on_drop: false }`
[INFO] running `Command { std: "docker" "inspect" "3d3700615625bc831c24185e2246d9adba5b3b5a0867aabe87db3de70700c359", kill_on_drop: false }`
[INFO] running `Command { std: "docker" "rm" "-f" "3d3700615625bc831c24185e2246d9adba5b3b5a0867aabe87db3de70700c359", kill_on_drop: false }`
[INFO] [stdout] 3d3700615625bc831c24185e2246d9adba5b3b5a0867aabe87db3de70700c359
[INFO] running `Command { std: "docker" "create" "-v" "/var/lib/crater-agent-workspace/builds/worker-2-tc1/target:/opt/rustwide/target:rw,Z" "-v" "/var/lib/crater-agent-workspace/builds/worker-2-tc1/source:/opt/rustwide/workdir:ro,Z" "-v" "/var/lib/crater-agent-workspace/cargo-home:/opt/rustwide/cargo-home:ro,Z" "-v" "/var/lib/crater-agent-workspace/rustup-home:/opt/rustwide/rustup-home:ro,Z" "-e" "SOURCE_DIR=/opt/rustwide/workdir" "-e" "CARGO_TARGET_DIR=/opt/rustwide/target" "-e" "CARGO_INCREMENTAL=0" "-e" "RUST_BACKTRACE=full" "-e" "RUSTFLAGS=--cap-lints=warn" "-e" "RUSTDOCFLAGS=--cap-lints=warn" "-e" "CARGO_HOME=/opt/rustwide/cargo-home" "-e" "RUSTUP_HOME=/opt/rustwide/rustup-home" "-w" "/opt/rustwide/workdir" "-m" "1610612736" "--user" "0:0" "--network" "none" "ghcr.io/rust-lang/crates-build-env/linux@sha256:f3a9d4ad9d972b27faf3965f35b62e55ba32bbce8f20bc8fe909558a86702fde" "/opt/rustwide/cargo-home/bin/cargo" "+1.83.0" "build" "--frozen" "--message-format=json", kill_on_drop: false }`
[INFO] [stdout] 48fd4cf107d0d0e78d3370ff867e5cb0c04893447b2880b0b05a002fa79b436d
[INFO] running `Command { std: "docker" "start" "-a" "48fd4cf107d0d0e78d3370ff867e5cb0c04893447b2880b0b05a002fa79b436d", kill_on_drop: false }`
[INFO] [stderr]    Compiling wave_stream v0.5.0 (/opt/rustwide/workdir)
[INFO] [stderr]     Finished `dev` profile [unoptimized + debuginfo] target(s) in 0.55s
[INFO] running `Command { std: "docker" "inspect" "48fd4cf107d0d0e78d3370ff867e5cb0c04893447b2880b0b05a002fa79b436d", kill_on_drop: false }`
[INFO] running `Command { std: "docker" "rm" "-f" "48fd4cf107d0d0e78d3370ff867e5cb0c04893447b2880b0b05a002fa79b436d", kill_on_drop: false }`
[INFO] [stdout] 48fd4cf107d0d0e78d3370ff867e5cb0c04893447b2880b0b05a002fa79b436d
[INFO] running `Command { std: "docker" "create" "-v" "/var/lib/crater-agent-workspace/builds/worker-2-tc1/target:/opt/rustwide/target:rw,Z" "-v" "/var/lib/crater-agent-workspace/builds/worker-2-tc1/source:/opt/rustwide/workdir:ro,Z" "-v" "/var/lib/crater-agent-workspace/cargo-home:/opt/rustwide/cargo-home:ro,Z" "-v" "/var/lib/crater-agent-workspace/rustup-home:/opt/rustwide/rustup-home:ro,Z" "-e" "SOURCE_DIR=/opt/rustwide/workdir" "-e" "CARGO_TARGET_DIR=/opt/rustwide/target" "-e" "CARGO_INCREMENTAL=0" "-e" "RUST_BACKTRACE=full" "-e" "RUSTFLAGS=--cap-lints=warn" "-e" "RUSTDOCFLAGS=--cap-lints=warn" "-e" "CARGO_HOME=/opt/rustwide/cargo-home" "-e" "RUSTUP_HOME=/opt/rustwide/rustup-home" "-w" "/opt/rustwide/workdir" "-m" "1610612736" "--user" "0:0" "--network" "none" "ghcr.io/rust-lang/crates-build-env/linux@sha256:f3a9d4ad9d972b27faf3965f35b62e55ba32bbce8f20bc8fe909558a86702fde" "/opt/rustwide/cargo-home/bin/cargo" "+1.83.0" "test" "--frozen" "--no-run" "--message-format=json", kill_on_drop: false }`
[INFO] [stdout] 0a8f4afa8a9c60f9fb325c4a51f65313e3d2a61b6edba242472a266ff73ad184
[INFO] running `Command { std: "docker" "start" "-a" "0a8f4afa8a9c60f9fb325c4a51f65313e3d2a61b6edba242472a266ff73ad184", kill_on_drop: false }`
[INFO] [stderr]    Compiling proc-macro2 v1.0.92
[INFO] [stderr]    Compiling unicode-ident v1.0.14
[INFO] [stderr]    Compiling cfg-if v1.0.0
[INFO] [stderr]    Compiling rustix v0.38.42
[INFO] [stderr]    Compiling linux-raw-sys v0.4.14
[INFO] [stderr]    Compiling bitflags v2.6.0
[INFO] [stderr]    Compiling fastrand v2.3.0
[INFO] [stderr]    Compiling once_cell v1.20.2
[INFO] [stderr]    Compiling quote v1.0.37
[INFO] [stderr]    Compiling syn v2.0.90
[INFO] [stderr]    Compiling tempfile v3.14.0
[INFO] [stderr]    Compiling test-case-core v3.3.1
[INFO] [stderr]    Compiling test-case-macros v3.3.1
[INFO] [stderr]    Compiling test-case v3.3.1
[INFO] [stderr]    Compiling wave_stream v0.5.0 (/opt/rustwide/workdir)
[INFO] [stderr]     Finished `test` profile [unoptimized + debuginfo] target(s) in 9.51s
[INFO] running `Command { std: "docker" "inspect" "0a8f4afa8a9c60f9fb325c4a51f65313e3d2a61b6edba242472a266ff73ad184", kill_on_drop: false }`
[INFO] running `Command { std: "docker" "rm" "-f" "0a8f4afa8a9c60f9fb325c4a51f65313e3d2a61b6edba242472a266ff73ad184", kill_on_drop: false }`
[INFO] [stdout] 0a8f4afa8a9c60f9fb325c4a51f65313e3d2a61b6edba242472a266ff73ad184
[INFO] running `Command { std: "docker" "create" "-v" "/var/lib/crater-agent-workspace/builds/worker-2-tc1/target:/opt/rustwide/target:rw,Z" "-v" "/var/lib/crater-agent-workspace/builds/worker-2-tc1/source:/opt/rustwide/workdir:ro,Z" "-v" "/var/lib/crater-agent-workspace/cargo-home:/opt/rustwide/cargo-home:ro,Z" "-v" "/var/lib/crater-agent-workspace/rustup-home:/opt/rustwide/rustup-home:ro,Z" "-e" "SOURCE_DIR=/opt/rustwide/workdir" "-e" "CARGO_TARGET_DIR=/opt/rustwide/target" "-e" "CARGO_INCREMENTAL=0" "-e" "RUST_BACKTRACE=full" "-e" "RUSTFLAGS=--cap-lints=warn" "-e" "RUSTDOCFLAGS=--cap-lints=warn" "-e" "CARGO_HOME=/opt/rustwide/cargo-home" "-e" "RUSTUP_HOME=/opt/rustwide/rustup-home" "-w" "/opt/rustwide/workdir" "-m" "1610612736" "--user" "0:0" "--network" "none" "ghcr.io/rust-lang/crates-build-env/linux@sha256:f3a9d4ad9d972b27faf3965f35b62e55ba32bbce8f20bc8fe909558a86702fde" "/opt/rustwide/cargo-home/bin/cargo" "+1.83.0" "test" "--frozen", kill_on_drop: false }`
[INFO] [stdout] fe5a53bd40974c1aa9493ecc459191c42b597ffe32395609573f2c8daf5799a3
[INFO] running `Command { std: "docker" "start" "-a" "fe5a53bd40974c1aa9493ecc459191c42b597ffe32395609573f2c8daf5799a3", kill_on_drop: false }`
[INFO] [stderr]     Finished `test` profile [unoptimized + debuginfo] target(s) in 0.04s
[INFO] [stderr]      Running unittests src/lib.rs (/opt/rustwide/target/debug/deps/wave_stream-ff925f6c3414661d)
[INFO] [stdout] 
[INFO] [stdout] running 95 tests
[INFO] [stdout] test tests::open_sanity ... ok
[INFO] [stdout] test tests::read_random_i16 ... ok
[INFO] [stdout] test tests::read_random_i16_as_f32 ... ok
[INFO] [stdout] test tests::read_float_sanity ... ok
[INFO] [stdout] test tests::read_random_i16_as_i24 ... ok
[INFO] [stdout] test tests::read_random_f32 ... ok
[INFO] [stdout] test tests::read_random_i24 ... ok
[INFO] [stdout] test tests::read_random_i8_as_f32 ... ok
[INFO] [stdout] test tests::read_stream_f32_sanity ... ok
[INFO] [stdout] test tests::read_random_i8_as_i16 ... ok
[INFO] [stdout] test tests::read_random_i24_as_f32 ... ok
[INFO] [stdout] test tests::read_stream_f32 ... ok
[INFO] [stdout] test tests::read_stream_i16_as_f32 ... ok
[INFO] [stdout] test tests::read_random_i8_as_i24 ... ok
[INFO] [stdout] test tests::read_stream_i8 ... ok
[INFO] [stdout] test tests::read_stream_i8_as_i24 ... ok
[INFO] [stdout] test tests::read_stream_i16_as_i24 ... ok
[INFO] [stdout] test tests::read_stream_i24 ... ok
[INFO] [stdout] test tests::read_stream_i24_as_f32 ... ok
[INFO] [stdout] test tests::read_random_i8 ... ok
[INFO] [stdout] test tests::read_stream_i8_as_f32 ... ok
[INFO] [stdout] test tests::read_stream_i8_as_i16 ... ok
[INFO] [stdout] test tests::write_sanity ... ok
[INFO] [stdout] test tests::read_stream_i16 ... ok
[INFO] [stdout] test tests::write_random_i16_as_f32 ... ok
[INFO] [stdout] test tests::write_random_max_samples ... ok
[INFO] [stdout] test tests::write_random_i8_as_f32 ... ok
[INFO] [stdout] test tests::write_random_i16_as_i24 ... ok
[INFO] [stdout] test tests::write_random_f32 ... ok
[INFO] [stdout] test tests::write_random_i24 ... ok
[INFO] [stdout] test tests::write_random_i8_as_i24 ... ok
[INFO] [stdout] test upconvert::tests::i16_to_f32_test::i16_to_f32_half ... ok
[INFO] [stdout] test upconvert::tests::i16_to_f32_test::i16_to_f32_half_negative ... ok
[INFO] [stdout] test tests::write_random_i24_as_f32 ... ok
[INFO] [stdout] test tests::write_stream_f32 ... ok
[INFO] [stdout] test upconvert::tests::i16_to_f32_test::i16_to_f32_min ... ok
[INFO] [stdout] test tests::write_random_i8 ... ok
[INFO] [stdout] test tests::write_stream_i16 ... ok
[INFO] [stdout] test tests::write_stream_i8_as_f32 ... ok
[INFO] [stdout] test tests::write_stream_max_samples ... ok
[INFO] [stdout] test tests::write_random_i16 ... ok
[INFO] [stdout] test tests::write_stream_i16_as_i24 ... ok
[INFO] [stdout] test upconvert::tests::i16_to_f32_test::i16_to_f32_max ... ok
[INFO] [stdout] test upconvert::tests::i16_to_f32_test::i16_to_f32_smallest_positive ... ok
[INFO] [stdout] test upconvert::tests::i16_to_i24_test::i16_i24_half ... ok
[INFO] [stdout] test upconvert::tests::i16_to_i24_test::i16_i24_min ... ok
[INFO] [stdout] test upconvert::tests::i16_to_i24_test::i16_i24_quarter ... ok
[INFO] [stdout] test upconvert::tests::i16_to_i24_test::i16_i24_quarter_negative ... ok
[INFO] [stdout] test upconvert::tests::i16_to_i24_test::i16_i24_smallest_positive ... ok
[INFO] [stdout] test upconvert::tests::i24_to_f32_test::i24_to_f32_half ... ok
[INFO] [stdout] test upconvert::tests::i24_to_f32_test::i24_to_f32_half_negative ... ok
[INFO] [stdout] test upconvert::tests::i24_to_f32_test::i24_to_f32_quarter ... ok
[INFO] [stdout] test upconvert::tests::i16_to_f32_test::i16_to_f32_quarter_negative ... ok
[INFO] [stdout] test tests::write_random_i8_as_i16 ... ok
[INFO] [stdout] test upconvert::tests::i24_to_f32_test::i24_to_f32_quarter_negative ... ok
[INFO] [stdout] test upconvert::tests::i24_to_f32_test::i24_to_f32_smallest_positive ... ok
[INFO] [stdout] test tests::write_stream_i16_as_f32 ... ok
[INFO] [stdout] test upconvert::tests::i16_to_i24_test::i16_i24_half_negative ... ok
[INFO] [stdout] test upconvert::tests::i16_to_f32_test::i16_to_f32_quarter ... ok
[INFO] [stdout] test upconvert::tests::i16_to_i24_test::i16_i24_smallest_negative ... ok
[INFO] [stdout] test upconvert::tests::i8_to_f32_test::i18_to_f32_half ... ok
[INFO] [stdout] test upconvert::tests::i8_to_f32_test::i18_to_f32_half_negative ... ok
[INFO] [stdout] test upconvert::tests::i8_to_f32_test::i18_to_f32_max ... ok
[INFO] [stdout] test tests::write_stream_i24 ... ok
[INFO] [stdout] test upconvert::tests::i16_to_f32_test::i16_to_f32_smallest_negative ... ok
[INFO] [stdout] test upconvert::tests::i8_to_f32_test::i18_to_f32_quarter ... ok
[INFO] [stdout] test upconvert::tests::i8_to_i16_test::i8_i16_half ... ok
[INFO] [stdout] test upconvert::tests::i8_to_f32_test::i18_to_f32_smallest_negative ... ok
[INFO] [stdout] test upconvert::tests::i8_to_i16_test::i8_i16_min ... ok
[INFO] [stdout] test upconvert::tests::i8_to_f32_test::i18_to_f32_smallest_positive ... ok
[INFO] [stdout] test upconvert::tests::i8_to_f32_test::i18_to_f32_min ... ok
[INFO] [stdout] test upconvert::tests::i16_to_i24_test::i16_i24_max ... ok
[INFO] [stdout] test upconvert::tests::i8_to_i16_test::i8_i16_max ... ok
[INFO] [stdout] test upconvert::tests::i8_to_f32_test::i18_to_f32_quarter_negative ... ok
[INFO] [stdout] test upconvert::tests::i8_to_i16_test::i8_i16_half_negative ... ok
[INFO] [stdout] test upconvert::tests::i8_to_i16_test::i8_i16_quarter ... ok
[INFO] [stdout] test upconvert::tests::i8_to_i16_test::i8_i16_quarter_negative ... ok
[INFO] [stdout] test upconvert::tests::i24_to_f32_test::i24_to_f32_smallest_negative ... ok
[INFO] [stdout] test upconvert::tests::i8_to_i16_test::i8_i16_smallest_positive ... ok
[INFO] [stdout] test upconvert::tests::i8_to_i16_test::i8_i16_smallest_negative ... ok
[INFO] [stdout] test upconvert::tests::i8_to_i24_test::i18_i24_half ... ok
[INFO] [stdout] test upconvert::tests::i8_to_i24_test::i18_i24_half_negative ... ok
[INFO] [stdout] test upconvert::tests::i24_to_f32_test::i24_to_f32_max ... ok
[INFO] [stdout] test tests::write_stream_i8 ... ok
[INFO] [stdout] test upconvert::tests::i8_to_i24_test::i18_i24_min ... ok
[INFO] [stdout] test upconvert::tests::i8_to_i24_test::i18_i24_max ... ok
[INFO] [stdout] test upconvert::tests::i8_to_i24_test::i18_i24_quarter ... ok
[INFO] [stdout] test upconvert::tests::i8_to_i24_test::i18_i24_quarter_negative ... ok
[INFO] [stdout] test upconvert::tests::i8_to_i24_test::i18_i24_smallest_positive ... ok
[INFO] [stdout] test wave_header::tests::calculate_max_samples_sanity ... ok
[INFO] [stdout] test upconvert::tests::i8_to_i24_test::i18_i24_smallest_negative ... ok
[INFO] [stdout] test upconvert::tests::i24_to_f32_test::i24_to_f32_min ... ok
[INFO] [stdout] test tests::write_stream_i8_as_i24 ... ok
[INFO] [stdout] test tests::write_stream_i8_as_i16 ... ok
[INFO] [stderr]    Doc-tests wave_stream
[INFO] [stdout] test tests::write_stream_i24_as_f32 ... ok
[INFO] [stdout] 
[INFO] [stdout] test result: ok. 95 passed; 0 failed; 0 ignored; 0 measured; 0 filtered out; finished in 0.08s
[INFO] [stdout] 
[INFO] [stdout] 
[INFO] [stdout] running 2 tests
[INFO] [stdout] test src/lib.rs - write_wav_to_file_path (line 225) ... FAILED
[INFO] [stdout] test src/lib.rs - (line 17) ... FAILED
[INFO] [stdout] 
[INFO] [stdout] failures:
[INFO] [stdout] 
[INFO] [stdout] ---- src/lib.rs - write_wav_to_file_path (line 225) stdout ----
[INFO] [stdout] Test executable failed (exit status: 101).
[INFO] [stdout] 
[INFO] [stdout] stderr:
[INFO] [stdout] thread 'main' panicked at src/lib.rs:35:74:
[INFO] [stdout] called `Result::unwrap()` on an `Err` value: Os { code: 30, kind: ReadOnlyFilesystem, message: "Read-only file system" }
[INFO] [stdout] stack backtrace:
[INFO] [stdout]    0:     0x5cecaa003efa - std::backtrace_rs::backtrace::libunwind::trace::h5a5b8284f2d0c266
[INFO] [stdout]                                at /rustc/90b35a6239c3d8bdabc530a6a0816f7ff89a0aaf/library/std/src/../../backtrace/src/backtrace/libunwind.rs:116:5
[INFO] [stdout]    1:     0x5cecaa003efa - std::backtrace_rs::backtrace::trace_unsynchronized::h76d4f1c9b0b875e3
[INFO] [stdout]                                at /rustc/90b35a6239c3d8bdabc530a6a0816f7ff89a0aaf/library/std/src/../../backtrace/src/backtrace/mod.rs:66:5
[INFO] [stdout]    2:     0x5cecaa003efa - std::sys::backtrace::_print_fmt::hc4546b8364a537c6
[INFO] [stdout]                                at /rustc/90b35a6239c3d8bdabc530a6a0816f7ff89a0aaf/library/std/src/sys/backtrace.rs:66:9
[INFO] [stdout]    3:     0x5cecaa003efa - <std::sys::backtrace::BacktraceLock::print::DisplayBacktrace as core::fmt::Display>::fmt::h5b6bd5631a6d1f6b
[INFO] [stdout]                                at /rustc/90b35a6239c3d8bdabc530a6a0816f7ff89a0aaf/library/std/src/sys/backtrace.rs:39:26
[INFO] [stdout]    4:     0x5cecaa01f403 - core::fmt::rt::Argument::fmt::h270f6602a2b96f62
[INFO] [stdout]                                at /rustc/90b35a6239c3d8bdabc530a6a0816f7ff89a0aaf/library/core/src/fmt/rt.rs:177:76
[INFO] [stdout]    5:     0x5cecaa01f403 - core::fmt::write::h7550c97b06c86515
[INFO] [stdout]                                at /rustc/90b35a6239c3d8bdabc530a6a0816f7ff89a0aaf/library/core/src/fmt/mod.rs:1186:21
[INFO] [stdout]    6:     0x5cecaa001ca3 - std::io::Write::write_fmt::h7b09c64fe0be9c84
[INFO] [stdout]                                at /rustc/90b35a6239c3d8bdabc530a6a0816f7ff89a0aaf/library/std/src/io/mod.rs:1839:15
[INFO] [stdout]    7:     0x5cecaa003d42 - std::sys::backtrace::BacktraceLock::print::h2395ccd2c84ba3aa
[INFO] [stdout]                                at /rustc/90b35a6239c3d8bdabc530a6a0816f7ff89a0aaf/library/std/src/sys/backtrace.rs:42:9
[INFO] [stdout]    8:     0x5cecaa004cec - std::panicking::default_hook::{{closure}}::he19d4c7230e07961
[INFO] [stdout]                                at /rustc/90b35a6239c3d8bdabc530a6a0816f7ff89a0aaf/library/std/src/panicking.rs:268:22
[INFO] [stdout]    9:     0x5cecaa004b32 - std::panicking::default_hook::hf614597d3c67bbdb
[INFO] [stdout]                                at /rustc/90b35a6239c3d8bdabc530a6a0816f7ff89a0aaf/library/std/src/panicking.rs:295:9
[INFO] [stdout]   10:     0x5cecaa0052c7 - std::panicking::rust_panic_with_hook::h8942133a8b252070
[INFO] [stdout]                                at /rustc/90b35a6239c3d8bdabc530a6a0816f7ff89a0aaf/library/std/src/panicking.rs:801:13
[INFO] [stdout]   11:     0x5cecaa00515a - std::panicking::begin_panic_handler::{{closure}}::hb5f5963570096b29
[INFO] [stdout]                                at /rustc/90b35a6239c3d8bdabc530a6a0816f7ff89a0aaf/library/std/src/panicking.rs:674:13
[INFO] [stdout]   12:     0x5cecaa0043d9 - std::sys::backtrace::__rust_end_short_backtrace::h6208cedc1922feda
[INFO] [stdout]                                at /rustc/90b35a6239c3d8bdabc530a6a0816f7ff89a0aaf/library/std/src/sys/backtrace.rs:170:18
[INFO] [stdout]   13:     0x5cecaa004dec - rust_begin_unwind
[INFO] [stdout]                                at /rustc/90b35a6239c3d8bdabc530a6a0816f7ff89a0aaf/library/std/src/panicking.rs:665:5
[INFO] [stdout]   14:     0x5ceca9fd90a0 - core::panicking::panic_fmt::h0c3082644d1bf418
[INFO] [stdout]                                at /rustc/90b35a6239c3d8bdabc530a6a0816f7ff89a0aaf/library/core/src/panicking.rs:74:14
[INFO] [stdout]   15:     0x5ceca9fd9416 - core::result::unwrap_failed::hd20b4aa073bda1e2
[INFO] [stdout]                                at /rustc/90b35a6239c3d8bdabc530a6a0816f7ff89a0aaf/library/core/src/result.rs:1700:5
[INFO] [stdout]   16:     0x5ceca9fdc8ce - rust_out::main::_doctest_main_src_lib_rs_225_0::h6250f56e6a4d5315
[INFO] [stdout]   17:     0x5ceca9fdc736 - rust_out::main::h86d391cc11b8a827
[INFO] [stdout]   18:     0x5ceca9fdc273 - core::ops::function::FnOnce::call_once::hd1e0b33d350e8c2e
[INFO] [stdout]   19:     0x5ceca9fdc246 - std::sys::backtrace::__rust_begin_short_backtrace::hb7c4fd168269da08
[INFO] [stdout]   20:     0x5ceca9fdc219 - std::rt::lang_start::{{closure}}::h7630186e3858a44d
[INFO] [stdout]   21:     0x5ceca9ffff3e - core::ops::function::impls::<impl core::ops::function::FnOnce<A> for &F>::call_once::hfdb85f4ee94732d3
[INFO] [stdout]                                at /rustc/90b35a6239c3d8bdabc530a6a0816f7ff89a0aaf/library/core/src/ops/function.rs:284:13
[INFO] [stdout]   22:     0x5ceca9ffff3e - std::panicking::try::do_call::h6e577310f330cbef
[INFO] [stdout]                                at /rustc/90b35a6239c3d8bdabc530a6a0816f7ff89a0aaf/library/std/src/panicking.rs:557:40
[INFO] [stdout]   23:     0x5ceca9ffff3e - std::panicking::try::ha588d438267d2645
[INFO] [stdout]                                at /rustc/90b35a6239c3d8bdabc530a6a0816f7ff89a0aaf/library/std/src/panicking.rs:520:19
[INFO] [stdout]   24:     0x5ceca9ffff3e - std::panic::catch_unwind::h429fda1e025f26d9
[INFO] [stdout]                                at /rustc/90b35a6239c3d8bdabc530a6a0816f7ff89a0aaf/library/std/src/panic.rs:358:14
[INFO] [stdout]   25:     0x5ceca9ffff3e - std::rt::lang_start_internal::{{closure}}::h7b731265e841c4bf
[INFO] [stdout]                                at /rustc/90b35a6239c3d8bdabc530a6a0816f7ff89a0aaf/library/std/src/rt.rs:174:48
[INFO] [stdout]   26:     0x5ceca9ffff3e - std::panicking::try::do_call::hc0f6a675b7ae5a36
[INFO] [stdout]                                at /rustc/90b35a6239c3d8bdabc530a6a0816f7ff89a0aaf/library/std/src/panicking.rs:557:40
[INFO] [stdout]   27:     0x5ceca9ffff3e - std::panicking::try::h4c93b7ff0671f1ff
[INFO] [stdout]                                at /rustc/90b35a6239c3d8bdabc530a6a0816f7ff89a0aaf/library/std/src/panicking.rs:520:19
[INFO] [stdout]   28:     0x5ceca9ffff3e - std::panic::catch_unwind::hcc1e154961d16ce6
[INFO] [stdout]                                at /rustc/90b35a6239c3d8bdabc530a6a0816f7ff89a0aaf/library/std/src/panic.rs:358:14
[INFO] [stdout]   29:     0x5ceca9ffff3e - std::rt::lang_start_internal::h1c66660c99c8424c
[INFO] [stdout]                                at /rustc/90b35a6239c3d8bdabc530a6a0816f7ff89a0aaf/library/std/src/rt.rs:174:20
[INFO] [stdout]   30:     0x5ceca9fdc1f7 - std::rt::lang_start::hcdb31f4834f76b8c
[INFO] [stdout]   31:     0x5ceca9fdd7a5 - main
[INFO] [stdout]   32:     0x727a98da1d90 - <unknown>
[INFO] [stdout]   33:     0x727a98da1e40 - __libc_start_main
[INFO] [stdout]   34:     0x5ceca9fd9815 - _start
[INFO] [stdout]   35:                0x0 - <unknown>
[INFO] [stdout] 
[INFO] [stdout] 
[INFO] [stdout] ---- src/lib.rs - (line 17) stdout ----
[INFO] [stdout] Test executable failed (exit status: 101).
[INFO] [stdout] 
[INFO] [stdout] stderr:
[INFO] [stdout] thread 'main' panicked at src/lib.rs:15:67:
[INFO] [stdout] called `Result::unwrap()` on an `Err` value: Os { code: 2, kind: NotFound, message: "No such file or directory" }
[INFO] [stdout] stack backtrace:
[INFO] [stdout]    0:     0x58bbb4232f5a - std::backtrace_rs::backtrace::libunwind::trace::h5a5b8284f2d0c266
[INFO] [stdout]                                at /rustc/90b35a6239c3d8bdabc530a6a0816f7ff89a0aaf/library/std/src/../../backtrace/src/backtrace/libunwind.rs:116:5
[INFO] [stdout]    1:     0x58bbb4232f5a - std::backtrace_rs::backtrace::trace_unsynchronized::h76d4f1c9b0b875e3
[INFO] [stdout]                                at /rustc/90b35a6239c3d8bdabc530a6a0816f7ff89a0aaf/library/std/src/../../backtrace/src/backtrace/mod.rs:66:5
[INFO] [stdout]    2:     0x58bbb4232f5a - std::sys::backtrace::_print_fmt::hc4546b8364a537c6
[INFO] [stdout]                                at /rustc/90b35a6239c3d8bdabc530a6a0816f7ff89a0aaf/library/std/src/sys/backtrace.rs:66:9
[INFO] [stdout]    3:     0x58bbb4232f5a - <std::sys::backtrace::BacktraceLock::print::DisplayBacktrace as core::fmt::Display>::fmt::h5b6bd5631a6d1f6b
[INFO] [stdout]                                at /rustc/90b35a6239c3d8bdabc530a6a0816f7ff89a0aaf/library/std/src/sys/backtrace.rs:39:26
[INFO] [stdout]    4:     0x58bbb4252473 - core::fmt::rt::Argument::fmt::h270f6602a2b96f62
[INFO] [stdout]                                at /rustc/90b35a6239c3d8bdabc530a6a0816f7ff89a0aaf/library/core/src/fmt/rt.rs:177:76
[INFO] [stdout]    5:     0x58bbb4252473 - core::fmt::write::h7550c97b06c86515
[INFO] [stdout]                                at /rustc/90b35a6239c3d8bdabc530a6a0816f7ff89a0aaf/library/core/src/fmt/mod.rs:1186:21
[INFO] [stdout]    6:     0x58bbb4230c23 - std::io::Write::write_fmt::h7b09c64fe0be9c84
[INFO] [stdout]                                at /rustc/90b35a6239c3d8bdabc530a6a0816f7ff89a0aaf/library/std/src/io/mod.rs:1839:15
[INFO] [stdout]    7:     0x58bbb4232da2 - std::sys::backtrace::BacktraceLock::print::h2395ccd2c84ba3aa
[INFO] [stdout]                                at /rustc/90b35a6239c3d8bdabc530a6a0816f7ff89a0aaf/library/std/src/sys/backtrace.rs:42:9
[INFO] [stdout]    8:     0x58bbb4233d4c - std::panicking::default_hook::{{closure}}::he19d4c7230e07961
[INFO] [stdout]                                at /rustc/90b35a6239c3d8bdabc530a6a0816f7ff89a0aaf/library/std/src/panicking.rs:268:22
[INFO] [stdout]    9:     0x58bbb4233b92 - std::panicking::default_hook::hf614597d3c67bbdb
[INFO] [stdout]                                at /rustc/90b35a6239c3d8bdabc530a6a0816f7ff89a0aaf/library/std/src/panicking.rs:295:9
[INFO] [stdout]   10:     0x58bbb4234327 - std::panicking::rust_panic_with_hook::h8942133a8b252070
[INFO] [stdout]                                at /rustc/90b35a6239c3d8bdabc530a6a0816f7ff89a0aaf/library/std/src/panicking.rs:801:13
[INFO] [stdout]   11:     0x58bbb42341ba - std::panicking::begin_panic_handler::{{closure}}::hb5f5963570096b29
[INFO] [stdout]                                at /rustc/90b35a6239c3d8bdabc530a6a0816f7ff89a0aaf/library/std/src/panicking.rs:674:13
[INFO] [stdout]   12:     0x58bbb4233439 - std::sys::backtrace::__rust_end_short_backtrace::h6208cedc1922feda
[INFO] [stdout]                                at /rustc/90b35a6239c3d8bdabc530a6a0816f7ff89a0aaf/library/std/src/sys/backtrace.rs:170:18
[INFO] [stdout]   13:     0x58bbb4233e4c - rust_begin_unwind
[INFO] [stdout]                                at /rustc/90b35a6239c3d8bdabc530a6a0816f7ff89a0aaf/library/std/src/panicking.rs:665:5
[INFO] [stdout]   14:     0x58bbb41f4220 - core::panicking::panic_fmt::h0c3082644d1bf418
[INFO] [stdout]                                at /rustc/90b35a6239c3d8bdabc530a6a0816f7ff89a0aaf/library/core/src/panicking.rs:74:14
[INFO] [stdout]   15:     0x58bbb41f4666 - core::result::unwrap_failed::hd20b4aa073bda1e2
[INFO] [stdout]                                at /rustc/90b35a6239c3d8bdabc530a6a0816f7ff89a0aaf/library/core/src/result.rs:1700:5
[INFO] [stdout]   16:     0x58bbb4205551 - rust_out::main::h86d391cc11b8a827
[INFO] [stdout]   17:     0x58bbb4202973 - core::ops::function::FnOnce::call_once::hd1e0b33d350e8c2e
[INFO] [stdout]   18:     0x58bbb4201836 - std::sys::backtrace::__rust_begin_short_backtrace::hb7c4fd168269da08
[INFO] [stdout]   19:     0x58bbb42017e9 - std::rt::lang_start::{{closure}}::h7630186e3858a44d
[INFO] [stdout]   20:     0x58bbb422e49e - core::ops::function::impls::<impl core::ops::function::FnOnce<A> for &F>::call_once::hfdb85f4ee94732d3
[INFO] [stdout]                                at /rustc/90b35a6239c3d8bdabc530a6a0816f7ff89a0aaf/library/core/src/ops/function.rs:284:13
[INFO] [stdout]   21:     0x58bbb422e49e - std::panicking::try::do_call::h6e577310f330cbef
[INFO] [stdout]                                at /rustc/90b35a6239c3d8bdabc530a6a0816f7ff89a0aaf/library/std/src/panicking.rs:557:40
[INFO] [stdout]   22:     0x58bbb422e49e - std::panicking::try::ha588d438267d2645
[INFO] [stdout]                                at /rustc/90b35a6239c3d8bdabc530a6a0816f7ff89a0aaf/library/std/src/panicking.rs:520:19
[INFO] [stdout]   23:     0x58bbb422e49e - std::panic::catch_unwind::h429fda1e025f26d9
[INFO] [stdout]                                at /rustc/90b35a6239c3d8bdabc530a6a0816f7ff89a0aaf/library/std/src/panic.rs:358:14
[INFO] [stdout]   24:     0x58bbb422e49e - std::rt::lang_start_internal::{{closure}}::h7b731265e841c4bf
[INFO] [stdout]                                at /rustc/90b35a6239c3d8bdabc530a6a0816f7ff89a0aaf/library/std/src/rt.rs:174:48
[INFO] [stderr] error: doctest failed, to rerun pass `--doc`
[INFO] [stdout]   25:     0x58bbb422e49e - std::panicking::try::do_call::hc0f6a675b7ae5a36
[INFO] [stdout]                                at /rustc/90b35a6239c3d8bdabc530a6a0816f7ff89a0aaf/library/std/src/panicking.rs:557:40
[INFO] [stdout]   26:     0x58bbb422e49e - std::panicking::try::h4c93b7ff0671f1ff
[INFO] [stdout]                                at /rustc/90b35a6239c3d8bdabc530a6a0816f7ff89a0aaf/library/std/src/panicking.rs:520:19
[INFO] [stdout]   27:     0x58bbb422e49e - std::panic::catch_unwind::hcc1e154961d16ce6
[INFO] [stdout]                                at /rustc/90b35a6239c3d8bdabc530a6a0816f7ff89a0aaf/library/std/src/panic.rs:358:14
[INFO] [stdout]   28:     0x58bbb422e49e - std::rt::lang_start_internal::h1c66660c99c8424c
[INFO] [stdout]                                at /rustc/90b35a6239c3d8bdabc530a6a0816f7ff89a0aaf/library/std/src/rt.rs:174:20
[INFO] [stdout]   29:     0x58bbb42017c7 - std::rt::lang_start::hcdb31f4834f76b8c
[INFO] [stdout]   30:     0x58bbb4206c65 - main
[INFO] [stdout]   31:     0x7140e1777d90 - <unknown>
[INFO] [stdout]   32:     0x7140e1777e40 - __libc_start_main
[INFO] [stdout]   33:     0x58bbb41f4a65 - _start
[INFO] [stdout]   34:                0x0 - <unknown>
[INFO] [stdout] 
[INFO] [stdout] 
[INFO] [stdout] 
[INFO] [stdout] failures:
[INFO] [stdout]     src/lib.rs - (line 17)
[INFO] [stdout]     src/lib.rs - write_wav_to_file_path (line 225)
[INFO] [stdout] 
[INFO] [stdout] test result: FAILED. 0 passed; 2 failed; 0 ignored; 0 measured; 0 filtered out; finished in 0.55s
[INFO] [stdout] 
[INFO] running `Command { std: "docker" "inspect" "fe5a53bd40974c1aa9493ecc459191c42b597ffe32395609573f2c8daf5799a3", kill_on_drop: false }`
[INFO] running `Command { std: "docker" "rm" "-f" "fe5a53bd40974c1aa9493ecc459191c42b597ffe32395609573f2c8daf5799a3", kill_on_drop: false }`
[INFO] [stdout] fe5a53bd40974c1aa9493ecc459191c42b597ffe32395609573f2c8daf5799a3
