[INFO] fetching crate wave_func_collapse 0.1.0...
[INFO] testing wave_func_collapse-0.1.0 against 1.83.0 for beta-1.84.0-4-retry
[INFO] extracting crate wave_func_collapse 0.1.0 into /workspace/builds/worker-6-tc1/source
[INFO] validating manifest of crates.io crate wave_func_collapse 0.1.0 on toolchain 1.83.0
[INFO] running `Command { std: CARGO_HOME="/workspace/cargo-home" RUSTUP_HOME="/workspace/rustup-home" "/workspace/cargo-home/bin/cargo" "+1.83.0" "metadata" "--manifest-path" "Cargo.toml" "--no-deps", kill_on_drop: false }`
[INFO] removed /workspace/builds/worker-6-tc1/source/.cargo/config.toml
[INFO] started tweaking crates.io crate wave_func_collapse 0.1.0
[INFO] finished tweaking crates.io crate wave_func_collapse 0.1.0
[INFO] tweaked toml for crates.io crate wave_func_collapse 0.1.0 written to /workspace/builds/worker-6-tc1/source/Cargo.toml
[INFO] running `Command { std: CARGO_HOME="/workspace/cargo-home" RUSTUP_HOME="/workspace/rustup-home" "/workspace/cargo-home/bin/cargo" "+1.83.0" "generate-lockfile" "--manifest-path" "Cargo.toml", kill_on_drop: false }`
[INFO] [stderr]     Updating crates.io index
[INFO] [stderr]      Locking 19 packages to latest compatible versions
[INFO] [stderr]       Adding tikv-jemallocator v0.5.4 (available: v0.6.0)
[INFO] running `Command { std: CARGO_HOME="/workspace/cargo-home" RUSTUP_HOME="/workspace/rustup-home" "/workspace/cargo-home/bin/cargo" "+1.83.0" "fetch" "--manifest-path" "Cargo.toml", kill_on_drop: false }`
[INFO] running `Command { std: "docker" "create" "-v" "/var/lib/crater-agent-workspace/builds/worker-6-tc1/target:/opt/rustwide/target:rw,Z" "-v" "/var/lib/crater-agent-workspace/builds/worker-6-tc1/source:/opt/rustwide/workdir:ro,Z" "-v" "/var/lib/crater-agent-workspace/cargo-home:/opt/rustwide/cargo-home:ro,Z" "-v" "/var/lib/crater-agent-workspace/rustup-home:/opt/rustwide/rustup-home:ro,Z" "-e" "SOURCE_DIR=/opt/rustwide/workdir" "-e" "CARGO_TARGET_DIR=/opt/rustwide/target" "-e" "CARGO_HOME=/opt/rustwide/cargo-home" "-e" "RUSTUP_HOME=/opt/rustwide/rustup-home" "-w" "/opt/rustwide/workdir" "-m" "1610612736" "--user" "0:0" "--network" "none" "ghcr.io/rust-lang/crates-build-env/linux@sha256:f3a9d4ad9d972b27faf3965f35b62e55ba32bbce8f20bc8fe909558a86702fde" "/opt/rustwide/cargo-home/bin/cargo" "+1.83.0" "metadata" "--no-deps" "--format-version=1", kill_on_drop: false }`
[INFO] [stdout] ca44242569c10bffd2bad92b8f2d01664fc97cb68c98af796c2e9217a768a85e
[INFO] running `Command { std: "docker" "start" "-a" "ca44242569c10bffd2bad92b8f2d01664fc97cb68c98af796c2e9217a768a85e", kill_on_drop: false }`
[INFO] running `Command { std: "docker" "inspect" "ca44242569c10bffd2bad92b8f2d01664fc97cb68c98af796c2e9217a768a85e", kill_on_drop: false }`
[INFO] running `Command { std: "docker" "rm" "-f" "ca44242569c10bffd2bad92b8f2d01664fc97cb68c98af796c2e9217a768a85e", kill_on_drop: false }`
[INFO] [stdout] ca44242569c10bffd2bad92b8f2d01664fc97cb68c98af796c2e9217a768a85e
[INFO] running `Command { std: "docker" "create" "-v" "/var/lib/crater-agent-workspace/builds/worker-6-tc1/target:/opt/rustwide/target:rw,Z" "-v" "/var/lib/crater-agent-workspace/builds/worker-6-tc1/source:/opt/rustwide/workdir:ro,Z" "-v" "/var/lib/crater-agent-workspace/cargo-home:/opt/rustwide/cargo-home:ro,Z" "-v" "/var/lib/crater-agent-workspace/rustup-home:/opt/rustwide/rustup-home:ro,Z" "-e" "SOURCE_DIR=/opt/rustwide/workdir" "-e" "CARGO_TARGET_DIR=/opt/rustwide/target" "-e" "CARGO_INCREMENTAL=0" "-e" "RUST_BACKTRACE=full" "-e" "RUSTFLAGS=--cap-lints=warn" "-e" "RUSTDOCFLAGS=--cap-lints=warn" "-e" "CARGO_HOME=/opt/rustwide/cargo-home" "-e" "RUSTUP_HOME=/opt/rustwide/rustup-home" "-w" "/opt/rustwide/workdir" "-m" "1610612736" "--user" "0:0" "--network" "none" "ghcr.io/rust-lang/crates-build-env/linux@sha256:f3a9d4ad9d972b27faf3965f35b62e55ba32bbce8f20bc8fe909558a86702fde" "/opt/rustwide/cargo-home/bin/cargo" "+1.83.0" "build" "--frozen" "--message-format=json", kill_on_drop: false }`
[INFO] [stdout] 8337283e2f786d3e8c545c537404c371c2fa9f7dcc5735601a05582d47f5eb60
[INFO] running `Command { std: "docker" "start" "-a" "8337283e2f786d3e8c545c537404c371c2fa9f7dcc5735601a05582d47f5eb60", kill_on_drop: false }`
[INFO] [stderr]    Compiling proc-macro2 v1.0.92
[INFO] [stderr]    Compiling unicode-ident v1.0.14
[INFO] [stderr]    Compiling libc v0.2.168
[INFO] [stderr]    Compiling cfg-if v1.0.0
[INFO] [stderr]    Compiling byteorder v1.5.0
[INFO] [stderr]    Compiling quote v1.0.37
[INFO] [stderr]    Compiling syn v2.0.90
[INFO] [stderr]    Compiling getrandom v0.2.15
[INFO] [stderr]    Compiling rand_core v0.6.4
[INFO] [stderr]    Compiling zerocopy-derive v0.7.35
[INFO] [stderr]    Compiling zerocopy v0.7.35
[INFO] [stderr]    Compiling ppv-lite86 v0.2.20
[INFO] [stderr]    Compiling rand_chacha v0.3.1
[INFO] [stderr]    Compiling rand v0.8.5
[INFO] [stderr]    Compiling wave_func_collapse v0.1.0 (/opt/rustwide/workdir)
[INFO] [stdout] warning: unused imports: `create_tiles_expr` and `create_tiles_ty`
[INFO] [stdout]    --> src/grid.rs:305:14
[INFO] [stdout]     |
[INFO] [stdout] 305 |     pub use {create_tiles_expr, create_tiles_ty};
[INFO] [stdout]     |              ^^^^^^^^^^^^^^^^^  ^^^^^^^^^^^^^^^
[INFO] [stdout]     |
[INFO] [stdout]     = note: `#[warn(unused_imports)]` on by default
[INFO] [stdout] 
[INFO] [stdout] 
[INFO] [stdout] warning: unused imports: `create_tile_unit` and `create_tile`
[INFO] [stdout]    --> src/tile.rs:125:14
[INFO] [stdout]     |
[INFO] [stdout] 125 |     pub use {create_tile, create_tile_unit};
[INFO] [stdout]     |              ^^^^^^^^^^^  ^^^^^^^^^^^^^^^^
[INFO] [stdout] 
[INFO] [stdout] 
[INFO] [stderr]     Finished `dev` profile [unoptimized + debuginfo] target(s) in 9.90s
[INFO] running `Command { std: "docker" "inspect" "8337283e2f786d3e8c545c537404c371c2fa9f7dcc5735601a05582d47f5eb60", kill_on_drop: false }`
[INFO] running `Command { std: "docker" "rm" "-f" "8337283e2f786d3e8c545c537404c371c2fa9f7dcc5735601a05582d47f5eb60", kill_on_drop: false }`
[INFO] [stdout] 8337283e2f786d3e8c545c537404c371c2fa9f7dcc5735601a05582d47f5eb60
[INFO] running `Command { std: "docker" "create" "-v" "/var/lib/crater-agent-workspace/builds/worker-6-tc1/target:/opt/rustwide/target:rw,Z" "-v" "/var/lib/crater-agent-workspace/builds/worker-6-tc1/source:/opt/rustwide/workdir:ro,Z" "-v" "/var/lib/crater-agent-workspace/cargo-home:/opt/rustwide/cargo-home:ro,Z" "-v" "/var/lib/crater-agent-workspace/rustup-home:/opt/rustwide/rustup-home:ro,Z" "-e" "SOURCE_DIR=/opt/rustwide/workdir" "-e" "CARGO_TARGET_DIR=/opt/rustwide/target" "-e" "CARGO_INCREMENTAL=0" "-e" "RUST_BACKTRACE=full" "-e" "RUSTFLAGS=--cap-lints=warn" "-e" "RUSTDOCFLAGS=--cap-lints=warn" "-e" "CARGO_HOME=/opt/rustwide/cargo-home" "-e" "RUSTUP_HOME=/opt/rustwide/rustup-home" "-w" "/opt/rustwide/workdir" "-m" "1610612736" "--user" "0:0" "--network" "none" "ghcr.io/rust-lang/crates-build-env/linux@sha256:f3a9d4ad9d972b27faf3965f35b62e55ba32bbce8f20bc8fe909558a86702fde" "/opt/rustwide/cargo-home/bin/cargo" "+1.83.0" "test" "--frozen" "--no-run" "--message-format=json", kill_on_drop: false }`
[INFO] [stdout] b776296950e6ad8ad3351097f62e68e4c9a5d94755066b148a676e6be840a9fe
[INFO] running `Command { std: "docker" "start" "-a" "b776296950e6ad8ad3351097f62e68e4c9a5d94755066b148a676e6be840a9fe", kill_on_drop: false }`
[INFO] [stderr]    Compiling byteorder v1.5.0
[INFO] [stderr]    Compiling cfg-if v1.0.0
[INFO] [stderr]    Compiling libc v0.2.168
[INFO] [stderr]    Compiling zerocopy v0.7.35
[INFO] [stderr]    Compiling getrandom v0.2.15
[INFO] [stderr]    Compiling ppv-lite86 v0.2.20
[INFO] [stderr]    Compiling rand_core v0.6.4
[INFO] [stderr]    Compiling rand_chacha v0.3.1
[INFO] [stderr]    Compiling rand v0.8.5
[INFO] [stderr]    Compiling wave_func_collapse v0.1.0 (/opt/rustwide/workdir)
[INFO] [stdout] warning: unused imports: `create_tiles_expr` and `create_tiles_ty`
[INFO] [stdout]    --> src/grid.rs:305:14
[INFO] [stdout]     |
[INFO] [stdout] 305 |     pub use {create_tiles_expr, create_tiles_ty};
[INFO] [stdout]     |              ^^^^^^^^^^^^^^^^^  ^^^^^^^^^^^^^^^
[INFO] [stdout]     |
[INFO] [stdout]     = note: `#[warn(unused_imports)]` on by default
[INFO] [stdout] 
[INFO] [stdout] 
[INFO] [stdout] warning: unused imports: `create_tile_unit` and `create_tile`
[INFO] [stdout]    --> src/tile.rs:125:14
[INFO] [stdout]     |
[INFO] [stdout] 125 |     pub use {create_tile, create_tile_unit};
[INFO] [stdout]     |              ^^^^^^^^^^^  ^^^^^^^^^^^^^^^^
[INFO] [stdout] 
[INFO] [stdout] 
[INFO] [stdout] warning: unused imports: `create_tiles_expr` and `create_tiles_ty`
[INFO] [stdout]    --> src/grid.rs:305:14
[INFO] [stdout]     |
[INFO] [stdout] 305 |     pub use {create_tiles_expr, create_tiles_ty};
[INFO] [stdout]     |              ^^^^^^^^^^^^^^^^^  ^^^^^^^^^^^^^^^
[INFO] [stdout]     |
[INFO] [stdout]     = note: `#[warn(unused_imports)]` on by default
[INFO] [stdout] 
[INFO] [stdout] 
[INFO] [stdout] warning: unused imports: `create_tile_unit` and `create_tile`
[INFO] [stdout]    --> src/tile.rs:125:14
[INFO] [stdout]     |
[INFO] [stdout] 125 |     pub use {create_tile, create_tile_unit};
[INFO] [stdout]     |              ^^^^^^^^^^^  ^^^^^^^^^^^^^^^^
[INFO] [stdout] 
[INFO] [stdout] 
[INFO] [stderr]     Finished `test` profile [optimized + debuginfo] target(s) in 6.83s
[INFO] running `Command { std: "docker" "inspect" "b776296950e6ad8ad3351097f62e68e4c9a5d94755066b148a676e6be840a9fe", kill_on_drop: false }`
[INFO] running `Command { std: "docker" "rm" "-f" "b776296950e6ad8ad3351097f62e68e4c9a5d94755066b148a676e6be840a9fe", kill_on_drop: false }`
[INFO] [stdout] b776296950e6ad8ad3351097f62e68e4c9a5d94755066b148a676e6be840a9fe
[INFO] running `Command { std: "docker" "create" "-v" "/var/lib/crater-agent-workspace/builds/worker-6-tc1/target:/opt/rustwide/target:rw,Z" "-v" "/var/lib/crater-agent-workspace/builds/worker-6-tc1/source:/opt/rustwide/workdir:ro,Z" "-v" "/var/lib/crater-agent-workspace/cargo-home:/opt/rustwide/cargo-home:ro,Z" "-v" "/var/lib/crater-agent-workspace/rustup-home:/opt/rustwide/rustup-home:ro,Z" "-e" "SOURCE_DIR=/opt/rustwide/workdir" "-e" "CARGO_TARGET_DIR=/opt/rustwide/target" "-e" "CARGO_INCREMENTAL=0" "-e" "RUST_BACKTRACE=full" "-e" "RUSTFLAGS=--cap-lints=warn" "-e" "RUSTDOCFLAGS=--cap-lints=warn" "-e" "CARGO_HOME=/opt/rustwide/cargo-home" "-e" "RUSTUP_HOME=/opt/rustwide/rustup-home" "-w" "/opt/rustwide/workdir" "-m" "1610612736" "--user" "0:0" "--network" "none" "ghcr.io/rust-lang/crates-build-env/linux@sha256:f3a9d4ad9d972b27faf3965f35b62e55ba32bbce8f20bc8fe909558a86702fde" "/opt/rustwide/cargo-home/bin/cargo" "+1.83.0" "test" "--frozen", kill_on_drop: false }`
[INFO] [stdout] 0c2f1fc100df8ba3dd3c4755f71e1dff84eb6cc399989c1307904b09e256021f
[INFO] running `Command { std: "docker" "start" "-a" "0c2f1fc100df8ba3dd3c4755f71e1dff84eb6cc399989c1307904b09e256021f", kill_on_drop: false }`
[INFO] [stderr] warning: unused imports: `create_tiles_expr` and `create_tiles_ty`
[INFO] [stderr]    --> src/grid.rs:305:14
[INFO] [stderr]     |
[INFO] [stderr] 305 |     pub use {create_tiles_expr, create_tiles_ty};
[INFO] [stderr]     |              ^^^^^^^^^^^^^^^^^  ^^^^^^^^^^^^^^^
[INFO] [stderr]     |
[INFO] [stderr]     = note: `#[warn(unused_imports)]` on by default
[INFO] [stderr] 
[INFO] [stderr] warning: unused imports: `create_tile_unit` and `create_tile`
[INFO] [stderr]    --> src/tile.rs:125:14
[INFO] [stderr]     |
[INFO] [stderr] 125 |     pub use {create_tile, create_tile_unit};
[INFO] [stderr]     |              ^^^^^^^^^^^  ^^^^^^^^^^^^^^^^
[INFO] [stderr] 
[INFO] [stderr] warning: `wave_func_collapse` (lib) generated 2 warnings (run `cargo fix --lib -p wave_func_collapse` to apply 2 suggestions)
[INFO] [stderr] warning: `wave_func_collapse` (lib test) generated 2 warnings (2 duplicates)
[INFO] [stderr]     Finished `test` profile [optimized + debuginfo] target(s) in 0.03s
[INFO] [stderr]      Running unittests src/lib.rs (/opt/rustwide/target/debug/deps/wave_func_collapse-90298cc969022866)
[INFO] [stdout] 
[INFO] [stdout] running 1 test
[INFO] [stdout] test grid::tests::gen_map ... ok
[INFO] [stdout] 
[INFO] [stdout] test result: ok. 1 passed; 0 failed; 0 ignored; 0 measured; 0 filtered out; finished in 5.55s
[INFO] [stdout] 
[INFO] [stderr]    Doc-tests wave_func_collapse
[INFO] [stdout] 
[INFO] [stdout] running 7 tests
[INFO] [stdout] test src/grid.rs - grid::GridBuilder<T,S,UnSealed>::with_size (line 59) ... FAILED
[INFO] [stdout] test src/grid.rs - grid::GridBuilder<T,S,UnSealed>::with_tiles (line 73) ... FAILED
[INFO] [stdout] test src/../README.md - (line 8) ... FAILED
[INFO] [stdout] test src/grid.rs - grid::GridBuilder<Tiles,Size,Sealed>::build (line 122) ... FAILED
[INFO] [stdout] test src/tile.rs - tile::Tile::as_any (line 14) ... FAILED
[INFO] [stdout] test src/tile.rs - tile::Tile::rules (line 32) ... FAILED
[INFO] [stdout] test src/grid.rs - grid::GridBuilder<Tiles,Size,UnSealed>::seal (line 97) ... FAILED
[INFO] [stdout] 
[INFO] [stdout] failures:
[INFO] [stdout] 
[INFO] [stdout] ---- src/grid.rs - grid::GridBuilder<T,S,UnSealed>::with_size (line 59) stdout ----
[INFO] [stdout] error[E0433]: failed to resolve: use of undeclared crate or module `wave_function_collapse`
[INFO] [stdout]  --> src/grid.rs:60:5
[INFO] [stdout]   |
[INFO] [stdout] 3 | use wave_function_collapse::prelude::GridBuilder;
[INFO] [stdout]   |     ^^^^^^^^^^^^^^^^^^^^^^ use of undeclared crate or module `wave_function_collapse`
[INFO] [stdout]   |
[INFO] [stdout] help: there is a crate or module with a similar name
[INFO] [stdout]   |
[INFO] [stdout] 3 | use wave_func_collapse::prelude::GridBuilder;
[INFO] [stdout]   |     ~~~~~~~~~~~~~~~~~~
[INFO] [stdout] 
[INFO] [stdout] error: aborting due to 1 previous error
[INFO] [stdout] 
[INFO] [stdout] For more information about this error, try `rustc --explain E0433`.
[INFO] [stdout] Couldn't compile the test.
[INFO] [stdout] ---- src/grid.rs - grid::GridBuilder<T,S,UnSealed>::with_tiles (line 73) stdout ----
[INFO] [stdout] error[E0433]: failed to resolve: use of undeclared crate or module `wave_function_collapse`
[INFO] [stdout]  --> src/grid.rs:74:5
[INFO] [stdout]   |
[INFO] [stdout] 3 | use wave_function_collapse::prelude::*;
[INFO] [stdout]   |     ^^^^^^^^^^^^^^^^^^^^^^ use of undeclared crate or module `wave_function_collapse`
[INFO] [stdout]   |
[INFO] [stdout] help: there is a crate or module with a similar name
[INFO] [stdout]   |
[INFO] [stdout] 3 | use wave_func_collapse::prelude::*;
[INFO] [stdout]   |     ~~~~~~~~~~~~~~~~~~
[INFO] [stdout] 
[INFO] [stdout] error: cannot find macro `create_tile_unit` in this scope
[INFO] [stdout]  --> src/grid.rs:80:1
[INFO] [stdout]   |
[INFO] [stdout] 9 | create_tile_unit!(Tile1, Tile1, Tile2;);
[INFO] [stdout]   | ^^^^^^^^^^^^^^^^
[INFO] [stdout]   |
[INFO] [stdout] help: consider importing this macro
[INFO] [stdout]   |
[INFO] [stdout] 2 + use wave_func_collapse::create_tile_unit;
[INFO] [stdout]   |
[INFO] [stdout] 
[INFO] [stdout] error: cannot find macro `create_tile_unit` in this scope
[INFO] [stdout]   --> src/grid.rs:81:1
[INFO] [stdout]    |
[INFO] [stdout] 10 | create_tile_unit!(Tile2, Tile2, Tile1;);
[INFO] [stdout]    | ^^^^^^^^^^^^^^^^
[INFO] [stdout]    |
[INFO] [stdout] help: consider importing this macro
[INFO] [stdout]    |
[INFO] [stdout] 2  + use wave_func_collapse::create_tile_unit;
[INFO] [stdout]    |
[INFO] [stdout] 
[INFO] [stdout] error: cannot find macro `create_tiles_expr` in this scope
[INFO] [stdout]   --> src/grid.rs:83:50
[INFO] [stdout]    |
[INFO] [stdout] 12 | let grid_builder = GridBuilder::new().with_tiles(create_tiles_expr!(Tile1, Tile2,));
[INFO] [stdout]    |                                                  ^^^^^^^^^^^^^^^^^
[INFO] [stdout]    |
[INFO] [stdout] help: consider importing this macro
[INFO] [stdout]    |
[INFO] [stdout] 2  + use wave_func_collapse::create_tiles_expr;
[INFO] [stdout]    |
[INFO] [stdout] 
[INFO] [stdout] error[E0433]: failed to resolve: use of undeclared type `GridBuilder`
[INFO] [stdout]   --> src/grid.rs:83:20
[INFO] [stdout]    |
[INFO] [stdout] 12 | let grid_builder = GridBuilder::new().with_tiles(create_tiles_expr!(Tile1, Tile2,));
[INFO] [stdout]    |                    ^^^^^^^^^^^ use of undeclared type `GridBuilder`
[INFO] [stdout]    |
[INFO] [stdout] help: consider importing this struct
[INFO] [stdout]    |
[INFO] [stdout] 2  + use wave_func_collapse::grid::GridBuilder;
[INFO] [stdout]    |
[INFO] [stdout] 
[INFO] [stdout] error: aborting due to 5 previous errors
[INFO] [stdout] 
[INFO] [stdout] For more information about this error, try `rustc --explain E0433`.
[INFO] [stdout] Couldn't compile the test.
[INFO] [stdout] ---- src/../README.md - (line 8) stdout ----
[INFO] [stdout] error[E0433]: failed to resolve: use of undeclared crate or module `wave_function_collapse`
[INFO] [stdout]  --> src/../README.md:10:5
[INFO] [stdout]   |
[INFO] [stdout] 4 | use wave_function_collapse::prelude::*;
[INFO] [stdout]   |     ^^^^^^^^^^^^^^^^^^^^^^ use of undeclared crate or module `wave_function_collapse`
[INFO] [stdout]   |
[INFO] [stdout] help: there is a crate or module with a similar name
[INFO] [stdout]   |
[INFO] [stdout] 4 | use wave_func_collapse::prelude::*;
[INFO] [stdout]   |     ~~~~~~~~~~~~~~~~~~
[INFO] [stdout] 
[INFO] [stdout] error: cannot find macro `create_tile_unit` in this scope
[INFO] [stdout]   --> src/../README.md:22:1
[INFO] [stdout]    |
[INFO] [stdout] 16 | create_tile_unit!(Water, Water, Beach;);
[INFO] [stdout]    | ^^^^^^^^^^^^^^^^
[INFO] [stdout]    |
[INFO] [stdout] help: consider importing this macro
[INFO] [stdout]    |
[INFO] [stdout] 3  + use wave_func_collapse::create_tile_unit;
[INFO] [stdout]    |
[INFO] [stdout] 
[INFO] [stdout] error: cannot find macro `create_tile_unit` in this scope
[INFO] [stdout]   --> src/../README.md:23:1
[INFO] [stdout]    |
[INFO] [stdout] 17 | create_tile_unit!(Beach, Beach, Water Land;);
[INFO] [stdout]    | ^^^^^^^^^^^^^^^^
[INFO] [stdout]    |
[INFO] [stdout] help: consider importing this macro
[INFO] [stdout]    |
[INFO] [stdout] 3  + use wave_func_collapse::create_tile_unit;
[INFO] [stdout]    |
[INFO] [stdout] 
[INFO] [stdout] error: cannot find macro `create_tile_unit` in this scope
[INFO] [stdout]   --> src/../README.md:24:1
[INFO] [stdout]    |
[INFO] [stdout] 18 | create_tile_unit!(Land, Land, Beach;);
[INFO] [stdout]    | ^^^^^^^^^^^^^^^^
[INFO] [stdout]    |
[INFO] [stdout] help: consider importing this macro
[INFO] [stdout]    |
[INFO] [stdout] 3  + use wave_func_collapse::create_tile_unit;
[INFO] [stdout]    |
[INFO] [stdout] 
[INFO] [stdout] error: cannot find macro `create_tiles_expr` in this scope
[INFO] [stdout]   --> src/../README.md:29:32
[INFO] [stdout]    |
[INFO] [stdout] 23 | let tiles: Vec<Rc<dyn Tile>> = create_tiles_expr!(
[INFO] [stdout]    |                                ^^^^^^^^^^^^^^^^^
[INFO] [stdout]    |
[INFO] [stdout] help: consider importing this macro
[INFO] [stdout]    |
[INFO] [stdout] 3  + use wave_func_collapse::create_tiles_expr;
[INFO] [stdout]    |
[INFO] [stdout] 
[INFO] [stdout] error[E0405]: cannot find trait `Tile` in this scope
[INFO] [stdout]   --> src/../README.md:29:23
[INFO] [stdout]    |
[INFO] [stdout] 23 | let tiles: Vec<Rc<dyn Tile>> = create_tiles_expr!(
[INFO] [stdout]    |                       ^^^^ not found in this scope
[INFO] [stdout]    |
[INFO] [stdout] help: consider importing this trait
[INFO] [stdout]    |
[INFO] [stdout] 3  + use wave_func_collapse::tile::Tile;
[INFO] [stdout]    |
[INFO] [stdout] 
[INFO] [stdout] error[E0433]: failed to resolve: use of undeclared type `GridBuilder`
[INFO] [stdout]   --> src/../README.md:34:20
[INFO] [stdout]    |
[INFO] [stdout] 28 | let grid_builder = GridBuilder::new().with_size(size).with_tiles(tiles).seal();
[INFO] [stdout]    |                    ^^^^^^^^^^^ use of undeclared type `GridBuilder`
[INFO] [stdout]    |
[INFO] [stdout] help: consider importing this struct
[INFO] [stdout]    |
[INFO] [stdout] 3  + use wave_func_collapse::grid::GridBuilder;
[INFO] [stdout]    |
[INFO] [stdout] 
[INFO] [stdout] error: aborting due to 7 previous errors
[INFO] [stdout] 
[INFO] [stdout] Some errors have detailed explanations: E0405, E0433.
[INFO] [stdout] For more information about an error, try `rustc --explain E0405`.
[INFO] [stdout] Couldn't compile the test.
[INFO] [stdout] ---- src/grid.rs - grid::GridBuilder<Tiles,Size,Sealed>::build (line 122) stdout ----
[INFO] [stdout] error[E0433]: failed to resolve: use of undeclared crate or module `wave_function_collapse`
[INFO] [stdout]  --> src/grid.rs:123:5
[INFO] [stdout]   |
[INFO] [stdout] 3 | use wave_function_collapse::prelude::*;
[INFO] [stdout]   |     ^^^^^^^^^^^^^^^^^^^^^^ use of undeclared crate or module `wave_function_collapse`
[INFO] [stdout]   |
[INFO] [stdout] help: there is a crate or module with a similar name
[INFO] [stdout]   |
[INFO] [stdout] 3 | use wave_func_collapse::prelude::*;
[INFO] [stdout]   |     ~~~~~~~~~~~~~~~~~~
[INFO] [stdout] 
[INFO] [stdout] error: cannot find macro `create_tile_unit` in this scope
[INFO] [stdout]  --> src/grid.rs:129:1
[INFO] [stdout]   |
[INFO] [stdout] 9 | create_tile_unit!(Tile1, Tile1, Tile2;);
[INFO] [stdout]   | ^^^^^^^^^^^^^^^^
[INFO] [stdout]   |
[INFO] [stdout] help: consider importing this macro
[INFO] [stdout]   |
[INFO] [stdout] 2 + use wave_func_collapse::create_tile_unit;
[INFO] [stdout]   |
[INFO] [stdout] 
[INFO] [stdout] error: cannot find macro `create_tile_unit` in this scope
[INFO] [stdout]   --> src/grid.rs:130:1
[INFO] [stdout]    |
[INFO] [stdout] 10 | create_tile_unit!(Tile2, Tile2, Tile1;);
[INFO] [stdout]    | ^^^^^^^^^^^^^^^^
[INFO] [stdout]    |
[INFO] [stdout] help: consider importing this macro
[INFO] [stdout]    |
[INFO] [stdout] 2  + use wave_func_collapse::create_tile_unit;
[INFO] [stdout]    |
[INFO] [stdout] 
[INFO] [stdout] error: cannot find macro `create_tiles_expr` in this scope
[INFO] [stdout]   --> src/grid.rs:132:50
[INFO] [stdout]    |
[INFO] [stdout] 12 | let grid_builder = GridBuilder::new().with_tiles(create_tiles_expr!(Tile1, Tile2,)).with_size((10, 10)).seal();
[INFO] [stdout]    |                                                  ^^^^^^^^^^^^^^^^^
[INFO] [stdout]    |
[INFO] [stdout] help: consider importing this macro
[INFO] [stdout]    |
[INFO] [stdout] 2  + use wave_func_collapse::create_tiles_expr;
[INFO] [stdout]    |
[INFO] [stdout] 
[INFO] [stdout] error[E0433]: failed to resolve: use of undeclared type `GridBuilder`
[INFO] [stdout]   --> src/grid.rs:132:20
[INFO] [stdout]    |
[INFO] [stdout] 12 | let grid_builder = GridBuilder::new().with_tiles(create_tiles_expr!(Tile1, Tile2,)).with_size((10, 10)).seal();
[INFO] [stdout]    |                    ^^^^^^^^^^^ use of undeclared type `GridBuilder`
[INFO] [stdout]    |
[INFO] [stdout] help: consider importing this struct
[INFO] [stdout]    |
[INFO] [stdout] 2  + use wave_func_collapse::grid::GridBuilder;
[INFO] [stdout]    |
[INFO] [stdout] 
[INFO] [stdout] error: aborting due to 5 previous errors
[INFO] [stdout] 
[INFO] [stdout] For more information about this error, try `rustc --explain E0433`.
[INFO] [stdout] Couldn't compile the test.
[INFO] [stdout] ---- src/tile.rs - tile::Tile::as_any (line 14) stdout ----
[INFO] [stdout] error[E0433]: failed to resolve: use of undeclared crate or module `wave_function_collapse`
[INFO] [stdout]  --> src/tile.rs:17:5
[INFO] [stdout]   |
[INFO] [stdout] 5 | use wave_function_collapse::prelude::*;
[INFO] [stdout]   |     ^^^^^^^^^^^^^^^^^^^^^^ use of undeclared crate or module `wave_function_collapse`
[INFO] [stdout]   |
[INFO] [stdout] help: there is a crate or module with a similar name
[INFO] [stdout]   |
[INFO] [stdout] 5 | use wave_func_collapse::prelude::*;
[INFO] [stdout]   |     ~~~~~~~~~~~~~~~~~~
[INFO] [stdout] 
[INFO] [stdout] error: cannot find macro `create_tile_unit` in this scope
[INFO] [stdout]  --> src/tile.rs:21:1
[INFO] [stdout]   |
[INFO] [stdout] 9 | create_tile_unit!(SimpleTile, SimpleTile,;);
[INFO] [stdout]   | ^^^^^^^^^^^^^^^^
[INFO] [stdout]   |
[INFO] [stdout] help: consider importing this macro
[INFO] [stdout]   |
[INFO] [stdout] 2 + use wave_func_collapse::create_tile_unit;
[INFO] [stdout]   |
[INFO] [stdout] 
[INFO] [stdout] error[E0405]: cannot find trait `Tile` in this scope
[INFO] [stdout]   --> src/tile.rs:22:18
[INFO] [stdout]    |
[INFO] [stdout] 10 | let tile: Rc<dyn Tile> = Rc::new(SimpleTile);
[INFO] [stdout]    |                  ^^^^ not found in this scope
[INFO] [stdout]    |
[INFO] [stdout] help: consider importing this trait
[INFO] [stdout]    |
[INFO] [stdout] 2  + use wave_func_collapse::tile::Tile;
[INFO] [stdout]    |
[INFO] [stdout] 
[INFO] [stdout] error: aborting due to 3 previous errors
[INFO] [stdout] 
[INFO] [stdout] Some errors have detailed explanations: E0405, E0433.
[INFO] [stdout] For more information about an error, try `rustc --explain E0405`.
[INFO] [stdout] Couldn't compile the test.
[INFO] [stdout] ---- src/tile.rs - tile::Tile::rules (line 32) stdout ----
[INFO] [stdout] error[E0433]: failed to resolve: use of undeclared crate or module `wave_function_collapse`
[INFO] [stdout]  --> src/tile.rs:35:5
[INFO] [stdout]   |
[INFO] [stdout] 5 | use wave_function_collapse::prelude::*;
[INFO] [stdout]   |     ^^^^^^^^^^^^^^^^^^^^^^ use of undeclared crate or module `wave_function_collapse`
[INFO] [stdout]   |
[INFO] [stdout] help: there is a crate or module with a similar name
[INFO] [stdout]   |
[INFO] [stdout] 5 | use wave_func_collapse::prelude::*;
[INFO] [stdout]   |     ~~~~~~~~~~~~~~~~~~
[INFO] [stdout] 
[INFO] [stdout] error: cannot find macro `create_tile_unit` in this scope
[INFO] [stdout]   --> src/tile.rs:41:1
[INFO] [stdout]    |
[INFO] [stdout] 11 | create_tile_unit!(SimpleTile1, SimpleTile1, SimpleTile2;);
[INFO] [stdout]    | ^^^^^^^^^^^^^^^^
[INFO] [stdout]    |
[INFO] [stdout] help: consider importing this macro
[INFO] [stdout]    |
[INFO] [stdout] 2  + use wave_func_collapse::create_tile_unit;
[INFO] [stdout]    |
[INFO] [stdout] 
[INFO] [stdout] error: cannot find macro `create_tile_unit` in this scope
[INFO] [stdout]   --> src/tile.rs:42:1
[INFO] [stdout]    |
[INFO] [stdout] 12 | create_tile_unit!(SimpleTile2, SimpleTile2, SimpleTile1;);
[INFO] [stdout]    | ^^^^^^^^^^^^^^^^
[INFO] [stdout]    |
[INFO] [stdout] help: consider importing this macro
[INFO] [stdout]    |
[INFO] [stdout] 2  + use wave_func_collapse::create_tile_unit;
[INFO] [stdout]    |
[INFO] [stdout] 
[INFO] [stdout] error[E0405]: cannot find trait `Tile` in this scope
[INFO] [stdout]   --> src/tile.rs:43:18
[INFO] [stdout]    |
[INFO] [stdout] 13 | let tile: Rc<dyn Tile> = Rc::new(SimpleTile1);
[INFO] [stdout]    |                  ^^^^ not found in this scope
[INFO] [stdout]    |
[INFO] [stdout] help: consider importing this trait
[INFO] [stdout]    |
[INFO] [stdout] 2  + use wave_func_collapse::tile::Tile;
[INFO] [stdout]    |
[INFO] [stdout] 
[INFO] [stdout] error: aborting due to 4 previous errors
[INFO] [stdout] 
[INFO] [stdout] Some errors have detailed explanations: E0405, E0433.
[INFO] [stdout] For more information about an error, try `rustc --explain E0405`.
[INFO] [stdout] Couldn't compile the test.
[INFO] [stdout] ---- src/grid.rs - grid::GridBuilder<Tiles,Size,UnSealed>::seal (line 97) stdout ----
[INFO] [stdout] error[E0433]: failed to resolve: use of undeclared crate or module `wave_function_collapse`
[INFO] [stdout]  --> src/grid.rs:98:5
[INFO] [stdout]   |
[INFO] [stdout] 3 | use wave_function_collapse::prelude::*;
[INFO] [stdout]   |     ^^^^^^^^^^^^^^^^^^^^^^ use of undeclared crate or module `wave_function_collapse`
[INFO] [stdout]   |
[INFO] [stdout] help: there is a crate or module with a similar name
[INFO] [stdout]   |
[INFO] [stdout] 3 | use wave_func_collapse::prelude::*;
[INFO] [stdout]   |     ~~~~~~~~~~~~~~~~~~
[INFO] [stdout] 
[INFO] [stdout] error: cannot find macro `create_tile_unit` in this scope
[INFO] [stdout]  --> src/grid.rs:104:1
[INFO] [stdout]   |
[INFO] [stdout] 9 | create_tile_unit!(Tile1, Tile1, Tile2;);
[INFO] [stdout]   | ^^^^^^^^^^^^^^^^
[INFO] [stdout]   |
[INFO] [stdout] help: consider importing this macro
[INFO] [stdout]   |
[INFO] [stdout] 2 + use wave_func_collapse::create_tile_unit;
[INFO] [stdout]   |
[INFO] [stdout] 
[INFO] [stdout] error: cannot find macro `create_tile_unit` in this scope
[INFO] [stdout]   --> src/grid.rs:105:1
[INFO] [stdout]    |
[INFO] [stdout] 10 | create_tile_unit!(Tile2, Tile2, Tile1;);
[INFO] [stdout]    | ^^^^^^^^^^^^^^^^
[INFO] [stdout]    |
[INFO] [stdout] help: consider importing this macro
[INFO] [stdout]    |
[INFO] [stdout] 2  + use wave_func_collapse::create_tile_unit;
[INFO] [stdout]    |
[INFO] [stdout] 
[INFO] [stdout] error: cannot find macro `create_tiles_expr` in this scope
[INFO] [stdout]   --> src/grid.rs:107:50
[INFO] [stdout]    |
[INFO] [stdout] 12 | let grid_builder = GridBuilder::new().with_tiles(create_tiles_expr!(Tile1, Tile2,)).with_size((10, 10)).seal();
[INFO] [stdout]    |                                                  ^^^^^^^^^^^^^^^^^
[INFO] [stdout]    |
[INFO] [stdout] help: consider importing this macro
[INFO] [stdout]    |
[INFO] [stdout] 2  + use wave_func_collapse::create_tiles_expr;
[INFO] [stdout]    |
[INFO] [stdout] 
[INFO] [stdout] error[E0433]: failed to resolve: use of undeclared type `GridBuilder`
[INFO] [stdout]   --> src/grid.rs:107:20
[INFO] [stdout]    |
[INFO] [stdout] 12 | let grid_builder = GridBuilder::new().with_tiles(create_tiles_expr!(Tile1, Tile2,)).with_size((10, 10)).seal();
[INFO] [stdout]    |                    ^^^^^^^^^^^ use of undeclared type `GridBuilder`
[INFO] [stdout]    |
[INFO] [stdout] help: consider importing this struct
[INFO] [stdout]    |
[INFO] [stdout] 2  + use wave_func_collapse::grid::GridBuilder;
[INFO] [stdout]    |
[INFO] [stdout] 
[INFO] [stdout] error: aborting due to 5 previous errors
[INFO] [stdout] 
[INFO] [stdout] For more information about this error, try `rustc --explain E0433`.
[INFO] [stdout] Couldn't compile the test.
[INFO] [stdout] 
[INFO] [stdout] failures:
[INFO] [stdout]     src/../README.md - (line 8)
[INFO] [stdout]     src/grid.rs - grid::GridBuilder<T,S,UnSealed>::with_size (line 59)
[INFO] [stdout]     src/grid.rs - grid::GridBuilder<T,S,UnSealed>::with_tiles (line 73)
[INFO] [stdout]     src/grid.rs - grid::GridBuilder<Tiles,Size,Sealed>::build (line 122)
[INFO] [stdout]     src/grid.rs - grid::GridBuilder<Tiles,Size,UnSealed>::seal (line 97)
[INFO] [stdout]     src/tile.rs - tile::Tile::as_any (line 14)
[INFO] [stdout]     src/tile.rs - tile::Tile::rules (line 32)
[INFO] [stdout] 
[INFO] [stdout] test result: FAILED. 0 passed; 7 failed; 0 ignored; 0 measured; 0 filtered out; finished in 0.39s
[INFO] [stdout] 
[INFO] [stderr] error: doctest failed, to rerun pass `--doc`
[INFO] running `Command { std: "docker" "inspect" "0c2f1fc100df8ba3dd3c4755f71e1dff84eb6cc399989c1307904b09e256021f", kill_on_drop: false }`
[INFO] running `Command { std: "docker" "rm" "-f" "0c2f1fc100df8ba3dd3c4755f71e1dff84eb6cc399989c1307904b09e256021f", kill_on_drop: false }`
[INFO] [stdout] 0c2f1fc100df8ba3dd3c4755f71e1dff84eb6cc399989c1307904b09e256021f
