[INFO] fetching crate wassily 0.1.0...
[INFO] testing wassily-0.1.0 against 1.83.0 for beta-1.84.0-4-retry
[INFO] extracting crate wassily 0.1.0 into /workspace/builds/worker-2-tc1/source
[INFO] validating manifest of crates.io crate wassily 0.1.0 on toolchain 1.83.0
[INFO] running `Command { std: CARGO_HOME="/workspace/cargo-home" RUSTUP_HOME="/workspace/rustup-home" "/workspace/cargo-home/bin/cargo" "+1.83.0" "metadata" "--manifest-path" "Cargo.toml" "--no-deps", kill_on_drop: false }`
[INFO] started tweaking crates.io crate wassily 0.1.0
[INFO] finished tweaking crates.io crate wassily 0.1.0
[INFO] tweaked toml for crates.io crate wassily 0.1.0 written to /workspace/builds/worker-2-tc1/source/Cargo.toml
[INFO] crate crates.io crate wassily 0.1.0 already has a lockfile, it will not be regenerated
[INFO] running `Command { std: CARGO_HOME="/workspace/cargo-home" RUSTUP_HOME="/workspace/rustup-home" "/workspace/cargo-home/bin/cargo" "+1.83.0" "fetch" "--manifest-path" "Cargo.toml", kill_on_drop: false }`
[INFO] [stderr]     Updating crates.io index
[INFO] [stderr]  Downloading crates ...
[INFO] [stderr]   Downloaded palette_derive v0.7.2
[INFO] [stderr]   Downloaded tiny-skia-path v0.11.1
[INFO] [stderr]   Downloaded tiny-skia v0.11.1
[INFO] [stderr]   Downloaded palette v0.7.2
[INFO] [stderr]   Downloaded color-thief v0.2.2
[INFO] running `Command { std: "docker" "create" "-v" "/var/lib/crater-agent-workspace/builds/worker-2-tc1/target:/opt/rustwide/target:rw,Z" "-v" "/var/lib/crater-agent-workspace/builds/worker-2-tc1/source:/opt/rustwide/workdir:ro,Z" "-v" "/var/lib/crater-agent-workspace/cargo-home:/opt/rustwide/cargo-home:ro,Z" "-v" "/var/lib/crater-agent-workspace/rustup-home:/opt/rustwide/rustup-home:ro,Z" "-e" "SOURCE_DIR=/opt/rustwide/workdir" "-e" "CARGO_TARGET_DIR=/opt/rustwide/target" "-e" "CARGO_HOME=/opt/rustwide/cargo-home" "-e" "RUSTUP_HOME=/opt/rustwide/rustup-home" "-w" "/opt/rustwide/workdir" "-m" "1610612736" "--user" "0:0" "--network" "none" "ghcr.io/rust-lang/crates-build-env/linux@sha256:f3a9d4ad9d972b27faf3965f35b62e55ba32bbce8f20bc8fe909558a86702fde" "/opt/rustwide/cargo-home/bin/cargo" "+1.83.0" "metadata" "--no-deps" "--format-version=1", kill_on_drop: false }`
[INFO] [stdout] b5b900926dbe9171cf11565ff1601126499def0a1e0d6916fc03036aae9f17f4
[INFO] running `Command { std: "docker" "start" "-a" "b5b900926dbe9171cf11565ff1601126499def0a1e0d6916fc03036aae9f17f4", kill_on_drop: false }`
[INFO] running `Command { std: "docker" "inspect" "b5b900926dbe9171cf11565ff1601126499def0a1e0d6916fc03036aae9f17f4", kill_on_drop: false }`
[INFO] running `Command { std: "docker" "rm" "-f" "b5b900926dbe9171cf11565ff1601126499def0a1e0d6916fc03036aae9f17f4", kill_on_drop: false }`
[INFO] [stdout] b5b900926dbe9171cf11565ff1601126499def0a1e0d6916fc03036aae9f17f4
[INFO] running `Command { std: "docker" "create" "-v" "/var/lib/crater-agent-workspace/builds/worker-2-tc1/target:/opt/rustwide/target:rw,Z" "-v" "/var/lib/crater-agent-workspace/builds/worker-2-tc1/source:/opt/rustwide/workdir:ro,Z" "-v" "/var/lib/crater-agent-workspace/cargo-home:/opt/rustwide/cargo-home:ro,Z" "-v" "/var/lib/crater-agent-workspace/rustup-home:/opt/rustwide/rustup-home:ro,Z" "-e" "SOURCE_DIR=/opt/rustwide/workdir" "-e" "CARGO_TARGET_DIR=/opt/rustwide/target" "-e" "CARGO_INCREMENTAL=0" "-e" "RUST_BACKTRACE=full" "-e" "RUSTFLAGS=--cap-lints=warn" "-e" "RUSTDOCFLAGS=--cap-lints=warn" "-e" "CARGO_HOME=/opt/rustwide/cargo-home" "-e" "RUSTUP_HOME=/opt/rustwide/rustup-home" "-w" "/opt/rustwide/workdir" "-m" "1610612736" "--user" "0:0" "--network" "none" "ghcr.io/rust-lang/crates-build-env/linux@sha256:f3a9d4ad9d972b27faf3965f35b62e55ba32bbce8f20bc8fe909558a86702fde" "/opt/rustwide/cargo-home/bin/cargo" "+1.83.0" "build" "--frozen" "--message-format=json", kill_on_drop: false }`
[INFO] [stdout] d35500f3d6b08f2d2fa30ca1e74a8d3726fb15254fec5c8536772967e9a963c8
[INFO] running `Command { std: "docker" "start" "-a" "d35500f3d6b08f2d2fa30ca1e74a8d3726fb15254fec5c8536772967e9a963c8", kill_on_drop: false }`
[INFO] [stderr]    Compiling autocfg v1.1.0
[INFO] [stderr]    Compiling cfg-if v1.0.0
[INFO] [stderr]    Compiling libc v0.2.145
[INFO] [stderr]    Compiling proc-macro2 v1.0.59
[INFO] [stderr]    Compiling unicode-ident v1.0.9
[INFO] [stderr]    Compiling quote v1.0.28
[INFO] [stderr]    Compiling crossbeam-utils v0.8.15
[INFO] [stderr]    Compiling libm v0.2.7
[INFO] [stderr]    Compiling scopeguard v1.1.0
[INFO] [stderr]    Compiling simd-adler32 v0.3.5
[INFO] [stderr]    Compiling crc32fast v1.3.2
[INFO] [stderr]    Compiling adler v1.0.2
[INFO] [stderr]    Compiling rayon-core v1.11.0
[INFO] [stderr]    Compiling getrandom v0.1.16
[INFO] [stderr]    Compiling ppv-lite86 v0.2.17
[INFO] [stderr]    Compiling bytemuck v1.13.1
[INFO] [stderr]    Compiling siphasher v0.3.10
[INFO] [stderr]    Compiling syn v1.0.109
[INFO] [stderr]    Compiling rand_core v0.6.4
[INFO] [stderr]    Compiling futures-core v0.3.28
[INFO] [stderr]    Compiling either v1.8.1
[INFO] [stderr]    Compiling futures-sink v0.3.28
[INFO] [stderr]    Compiling bitflags v1.3.2
[INFO] [stderr]    Compiling miniz_oxide v0.7.1
[INFO] [stderr]    Compiling phf_shared v0.11.1
[INFO] [stderr]    Compiling fdeflate v0.3.0
[INFO] [stderr]    Compiling log v0.4.18
[INFO] [stderr]    Compiling rand v0.8.5
[INFO] [stderr]    Compiling weezl v0.1.7
[INFO] [stderr]    Compiling zune-inflate v0.2.54
[INFO] [stderr]    Compiling arrayref v0.3.7
[INFO] [stderr]    Compiling smallvec v1.10.0
[INFO] [stderr]    Compiling lebe v0.5.2
[INFO] [stderr]    Compiling num-traits v0.2.15
[INFO] [stderr]    Compiling memoffset v0.8.0
[INFO] [stderr]    Compiling crossbeam-epoch v0.9.14
[INFO] [stderr]    Compiling lock_api v0.4.9
[INFO] [stderr]    Compiling flate2 v1.0.26
[INFO] [stderr]    Compiling num-integer v0.1.45
[INFO] [stderr]    Compiling num-rational v0.4.1
[INFO] [stderr]    Compiling half v2.2.1
[INFO] [stderr]    Compiling palette v0.7.2
[INFO] [stderr]    Compiling bit_field v0.10.2
[INFO] [stderr]    Compiling strict-num v0.1.1
[INFO] [stderr]    Compiling phf_generator v0.11.1
[INFO] [stderr]    Compiling color_quant v1.1.0
[INFO] [stderr]    Compiling tiny-skia-path v0.11.1
[INFO] [stderr]    Compiling rgb v0.8.36
[INFO] [stderr]    Compiling qoi v0.4.1
[INFO] [stderr]    Compiling spin v0.9.8
[INFO] [stderr]    Compiling crossbeam-channel v0.5.8
[INFO] [stderr]    Compiling gif v0.12.0
[INFO] [stderr]    Compiling fast-srgb8 v1.0.0
[INFO] [stderr]    Compiling byteorder v1.4.3
[INFO] [stderr]    Compiling arrayvec v0.7.2
[INFO] [stderr]    Compiling once_cell v1.18.0
[INFO] [stderr]    Compiling png v0.17.8
[INFO] [stderr]    Compiling color-thief v0.2.2
[INFO] [stderr]    Compiling getrandom v0.2.9
[INFO] [stderr]    Compiling syn v2.0.18
[INFO] [stderr]    Compiling crossbeam-deque v0.8.3
[INFO] [stderr]    Compiling num_cpus v1.15.0
[INFO] [stderr]    Compiling nanorand v0.7.0
[INFO] [stderr]    Compiling rand_chacha v0.3.1
[INFO] [stderr]    Compiling rand_core v0.5.1
[INFO] [stderr]    Compiling rand_chacha v0.2.2
[INFO] [stderr]    Compiling rand_xorshift v0.2.0
[INFO] [stderr]    Compiling approx v0.5.1
[INFO] [stderr]    Compiling num-complex v0.4.3
[INFO] [stderr]    Compiling rand v0.7.3
[INFO] [stderr]    Compiling tiny-skia v0.11.1
[INFO] [stderr]    Compiling rayon v1.7.0
[INFO] [stderr]    Compiling rand_distr v0.4.3
[INFO] [stderr]    Compiling noise v0.8.2
[INFO] [stderr]    Compiling jpeg-decoder v0.3.0
[INFO] [stderr]    Compiling phf_macros v0.11.1
[INFO] [stderr]    Compiling tiff v0.8.1
[INFO] [stderr]    Compiling phf v0.11.1
[INFO] [stderr]    Compiling pin-project-internal v1.1.0
[INFO] [stderr]    Compiling palette_derive v0.7.2
[INFO] [stderr]    Compiling pin-project v1.1.0
[INFO] [stderr]    Compiling flume v0.10.14
[INFO] [stderr]    Compiling exr v1.6.4
[INFO] [stderr]    Compiling image v0.24.6
[INFO] [stderr]    Compiling wassily v0.1.0 (/opt/rustwide/workdir)
[INFO] [stdout] warning: ambiguous glob re-exports
[INFO] [stdout]   --> src/prelude.rs:4:9
[INFO] [stdout]    |
[INFO] [stdout] 4  | pub use crate::endo2d::*;
[INFO] [stdout]    |         ^^^^^^^^^^^^^^^^ the name `polar` in the value namespace is first re-exported here
[INFO] [stdout] ...
[INFO] [stdout] 16 | pub use crate::points::*;
[INFO] [stdout]    |         ---------------- but the name `polar` in the value namespace is also re-exported here
[INFO] [stdout]    |
[INFO] [stdout]    = note: `#[warn(ambiguous_glob_reexports)]` on by default
[INFO] [stdout] 
[INFO] [stdout] 
[INFO] [stdout] warning: ambiguous glob re-exports
[INFO] [stdout]   --> src/prelude.rs:7:9
[INFO] [stdout]    |
[INFO] [stdout] 7  | pub use crate::kolor::*;
[INFO] [stdout]    |         ^^^^^^^^^^^^^^^ the name `ColorMap` in the type namespace is first re-exported here
[INFO] [stdout] ...
[INFO] [stdout] 12 | pub use crate::noises::img_noise::*;
[INFO] [stdout]    |         --------------------------- but the name `ColorMap` in the type namespace is also re-exported here
[INFO] [stdout] 
[INFO] [stdout] 
[INFO] [stderr]     Finished `dev` profile [unoptimized + debuginfo] target(s) in 37.01s
[INFO] running `Command { std: "docker" "inspect" "d35500f3d6b08f2d2fa30ca1e74a8d3726fb15254fec5c8536772967e9a963c8", kill_on_drop: false }`
[INFO] running `Command { std: "docker" "rm" "-f" "d35500f3d6b08f2d2fa30ca1e74a8d3726fb15254fec5c8536772967e9a963c8", kill_on_drop: false }`
[INFO] [stdout] d35500f3d6b08f2d2fa30ca1e74a8d3726fb15254fec5c8536772967e9a963c8
[INFO] running `Command { std: "docker" "create" "-v" "/var/lib/crater-agent-workspace/builds/worker-2-tc1/target:/opt/rustwide/target:rw,Z" "-v" "/var/lib/crater-agent-workspace/builds/worker-2-tc1/source:/opt/rustwide/workdir:ro,Z" "-v" "/var/lib/crater-agent-workspace/cargo-home:/opt/rustwide/cargo-home:ro,Z" "-v" "/var/lib/crater-agent-workspace/rustup-home:/opt/rustwide/rustup-home:ro,Z" "-e" "SOURCE_DIR=/opt/rustwide/workdir" "-e" "CARGO_TARGET_DIR=/opt/rustwide/target" "-e" "CARGO_INCREMENTAL=0" "-e" "RUST_BACKTRACE=full" "-e" "RUSTFLAGS=--cap-lints=warn" "-e" "RUSTDOCFLAGS=--cap-lints=warn" "-e" "CARGO_HOME=/opt/rustwide/cargo-home" "-e" "RUSTUP_HOME=/opt/rustwide/rustup-home" "-w" "/opt/rustwide/workdir" "-m" "1610612736" "--user" "0:0" "--network" "none" "ghcr.io/rust-lang/crates-build-env/linux@sha256:f3a9d4ad9d972b27faf3965f35b62e55ba32bbce8f20bc8fe909558a86702fde" "/opt/rustwide/cargo-home/bin/cargo" "+1.83.0" "test" "--frozen" "--no-run" "--message-format=json", kill_on_drop: false }`
[INFO] [stdout] 8e321bbeee9d2e12dca7d1c182baf86d202286a85fe467dc60215b49001eed13
[INFO] running `Command { std: "docker" "start" "-a" "8e321bbeee9d2e12dca7d1c182baf86d202286a85fe467dc60215b49001eed13", kill_on_drop: false }`
[INFO] [stdout] warning: ambiguous glob re-exports
[INFO] [stdout]   --> src/prelude.rs:4:9
[INFO] [stdout]    |
[INFO] [stdout] 4  | pub use crate::endo2d::*;
[INFO] [stdout]    |         ^^^^^^^^^^^^^^^^ the name `polar` in the value namespace is first re-exported here
[INFO] [stdout] ...
[INFO] [stdout] 16 | pub use crate::points::*;
[INFO] [stdout]    |         ---------------- but the name `polar` in the value namespace is also re-exported here
[INFO] [stdout]    |
[INFO] [stdout]    = note: `#[warn(ambiguous_glob_reexports)]` on by default
[INFO] [stdout] 
[INFO] [stdout] 
[INFO] [stdout] warning: ambiguous glob re-exports
[INFO] [stdout]   --> src/prelude.rs:7:9
[INFO] [stdout]    |
[INFO] [stdout] 7  | pub use crate::kolor::*;
[INFO] [stdout]    |         ^^^^^^^^^^^^^^^ the name `ColorMap` in the type namespace is first re-exported here
[INFO] [stdout] ...
[INFO] [stdout] 12 | pub use crate::noises::img_noise::*;
[INFO] [stdout]    |         --------------------------- but the name `ColorMap` in the type namespace is also re-exported here
[INFO] [stdout] 
[INFO] [stdout] 
[INFO] [stderr]    Compiling wassily v0.1.0 (/opt/rustwide/workdir)
[INFO] [stdout] warning: ambiguous glob re-exports
[INFO] [stdout]   --> src/prelude.rs:4:9
[INFO] [stdout]    |
[INFO] [stdout] 4  | pub use crate::endo2d::*;
[INFO] [stdout]    |         ^^^^^^^^^^^^^^^^ the name `polar` in the value namespace is first re-exported here
[INFO] [stdout] ...
[INFO] [stdout] 16 | pub use crate::points::*;
[INFO] [stdout]    |         ---------------- but the name `polar` in the value namespace is also re-exported here
[INFO] [stdout]    |
[INFO] [stdout]    = note: `#[warn(ambiguous_glob_reexports)]` on by default
[INFO] [stdout] 
[INFO] [stdout] 
[INFO] [stdout] warning: ambiguous glob re-exports
[INFO] [stdout]   --> src/prelude.rs:7:9
[INFO] [stdout]    |
[INFO] [stdout] 7  | pub use crate::kolor::*;
[INFO] [stdout]    |         ^^^^^^^^^^^^^^^ the name `ColorMap` in the type namespace is first re-exported here
[INFO] [stdout] ...
[INFO] [stdout] 12 | pub use crate::noises::img_noise::*;
[INFO] [stdout]    |         --------------------------- but the name `ColorMap` in the type namespace is also re-exported here
[INFO] [stdout] 
[INFO] [stdout] 
[INFO] [stderr]     Finished `test` profile [unoptimized + debuginfo] target(s) in 4.02s
[INFO] running `Command { std: "docker" "inspect" "8e321bbeee9d2e12dca7d1c182baf86d202286a85fe467dc60215b49001eed13", kill_on_drop: false }`
[INFO] running `Command { std: "docker" "rm" "-f" "8e321bbeee9d2e12dca7d1c182baf86d202286a85fe467dc60215b49001eed13", kill_on_drop: false }`
[INFO] [stdout] 8e321bbeee9d2e12dca7d1c182baf86d202286a85fe467dc60215b49001eed13
[INFO] running `Command { std: "docker" "create" "-v" "/var/lib/crater-agent-workspace/builds/worker-2-tc1/target:/opt/rustwide/target:rw,Z" "-v" "/var/lib/crater-agent-workspace/builds/worker-2-tc1/source:/opt/rustwide/workdir:ro,Z" "-v" "/var/lib/crater-agent-workspace/cargo-home:/opt/rustwide/cargo-home:ro,Z" "-v" "/var/lib/crater-agent-workspace/rustup-home:/opt/rustwide/rustup-home:ro,Z" "-e" "SOURCE_DIR=/opt/rustwide/workdir" "-e" "CARGO_TARGET_DIR=/opt/rustwide/target" "-e" "CARGO_INCREMENTAL=0" "-e" "RUST_BACKTRACE=full" "-e" "RUSTFLAGS=--cap-lints=warn" "-e" "RUSTDOCFLAGS=--cap-lints=warn" "-e" "CARGO_HOME=/opt/rustwide/cargo-home" "-e" "RUSTUP_HOME=/opt/rustwide/rustup-home" "-w" "/opt/rustwide/workdir" "-m" "1610612736" "--user" "0:0" "--network" "none" "ghcr.io/rust-lang/crates-build-env/linux@sha256:f3a9d4ad9d972b27faf3965f35b62e55ba32bbce8f20bc8fe909558a86702fde" "/opt/rustwide/cargo-home/bin/cargo" "+1.83.0" "test" "--frozen", kill_on_drop: false }`
[INFO] [stdout] f30b7bfcc3de23c647080230137ef10410d87682876ebdc7643aa54c395bffc3
[INFO] running `Command { std: "docker" "start" "-a" "f30b7bfcc3de23c647080230137ef10410d87682876ebdc7643aa54c395bffc3", kill_on_drop: false }`
[INFO] [stderr] warning: ambiguous glob re-exports
[INFO] [stderr]   --> src/prelude.rs:4:9
[INFO] [stderr]    |
[INFO] [stderr] 4  | pub use crate::endo2d::*;
[INFO] [stderr]    |         ^^^^^^^^^^^^^^^^ the name `polar` in the value namespace is first re-exported here
[INFO] [stderr] ...
[INFO] [stderr] 16 | pub use crate::points::*;
[INFO] [stderr]    |         ---------------- but the name `polar` in the value namespace is also re-exported here
[INFO] [stderr]    |
[INFO] [stderr]    = note: `#[warn(ambiguous_glob_reexports)]` on by default
[INFO] [stderr] 
[INFO] [stderr] warning: ambiguous glob re-exports
[INFO] [stderr]   --> src/prelude.rs:7:9
[INFO] [stderr]    |
[INFO] [stderr] 7  | pub use crate::kolor::*;
[INFO] [stderr]    |         ^^^^^^^^^^^^^^^ the name `ColorMap` in the type namespace is first re-exported here
[INFO] [stderr] ...
[INFO] [stderr] 12 | pub use crate::noises::img_noise::*;
[INFO] [stderr]    |         --------------------------- but the name `ColorMap` in the type namespace is also re-exported here
[INFO] [stderr] 
[INFO] [stderr] warning: `wassily` (lib) generated 2 warnings
[INFO] [stderr] warning: `wassily` (lib test) generated 2 warnings (2 duplicates)
[INFO] [stderr]     Finished `test` profile [unoptimized + debuginfo] target(s) in 0.13s
[INFO] [stderr]      Running unittests src/lib.rs (/opt/rustwide/target/debug/deps/wassily-b5892773c7b48fd5)
[INFO] [stdout] 
[INFO] [stdout] running 18 tests
[INFO] [stdout] test matrix::tests::fill_test ... ok
[INFO] [stdout] test matrix::tests::convolve_test ... ok
[INFO] [stdout] test matrix::tests::gen_test ... ok
[INFO] [stdout] test matrix::tests::get_ref_test ... ok
[INFO] [stdout] test matrix::tests::get_test ... ok
[INFO] [stdout] test matrix::tests::index_test ... ok
[INFO] [stdout] test matrix::tests::indexmut_test ... ok
[INFO] [stdout] test matrix::tests::insert_row_test ... ok
[INFO] [stdout] test matrix::tests::mul_scalar_test ... ok
[INFO] [stdout] test matrix::tests::mul_test ... ok
[INFO] [stdout] test matrix::tests::put_test ... ok
[INFO] [stdout] test matrix::tests::transpose_test ... ok
[INFO] [stdout] test matrix::tests::insert_col_test ... ok
[INFO] [stdout] test matrix::tests::mul_mat_test ... ok
[INFO] [stdout] test util::tests::bounding_box_test ... ok
[INFO] [stdout] test util::tests::smooth_step_test ... ok
[INFO] [stdout] test util::tests::smoother_step_test ... ok
[INFO] [stdout] test kolor::tests::lerp_test ... FAILED
[INFO] [stdout] 
[INFO] [stdout] failures:
[INFO] [stdout] 
[INFO] [stdout] ---- kolor::tests::lerp_test stdout ----
[INFO] [stdout] thread 'kolor::tests::lerp_test' panicked at src/kolor.rs:821:9:
[INFO] [stdout] assertion `left == right` failed
[INFO] [stdout]   left: Color { r: NormalizedF32(FiniteF32(0.7353569)), g: NormalizedF32(FiniteF32(0.7353569)), b: NormalizedF32(FiniteF32(0.7353569)), a: NormalizedF32(FiniteF32(1.0)) }
[INFO] [stdout]  right: Color { r: NormalizedF32(FiniteF32(0.73333335)), g: NormalizedF32(FiniteF32(0.73333335)), b: NormalizedF32(FiniteF32(0.73333335)), a: NormalizedF32(FiniteF32(1.0)) }
[INFO] [stdout] stack backtrace:
[INFO] [stdout]    0:     0x62d7e7e0ab6a - std::backtrace_rs::backtrace::libunwind::trace::h5a5b8284f2d0c266
[INFO] [stdout]                                at /rustc/90b35a6239c3d8bdabc530a6a0816f7ff89a0aaf/library/std/src/../../backtrace/src/backtrace/libunwind.rs:116:5
[INFO] [stdout]    1:     0x62d7e7e0ab6a - std::backtrace_rs::backtrace::trace_unsynchronized::h76d4f1c9b0b875e3
[INFO] [stdout]                                at /rustc/90b35a6239c3d8bdabc530a6a0816f7ff89a0aaf/library/std/src/../../backtrace/src/backtrace/mod.rs:66:5
[INFO] [stdout]    2:     0x62d7e7e0ab6a - std::sys::backtrace::_print_fmt::hc4546b8364a537c6
[INFO] [stdout]                                at /rustc/90b35a6239c3d8bdabc530a6a0816f7ff89a0aaf/library/std/src/sys/backtrace.rs:66:9
[INFO] [stdout]    3:     0x62d7e7e0ab6a - <std::sys::backtrace::BacktraceLock::print::DisplayBacktrace as core::fmt::Display>::fmt::h5b6bd5631a6d1f6b
[INFO] [stdout]                                at /rustc/90b35a6239c3d8bdabc530a6a0816f7ff89a0aaf/library/std/src/sys/backtrace.rs:39:26
[INFO] [stdout]    4:     0x62d7e7e30903 - core::fmt::rt::Argument::fmt::h270f6602a2b96f62
[INFO] [stdout]                                at /rustc/90b35a6239c3d8bdabc530a6a0816f7ff89a0aaf/library/core/src/fmt/rt.rs:177:76
[INFO] [stdout]    5:     0x62d7e7e30903 - core::fmt::write::h7550c97b06c86515
[INFO] [stdout]                                at /rustc/90b35a6239c3d8bdabc530a6a0816f7ff89a0aaf/library/core/src/fmt/mod.rs:1186:21
[INFO] [stdout]    6:     0x62d7e7e07d33 - std::io::Write::write_fmt::h509ff860e5956e5e
[INFO] [stdout]                                at /rustc/90b35a6239c3d8bdabc530a6a0816f7ff89a0aaf/library/std/src/io/mod.rs:1839:15
[INFO] [stdout]    7:     0x62d7e7e0a9b2 - std::sys::backtrace::BacktraceLock::print::h2395ccd2c84ba3aa
[INFO] [stdout]                                at /rustc/90b35a6239c3d8bdabc530a6a0816f7ff89a0aaf/library/std/src/sys/backtrace.rs:42:9
[INFO] [stdout]    8:     0x62d7e7e0bfca - std::panicking::default_hook::{{closure}}::he19d4c7230e07961
[INFO] [stdout]                                at /rustc/90b35a6239c3d8bdabc530a6a0816f7ff89a0aaf/library/std/src/panicking.rs:268:22
[INFO] [stdout]    9:     0x62d7e7e0bdd4 - std::panicking::default_hook::hf614597d3c67bbdb
[INFO] [stdout]                                at /rustc/90b35a6239c3d8bdabc530a6a0816f7ff89a0aaf/library/std/src/panicking.rs:292:9
[INFO] [stdout]   10:     0x62d7e7dd31f9 - <alloc::boxed::Box<F,A> as core::ops::function::Fn<Args>>::call::h39b51ce4599c23d1
[INFO] [stdout]                                at /rustc/90b35a6239c3d8bdabc530a6a0816f7ff89a0aaf/library/alloc/src/boxed.rs:2468:9
[INFO] [stdout]   11:     0x62d7e7dd31f9 - test::test_main::{{closure}}::he977ae839a582784
[INFO] [stdout]                                at /rustc/90b35a6239c3d8bdabc530a6a0816f7ff89a0aaf/library/test/src/lib.rs:133:21
[INFO] [stdout]   12:     0x62d7e7e0c668 - <alloc::boxed::Box<F,A> as core::ops::function::Fn<Args>>::call::h9455091b6b06f9fb
[INFO] [stdout]                                at /rustc/90b35a6239c3d8bdabc530a6a0816f7ff89a0aaf/library/alloc/src/boxed.rs:2468:9
[INFO] [stdout]   13:     0x62d7e7e0c668 - std::panicking::rust_panic_with_hook::h8942133a8b252070
[INFO] [stdout]                                at /rustc/90b35a6239c3d8bdabc530a6a0816f7ff89a0aaf/library/std/src/panicking.rs:809:13
[INFO] [stdout]   14:     0x62d7e7e0c42a - std::panicking::begin_panic_handler::{{closure}}::hb5f5963570096b29
[INFO] [stdout]                                at /rustc/90b35a6239c3d8bdabc530a6a0816f7ff89a0aaf/library/std/src/panicking.rs:674:13
[INFO] [stdout]   15:     0x62d7e7e0b049 - std::sys::backtrace::__rust_end_short_backtrace::h6208cedc1922feda
[INFO] [stdout]                                at /rustc/90b35a6239c3d8bdabc530a6a0816f7ff89a0aaf/library/std/src/sys/backtrace.rs:170:18
[INFO] [stdout]   16:     0x62d7e7e0c0bc - rust_begin_unwind
[INFO] [stdout]                                at /rustc/90b35a6239c3d8bdabc530a6a0816f7ff89a0aaf/library/std/src/panicking.rs:665:5
[INFO] [stdout]   17:     0x62d7e7d8da50 - core::panicking::panic_fmt::h0c3082644d1bf418
[INFO] [stdout]                                at /rustc/90b35a6239c3d8bdabc530a6a0816f7ff89a0aaf/library/core/src/panicking.rs:74:14
[INFO] [stdout]   18:     0x62d7e7d8de1b - core::panicking::assert_failed_inner::h2ddf1fcc067fa858
[INFO] [stdout]   19:     0x62d7e7d93e16 - core::panicking::assert_failed::h36f8aaf5305c0166
[INFO] [stdout]                                at /rustc/90b35a6239c3d8bdabc530a6a0816f7ff89a0aaf/library/core/src/panicking.rs:367:5
[INFO] [stdout]   20:     0x62d7e7d90da5 - wassily::kolor::tests::lerp_test::hc525d4f1345bbcb4
[INFO] [stdout]                                at /opt/rustwide/workdir/src/kolor.rs:821:9
[INFO] [stdout]   21:     0x62d7e7d90cd7 - wassily::kolor::tests::lerp_test::{{closure}}::h30a4a0257a4076eb
[INFO] [stdout]                                at /opt/rustwide/workdir/src/kolor.rs:818:19
[INFO] [stdout]   22:     0x62d7e7d8edf6 - core::ops::function::FnOnce::call_once::hec0d497f0bbff0a3
[INFO] [stdout]                                at /rustc/90b35a6239c3d8bdabc530a6a0816f7ff89a0aaf/library/core/src/ops/function.rs:250:5
[INFO] [stdout]   23:     0x62d7e7dd7bbb - core::ops::function::FnOnce::call_once::h109cf8051a59b34e
[INFO] [stdout]                                at /rustc/90b35a6239c3d8bdabc530a6a0816f7ff89a0aaf/library/core/src/ops/function.rs:250:5
[INFO] [stdout]   24:     0x62d7e7dd7bbb - test::__rust_begin_short_backtrace::hf4fff89d377446ba
[INFO] [stdout]                                at /rustc/90b35a6239c3d8bdabc530a6a0816f7ff89a0aaf/library/test/src/lib.rs:621:18
[INFO] [stdout]   25:     0x62d7e7dd73f7 - test::run_test_in_process::{{closure}}::h0e39181dd7ee5a43
[INFO] [stdout]                                at /rustc/90b35a6239c3d8bdabc530a6a0816f7ff89a0aaf/library/test/src/lib.rs:644:60
[INFO] [stdout]   26:     0x62d7e7dd73f7 - <core::panic::unwind_safe::AssertUnwindSafe<F> as core::ops::function::FnOnce<()>>::call_once::hc5a66a30f0bdfd1f
[INFO] [stdout]                                at /rustc/90b35a6239c3d8bdabc530a6a0816f7ff89a0aaf/library/core/src/panic/unwind_safe.rs:272:9
[INFO] [stdout]   27:     0x62d7e7dd73f7 - std::panicking::try::do_call::h873b7cf639554a5e
[INFO] [stdout]                                at /rustc/90b35a6239c3d8bdabc530a6a0816f7ff89a0aaf/library/std/src/panicking.rs:557:40
[INFO] [stdout]   28:     0x62d7e7dd73f7 - std::panicking::try::hdb19862fad9c8bd1
[INFO] [stdout]                                at /rustc/90b35a6239c3d8bdabc530a6a0816f7ff89a0aaf/library/std/src/panicking.rs:520:19
[INFO] [stdout]   29:     0x62d7e7dd73f7 - std::panic::catch_unwind::h281fe732d236d260
[INFO] [stdout]                                at /rustc/90b35a6239c3d8bdabc530a6a0816f7ff89a0aaf/library/std/src/panic.rs:358:14
[INFO] [stdout]   30:     0x62d7e7dd73f7 - test::run_test_in_process::h949b6df8457ed338
[INFO] [stdout]                                at /rustc/90b35a6239c3d8bdabc530a6a0816f7ff89a0aaf/library/test/src/lib.rs:644:27
[INFO] [stdout]   31:     0x62d7e7dd73f7 - test::run_test::{{closure}}::h52c556a6d4740e10
[INFO] [stdout]                                at /rustc/90b35a6239c3d8bdabc530a6a0816f7ff89a0aaf/library/test/src/lib.rs:565:43
[INFO] [stdout]   32:     0x62d7e7d9c6d4 - test::run_test::{{closure}}::h4237f6381c45ccb9
[INFO] [stdout]                                at /rustc/90b35a6239c3d8bdabc530a6a0816f7ff89a0aaf/library/test/src/lib.rs:595:41
[INFO] [stdout]   33:     0x62d7e7d9c6d4 - std::sys::backtrace::__rust_begin_short_backtrace::h505c97a579eca628
[INFO] [stdout]                                at /rustc/90b35a6239c3d8bdabc530a6a0816f7ff89a0aaf/library/std/src/sys/backtrace.rs:154:18
[INFO] [stdout]   34:     0x62d7e7d9fd9e - std::thread::Builder::spawn_unchecked_::{{closure}}::{{closure}}::h9e86b2e2bc107ea3
[INFO] [stdout]                                at /rustc/90b35a6239c3d8bdabc530a6a0816f7ff89a0aaf/library/std/src/thread/mod.rs:538:17
[INFO] [stdout]   35:     0x62d7e7d9fd9e - <core::panic::unwind_safe::AssertUnwindSafe<F> as core::ops::function::FnOnce<()>>::call_once::h8b06ddb275ff4a25
[INFO] [stdout]                                at /rustc/90b35a6239c3d8bdabc530a6a0816f7ff89a0aaf/library/core/src/panic/unwind_safe.rs:272:9
[INFO] [stdout]   36:     0x62d7e7d9fd9e - std::panicking::try::do_call::hb26ecd7cd9a9355d
[INFO] [stdout]                                at /rustc/90b35a6239c3d8bdabc530a6a0816f7ff89a0aaf/library/std/src/panicking.rs:557:40
[INFO] [stdout]   37:     0x62d7e7d9fd9e - std::panicking::try::h8ddeca9d705f9069
[INFO] [stdout]                                at /rustc/90b35a6239c3d8bdabc530a6a0816f7ff89a0aaf/library/std/src/panicking.rs:520:19
[INFO] [stdout]   38:     0x62d7e7d9fd9e - std::panic::catch_unwind::h49e1c33078844c46
[INFO] [stdout]                                at /rustc/90b35a6239c3d8bdabc530a6a0816f7ff89a0aaf/library/std/src/panic.rs:358:14
[INFO] [stdout]   39:     0x62d7e7d9fd9e - std::thread::Builder::spawn_unchecked_::{{closure}}::h6073db6ff56ad35d
[INFO] [stdout]                                at /rustc/90b35a6239c3d8bdabc530a6a0816f7ff89a0aaf/library/std/src/thread/mod.rs:537:30
[INFO] [stdout]   40:     0x62d7e7d9fd9e - core::ops::function::FnOnce::call_once{{vtable.shim}}::h2c5a5f3779c774f1
[INFO] [stdout]                                at /rustc/90b35a6239c3d8bdabc530a6a0816f7ff89a0aaf/library/core/src/ops/function.rs:250:5
[INFO] [stdout]   41:     0x62d7e7e103bb - <alloc::boxed::Box<F,A> as core::ops::function::FnOnce<Args>>::call_once::hf75717d9f28faebf
[INFO] [stdout]                                at /rustc/90b35a6239c3d8bdabc530a6a0816f7ff89a0aaf/library/alloc/src/boxed.rs:2454:9
[INFO] [stdout]   42:     0x62d7e7e103bb - <alloc::boxed::Box<F,A> as core::ops::function::FnOnce<Args>>::call_once::h7bd883a5f3c5f3c1
[INFO] [stdout]                                at /rustc/90b35a6239c3d8bdabc530a6a0816f7ff89a0aaf/library/alloc/src/boxed.rs:2454:9
[INFO] [stdout]   43:     0x62d7e7e103bb - std::sys::pal::unix::thread::Thread::new::thread_start::hcc78f3943333fa94
[INFO] [stdout]                                at /rustc/90b35a6239c3d8bdabc530a6a0816f7ff89a0aaf/library/std/src/sys/pal/unix/thread.rs:105:17
[INFO] [stdout]   44:     0x76f601520ac3 - <unknown>
[INFO] [stdout]   45:     0x76f6015b1a04 - clone
[INFO] [stdout]   46:                0x0 - <unknown>
[INFO] [stdout] 
[INFO] [stdout] 
[INFO] [stdout] failures:
[INFO] [stdout]     kolor::tests::lerp_test
[INFO] [stdout] 
[INFO] [stdout] test result: FAILED. 17 passed; 1 failed; 0 ignored; 0 measured; 0 filtered out; finished in 0.12s
[INFO] [stdout] 
[INFO] [stderr] error: test failed, to rerun pass `--lib`
[INFO] running `Command { std: "docker" "inspect" "f30b7bfcc3de23c647080230137ef10410d87682876ebdc7643aa54c395bffc3", kill_on_drop: false }`
[INFO] running `Command { std: "docker" "rm" "-f" "f30b7bfcc3de23c647080230137ef10410d87682876ebdc7643aa54c395bffc3", kill_on_drop: false }`
[INFO] [stdout] f30b7bfcc3de23c647080230137ef10410d87682876ebdc7643aa54c395bffc3
