[INFO] fetching crate wasmer-object-near 1.0.1...
[INFO] testing wasmer-object-near-1.0.1 against beta-2024-12-08 for beta-1.84.0-4-retry
[INFO] extracting crate wasmer-object-near 1.0.1 into /workspace/builds/worker-2-tc2/source
[INFO] validating manifest of crates.io crate wasmer-object-near 1.0.1 on toolchain beta-2024-12-08
[INFO] running `Command { std: CARGO_HOME="/workspace/cargo-home" RUSTUP_HOME="/workspace/rustup-home" "/workspace/cargo-home/bin/cargo" "+beta-2024-12-08" "metadata" "--manifest-path" "Cargo.toml" "--no-deps", kill_on_drop: false }`
[INFO] started tweaking crates.io crate wasmer-object-near 1.0.1
[INFO] finished tweaking crates.io crate wasmer-object-near 1.0.1
[INFO] tweaked toml for crates.io crate wasmer-object-near 1.0.1 written to /workspace/builds/worker-2-tc2/source/Cargo.toml
[INFO] running `Command { std: CARGO_HOME="/workspace/cargo-home" RUSTUP_HOME="/workspace/rustup-home" "/workspace/cargo-home/bin/cargo" "+beta-2024-12-08" "generate-lockfile" "--manifest-path" "Cargo.toml", kill_on_drop: false }`
[INFO] [stderr]     Updating crates.io index
[INFO] [stderr]      Locking 64 packages to latest compatible versions
[INFO] [stderr]       Adding object v0.22.0 (available: v0.36.5)
[INFO] [stderr]       Adding thiserror v1.0.69 (available: v2.0.7)
[INFO] [stderr]       Adding wasmer-compiler-near v1.0.1 (available: v2.4.1)
[INFO] [stderr]       Adding wasmer-types-near v1.0.1 (available: v2.4.1)
[INFO] running `Command { std: CARGO_HOME="/workspace/cargo-home" RUSTUP_HOME="/workspace/rustup-home" "/workspace/cargo-home/bin/cargo" "+beta-2024-12-08" "fetch" "--manifest-path" "Cargo.toml", kill_on_drop: false }`
[INFO] running `Command { std: "docker" "create" "-v" "/var/lib/crater-agent-workspace/builds/worker-2-tc2/target:/opt/rustwide/target:rw,Z" "-v" "/var/lib/crater-agent-workspace/builds/worker-2-tc2/source:/opt/rustwide/workdir:ro,Z" "-v" "/var/lib/crater-agent-workspace/cargo-home:/opt/rustwide/cargo-home:ro,Z" "-v" "/var/lib/crater-agent-workspace/rustup-home:/opt/rustwide/rustup-home:ro,Z" "-e" "SOURCE_DIR=/opt/rustwide/workdir" "-e" "CARGO_TARGET_DIR=/opt/rustwide/target" "-e" "CARGO_HOME=/opt/rustwide/cargo-home" "-e" "RUSTUP_HOME=/opt/rustwide/rustup-home" "-w" "/opt/rustwide/workdir" "-m" "1610612736" "--user" "0:0" "--network" "none" "ghcr.io/rust-lang/crates-build-env/linux@sha256:f3a9d4ad9d972b27faf3965f35b62e55ba32bbce8f20bc8fe909558a86702fde" "/opt/rustwide/cargo-home/bin/cargo" "+beta-2024-12-08" "metadata" "--no-deps" "--format-version=1", kill_on_drop: false }`
[INFO] [stdout] 9f40e14f0a8475a0e7e2d550dd25f9b1c6bff0537f399262fad4c11e82efb572
[INFO] running `Command { std: "docker" "start" "-a" "9f40e14f0a8475a0e7e2d550dd25f9b1c6bff0537f399262fad4c11e82efb572", kill_on_drop: false }`
[INFO] running `Command { std: "docker" "inspect" "9f40e14f0a8475a0e7e2d550dd25f9b1c6bff0537f399262fad4c11e82efb572", kill_on_drop: false }`
[INFO] running `Command { std: "docker" "rm" "-f" "9f40e14f0a8475a0e7e2d550dd25f9b1c6bff0537f399262fad4c11e82efb572", kill_on_drop: false }`
[INFO] [stdout] 9f40e14f0a8475a0e7e2d550dd25f9b1c6bff0537f399262fad4c11e82efb572
[INFO] running `Command { std: "docker" "create" "-v" "/var/lib/crater-agent-workspace/builds/worker-2-tc2/target:/opt/rustwide/target:rw,Z" "-v" "/var/lib/crater-agent-workspace/builds/worker-2-tc2/source:/opt/rustwide/workdir:ro,Z" "-v" "/var/lib/crater-agent-workspace/cargo-home:/opt/rustwide/cargo-home:ro,Z" "-v" "/var/lib/crater-agent-workspace/rustup-home:/opt/rustwide/rustup-home:ro,Z" "-e" "SOURCE_DIR=/opt/rustwide/workdir" "-e" "CARGO_TARGET_DIR=/opt/rustwide/target" "-e" "CARGO_INCREMENTAL=0" "-e" "RUST_BACKTRACE=full" "-e" "RUSTFLAGS=--cap-lints=warn" "-e" "RUSTDOCFLAGS=--cap-lints=warn" "-e" "CARGO_HOME=/opt/rustwide/cargo-home" "-e" "RUSTUP_HOME=/opt/rustwide/rustup-home" "-w" "/opt/rustwide/workdir" "-m" "1610612736" "--user" "0:0" "--network" "none" "ghcr.io/rust-lang/crates-build-env/linux@sha256:f3a9d4ad9d972b27faf3965f35b62e55ba32bbce8f20bc8fe909558a86702fde" "/opt/rustwide/cargo-home/bin/cargo" "+beta-2024-12-08" "build" "--frozen" "--message-format=json", kill_on_drop: false }`
[INFO] [stdout] 10ca39c8577edebe55b5e5ad15ec1708dd468cebf4c836281983d28796e27827
[INFO] running `Command { std: "docker" "start" "-a" "10ca39c8577edebe55b5e5ad15ec1708dd468cebf4c836281983d28796e27827", kill_on_drop: false }`
[INFO] [stderr]    Compiling proc-macro2 v1.0.92
[INFO] [stderr]    Compiling unicode-ident v1.0.14
[INFO] [stderr]    Compiling autocfg v1.4.0
[INFO] [stderr]    Compiling syn v1.0.109
[INFO] [stderr]    Compiling serde v1.0.216
[INFO] [stderr]    Compiling shlex v1.3.0
[INFO] [stderr]    Compiling strsim v0.9.3
[INFO] [stderr]    Compiling libc v0.2.168
[INFO] [stderr]    Compiling fnv v1.0.7
[INFO] [stderr]    Compiling ident_case v1.0.1
[INFO] [stderr]    Compiling semver-parser v0.7.0
[INFO] [stderr]    Compiling thiserror v1.0.69
[INFO] [stderr]    Compiling cfg-if v1.0.0
[INFO] [stderr]    Compiling hashbrown v0.12.3
[INFO] [stderr]    Compiling gimli v0.31.1
[INFO] [stderr]    Compiling bitflags v1.3.2
[INFO] [stderr]    Compiling adler2 v2.0.0
[INFO] [stderr]    Compiling memchr v2.7.4
[INFO] [stderr]    Compiling semver v0.9.0
[INFO] [stderr]    Compiling rustc-demangle v0.1.24
[INFO] [stderr]    Compiling target-lexicon v0.11.2
[INFO] [stderr]    Compiling cc v1.2.4
[INFO] [stderr]    Compiling miniz_oxide v0.8.0
[INFO] [stderr]    Compiling cfg-if v0.1.10
[INFO] [stderr]    Compiling more-asserts v0.2.2
[INFO] [stderr]    Compiling crc32fast v1.4.2
[INFO] [stderr]    Compiling smallvec v1.13.2
[INFO] [stderr]    Compiling wasmparser v0.65.0
[INFO] [stderr]    Compiling rustc_version v0.2.3
[INFO] [stderr]    Compiling indexmap v1.9.3
[INFO] [stderr]    Compiling num-traits v0.2.19
[INFO] [stderr]    Compiling memoffset v0.6.5
[INFO] [stderr]    Compiling object v0.36.5
[INFO] [stderr]    Compiling quote v1.0.37
[INFO] [stderr]    Compiling syn v2.0.90
[INFO] [stderr]    Compiling addr2line v0.24.2
[INFO] [stderr]    Compiling region v2.2.0
[INFO] [stderr]    Compiling raw-cpuid v7.0.4
[INFO] [stderr]    Compiling wasmer-vm-near v1.0.1
[INFO] [stderr]    Compiling darling_core v0.10.2
[INFO] [stderr]    Compiling backtrace v0.3.74
[INFO] [stderr]    Compiling serde_derive v1.0.216
[INFO] [stderr]    Compiling thiserror-impl v1.0.69
[INFO] [stderr]    Compiling darling_macro v0.10.2
[INFO] [stderr]    Compiling darling v0.10.2
[INFO] [stderr]    Compiling wasmer_enumset_derive v0.5.0
[INFO] [stderr]    Compiling wasmer_enumset v1.0.1
[INFO] [stderr]    Compiling cranelift-entity v0.68.0
[INFO] [stderr]    Compiling wasmer-types-near v1.0.1
[INFO] [stderr]    Compiling object v0.22.0
[INFO] [stderr]    Compiling wasmer-compiler-near v1.0.1
[INFO] [stderr]    Compiling wasmer-object-near v1.0.1 (/opt/rustwide/workdir)
[INFO] [stdout] warning: unexpected `cfg` condition value: `cargo-clippy`
[INFO] [stdout]  --> src/lib.rs:8:13
[INFO] [stdout]   |
[INFO] [stdout] 8 | #![cfg_attr(feature = "cargo-clippy", allow(clippy::new_without_default))]
[INFO] [stdout]   |             ^^^^^^^^^^^^^^^^^^^^^^^^ help: remove the condition
[INFO] [stdout]   |
[INFO] [stdout]   = note: no expected values for `feature`
[INFO] [stdout]   = help: consider adding `cargo-clippy` as a feature in `Cargo.toml`
[INFO] [stdout]   = note: see <https://doc.rust-lang.org/nightly/rustc/check-cfg/cargo-specifics.html> for more information about checking conditional configuration
[INFO] [stdout]   = note: `#[warn(unexpected_cfgs)]` on by default
[INFO] [stdout] 
[INFO] [stdout] 
[INFO] [stdout] warning: unexpected `cfg` condition value: `cargo-clippy`
[INFO] [stdout]   --> src/lib.rs:10:5
[INFO] [stdout]    |
[INFO] [stdout] 10 |     feature = "cargo-clippy",
[INFO] [stdout]    |     ^^^^^^^^^^^^^^^^^^^^^^^^ help: remove the condition
[INFO] [stdout]    |
[INFO] [stdout]    = note: no expected values for `feature`
[INFO] [stdout]    = help: consider adding `cargo-clippy` as a feature in `Cargo.toml`
[INFO] [stdout]    = note: see <https://doc.rust-lang.org/nightly/rustc/check-cfg/cargo-specifics.html> for more information about checking conditional configuration
[INFO] [stdout] 
[INFO] [stdout] 
[INFO] [stderr]     Finished `dev` profile [unoptimized + debuginfo] target(s) in 22.95s
[INFO] [stderr] warning: the following packages contain code that will be rejected by a future version of Rust: wasmparser v0.65.0
[INFO] [stderr] note: to see what the problems were, use the option `--future-incompat-report`, or run `cargo report future-incompatibilities --id 1`
[INFO] running `Command { std: "docker" "inspect" "10ca39c8577edebe55b5e5ad15ec1708dd468cebf4c836281983d28796e27827", kill_on_drop: false }`
[INFO] running `Command { std: "docker" "rm" "-f" "10ca39c8577edebe55b5e5ad15ec1708dd468cebf4c836281983d28796e27827", kill_on_drop: false }`
[INFO] [stdout] 10ca39c8577edebe55b5e5ad15ec1708dd468cebf4c836281983d28796e27827
[INFO] running `Command { std: "docker" "create" "-v" "/var/lib/crater-agent-workspace/builds/worker-2-tc2/target:/opt/rustwide/target:rw,Z" "-v" "/var/lib/crater-agent-workspace/builds/worker-2-tc2/source:/opt/rustwide/workdir:ro,Z" "-v" "/var/lib/crater-agent-workspace/cargo-home:/opt/rustwide/cargo-home:ro,Z" "-v" "/var/lib/crater-agent-workspace/rustup-home:/opt/rustwide/rustup-home:ro,Z" "-e" "SOURCE_DIR=/opt/rustwide/workdir" "-e" "CARGO_TARGET_DIR=/opt/rustwide/target" "-e" "CARGO_INCREMENTAL=0" "-e" "RUST_BACKTRACE=full" "-e" "RUSTFLAGS=--cap-lints=warn" "-e" "RUSTDOCFLAGS=--cap-lints=warn" "-e" "CARGO_HOME=/opt/rustwide/cargo-home" "-e" "RUSTUP_HOME=/opt/rustwide/rustup-home" "-w" "/opt/rustwide/workdir" "-m" "1610612736" "--user" "0:0" "--network" "none" "ghcr.io/rust-lang/crates-build-env/linux@sha256:f3a9d4ad9d972b27faf3965f35b62e55ba32bbce8f20bc8fe909558a86702fde" "/opt/rustwide/cargo-home/bin/cargo" "+beta-2024-12-08" "test" "--frozen" "--no-run" "--message-format=json", kill_on_drop: false }`
[INFO] [stdout] a2ab7f08fcfd85337d350bb226adf62e79e3cde7cf0534e82ce1e2e976227616
[INFO] running `Command { std: "docker" "start" "-a" "a2ab7f08fcfd85337d350bb226adf62e79e3cde7cf0534e82ce1e2e976227616", kill_on_drop: false }`
[INFO] [stderr]    Compiling wasmer-object-near v1.0.1 (/opt/rustwide/workdir)
[INFO] [stdout] warning: unexpected `cfg` condition value: `cargo-clippy`
[INFO] [stdout]  --> src/lib.rs:8:13
[INFO] [stdout]   |
[INFO] [stdout] 8 | #![cfg_attr(feature = "cargo-clippy", allow(clippy::new_without_default))]
[INFO] [stdout]   |             ^^^^^^^^^^^^^^^^^^^^^^^^ help: remove the condition
[INFO] [stdout]   |
[INFO] [stdout]   = note: no expected values for `feature`
[INFO] [stdout]   = help: consider adding `cargo-clippy` as a feature in `Cargo.toml`
[INFO] [stdout]   = note: see <https://doc.rust-lang.org/nightly/rustc/check-cfg/cargo-specifics.html> for more information about checking conditional configuration
[INFO] [stdout]   = note: `#[warn(unexpected_cfgs)]` on by default
[INFO] [stdout] 
[INFO] [stdout] 
[INFO] [stdout] warning: unexpected `cfg` condition value: `cargo-clippy`
[INFO] [stdout]   --> src/lib.rs:10:5
[INFO] [stdout]    |
[INFO] [stdout] 10 |     feature = "cargo-clippy",
[INFO] [stdout]    |     ^^^^^^^^^^^^^^^^^^^^^^^^ help: remove the condition
[INFO] [stdout]    |
[INFO] [stdout]    = note: no expected values for `feature`
[INFO] [stdout]    = help: consider adding `cargo-clippy` as a feature in `Cargo.toml`
[INFO] [stdout]    = note: see <https://doc.rust-lang.org/nightly/rustc/check-cfg/cargo-specifics.html> for more information about checking conditional configuration
[INFO] [stdout] 
[INFO] [stdout] 
[INFO] [stdout] warning: unexpected `cfg` condition value: `cargo-clippy`
[INFO] [stdout]  --> src/lib.rs:8:13
[INFO] [stdout]   |
[INFO] [stdout] 8 | #![cfg_attr(feature = "cargo-clippy", allow(clippy::new_without_default))]
[INFO] [stdout]   |             ^^^^^^^^^^^^^^^^^^^^^^^^ help: remove the condition
[INFO] [stdout]   |
[INFO] [stdout]   = note: no expected values for `feature`
[INFO] [stdout]   = help: consider adding `cargo-clippy` as a feature in `Cargo.toml`
[INFO] [stdout]   = note: see <https://doc.rust-lang.org/nightly/rustc/check-cfg/cargo-specifics.html> for more information about checking conditional configuration
[INFO] [stdout]   = note: `#[warn(unexpected_cfgs)]` on by default
[INFO] [stdout] 
[INFO] [stdout] 
[INFO] [stdout] warning: unexpected `cfg` condition value: `cargo-clippy`
[INFO] [stdout]   --> src/lib.rs:10:5
[INFO] [stdout]    |
[INFO] [stdout] 10 |     feature = "cargo-clippy",
[INFO] [stdout]    |     ^^^^^^^^^^^^^^^^^^^^^^^^ help: remove the condition
[INFO] [stdout]    |
[INFO] [stdout]    = note: no expected values for `feature`
[INFO] [stdout]    = help: consider adding `cargo-clippy` as a feature in `Cargo.toml`
[INFO] [stdout]    = note: see <https://doc.rust-lang.org/nightly/rustc/check-cfg/cargo-specifics.html> for more information about checking conditional configuration
[INFO] [stdout] 
[INFO] [stdout] 
[INFO] [stderr]     Finished `test` profile [unoptimized + debuginfo] target(s) in 0.92s
[INFO] [stderr] warning: the following packages contain code that will be rejected by a future version of Rust: wasmparser v0.65.0
[INFO] [stderr] note: to see what the problems were, use the option `--future-incompat-report`, or run `cargo report future-incompatibilities --id 1`
[INFO] running `Command { std: "docker" "inspect" "a2ab7f08fcfd85337d350bb226adf62e79e3cde7cf0534e82ce1e2e976227616", kill_on_drop: false }`
[INFO] running `Command { std: "docker" "rm" "-f" "a2ab7f08fcfd85337d350bb226adf62e79e3cde7cf0534e82ce1e2e976227616", kill_on_drop: false }`
[INFO] [stdout] a2ab7f08fcfd85337d350bb226adf62e79e3cde7cf0534e82ce1e2e976227616
[INFO] running `Command { std: "docker" "create" "-v" "/var/lib/crater-agent-workspace/builds/worker-2-tc2/target:/opt/rustwide/target:rw,Z" "-v" "/var/lib/crater-agent-workspace/builds/worker-2-tc2/source:/opt/rustwide/workdir:ro,Z" "-v" "/var/lib/crater-agent-workspace/cargo-home:/opt/rustwide/cargo-home:ro,Z" "-v" "/var/lib/crater-agent-workspace/rustup-home:/opt/rustwide/rustup-home:ro,Z" "-e" "SOURCE_DIR=/opt/rustwide/workdir" "-e" "CARGO_TARGET_DIR=/opt/rustwide/target" "-e" "CARGO_INCREMENTAL=0" "-e" "RUST_BACKTRACE=full" "-e" "RUSTFLAGS=--cap-lints=warn" "-e" "RUSTDOCFLAGS=--cap-lints=warn" "-e" "CARGO_HOME=/opt/rustwide/cargo-home" "-e" "RUSTUP_HOME=/opt/rustwide/rustup-home" "-w" "/opt/rustwide/workdir" "-m" "1610612736" "--user" "0:0" "--network" "none" "ghcr.io/rust-lang/crates-build-env/linux@sha256:f3a9d4ad9d972b27faf3965f35b62e55ba32bbce8f20bc8fe909558a86702fde" "/opt/rustwide/cargo-home/bin/cargo" "+beta-2024-12-08" "test" "--frozen", kill_on_drop: false }`
[INFO] [stdout] 91c2b6b3185317f107cff0ca61accc0674939255f6b35916560a242ca1f3f788
[INFO] running `Command { std: "docker" "start" "-a" "91c2b6b3185317f107cff0ca61accc0674939255f6b35916560a242ca1f3f788", kill_on_drop: false }`
[INFO] [stderr] warning: unexpected `cfg` condition value: `cargo-clippy`
[INFO] [stderr]  --> src/lib.rs:8:13
[INFO] [stderr]   |
[INFO] [stderr] 8 | #![cfg_attr(feature = "cargo-clippy", allow(clippy::new_without_default))]
[INFO] [stderr]   |             ^^^^^^^^^^^^^^^^^^^^^^^^ help: remove the condition
[INFO] [stderr]   |
[INFO] [stderr]   = note: no expected values for `feature`
[INFO] [stderr]   = help: consider adding `cargo-clippy` as a feature in `Cargo.toml`
[INFO] [stderr]   = note: see <https://doc.rust-lang.org/nightly/rustc/check-cfg/cargo-specifics.html> for more information about checking conditional configuration
[INFO] [stderr]   = note: `#[warn(unexpected_cfgs)]` on by default
[INFO] [stderr] 
[INFO] [stderr] warning: unexpected `cfg` condition value: `cargo-clippy`
[INFO] [stderr]   --> src/lib.rs:10:5
[INFO] [stderr]    |
[INFO] [stderr] 10 |     feature = "cargo-clippy",
[INFO] [stderr]    |     ^^^^^^^^^^^^^^^^^^^^^^^^ help: remove the condition
[INFO] [stderr]    |
[INFO] [stderr]    = note: no expected values for `feature`
[INFO] [stderr]    = help: consider adding `cargo-clippy` as a feature in `Cargo.toml`
[INFO] [stderr]    = note: see <https://doc.rust-lang.org/nightly/rustc/check-cfg/cargo-specifics.html> for more information about checking conditional configuration
[INFO] [stderr] 
[INFO] [stderr] warning: `wasmer-object-near` (lib) generated 2 warnings
[INFO] [stderr] warning: `wasmer-object-near` (lib test) generated 2 warnings (2 duplicates)
[INFO] [stderr]     Finished `test` profile [unoptimized + debuginfo] target(s) in 0.07s
[INFO] [stderr] warning: the following packages contain code that will be rejected by a future version of Rust: wasmparser v0.65.0
[INFO] [stderr] note: to see what the problems were, use the option `--future-incompat-report`, or run `cargo report future-incompatibilities --id 1`
[INFO] [stderr]      Running unittests src/lib.rs (/opt/rustwide/target/debug/deps/wasmer_object_near-06166a603c5438b2)
[INFO] [stdout] 
[INFO] [stdout] running 0 tests
[INFO] [stdout] 
[INFO] [stdout] test result: ok. 0 passed; 0 failed; 0 ignored; 0 measured; 0 filtered out; finished in 0.00s
[INFO] [stdout] 
[INFO] [stderr]    Doc-tests wasmer_object_near
[INFO] [stdout] 
[INFO] [stdout] running 3 tests
[INFO] [stdout] test src/module.rs - module::emit_compilation (line 98) ... FAILED
[INFO] [stdout] test src/module.rs - module::get_object_for_target (line 13) ... FAILED
[INFO] [stdout] test src/module.rs - module::emit_data (line 65) ... FAILED
[INFO] [stdout] 
[INFO] [stdout] failures:
[INFO] [stdout] 
[INFO] [stdout] ---- src/module.rs - module::emit_compilation (line 98) stdout ----
[INFO] [stdout] error[E0432]: unresolved import `wasmer_object`
[INFO] [stdout]  --> src/module.rs:100:5
[INFO] [stdout]   |
[INFO] [stdout] 4 | use wasmer_object::ObjectError;
[INFO] [stdout]   |     ^^^^^^^^^^^^^ use of undeclared crate or module `wasmer_object`
[INFO] [stdout] 
[INFO] [stdout] error[E0432]: unresolved import `wasmer_object`
[INFO] [stdout]  --> src/module.rs:101:5
[INFO] [stdout]   |
[INFO] [stdout] 5 | use wasmer_object::{get_object_for_target, emit_compilation};
[INFO] [stdout]   |     ^^^^^^^^^^^^^ use of undeclared crate or module `wasmer_object`
[INFO] [stdout] 
[INFO] [stdout] error: aborting due to 2 previous errors
[INFO] [stdout] 
[INFO] [stdout] For more information about this error, try `rustc --explain E0432`.
[INFO] [stdout] Couldn't compile the test.
[INFO] [stdout] ---- src/module.rs - module::get_object_for_target (line 13) stdout ----
[INFO] [stdout] error[E0432]: unresolved import `wasmer_object`
[INFO] [stdout]  --> src/module.rs:15:5
[INFO] [stdout]   |
[INFO] [stdout] 4 | use wasmer_object::ObjectError;
[INFO] [stdout]   |     ^^^^^^^^^^^^^ use of undeclared crate or module `wasmer_object`
[INFO] [stdout] 
[INFO] [stdout] error[E0432]: unresolved import `wasmer_object`
[INFO] [stdout]  --> src/module.rs:16:5
[INFO] [stdout]   |
[INFO] [stdout] 5 | use wasmer_object::get_object_for_target;
[INFO] [stdout]   |     ^^^^^^^^^^^^^ use of undeclared crate or module `wasmer_object`
[INFO] [stdout] 
[INFO] [stdout] error: aborting due to 2 previous errors
[INFO] [stdout] 
[INFO] [stdout] For more information about this error, try `rustc --explain E0432`.
[INFO] [stdout] Couldn't compile the test.
[INFO] [stdout] ---- src/module.rs - module::emit_data (line 65) stdout ----
[INFO] [stdout] error[E0432]: unresolved import `wasmer_object`
[INFO] [stdout]  --> src/module.rs:67:5
[INFO] [stdout]   |
[INFO] [stdout] 4 | use wasmer_object::ObjectError;
[INFO] [stdout]   |     ^^^^^^^^^^^^^ use of undeclared crate or module `wasmer_object`
[INFO] [stdout] 
[INFO] [stdout] error[E0432]: unresolved import `wasmer_object`
[INFO] [stdout]  --> src/module.rs:68:5
[INFO] [stdout]   |
[INFO] [stdout] 5 | use wasmer_object::{get_object_for_target, emit_data};
[INFO] [stdout]   |     ^^^^^^^^^^^^^ use of undeclared crate or module `wasmer_object`
[INFO] [stdout] 
[INFO] [stdout] error: aborting due to 2 previous errors
[INFO] [stdout] 
[INFO] [stdout] For more information about this error, try `rustc --explain E0432`.
[INFO] [stdout] Couldn't compile the test.
[INFO] [stdout] 
[INFO] [stdout] failures:
[INFO] [stdout]     src/module.rs - module::emit_compilation (line 98)
[INFO] [stdout]     src/module.rs - module::emit_data (line 65)
[INFO] [stdout]     src/module.rs - module::get_object_for_target (line 13)
[INFO] [stdout] 
[INFO] [stdout] test result: FAILED. 0 passed; 3 failed; 0 ignored; 0 measured; 0 filtered out; finished in 0.13s
[INFO] [stdout] 
[INFO] [stderr] error: doctest failed, to rerun pass `--doc`
[INFO] running `Command { std: "docker" "inspect" "91c2b6b3185317f107cff0ca61accc0674939255f6b35916560a242ca1f3f788", kill_on_drop: false }`
[INFO] running `Command { std: "docker" "rm" "-f" "91c2b6b3185317f107cff0ca61accc0674939255f6b35916560a242ca1f3f788", kill_on_drop: false }`
[INFO] [stdout] 91c2b6b3185317f107cff0ca61accc0674939255f6b35916560a242ca1f3f788
