[INFO] fetching crate wasmdev_macro 0.1.7...
[INFO] testing wasmdev_macro-0.1.7 against beta-2024-12-08 for beta-1.84.0-4-retry
[INFO] extracting crate wasmdev_macro 0.1.7 into /workspace/builds/worker-4-tc2/source
[INFO] validating manifest of crates.io crate wasmdev_macro 0.1.7 on toolchain beta-2024-12-08
[INFO] running `Command { std: CARGO_HOME="/workspace/cargo-home" RUSTUP_HOME="/workspace/rustup-home" "/workspace/cargo-home/bin/cargo" "+beta-2024-12-08" "metadata" "--manifest-path" "Cargo.toml" "--no-deps", kill_on_drop: false }`
[INFO] started tweaking crates.io crate wasmdev_macro 0.1.7
[INFO] finished tweaking crates.io crate wasmdev_macro 0.1.7
[INFO] tweaked toml for crates.io crate wasmdev_macro 0.1.7 written to /workspace/builds/worker-4-tc2/source/Cargo.toml
[INFO] running `Command { std: CARGO_HOME="/workspace/cargo-home" RUSTUP_HOME="/workspace/rustup-home" "/workspace/cargo-home/bin/cargo" "+beta-2024-12-08" "generate-lockfile" "--manifest-path" "Cargo.toml", kill_on_drop: false }`
[INFO] [stderr]     Blocking waiting for file lock on package cache
[INFO] [stderr]     Updating crates.io index
[INFO] [stderr]     Blocking waiting for file lock on package cache
[INFO] [stderr]      Locking 78 packages to latest compatible versions
[INFO] running `Command { std: CARGO_HOME="/workspace/cargo-home" RUSTUP_HOME="/workspace/rustup-home" "/workspace/cargo-home/bin/cargo" "+beta-2024-12-08" "fetch" "--manifest-path" "Cargo.toml", kill_on_drop: false }`
[INFO] [stderr]     Blocking waiting for file lock on package cache
[INFO] [stderr]     Blocking waiting for file lock on package cache
[INFO] running `Command { std: "docker" "create" "-v" "/var/lib/crater-agent-workspace/builds/worker-4-tc2/target:/opt/rustwide/target:rw,Z" "-v" "/var/lib/crater-agent-workspace/builds/worker-4-tc2/source:/opt/rustwide/workdir:ro,Z" "-v" "/var/lib/crater-agent-workspace/cargo-home:/opt/rustwide/cargo-home:ro,Z" "-v" "/var/lib/crater-agent-workspace/rustup-home:/opt/rustwide/rustup-home:ro,Z" "-e" "SOURCE_DIR=/opt/rustwide/workdir" "-e" "CARGO_TARGET_DIR=/opt/rustwide/target" "-e" "CARGO_HOME=/opt/rustwide/cargo-home" "-e" "RUSTUP_HOME=/opt/rustwide/rustup-home" "-w" "/opt/rustwide/workdir" "-m" "1610612736" "--user" "0:0" "--network" "none" "ghcr.io/rust-lang/crates-build-env/linux@sha256:f3a9d4ad9d972b27faf3965f35b62e55ba32bbce8f20bc8fe909558a86702fde" "/opt/rustwide/cargo-home/bin/cargo" "+beta-2024-12-08" "metadata" "--no-deps" "--format-version=1", kill_on_drop: false }`
[INFO] [stdout] 605de27acb6ab9a0c150a557f0ab0ed87b542885b456a8d4e07b69d985d5acab
[INFO] running `Command { std: "docker" "start" "-a" "605de27acb6ab9a0c150a557f0ab0ed87b542885b456a8d4e07b69d985d5acab", kill_on_drop: false }`
[INFO] running `Command { std: "docker" "inspect" "605de27acb6ab9a0c150a557f0ab0ed87b542885b456a8d4e07b69d985d5acab", kill_on_drop: false }`
[INFO] running `Command { std: "docker" "rm" "-f" "605de27acb6ab9a0c150a557f0ab0ed87b542885b456a8d4e07b69d985d5acab", kill_on_drop: false }`
[INFO] [stdout] 605de27acb6ab9a0c150a557f0ab0ed87b542885b456a8d4e07b69d985d5acab
[INFO] running `Command { std: "docker" "create" "-v" "/var/lib/crater-agent-workspace/builds/worker-4-tc2/target:/opt/rustwide/target:rw,Z" "-v" "/var/lib/crater-agent-workspace/builds/worker-4-tc2/source:/opt/rustwide/workdir:ro,Z" "-v" "/var/lib/crater-agent-workspace/cargo-home:/opt/rustwide/cargo-home:ro,Z" "-v" "/var/lib/crater-agent-workspace/rustup-home:/opt/rustwide/rustup-home:ro,Z" "-e" "SOURCE_DIR=/opt/rustwide/workdir" "-e" "CARGO_TARGET_DIR=/opt/rustwide/target" "-e" "CARGO_INCREMENTAL=0" "-e" "RUST_BACKTRACE=full" "-e" "RUSTFLAGS=--cap-lints=warn" "-e" "RUSTDOCFLAGS=--cap-lints=warn" "-e" "CARGO_HOME=/opt/rustwide/cargo-home" "-e" "RUSTUP_HOME=/opt/rustwide/rustup-home" "-w" "/opt/rustwide/workdir" "-m" "1610612736" "--user" "0:0" "--network" "none" "ghcr.io/rust-lang/crates-build-env/linux@sha256:f3a9d4ad9d972b27faf3965f35b62e55ba32bbce8f20bc8fe909558a86702fde" "/opt/rustwide/cargo-home/bin/cargo" "+beta-2024-12-08" "build" "--frozen" "--message-format=json", kill_on_drop: false }`
[INFO] [stdout] d8bea250b54ba334e1aaed90237e19bec16f5f3470ef3b1886e89c3f3f6df3fe
[INFO] running `Command { std: "docker" "start" "-a" "d8bea250b54ba334e1aaed90237e19bec16f5f3470ef3b1886e89c3f3f6df3fe", kill_on_drop: false }`
[INFO] [stderr]    Compiling version_check v0.9.5
[INFO] [stderr]    Compiling cfg-if v1.0.0
[INFO] [stderr]    Compiling once_cell v1.20.2
[INFO] [stderr]    Compiling zerocopy v0.7.35
[INFO] [stderr]    Compiling serde v1.0.216
[INFO] [stderr]    Compiling crossbeam-utils v0.8.20
[INFO] [stderr]    Compiling autocfg v1.4.0
[INFO] [stderr]    Compiling semver v1.0.24
[INFO] [stderr]    Compiling rayon-core v1.12.1
[INFO] [stderr]    Compiling bitflags v2.6.0
[INFO] [stderr]    Compiling equivalent v1.0.1
[INFO] [stderr]    Compiling hashbrown v0.15.2
[INFO] [stderr]    Compiling anyhow v1.0.94
[INFO] [stderr]    Compiling hashbrown v0.12.3
[INFO] [stderr]    Compiling either v1.13.0
[INFO] [stderr]    Compiling syn v2.0.90
[INFO] [stderr]    Compiling fallible-iterator v0.2.0
[INFO] [stderr]    Compiling heck v0.5.0
[INFO] [stderr]    Compiling stable_deref_trait v1.2.0
[INFO] [stderr]    Compiling leb128 v0.2.5
[INFO] [stderr]    Compiling log v0.4.22
[INFO] [stderr]    Compiling memchr v2.7.4
[INFO] [stderr]    Compiling wasm-encoder v0.214.0
[INFO] [stderr]    Compiling rustix v0.38.42
[INFO] [stderr]    Compiling bumpalo v3.16.0
[INFO] [stderr]    Compiling ahash v0.8.11
[INFO] [stderr]    Compiling wasm-bindgen-shared v0.2.99
[INFO] [stderr]    Compiling linux-raw-sys v0.4.14
[INFO] [stderr]    Compiling serde_json v1.0.133
[INFO] [stderr]    Compiling indexmap v1.9.3
[INFO] [stderr]    Compiling itoa v1.0.14
[INFO] [stderr]    Compiling ryu v1.0.18
[INFO] [stderr]    Compiling lazy_static v1.5.0
[INFO] [stderr]    Compiling fastrand v2.3.0
[INFO] [stderr]    Compiling xshell-macros v0.2.7
[INFO] [stderr]    Compiling base64 v0.22.1
[INFO] [stderr]    Compiling rustc-demangle v0.1.24
[INFO] [stderr]    Compiling aho-corasick v0.7.20
[INFO] [stderr]    Compiling crossbeam-epoch v0.9.18
[INFO] [stderr]    Compiling hashbrown v0.13.2
[INFO] [stderr]    Compiling xshell v0.2.7
[INFO] [stderr]    Compiling crossbeam-deque v0.8.5
[INFO] [stderr]    Compiling gimli v0.26.2
[INFO] [stderr]    Compiling parse-js v0.17.0
[INFO] [stderr]    Compiling rayon v1.10.0
[INFO] [stderr]    Compiling serde_derive v1.0.216
[INFO] [stderr]    Compiling walrus-macro v0.22.0
[INFO] [stderr]    Compiling minify-js v0.5.6
[INFO] [stderr]    Compiling tempfile v3.14.0
[INFO] [stderr]    Compiling id-arena v2.2.1
[INFO] [stderr]    Compiling indexmap v2.7.0
[INFO] [stderr]    Compiling hashbrown v0.14.5
[INFO] [stderr]    Compiling wasmparser v0.214.0
[INFO] [stderr]    Compiling wasmparser v0.212.0
[INFO] [stderr]    Compiling walrus v0.23.3
[INFO] [stderr]    Compiling wasm-bindgen-wasm-conventions v0.2.99
[INFO] [stderr]    Compiling wasm-bindgen-wasm-interpreter v0.2.99
[INFO] [stderr]    Compiling wasm-bindgen-externref-xform v0.2.99
[INFO] [stderr]    Compiling wasm-bindgen-multi-value-xform v0.2.99
[INFO] [stderr]    Compiling wasm-bindgen-threads-xform v0.2.99
[INFO] [stderr]    Compiling wasm-bindgen-cli-support v0.2.99
[INFO] [stderr]    Compiling wasmdev_core v0.1.7
[INFO] [stderr]    Compiling wasmdev_macro v0.1.7 (/opt/rustwide/workdir)
[INFO] [stderr]     Finished `dev` profile [unoptimized + debuginfo] target(s) in 38.37s
[INFO] running `Command { std: "docker" "inspect" "d8bea250b54ba334e1aaed90237e19bec16f5f3470ef3b1886e89c3f3f6df3fe", kill_on_drop: false }`
[INFO] running `Command { std: "docker" "rm" "-f" "d8bea250b54ba334e1aaed90237e19bec16f5f3470ef3b1886e89c3f3f6df3fe", kill_on_drop: false }`
[INFO] [stdout] d8bea250b54ba334e1aaed90237e19bec16f5f3470ef3b1886e89c3f3f6df3fe
[INFO] running `Command { std: "docker" "create" "-v" "/var/lib/crater-agent-workspace/builds/worker-4-tc2/target:/opt/rustwide/target:rw,Z" "-v" "/var/lib/crater-agent-workspace/builds/worker-4-tc2/source:/opt/rustwide/workdir:ro,Z" "-v" "/var/lib/crater-agent-workspace/cargo-home:/opt/rustwide/cargo-home:ro,Z" "-v" "/var/lib/crater-agent-workspace/rustup-home:/opt/rustwide/rustup-home:ro,Z" "-e" "SOURCE_DIR=/opt/rustwide/workdir" "-e" "CARGO_TARGET_DIR=/opt/rustwide/target" "-e" "CARGO_INCREMENTAL=0" "-e" "RUST_BACKTRACE=full" "-e" "RUSTFLAGS=--cap-lints=warn" "-e" "RUSTDOCFLAGS=--cap-lints=warn" "-e" "CARGO_HOME=/opt/rustwide/cargo-home" "-e" "RUSTUP_HOME=/opt/rustwide/rustup-home" "-w" "/opt/rustwide/workdir" "-m" "1610612736" "--user" "0:0" "--network" "none" "ghcr.io/rust-lang/crates-build-env/linux@sha256:f3a9d4ad9d972b27faf3965f35b62e55ba32bbce8f20bc8fe909558a86702fde" "/opt/rustwide/cargo-home/bin/cargo" "+beta-2024-12-08" "test" "--frozen" "--no-run" "--message-format=json", kill_on_drop: false }`
[INFO] [stdout] fec55a86476e7656d20fb70fe6d001f3480d430f3dfa2674dacbde59d8312c37
[INFO] running `Command { std: "docker" "start" "-a" "fec55a86476e7656d20fb70fe6d001f3480d430f3dfa2674dacbde59d8312c37", kill_on_drop: false }`
[INFO] [stderr]    Compiling wasmdev_macro v0.1.7 (/opt/rustwide/workdir)
[INFO] [stderr]     Finished `test` profile [unoptimized + debuginfo] target(s) in 3.30s
[INFO] running `Command { std: "docker" "inspect" "fec55a86476e7656d20fb70fe6d001f3480d430f3dfa2674dacbde59d8312c37", kill_on_drop: false }`
[INFO] running `Command { std: "docker" "rm" "-f" "fec55a86476e7656d20fb70fe6d001f3480d430f3dfa2674dacbde59d8312c37", kill_on_drop: false }`
[INFO] [stdout] fec55a86476e7656d20fb70fe6d001f3480d430f3dfa2674dacbde59d8312c37
[INFO] running `Command { std: "docker" "create" "-v" "/var/lib/crater-agent-workspace/builds/worker-4-tc2/target:/opt/rustwide/target:rw,Z" "-v" "/var/lib/crater-agent-workspace/builds/worker-4-tc2/source:/opt/rustwide/workdir:ro,Z" "-v" "/var/lib/crater-agent-workspace/cargo-home:/opt/rustwide/cargo-home:ro,Z" "-v" "/var/lib/crater-agent-workspace/rustup-home:/opt/rustwide/rustup-home:ro,Z" "-e" "SOURCE_DIR=/opt/rustwide/workdir" "-e" "CARGO_TARGET_DIR=/opt/rustwide/target" "-e" "CARGO_INCREMENTAL=0" "-e" "RUST_BACKTRACE=full" "-e" "RUSTFLAGS=--cap-lints=warn" "-e" "RUSTDOCFLAGS=--cap-lints=warn" "-e" "CARGO_HOME=/opt/rustwide/cargo-home" "-e" "RUSTUP_HOME=/opt/rustwide/rustup-home" "-w" "/opt/rustwide/workdir" "-m" "1610612736" "--user" "0:0" "--network" "none" "ghcr.io/rust-lang/crates-build-env/linux@sha256:f3a9d4ad9d972b27faf3965f35b62e55ba32bbce8f20bc8fe909558a86702fde" "/opt/rustwide/cargo-home/bin/cargo" "+beta-2024-12-08" "test" "--frozen", kill_on_drop: false }`
[INFO] [stdout] 01cdc38c0c20357ba401ef1b8b73fa475aaf72582094e6464cb42c9bb9e454c0
[INFO] running `Command { std: "docker" "start" "-a" "01cdc38c0c20357ba401ef1b8b73fa475aaf72582094e6464cb42c9bb9e454c0", kill_on_drop: false }`
[INFO] [stderr]     Finished `test` profile [unoptimized + debuginfo] target(s) in 0.08s
[INFO] [stderr]      Running unittests src/lib.rs (/opt/rustwide/target/debug/deps/wasmdev_macro-ff4ec8a33974cc2d)
[INFO] [stdout] 
[INFO] [stdout] running 0 tests
[INFO] [stdout] 
[INFO] [stdout] test result: ok. 0 passed; 0 failed; 0 ignored; 0 measured; 0 filtered out; finished in 0.00s
[INFO] [stdout] 
[INFO] [stderr]    Doc-tests wasmdev_macro
[INFO] [stdout] 
[INFO] [stdout] running 4 tests
[INFO] [stdout] test src/lib.rs - main (line 47) ... FAILED
[INFO] [stdout] test src/lib.rs - main (line 62) ... FAILED
[INFO] [stdout] test src/lib.rs - main (line 29) ... FAILED
[INFO] [stdout] test src/lib.rs - main (line 54) ... FAILED
[INFO] [stdout] 
[INFO] [stdout] failures:
[INFO] [stdout] 
[INFO] [stdout] ---- src/lib.rs - main (line 47) stdout ----
[INFO] [stdout] error[E0433]: failed to resolve: use of undeclared crate or module `wasmdev`
[INFO] [stdout]  --> src/lib.rs:48:3
[INFO] [stdout]   |
[INFO] [stdout] 2 | #[wasmdev::main(path: "www")]
[INFO] [stdout]   |   ^^^^^^^ use of undeclared crate or module `wasmdev`
[INFO] [stdout] 
[INFO] [stdout] error: aborting due to 1 previous error
[INFO] [stdout] 
[INFO] [stdout] For more information about this error, try `rustc --explain E0433`.
[INFO] [stdout] Couldn't compile the test.
[INFO] [stdout] ---- src/lib.rs - main (line 62) stdout ----
[INFO] [stdout] error[E0433]: failed to resolve: use of undeclared crate or module `wasmdev`
[INFO] [stdout]  --> src/lib.rs:64:3
[INFO] [stdout]   |
[INFO] [stdout] 3 | #[wasmdev::main(addr: "0.0.0.0")]
[INFO] [stdout]   |   ^^^^^^^ use of undeclared crate or module `wasmdev`
[INFO] [stdout] 
[INFO] [stdout] error: aborting due to 1 previous error
[INFO] [stdout] 
[INFO] [stdout] For more information about this error, try `rustc --explain E0433`.
[INFO] [stdout] Couldn't compile the test.
[INFO] [stdout] ---- src/lib.rs - main (line 29) stdout ----
[INFO] [stdout] error[E0433]: failed to resolve: use of undeclared crate or module `wasmdev`
[INFO] [stdout]  --> src/lib.rs:31:3
[INFO] [stdout]   |
[INFO] [stdout] 3 | #[wasmdev::main]
[INFO] [stdout]   |   ^^^^^^^ use of undeclared crate or module `wasmdev`
[INFO] [stdout] 
[INFO] [stdout] error[E0433]: failed to resolve: use of undeclared crate or module `web_sys`
[INFO] [stdout]  --> src/lib.rs:33:18
[INFO] [stdout]   |
[INFO] [stdout] 5 |     let window = web_sys::window().unwrap();
[INFO] [stdout]   |                  ^^^^^^^ use of undeclared crate or module `web_sys`
[INFO] [stdout] 
[INFO] [stdout] error: aborting due to 2 previous errors
[INFO] [stdout] 
[INFO] [stdout] For more information about this error, try `rustc --explain E0433`.
[INFO] [stdout] Couldn't compile the test.
[INFO] [stdout] ---- src/lib.rs - main (line 54) stdout ----
[INFO] [stdout] error: unknown start of token: \u{251c}
[INFO] [stdout]  --> src/lib.rs:55:1
[INFO] [stdout]   |
[INFO] [stdout] 3 | ├── Cargo.toml
[INFO] [stdout]   | ^
[INFO] [stdout] 
[INFO] [stdout] error: unknown start of token: \u{2500}
[INFO] [stdout]  --> src/lib.rs:55:2
[INFO] [stdout]   |
[INFO] [stdout] 3 | ├── Cargo.toml
[INFO] [stdout]   |  ^^
[INFO] [stdout]   |
[INFO] [stdout]   = note: character appears once more
[INFO] [stdout] help: Unicode character '─' (Box Drawings Light Horizontal) looks like '-' (Minus/Hyphen), but it is not
[INFO] [stdout]   |
[INFO] [stdout] 3 | ├-- Cargo.toml
[INFO] [stdout]   |  ~~
[INFO] [stdout] 
[INFO] [stdout] error: unknown start of token: \u{2500}
[INFO] [stdout]  --> src/lib.rs:55:3
[INFO] [stdout]   |
[INFO] [stdout] 3 | ├── Cargo.toml
[INFO] [stdout]   |   ^
[INFO] [stdout]   |
[INFO] [stdout] help: Unicode character '─' (Box Drawings Light Horizontal) looks like '-' (Minus/Hyphen), but it is not
[INFO] [stdout]   |
[INFO] [stdout] 3 | ├─- Cargo.toml
[INFO] [stdout]   |   ~
[INFO] [stdout] 
[INFO] [stdout] error: unknown start of token: \u{251c}
[INFO] [stdout]  --> src/lib.rs:56:1
[INFO] [stdout]   |
[INFO] [stdout] 4 | ├── src
[INFO] [stdout]   | ^
[INFO] [stdout] 
[INFO] [stdout] error: unknown start of token: \u{2500}
[INFO] [stdout]  --> src/lib.rs:56:2
[INFO] [stdout]   |
[INFO] [stdout] 4 | ├── src
[INFO] [stdout]   |  ^^
[INFO] [stdout]   |
[INFO] [stdout]   = note: character appears once more
[INFO] [stdout] help: Unicode character '─' (Box Drawings Light Horizontal) looks like '-' (Minus/Hyphen), but it is not
[INFO] [stdout]   |
[INFO] [stdout] 4 | ├-- src
[INFO] [stdout]   |  ~~
[INFO] [stdout] 
[INFO] [stdout] error: unknown start of token: \u{2500}
[INFO] [stdout]  --> src/lib.rs:56:3
[INFO] [stdout]   |
[INFO] [stdout] 4 | ├── src
[INFO] [stdout]   |   ^
[INFO] [stdout]   |
[INFO] [stdout] help: Unicode character '─' (Box Drawings Light Horizontal) looks like '-' (Minus/Hyphen), but it is not
[INFO] [stdout]   |
[INFO] [stdout] 4 | ├─- src
[INFO] [stdout]   |   ~
[INFO] [stdout] 
[INFO] [stdout] error: unknown start of token: \u{2502}
[INFO] [stdout]  --> src/lib.rs:57:1
[INFO] [stdout]   |
[INFO] [stdout] 5 | │   └── main.rs
[INFO] [stdout]   | ^
[INFO] [stdout] 
[INFO] [stdout] error: unknown start of token: \u{2514}
[INFO] [stdout]  --> src/lib.rs:57:5
[INFO] [stdout]   |
[INFO] [stdout] 5 | │   └── main.rs
[INFO] [stdout]   |     ^
[INFO] [stdout] 
[INFO] [stdout] error: unknown start of token: \u{2500}
[INFO] [stdout]  --> src/lib.rs:57:6
[INFO] [stdout]   |
[INFO] [stdout] 5 | │   └── main.rs
[INFO] [stdout]   |      ^^
[INFO] [stdout]   |
[INFO] [stdout]   = note: character appears once more
[INFO] [stdout] help: Unicode character '─' (Box Drawings Light Horizontal) looks like '-' (Minus/Hyphen), but it is not
[INFO] [stdout]   |
[INFO] [stdout] 5 | │   └-- main.rs
[INFO] [stdout]   |      ~~
[INFO] [stdout] 
[INFO] [stdout] error: unknown start of token: \u{2500}
[INFO] [stdout]  --> src/lib.rs:57:7
[INFO] [stdout]   |
[INFO] [stdout] 5 | │   └── main.rs
[INFO] [stdout]   |       ^
[INFO] [stdout]   |
[INFO] [stdout] help: Unicode character '─' (Box Drawings Light Horizontal) looks like '-' (Minus/Hyphen), but it is not
[INFO] [stdout]   |
[INFO] [stdout] 5 | │   └─- main.rs
[INFO] [stdout]   |       ~
[INFO] [stdout] 
[INFO] [stdout] error: unknown start of token: \u{2514}
[INFO] [stdout]  --> src/lib.rs:58:1
[INFO] [stdout]   |
[INFO] [stdout] 6 | └── www
[INFO] [stdout]   | ^
[INFO] [stdout] 
[INFO] [stdout] error: unknown start of token: \u{2500}
[INFO] [stdout]  --> src/lib.rs:58:2
[INFO] [stdout]   |
[INFO] [stdout] 6 | └── www
[INFO] [stdout]   |  ^^
[INFO] [stdout]   |
[INFO] [stdout]   = note: character appears once more
[INFO] [stdout] help: Unicode character '─' (Box Drawings Light Horizontal) looks like '-' (Minus/Hyphen), but it is not
[INFO] [stdout]   |
[INFO] [stdout] 6 | └-- www
[INFO] [stdout]   |  ~~
[INFO] [stdout] 
[INFO] [stdout] error: unknown start of token: \u{2500}
[INFO] [stdout]  --> src/lib.rs:58:3
[INFO] [stdout]   |
[INFO] [stdout] 6 | └── www
[INFO] [stdout]   |   ^
[INFO] [stdout]   |
[INFO] [stdout] help: Unicode character '─' (Box Drawings Light Horizontal) looks like '-' (Minus/Hyphen), but it is not
[INFO] [stdout]   |
[INFO] [stdout] 6 | └─- www
[INFO] [stdout]   |   ~
[INFO] [stdout] 
[INFO] [stdout] error: unknown start of token: \u{2514}
[INFO] [stdout]  --> src/lib.rs:59:5
[INFO] [stdout]   |
[INFO] [stdout] 7 |     └── index.html
[INFO] [stdout]   |     ^
[INFO] [stdout] 
[INFO] [stdout] error: unknown start of token: \u{2500}
[INFO] [stdout]  --> src/lib.rs:59:6
[INFO] [stdout]   |
[INFO] [stdout] 7 |     └── index.html
[INFO] [stdout]   |      ^^
[INFO] [stdout]   |
[INFO] [stdout]   = note: character appears once more
[INFO] [stdout] help: Unicode character '─' (Box Drawings Light Horizontal) looks like '-' (Minus/Hyphen), but it is not
[INFO] [stdout]   |
[INFO] [stdout] 7 |     └-- index.html
[INFO] [stdout]   |      ~~
[INFO] [stdout] 
[INFO] [stdout] error: unknown start of token: \u{2500}
[INFO] [stdout]  --> src/lib.rs:59:7
[INFO] [stdout]   |
[INFO] [stdout] 7 |     └── index.html
[INFO] [stdout]   |       ^
[INFO] [stdout]   |
[INFO] [stdout] help: Unicode character '─' (Box Drawings Light Horizontal) looks like '-' (Minus/Hyphen), but it is not
[INFO] [stdout]   |
[INFO] [stdout] 7 |     └─- index.html
[INFO] [stdout]   |       ~
[INFO] [stdout] 
[INFO] [stdout] error[E0425]: cannot find value `Cargo` in this scope
[INFO] [stdout]  --> src/lib.rs:55:5
[INFO] [stdout]   |
[INFO] [stdout] 3 | ├── Cargo.toml
[INFO] [stdout]   |     ^^^^^ not found in this scope
[INFO] [stdout] 
[INFO] [stdout] error[E0425]: cannot find value `src` in this scope
[INFO] [stdout]  --> src/lib.rs:56:5
[INFO] [stdout]   |
[INFO] [stdout] 4 | ├── src
[INFO] [stdout]   |     ^^^ not found in this scope
[INFO] [stdout] 
[INFO] [stdout] error[E0425]: cannot find value `www` in this scope
[INFO] [stdout]  --> src/lib.rs:58:5
[INFO] [stdout]   |
[INFO] [stdout] 6 | └── www
[INFO] [stdout]   |     ^^^ not found in this scope
[INFO] [stdout] 
[INFO] [stdout] error[E0425]: cannot find value `index` in this scope
[INFO] [stdout]  --> src/lib.rs:59:9
[INFO] [stdout]   |
[INFO] [stdout] 7 |     └── index.html
[INFO] [stdout]   |         ^^^^^ not found in this scope
[INFO] [stdout] 
[INFO] [stdout] error[E0609]: no field `rs` on type `fn() {main}`
[INFO] [stdout]  --> src/lib.rs:57:14
[INFO] [stdout]   |
[INFO] [stdout] 5 | │   └── main.rs
[INFO] [stdout]   |              ^^ unknown field
[INFO] [stdout] 
[INFO] [stdout] error: aborting due to 21 previous errors
[INFO] [stdout] 
[INFO] [stdout] Some errors have detailed explanations: E0425, E0609.
[INFO] [stdout] For more information about an error, try `rustc --explain E0425`.
[INFO] [stdout] Couldn't compile the test.
[INFO] [stdout] 
[INFO] [stdout] failures:
[INFO] [stdout]     src/lib.rs - main (line 29)
[INFO] [stdout]     src/lib.rs - main (line 47)
[INFO] [stdout]     src/lib.rs - main (line 54)
[INFO] [stdout]     src/lib.rs - main (line 62)
[INFO] [stdout] 
[INFO] [stdout] test result: FAILED. 0 passed; 4 failed; 0 ignored; 0 measured; 0 filtered out; finished in 0.19s
[INFO] [stdout] 
[INFO] [stderr] error: doctest failed, to rerun pass `--doc`
[INFO] running `Command { std: "docker" "inspect" "01cdc38c0c20357ba401ef1b8b73fa475aaf72582094e6464cb42c9bb9e454c0", kill_on_drop: false }`
[INFO] running `Command { std: "docker" "rm" "-f" "01cdc38c0c20357ba401ef1b8b73fa475aaf72582094e6464cb42c9bb9e454c0", kill_on_drop: false }`
[INFO] [stdout] 01cdc38c0c20357ba401ef1b8b73fa475aaf72582094e6464cb42c9bb9e454c0
