[INFO] fetching crate wasmcloud-core 0.15.0...
[INFO] testing wasmcloud-core-0.15.0 against 1.83.0 for beta-1.84.0-4-retry
[INFO] extracting crate wasmcloud-core 0.15.0 into /workspace/builds/worker-1-tc1/source
[INFO] validating manifest of crates.io crate wasmcloud-core 0.15.0 on toolchain 1.83.0
[INFO] running `Command { std: CARGO_HOME="/workspace/cargo-home" RUSTUP_HOME="/workspace/rustup-home" "/workspace/cargo-home/bin/cargo" "+1.83.0" "metadata" "--manifest-path" "Cargo.toml" "--no-deps", kill_on_drop: false }`
[INFO] started tweaking crates.io crate wasmcloud-core 0.15.0
[INFO] finished tweaking crates.io crate wasmcloud-core 0.15.0
[INFO] tweaked toml for crates.io crate wasmcloud-core 0.15.0 written to /workspace/builds/worker-1-tc1/source/Cargo.toml
[INFO] running `Command { std: CARGO_HOME="/workspace/cargo-home" RUSTUP_HOME="/workspace/rustup-home" "/workspace/cargo-home/bin/cargo" "+1.83.0" "generate-lockfile" "--manifest-path" "Cargo.toml", kill_on_drop: false }`
[INFO] [stderr]     Updating crates.io index
[INFO] [stderr]      Locking 273 packages to latest compatible versions
[INFO] [stderr]       Adding async-nats v0.36.0 (available: v0.38.0)
[INFO] [stderr]       Adding secrecy v0.8.0 (available: v0.10.3)
[INFO] running `Command { std: CARGO_HOME="/workspace/cargo-home" RUSTUP_HOME="/workspace/rustup-home" "/workspace/cargo-home/bin/cargo" "+1.83.0" "fetch" "--manifest-path" "Cargo.toml", kill_on_drop: false }`
[INFO] [stderr]  Downloading crates ...
[INFO] [stderr]   Downloaded nuid v0.4.1
[INFO] [stderr]   Downloaded wasm-gen v0.1.4
[INFO] [stderr]   Downloaded nkeys v0.4.4
[INFO] [stderr]   Downloaded signatory v0.27.1
[INFO] [stderr]   Downloaded nuid v0.5.0
[INFO] [stderr]   Downloaded wasm-metadata v0.219.1
[INFO] [stderr]   Downloaded tryhard v0.5.1
[INFO] [stderr]   Downloaded oci-spec v0.7.1
[INFO] [stderr]   Downloaded provider-archive v0.14.0
[INFO] [stderr]   Downloaded wit-component v0.219.1
[INFO] [stderr]   Downloaded async-nats v0.36.0
[INFO] [stderr]   Downloaded oci-wasm v0.2.0
[INFO] [stderr]   Downloaded wascap v0.15.2
[INFO] [stderr]   Downloaded oci-client v0.14.0
[INFO] running `Command { std: "docker" "create" "-v" "/var/lib/crater-agent-workspace/builds/worker-1-tc1/target:/opt/rustwide/target:rw,Z" "-v" "/var/lib/crater-agent-workspace/builds/worker-1-tc1/source:/opt/rustwide/workdir:ro,Z" "-v" "/var/lib/crater-agent-workspace/cargo-home:/opt/rustwide/cargo-home:ro,Z" "-v" "/var/lib/crater-agent-workspace/rustup-home:/opt/rustwide/rustup-home:ro,Z" "-e" "SOURCE_DIR=/opt/rustwide/workdir" "-e" "CARGO_TARGET_DIR=/opt/rustwide/target" "-e" "CARGO_HOME=/opt/rustwide/cargo-home" "-e" "RUSTUP_HOME=/opt/rustwide/rustup-home" "-w" "/opt/rustwide/workdir" "-m" "1610612736" "--user" "0:0" "--network" "none" "ghcr.io/rust-lang/crates-build-env/linux@sha256:f3a9d4ad9d972b27faf3965f35b62e55ba32bbce8f20bc8fe909558a86702fde" "/opt/rustwide/cargo-home/bin/cargo" "+1.83.0" "metadata" "--no-deps" "--format-version=1", kill_on_drop: false }`
[INFO] [stdout] a9c4b60ded1cbb7435694723eda284758b6bba33d3c64eea51da4b70d110f413
[INFO] running `Command { std: "docker" "start" "-a" "a9c4b60ded1cbb7435694723eda284758b6bba33d3c64eea51da4b70d110f413", kill_on_drop: false }`
[INFO] running `Command { std: "docker" "inspect" "a9c4b60ded1cbb7435694723eda284758b6bba33d3c64eea51da4b70d110f413", kill_on_drop: false }`
[INFO] running `Command { std: "docker" "rm" "-f" "a9c4b60ded1cbb7435694723eda284758b6bba33d3c64eea51da4b70d110f413", kill_on_drop: false }`
[INFO] [stdout] a9c4b60ded1cbb7435694723eda284758b6bba33d3c64eea51da4b70d110f413
[INFO] running `Command { std: "docker" "create" "-v" "/var/lib/crater-agent-workspace/builds/worker-1-tc1/target:/opt/rustwide/target:rw,Z" "-v" "/var/lib/crater-agent-workspace/builds/worker-1-tc1/source:/opt/rustwide/workdir:ro,Z" "-v" "/var/lib/crater-agent-workspace/cargo-home:/opt/rustwide/cargo-home:ro,Z" "-v" "/var/lib/crater-agent-workspace/rustup-home:/opt/rustwide/rustup-home:ro,Z" "-e" "SOURCE_DIR=/opt/rustwide/workdir" "-e" "CARGO_TARGET_DIR=/opt/rustwide/target" "-e" "CARGO_INCREMENTAL=0" "-e" "RUST_BACKTRACE=full" "-e" "RUSTFLAGS=--cap-lints=warn" "-e" "RUSTDOCFLAGS=--cap-lints=warn" "-e" "CARGO_HOME=/opt/rustwide/cargo-home" "-e" "RUSTUP_HOME=/opt/rustwide/rustup-home" "-w" "/opt/rustwide/workdir" "-m" "1610612736" "--user" "0:0" "--network" "none" "ghcr.io/rust-lang/crates-build-env/linux@sha256:f3a9d4ad9d972b27faf3965f35b62e55ba32bbce8f20bc8fe909558a86702fde" "/opt/rustwide/cargo-home/bin/cargo" "+1.83.0" "build" "--frozen" "--message-format=json", kill_on_drop: false }`
[INFO] [stdout] f2b5d3081eb7ad69b1d558c22590d437c9d9c2cf4b2f7681d77128636e0c9176
[INFO] running `Command { std: "docker" "start" "-a" "f2b5d3081eb7ad69b1d558c22590d437c9d9c2cf4b2f7681d77128636e0c9176", kill_on_drop: false }`
[INFO] [stderr]    Compiling proc-macro2 v1.0.92
[INFO] [stderr]    Compiling unicode-ident v1.0.14
[INFO] [stderr]    Compiling serde v1.0.216
[INFO] [stderr]    Compiling cfg-if v1.0.0
[INFO] [stderr]    Compiling libc v0.2.168
[INFO] [stderr]    Compiling version_check v0.9.5
[INFO] [stderr]    Compiling memchr v2.7.4
[INFO] [stderr]    Compiling once_cell v1.20.2
[INFO] [stderr]    Compiling itoa v1.0.14
[INFO] [stderr]    Compiling pin-project-lite v0.2.15
[INFO] [stderr]    Compiling typenum v1.17.0
[INFO] [stderr]    Compiling futures-core v0.3.31
[INFO] [stderr]    Compiling autocfg v1.4.0
[INFO] [stderr]    Compiling subtle v2.6.1
[INFO] [stderr]    Compiling byteorder v1.5.0
[INFO] [stderr]    Compiling fnv v1.0.7
[INFO] [stderr]    Compiling stable_deref_trait v1.2.0
[INFO] [stderr]    Compiling futures-sink v0.3.31
[INFO] [stderr]    Compiling equivalent v1.0.1
[INFO] [stderr]    Compiling shlex v1.3.0
[INFO] [stderr]    Compiling zeroize v1.8.1
[INFO] [stderr]    Compiling hashbrown v0.15.2
[INFO] [stderr]    Compiling ryu v1.0.18
[INFO] [stderr]    Compiling serde_json v1.0.133
[INFO] [stderr]    Compiling cc v1.2.4
[INFO] [stderr]    Compiling log v0.4.22
[INFO] [stderr]    Compiling smallvec v1.13.2
[INFO] [stderr]    Compiling futures-channel v0.3.31
[INFO] [stderr]    Compiling rustls-pki-types v1.10.1
[INFO] [stderr]    Compiling pin-utils v0.1.0
[INFO] [stderr]    Compiling futures-task v0.3.31
[INFO] [stderr]    Compiling litemap v0.7.4
[INFO] [stderr]    Compiling futures-io v0.3.31
[INFO] [stderr]    Compiling writeable v0.5.5
[INFO] [stderr]    Compiling untrusted v0.9.0
[INFO] [stderr]    Compiling spin v0.9.8
[INFO] [stderr]    Compiling semver v1.0.24
[INFO] [stderr]    Compiling cpufeatures v0.2.16
[INFO] [stderr]    Compiling generic-array v0.14.7
[INFO] [stderr]    Compiling ahash v0.8.11
[INFO] [stderr]    Compiling slab v0.4.9
[INFO] [stderr]    Compiling icu_locid_transform_data v1.5.0
[INFO] [stderr]    Compiling tracing-core v0.1.33
[INFO] [stderr]    Compiling ident_case v1.0.1
[INFO] [stderr]    Compiling strsim v0.11.1
[INFO] [stderr]    Compiling base64ct v1.6.0
[INFO] [stderr]    Compiling icu_properties_data v1.5.0
[INFO] [stderr]    Compiling quote v1.0.37
[INFO] [stderr]    Compiling write16 v1.0.0
[INFO] [stderr]    Compiling httparse v1.9.5
[INFO] [stderr]    Compiling rustls v0.23.20
[INFO] [stderr]    Compiling pem-rfc7468 v0.7.0
[INFO] [stderr]    Compiling const-oid v0.9.6
[INFO] [stderr]    Compiling utf8_iter v1.0.4
[INFO] [stderr]    Compiling utf16_iter v1.0.5
[INFO] [stderr]    Compiling syn v2.0.90
[INFO] [stderr]    Compiling getrandom v0.2.15
[INFO] [stderr]    Compiling mio v1.0.3
[INFO] [stderr]    Compiling socket2 v0.5.8
[INFO] [stderr]    Compiling rustc_version v0.4.1
[INFO] [stderr]    Compiling icu_normalizer_data v1.5.0
[INFO] [stderr]    Compiling bitflags v2.6.0
[INFO] [stderr]    Compiling der v0.7.9
[INFO] [stderr]    Compiling percent-encoding v2.3.1
[INFO] [stderr]    Compiling atomic-waker v1.1.2
[INFO] [stderr]    Compiling leb128 v0.2.5
[INFO] [stderr]    Compiling try-lock v0.2.5
[INFO] [stderr]    Compiling rand_core v0.6.4
[INFO] [stderr]    Compiling want v0.3.1
[INFO] [stderr]    Compiling aho-corasick v1.1.3
[INFO] [stderr]    Compiling regex-syntax v0.8.5
[INFO] [stderr]    Compiling form_urlencoded v1.2.1
[INFO] [stderr]    Compiling rustversion v1.0.18
[INFO] [stderr]    Compiling anyhow v1.0.94
[INFO] [stderr]    Compiling proc-macro-error-attr2 v2.0.0
[INFO] [stderr]    Compiling curve25519-dalek v4.1.3
[INFO] [stderr]    Compiling rustls-pemfile v2.2.0
[INFO] [stderr]    Compiling num-traits v0.2.19
[INFO] [stderr]    Compiling tower-service v0.3.3
[INFO] [stderr]    Compiling thiserror v2.0.7
[INFO] [stderr]    Compiling tinyvec_macros v0.1.1
[INFO] [stderr]    Compiling thiserror v1.0.69
[INFO] [stderr]    Compiling tinyvec v1.8.0
[INFO] [stderr]    Compiling webpki-roots v0.26.7
[INFO] [stderr]    Compiling block-buffer v0.10.4
[INFO] [stderr]    Compiling crypto-common v0.1.6
[INFO] [stderr]    Compiling heck v0.5.0
[INFO] [stderr]    Compiling base64 v0.22.1
[INFO] [stderr]    Compiling digest v0.10.7
[INFO] [stderr]    Compiling data-encoding v2.6.0
[INFO] [stderr]    Compiling adler2 v2.0.0
[INFO] [stderr]    Compiling sha2 v0.10.8
[INFO] [stderr]    Compiling signature v2.2.0
[INFO] [stderr]    Compiling miniz_oxide v0.8.0
[INFO] [stderr]    Compiling ed25519 v2.2.3
[INFO] [stderr]    Compiling hmac v0.12.1
[INFO] [stderr]    Compiling spdx v0.10.7
[INFO] [stderr]    Compiling sync_wrapper v1.0.2
[INFO] [stderr]    Compiling crc32fast v1.4.2
[INFO] [stderr]    Compiling portable-atomic v1.10.0
[INFO] [stderr]    Compiling iana-time-zone v0.1.61
[INFO] [stderr]    Compiling id-arena v2.2.1
[INFO] [stderr]    Compiling openssl-probe v0.1.5
[INFO] [stderr]    Compiling base64 v0.13.1
[INFO] [stderr]    Compiling ring v0.17.8
[INFO] [stderr]    Compiling mime v0.3.17
[INFO] [stderr]    Compiling strum v0.26.3
[INFO] [stderr]    Compiling byteorder v0.5.3
[INFO] [stderr]    Compiling powerfmt v0.2.0
[INFO] [stderr]    Compiling unicode-normalization v0.1.24
[INFO] [stderr]    Compiling ipnet v2.10.1
[INFO] [stderr]    Compiling unicode-xid v0.2.6
[INFO] [stderr]    Compiling spki v0.7.3
[INFO] [stderr]    Compiling regex-automata v0.4.9
[INFO] [stderr]    Compiling wasm-gen v0.1.4
[INFO] [stderr]    Compiling flate2 v1.0.35
[INFO] [stderr]    Compiling filetime v0.2.25
[INFO] [stderr]    Compiling http-auth v0.1.10
[INFO] [stderr]    Compiling pkcs8 v0.10.2
[INFO] [stderr]    Compiling humantime v2.1.0
[INFO] [stderr]    Compiling unicase v2.8.0
[INFO] [stderr]    Compiling time-core v0.1.2
[INFO] [stderr]    Compiling signatory v0.27.1
[INFO] [stderr]    Compiling num-conv v0.1.0
[INFO] [stderr]    Compiling lazy_static v1.5.0
[INFO] [stderr]    Compiling rustls-native-certs v0.7.3
[INFO] [stderr]    Compiling rustls-native-certs v0.8.1
[INFO] [stderr]    Compiling secrecy v0.8.0
[INFO] [stderr]    Compiling hex v0.4.3
[INFO] [stderr]    Compiling synstructure v0.13.1
[INFO] [stderr]    Compiling darling_core v0.20.10
[INFO] [stderr]    Compiling proc-macro-error2 v2.0.1
[INFO] [stderr]    Compiling regex v1.11.1
[INFO] [stderr]    Compiling serde_derive v1.0.216
[INFO] [stderr]    Compiling zerocopy-derive v0.7.35
[INFO] [stderr]    Compiling zerofrom-derive v0.1.5
[INFO] [stderr]    Compiling tokio-macros v2.4.0
[INFO] [stderr]    Compiling yoke-derive v0.7.5
[INFO] [stderr]    Compiling zerovec-derive v0.10.3
[INFO] [stderr]    Compiling displaydoc v0.2.5
[INFO] [stderr]    Compiling futures-macro v0.3.31
[INFO] [stderr]    Compiling icu_provider_macros v1.5.0
[INFO] [stderr]    Compiling tracing-attributes v0.1.28
[INFO] [stderr]    Compiling curve25519-dalek-derive v0.1.1
[INFO] [stderr]    Compiling thiserror-impl v2.0.7
[INFO] [stderr]    Compiling thiserror-impl v1.0.69
[INFO] [stderr]    Compiling strum_macros v0.26.4
[INFO] [stderr]    Compiling getset v0.1.3
[INFO] [stderr]    Compiling serde_repr v0.1.19
[INFO] [stderr]    Compiling zerocopy v0.7.35
[INFO] [stderr]    Compiling async-trait v0.1.83
[INFO] [stderr]    Compiling rustls-webpki v0.102.8
[INFO] [stderr]    Compiling futures-util v0.3.31
[INFO] [stderr]    Compiling ppv-lite86 v0.2.20
[INFO] [stderr]    Compiling tracing v0.1.41
[INFO] [stderr]    Compiling darling_macro v0.20.10
[INFO] [stderr]    Compiling hashbrown v0.14.5
[INFO] [stderr]    Compiling zerofrom v0.1.5
[INFO] [stderr]    Compiling yoke v0.7.5
[INFO] [stderr]    Compiling rand_chacha v0.3.1
[INFO] [stderr]    Compiling ed25519-dalek v2.1.1
[INFO] [stderr]    Compiling zerovec v0.10.4
[INFO] [stderr]    Compiling rand v0.8.5
[INFO] [stderr]    Compiling darling v0.20.10
[INFO] [stderr]    Compiling derive_builder_core v0.20.2
[INFO] [stderr]    Compiling nkeys v0.4.4
[INFO] [stderr]    Compiling nuid v0.4.1
[INFO] [stderr]    Compiling nuid v0.5.0
[INFO] [stderr]    Compiling ulid v1.1.3
[INFO] [stderr]    Compiling derive_builder_macro v0.20.2
[INFO] [stderr]    Compiling tinystr v0.7.6
[INFO] [stderr]    Compiling icu_collections v1.5.0
[INFO] [stderr]    Compiling icu_locid v1.5.0
[INFO] [stderr]    Compiling icu_provider v1.5.0
[INFO] [stderr]    Compiling derive_builder v0.20.2
[INFO] [stderr]    Compiling icu_locid_transform v1.5.0
[INFO] [stderr]    Compiling futures-executor v0.3.31
[INFO] [stderr]    Compiling futures v0.3.31
[INFO] [stderr]    Compiling icu_properties v1.5.1
[INFO] [stderr]    Compiling icu_normalizer v1.5.0
[INFO] [stderr]    Compiling idna_adapter v1.2.0
[INFO] [stderr]    Compiling idna v1.0.3
[INFO] [stderr]    Compiling bytes v1.9.0
[INFO] [stderr]    Compiling indexmap v2.7.0
[INFO] [stderr]    Compiling serde_urlencoded v0.7.1
[INFO] [stderr]    Compiling deranged v0.3.11
[INFO] [stderr]    Compiling chrono v0.4.39
[INFO] [stderr]    Compiling serde_nanos v0.1.4
[INFO] [stderr]    Compiling uuid v1.11.0
[INFO] [stderr]    Compiling serde_bytes v0.11.15
[INFO] [stderr]    Compiling url v2.5.4
[INFO] [stderr]    Compiling tokio v1.42.0
[INFO] [stderr]    Compiling http v1.2.0
[INFO] [stderr]    Compiling wasmparser v0.219.1
[INFO] [stderr]    Compiling oci-spec v0.7.1
[INFO] [stderr]    Compiling jwt v0.16.0
[INFO] [stderr]    Compiling olpc-cjson v0.1.4
[INFO] [stderr]    Compiling http-body v1.0.1
[INFO] [stderr]    Compiling http-body-util v0.1.2
[INFO] [stderr]    Compiling time v0.3.37
[INFO] [stderr]    Compiling tokio-util v0.7.13
[INFO] [stderr]    Compiling tokio-rustls v0.26.1
[INFO] [stderr]    Compiling tokio-stream v0.1.17
[INFO] [stderr]    Compiling async-compression v0.3.15
[INFO] [stderr]    Compiling tryhard v0.5.1
[INFO] [stderr]    Compiling tokio-tar v0.3.1
[INFO] [stderr]    Compiling h2 v0.4.7
[INFO] [stderr]    Compiling async-nats v0.36.0
[INFO] [stderr]    Compiling wasm-encoder v0.219.1
[INFO] [stderr]    Compiling wit-parser v0.219.1
[INFO] [stderr]    Compiling wasm-metadata v0.219.1
[INFO] [stderr]    Compiling wascap v0.15.2
[INFO] [stderr]    Compiling provider-archive v0.14.0
[INFO] [stderr]    Compiling hyper v1.5.1
[INFO] [stderr]    Compiling wit-component v0.219.1
[INFO] [stderr]    Compiling hyper-util v0.1.10
[INFO] [stderr]    Compiling hyper-rustls v0.27.3
[INFO] [stderr]    Compiling reqwest v0.12.9
[INFO] [stderr]    Compiling oci-client v0.14.0
[INFO] [stderr]    Compiling oci-wasm v0.2.0
[INFO] [stderr]    Compiling wasmcloud-core v0.15.0 (/opt/rustwide/workdir)
[INFO] [stderr]     Finished `dev` profile [unoptimized + debuginfo] target(s) in 1m 29s
[INFO] running `Command { std: "docker" "inspect" "f2b5d3081eb7ad69b1d558c22590d437c9d9c2cf4b2f7681d77128636e0c9176", kill_on_drop: false }`
[INFO] running `Command { std: "docker" "rm" "-f" "f2b5d3081eb7ad69b1d558c22590d437c9d9c2cf4b2f7681d77128636e0c9176", kill_on_drop: false }`
[INFO] [stdout] f2b5d3081eb7ad69b1d558c22590d437c9d9c2cf4b2f7681d77128636e0c9176
[INFO] running `Command { std: "docker" "create" "-v" "/var/lib/crater-agent-workspace/builds/worker-1-tc1/target:/opt/rustwide/target:rw,Z" "-v" "/var/lib/crater-agent-workspace/builds/worker-1-tc1/source:/opt/rustwide/workdir:ro,Z" "-v" "/var/lib/crater-agent-workspace/cargo-home:/opt/rustwide/cargo-home:ro,Z" "-v" "/var/lib/crater-agent-workspace/rustup-home:/opt/rustwide/rustup-home:ro,Z" "-e" "SOURCE_DIR=/opt/rustwide/workdir" "-e" "CARGO_TARGET_DIR=/opt/rustwide/target" "-e" "CARGO_INCREMENTAL=0" "-e" "RUST_BACKTRACE=full" "-e" "RUSTFLAGS=--cap-lints=warn" "-e" "RUSTDOCFLAGS=--cap-lints=warn" "-e" "CARGO_HOME=/opt/rustwide/cargo-home" "-e" "RUSTUP_HOME=/opt/rustwide/rustup-home" "-w" "/opt/rustwide/workdir" "-m" "1610612736" "--user" "0:0" "--network" "none" "ghcr.io/rust-lang/crates-build-env/linux@sha256:f3a9d4ad9d972b27faf3965f35b62e55ba32bbce8f20bc8fe909558a86702fde" "/opt/rustwide/cargo-home/bin/cargo" "+1.83.0" "test" "--frozen" "--no-run" "--message-format=json", kill_on_drop: false }`
[INFO] [stdout] 80cf2b63acc8b073b49daba970765bd46b15e06a15e03c2d03070fd33dfb4df4
[INFO] running `Command { std: "docker" "start" "-a" "80cf2b63acc8b073b49daba970765bd46b15e06a15e03c2d03070fd33dfb4df4", kill_on_drop: false }`
[INFO] [stderr]    Compiling wasmcloud-core v0.15.0 (/opt/rustwide/workdir)
[INFO] [stderr]     Finished `test` profile [unoptimized + debuginfo] target(s) in 12.91s
[INFO] running `Command { std: "docker" "inspect" "80cf2b63acc8b073b49daba970765bd46b15e06a15e03c2d03070fd33dfb4df4", kill_on_drop: false }`
[INFO] running `Command { std: "docker" "rm" "-f" "80cf2b63acc8b073b49daba970765bd46b15e06a15e03c2d03070fd33dfb4df4", kill_on_drop: false }`
[INFO] [stdout] 80cf2b63acc8b073b49daba970765bd46b15e06a15e03c2d03070fd33dfb4df4
[INFO] running `Command { std: "docker" "create" "-v" "/var/lib/crater-agent-workspace/builds/worker-1-tc1/target:/opt/rustwide/target:rw,Z" "-v" "/var/lib/crater-agent-workspace/builds/worker-1-tc1/source:/opt/rustwide/workdir:ro,Z" "-v" "/var/lib/crater-agent-workspace/cargo-home:/opt/rustwide/cargo-home:ro,Z" "-v" "/var/lib/crater-agent-workspace/rustup-home:/opt/rustwide/rustup-home:ro,Z" "-e" "SOURCE_DIR=/opt/rustwide/workdir" "-e" "CARGO_TARGET_DIR=/opt/rustwide/target" "-e" "CARGO_INCREMENTAL=0" "-e" "RUST_BACKTRACE=full" "-e" "RUSTFLAGS=--cap-lints=warn" "-e" "RUSTDOCFLAGS=--cap-lints=warn" "-e" "CARGO_HOME=/opt/rustwide/cargo-home" "-e" "RUSTUP_HOME=/opt/rustwide/rustup-home" "-w" "/opt/rustwide/workdir" "-m" "1610612736" "--user" "0:0" "--network" "none" "ghcr.io/rust-lang/crates-build-env/linux@sha256:f3a9d4ad9d972b27faf3965f35b62e55ba32bbce8f20bc8fe909558a86702fde" "/opt/rustwide/cargo-home/bin/cargo" "+1.83.0" "test" "--frozen", kill_on_drop: false }`
[INFO] [stdout] eb23387cb87ea9e99d5e4ac127162e5cd273de8b2f6d15d9061cd1d85697988d
[INFO] running `Command { std: "docker" "start" "-a" "eb23387cb87ea9e99d5e4ac127162e5cd273de8b2f6d15d9061cd1d85697988d", kill_on_drop: false }`
[INFO] [stderr]     Finished `test` profile [unoptimized + debuginfo] target(s) in 0.56s
[INFO] [stderr]      Running unittests src/lib.rs (/opt/rustwide/target/debug/deps/wasmcloud_core-6a6d0f1a4d1796f9)
[INFO] [stdout] 
[INFO] [stdout] running 8 tests
[INFO] [stdout] test otel::tests::test_grpc_resolves_to_base_url_without_path_components ... ok
[INFO] [stdout] test otel::tests::test_http_configuration_for_specific_signal_should_not_affect_other_signals ... ok
[INFO] [stdout] test otel::tests::test_grpc_resolves_to_empty_string_without_overrides ... ok
[INFO] [stdout] test otel::tests::test_http_resolves_to_empty_string_without_overrides ... ok
[INFO] [stdout] test otel::tests::test_http_should_be_configurable_across_all_signals_via_observability_endpoint ... ok
[INFO] [stdout] test wit::test::test_parse_wit_package_name ... ok
[INFO] [stdout] test nats::tests::test_duplicates ... ok
[INFO] [stdout] test otel::tests::test_grpc_resolves_to_signal_specific_overrides_as_provided ... ok
[INFO] [stdout] 
[INFO] [stdout] test result: ok. 8 passed; 0 failed; 0 ignored; 0 measured; 0 filtered out; finished in 0.00s
[INFO] [stdout] 
[INFO] [stderr]    Doc-tests wasmcloud_core
[INFO] [stdout] 
[INFO] [stdout] running 3 tests
[INFO] [stdout] test src/tls.rs - tls (line 7) ... FAILED
[INFO] [stdout] test src/wit.rs - wit::parse_wit_meta_from_operation (line 97) ... ok
[INFO] [stdout] test src/wit.rs - wit::parse_wit_package_name (line 149) ... ok
[INFO] [stdout] 
[INFO] [stdout] failures:
[INFO] [stdout] 
[INFO] [stdout] ---- src/tls.rs - tls (line 7) stdout ----
[INFO] [stdout] error: linking with `cc` failed: exit status: 1
[INFO] [stdout]   |
[INFO] [stdout]   = note: LC_ALL="C" PATH="/opt/rustwide/rustup-home/toolchains/1.83.0-x86_64-unknown-linux-gnu/lib/rustlib/x86_64-unknown-linux-gnu/bin:/opt/rustwide/cargo-home/bin:/usr/local/sbin:/usr/local/bin:/usr/sbin:/usr/bin:/sbin:/bin" VSLANG="1033" "cc" "-m64" "/tmp/rustcuWcKqE/symbols.o" "/tmp/rustdoctestFOyFT6/rust_out.rust_out.cb03291d53e4e161-cgu.0.rcgu.o" "/tmp/rustdoctestFOyFT6/rust_out.1s7umcihpz0t7nkz1uc2ifee9.rcgu.o" "-Wl,--as-needed" "-Wl,-Bstatic" "/opt/rustwide/target/debug/deps/libwasmcloud_core-9820a6105544ecea.rlib" "/opt/rustwide/target/debug/deps/librustls_native_certs-16b9db0e6479f01f.rlib" "/opt/rustwide/target/debug/deps/libprovider_archive-f6e323eaf2e16ac5.rlib" "/opt/rustwide/target/debug/deps/libtokio_tar-04377b4a210e35c1.rlib" "/opt/rustwide/target/debug/deps/libfiletime-3efc790a358ebe01.rlib" "/opt/rustwide/target/debug/deps/libtokio_stream-7298c4f3b94bede1.rlib" "/opt/rustwide/target/debug/deps/libasync_compression-832e4f6aefd61299.rlib" "/opt/rustwide/target/debug/deps/libflate2-ced89c5b21dca3b7.rlib" "/opt/rustwide/target/debug/deps/libminiz_oxide-dbe4d5c6b06aebd9.rlib" "/opt/rustwide/target/debug/deps/libadler2-e253e5013e39fbc6.rlib" "/opt/rustwide/target/debug/deps/libcrc32fast-6da0a50d86e2d24a.rlib" "/opt/rustwide/target/debug/deps/libwascap-8535c5b0e5bc296f.rlib" "/opt/rustwide/target/debug/deps/libwasm_gen-3848fca8fdfa09aa.rlib" "/opt/rustwide/target/debug/deps/libbyteorder-d9d75ebcb084ea16.rlib" "/opt/rustwide/target/debug/deps/libhumantime-4077790961ce8912.rlib" "/opt/rustwide/target/debug/deps/libnuid-7583b69e1cd0ff73.rlib" "/opt/rustwide/target/debug/deps/liboci_wasm-3934e91f744b53fd.rlib" "/opt/rustwide/target/debug/deps/libwit_component-c61a3271c605f42e.rlib" "/opt/rustwide/target/debug/deps/libwasm_metadata-3249be911fd0dff3.rlib" "/opt/rustwide/target/debug/deps/libspdx-9f0f17a2071ed62e.rlib" "/opt/rustwide/target/debug/deps/libwasm_encoder-d55625e827e7af9f.rlib" "/opt/rustwide/target/debug/deps/libleb128-27430a268083d61b.rlib" "/opt/rustwide/target/debug/deps/libwit_parser-c448b621432d25d1.rlib" "/opt/rustwide/target/debug/deps/libunicode_xid-7a316b7d06f2b2a2.rlib" "/opt/rustwide/target/debug/deps/libwasmparser-2daae8c61eb7afa5.rlib" "/opt/rustwide/target/debug/deps/libbitflags-53c76c4f639396f9.rlib" "/opt/rustwide/target/debug/deps/libhashbrown-31ef1f23ba36ee46.rlib" "/opt/rustwide/target/debug/deps/libahash-914cb81b29bb6868.rlib" "/opt/rustwide/target/debug/deps/libsemver-6ae71166132accdf.rlib" "/opt/rustwide/target/debug/deps/libid_arena-50152a9079f66887.rlib" "/opt/rustwide/target/debug/deps/liboci_client-20f5b5c8f117d085.rlib" "/opt/rustwide/target/debug/deps/libjwt-3be74d5976bb6cad.rlib" "/opt/rustwide/target/debug/deps/libbase64-ae8327474e664153.rlib" "/opt/rustwide/target/debug/deps/libhmac-8c639e3a70e406ae.rlib" "/opt/rustwide/target/debug/deps/liboci_spec-fe14016ac7b29648.rlib" "/opt/rustwide/target/debug/deps/libstrum-d0a9c4d568864793.rlib" "/opt/rustwide/target/debug/deps/libthiserror-f07199846b77fd01.rlib" "/opt/rustwide/target/debug/deps/libderive_builder-697434a5ca0069cf.rlib" "/opt/rustwide/target/debug/deps/libchrono-a9a5d988ab6e0b53.rlib" "/opt/rustwide/target/debug/deps/libnum_traits-e0ed76299063a97d.rlib" "/opt/rustwide/target/debug/deps/libiana_time_zone-327d1375b89fcc29.rlib" "/opt/rustwide/target/debug/deps/libreqwest-6fff43a399b2b078.rlib" "/opt/rustwide/target/debug/deps/libserde_urlencoded-809cb8671aadcaf8.rlib" "/opt/rustwide/target/debug/deps/libsync_wrapper-c7e332bcb7decfd9.rlib" "/opt/rustwide/target/debug/deps/libipnet-8bcb02e74b665020.rlib" "/opt/rustwide/target/debug/deps/libhyper_rustls-d93ac223ac19b993.rlib" "/opt/rustwide/target/debug/deps/libwebpki_roots-b5dff0af02fc5744.rlib" "/opt/rustwide/target/debug/deps/libhyper_util-466e8ca87a8668dd.rlib" "/opt/rustwide/target/debug/deps/libtower_service-153488c259ad6c35.rlib" "/opt/rustwide/target/debug/deps/libhyper-ded416d42f362568.rlib" "/opt/rustwide/target/debug/deps/libwant-3f13e9c0d2560241.rlib" "/opt/rustwide/target/debug/deps/libtry_lock-f3f4362ed4ca7e4a.rlib" "/opt/rustwide/target/debug/deps/libhttparse-63cb856626cec0ca.rlib" "/opt/rustwide/target/debug/deps/libh2-0ae6a0b7a0460cd0.rlib" "/opt/rustwide/target/debug/deps/libindexmap-b308f73450558bd2.rlib" "/opt/rustwide/target/debug/deps/libequivalent-4d5cfde55792e26d.rlib" "/opt/rustwide/target/debug/deps/libhashbrown-62cdb64ce3ed52bb.rlib" "/opt/rustwide/target/debug/deps/libatomic_waker-20cf0e6ccfae60b1.rlib" "/opt/rustwide/target/debug/deps/libhttp_body_util-692d639c0c2a4ab9.rlib" "/opt/rustwide/target/debug/deps/libhttp_body-178ccc41b769aa06.rlib" "/opt/rustwide/target/debug/deps/libolpc_cjson-535a3f93575bbaa7.rlib" "/opt/rustwide/target/debug/deps/libunicode_normalization-aa23cd958ba44085.rlib" "/opt/rustwide/target/debug/deps/libtinyvec-ae8d3c8ddfe5386c.rlib" "/opt/rustwide/target/debug/deps/libtinyvec_macros-bb1333ecdeeba2ad.rlib" "/opt/rustwide/target/debug/deps/libhttp_auth-f8c9d2bbf0e9a8d4.rlib" "/opt/rustwide/target/debug/deps/libhttp-58624907406b848b.rlib" "/opt/rustwide/target/debug/deps/libfnv-b4bd047f342dff07.rlib" "/opt/rustwide/target/debug/deps/libsecrecy-c85eb341bdc47d0b.rlib" "/opt/rustwide/target/debug/deps/libanyhow-4802247df7882e71.rlib" "/opt/rustwide/target/debug/deps/libasync_nats-d1b39ffe4fbb4b09.rlib" "/opt/rustwide/target/debug/deps/librustls_native_certs-e0407fe427d7478e.rlib" "/opt/rustwide/target/debug/deps/libopenssl_probe-111dcb0b3b714b0f.rlib" "/opt/rustwide/target/debug/deps/librustls_pemfile-8f9c60f07a26beb7.rlib" "/opt/rustwide/target/debug/deps/libserde_nanos-3bef5353f6d4371f.rlib" "/opt/rustwide/target/debug/deps/libtryhard-62af2fc62e13b1be.rlib" "/opt/rustwide/target/debug/deps/libnuid-6f8dce1eebc483c0.rlib" "/opt/rustwide/target/debug/deps/libtime-1df0c191b7065719.rlib" "/opt/rustwide/target/debug/deps/libtime_core-920e11b901147e65.rlib" "/opt/rustwide/target/debug/deps/libnum_conv-4bd030b5826783c5.rlib" "/opt/rustwide/target/debug/deps/libderanged-e5f6b4011cee8f1e.rlib" "/opt/rustwide/target/debug/deps/libpowerfmt-776ac6678c847955.rlib" "/opt/rustwide/target/debug/deps/libserde_json-d2aa2f62df15f182.rlib" "/opt/rustwide/target/debug/deps/libitoa-e8776415c5fe0047.rlib" "/opt/rustwide/target/debug/deps/libryu-bba83beca99dd7c0.rlib" "/opt/rustwide/target/debug/deps/libbase64-1d5853d8a2dd9229.rlib" "/opt/rustwide/target/debug/deps/libtokio_util-366c6c2bfa37c79a.rlib" "/opt/rustwide/target/debug/deps/libportable_atomic-1a6989f4886a494e.rlib" "/opt/rustwide/target/debug/deps/libregex-d95b326e6b6c6daa.rlib" "/opt/rustwide/target/debug/deps/libregex_automata-fb68867d3d4723af.rlib" "/opt/rustwide/target/debug/deps/libaho_corasick-ca3c2ec2e6ffa0c6.rlib" "/opt/rustwide/target/debug/deps/libregex_syntax-155e812807b49638.rlib" "/opt/rustwide/target/debug/deps/libnkeys-0329fbb17f27267c.rlib" "/opt/rustwide/target/debug/deps/libdata_encoding-8027432d1fb711ac.rlib" "/opt/rustwide/target/debug/deps/libsignatory-700d698b28e1e29c.rlib" "/opt/rustwide/target/debug/deps/libpkcs8-84efc59277ce8d12.rlib" "/opt/rustwide/target/debug/deps/libspki-a9e47724053cb821.rlib" "/opt/rustwide/target/debug/deps/libder-084c19e8e28eb021.rlib" "/opt/rustwide/target/debug/deps/libpem_rfc7468-7e2f46847f26934a.rlib" "/opt/rustwide/target/debug/deps/libbase64ct-2f46f2f3eac5030a.rlib" "/opt/rustwide/target/debug/deps/libconst_oid-101706bfd026e31e.rlib" "/opt/rustwide/target/debug/deps/librand-673626d2b88c73ca.rlib" "/opt/rustwide/target/debug/deps/librand_chacha-e985dc3c25c678a9.rlib" "/opt/rustwide/target/debug/deps/libppv_lite86-4ff75d50dbed9ad6.rlib" "/opt/rustwide/target/debug/deps/libzerocopy-a927c67494f62cff.rlib" "/opt/rustwide/target/debug/deps/libbyteorder-d36d73da0d12e75b.rlib" "/opt/rustwide/target/debug/deps/librand_core-1f8e996801df326c.rlib" "/opt/rustwide/target/debug/deps/libed25519_dalek-d106070b501a303a.rlib" "/opt/rustwide/target/debug/deps/libsha2-fe088a6c44bb63b2.rlib" "/opt/rustwide/target/debug/deps/libcurve25519_dalek-53d5920caa0708ae.rlib" "/opt/rustwide/target/debug/deps/libcpufeatures-9ef920896d0c969a.rlib" "/opt/rustwide/target/debug/deps/libed25519-e18b93f867a4d969.rlib" "/opt/rustwide/target/debug/deps/libsignature-1ce8965f8741df8c.rlib" "/opt/rustwide/target/debug/deps/libdigest-2772f00fd1b48f5e.rlib" "/opt/rustwide/target/debug/deps/libblock_buffer-b33225e8228c539f.rlib" "/opt/rustwide/target/debug/deps/libcrypto_common-51e69f872257e8d4.rlib" "/opt/rustwide/target/debug/deps/libgeneric_array-96b5f8b414fbdd75.rlib" "/opt/rustwide/target/debug/deps/libtypenum-f8bcce2b4da82a7e.rlib" "/opt/rustwide/target/debug/deps/libtokio_rustls-77cb13641552f340.rlib" "/opt/rustwide/target/debug/deps/librustls-bf38017eeb4bed5e.rlib" "/opt/rustwide/target/debug/deps/libsubtle-5e49a3bf4b1c0b70.rlib" "/opt/rustwide/target/debug/deps/libwebpki-8b7919d39d350b14.rlib" "/opt/rustwide/target/debug/deps/libring-22c84e95288e71f8.rlib" "/opt/rustwide/target/debug/deps/libgetrandom-21e7353a01032e9e.rlib" "/opt/rustwide/target/debug/deps/libspin-cd45c3153bc4c74f.rlib" "/opt/rustwide/target/debug/deps/libuntrusted-7588d7e252ced9d0.rlib" "/opt/rustwide/target/debug/deps/libcfg_if-8217498f8667ada9.rlib" "/opt/rustwide/target/debug/deps/libzeroize-01673d2df795c1cc.rlib" "/opt/rustwide/target/debug/deps/librustls_pki_types-8caae85d2141bc18.rlib" "/opt/rustwide/target/debug/deps/liburl-c71e76851216ff98.rlib" "/opt/rustwide/target/debug/deps/libidna-ca934b81d7d21a7d.rlib" "/opt/rustwide/target/debug/deps/libidna_adapter-58a2201cbba197ea.rlib" "/opt/rustwide/target/debug/deps/libicu_normalizer-1f68cbb86994a223.rlib" "/opt/rustwide/target/debug/deps/libicu_normalizer_data-762e61f43eae08c2.rlib" "/opt/rustwide/target/debug/deps/libwrite16-85fd16f27fd45657.rlib" "/opt/rustwide/target/debug/deps/libutf8_iter-fbf995b92c341ba3.rlib" "/opt/rustwide/target/debug/deps/libutf16_iter-83f8708e12b6535a.rlib" "/opt/rustwide/target/debug/deps/libsmallvec-09a1a6c0c4f8c0ff.rlib" "/opt/rustwide/target/debug/deps/libicu_properties-4f0aacaa4e006cbc.rlib" "/opt/rustwide/target/debug/deps/libicu_properties_data-52a01acc947e4a6d.rlib" "/opt/rustwide/target/debug/deps/libicu_locid_transform-86a31a2ba3bc49f3.rlib" "/opt/rustwide/target/debug/deps/libicu_locid_transform_data-38f8208716c2d35a.rlib" "/opt/rustwide/target/debug/deps/libicu_collections-45f06e0f98da5aa7.rlib" "/opt/rustwide/target/debug/deps/libicu_provider-b33241e03fcb0d1b.rlib" "/opt/rustwide/target/debug/deps/libicu_locid-57927dd1321264dd.rlib" "/opt/rustwide/target/debug/deps/liblitemap-a0ca3b3971bb4be7.rlib" "/opt/rustwide/target/debug/deps/libtinystr-e701c31b6408cdbc.rlib" "/opt/rustwide/target/debug/deps/libzerovec-140d18236b1b859b.rlib" "/opt/rustwide/target/debug/deps/libwriteable-c63e282ed55b92df.rlib" "/opt/rustwide/target/debug/deps/libyoke-c3686be1c83072a7.rlib" "/opt/rustwide/target/debug/deps/libzerofrom-942a239d4238ad4a.rlib" "/opt/rustwide/target/debug/deps/libstable_deref_trait-3602560bab1848e8.rlib" "/opt/rustwide/target/debug/deps/libform_urlencoded-533db7122d3ddfc5.rlib" "/opt/rustwide/target/debug/deps/libpercent_encoding-88cba40a7181d984.rlib" "/opt/rustwide/target/debug/deps/libtracing-e70a33f22576c382.rlib" "/opt/rustwide/target/debug/deps/liblog-2579a5a2dbce8c4d.rlib" "/opt/rustwide/target/debug/deps/libtracing_core-9b2ef5bfdc695f2a.rlib" "/opt/rustwide/target/debug/deps/libonce_cell-6f631f2a5f71cecc.rlib" "/opt/rustwide/target/debug/deps/libtokio-915c379633c8b690.rlib" "/opt/rustwide/target/debug/deps/libsocket2-cca1afe887309ed0.rlib" "/opt/rustwide/target/debug/deps/libbytes-43853691c5e3c843.rlib" "/opt/rustwide/target/debug/deps/libmio-c1a951770e75a1cc.rlib" "/opt/rustwide/target/debug/deps/liblibc-48c07cb418e82d02.rlib" "/opt/rustwide/target/debug/deps/libfutures-837fd59b78b35d9c.rlib" "/opt/rustwide/target/debug/deps/libfutures_executor-7fe5732c1c839126.rlib" "/opt/rustwide/target/debug/deps/libfutures_util-fc04021db9096cae.rlib" "/opt/rustwide/target/debug/deps/libmemchr-a61794c77f52d343.rlib" "/opt/rustwide/target/debug/deps/libfutures_io-306100ebd700a899.rlib" "/opt/rustwide/target/debug/deps/libslab-083dd68e0bc19c95.rlib" "/opt/rustwide/target/debug/deps/libfutures_channel-c27f4a4ff696df8c.rlib" "/opt/rustwide/target/debug/deps/libpin_project_lite-be51d264b86b6c5b.rlib" "/opt/rustwide/target/debug/deps/libfutures_sink-140504a081023950.rlib" "/opt/rustwide/target/debug/deps/libfutures_task-b8cf8cc4fcc89c75.rlib" "/opt/rustwide/target/debug/deps/libpin_utils-6bd6355de79f98af.rlib" "/opt/rustwide/target/debug/deps/libfutures_core-6acc1f6b4df0dd33.rlib" "/opt/rustwide/target/debug/deps/libthiserror-aaacfd6c558ac3da.rlib" "/opt/rustwide/target/debug/deps/libserde-9ea85e52d61bc260.rlib" "/opt/rustwide/rustup-home/toolchains/1.83.0-x86_64-unknown-linux-gnu/lib/rustlib/x86_64-unknown-linux-gnu/lib/libstd-ca74a2d9c5166d9f.rlib" "/opt/rustwide/rustup-home/toolchains/1.83.0-x86_64-unknown-linux-gnu/lib/rustlib/x86_64-unknown-linux-gnu/lib/libpanic_unwind-e31ab23316ed5080.rlib" "/opt/rustwide/rustup-home/toolchains/1.83.0-x86_64-unknown-linux-gnu/lib/rustlib/x86_64-unknown-linux-gnu/lib/libobject-27dc4aa955912662.rlib" "/opt/rustwide/rustup-home/toolchains/1.83.0-x86_64-unknown-linux-gnu/lib/rustlib/x86_64-unknown-linux-gnu/lib/libmemchr-bd0d6cccce077b99.rlib" "/opt/rustwide/rustup-home/toolchains/1.83.0-x86_64-unknown-linux-gnu/lib/rustlib/x86_64-unknown-linux-gnu/lib/libaddr2line-8d001680935b5e3c.rlib" "/opt/rustwide/rustup-home/toolchains/1.83.0-x86_64-unknown-linux-gnu/lib/rustlib/x86_64-unknown-linux-gnu/lib/libgimli-ba8ce71964f984f4.rlib" "/opt/rustwide/rustup-home/toolchains/1.83.0-x86_64-unknown-linux-gnu/lib/rustlib/x86_64-unknown-linux-gnu/lib/librustc_demangle-99a73526abcec14b.rlib" "/opt/rustwide/rustup-home/toolchains/1.83.0-x86_64-unknown-linux-gnu/lib/rustlib/x86_64-unknown-linux-gnu/lib/libstd_detect-63ac0d22cff92579.rlib" "/opt/rustwide/rustup-home/toolchains/1.83.0-x86_64-unknown-linux-gnu/lib/rustlib/x86_64-unknown-linux-gnu/lib/libhashbrown-9057355c92c922d5.rlib" "/opt/rustwide/rustup-home/toolchains/1.83.0-x86_64-unknown-linux-gnu/lib/rustlib/x86_64-unknown-linux-gnu/lib/librustc_std_workspace_alloc-358be9bc1f6bab04.rlib" "/opt/rustwide/rustup-home/toolchains/1.83.0-x86_64-unknown-linux-gnu/lib/rustlib/x86_64-unknown-linux-gnu/lib/libminiz_oxide-aca15549d5bff974.rlib" "/opt/rustwide/rustup-home/toolchains/1.83.0-x86_64-unknown-linux-gnu/lib/rustlib/x86_64-unknown-linux-gnu/lib/libadler-8251d2cef7072448.rlib" "/opt/rustwide/rustup-home/toolchains/1.83.0-x86_64-unknown-linux-gnu/lib/rustlib/x86_64-unknown-linux-gnu/lib/libunwind-7d50b86011c66411.rlib" "/opt/rustwide/rustup-home/toolchains/1.83.0-x86_64-unknown-linux-gnu/lib/rustlib/x86_64-unknown-linux-gnu/lib/libcfg_if-51ea098fce5006bf.rlib" "/opt/rustwide/rustup-home/toolchains/1.83.0-x86_64-unknown-linux-gnu/lib/rustlib/x86_64-unknown-linux-gnu/lib/liblibc-5a14e0d0b712e731.rlib" "/opt/rustwide/rustup-home/toolchains/1.83.0-x86_64-unknown-linux-gnu/lib/rustlib/x86_64-unknown-linux-gnu/lib/liballoc-8b83dbf3a7b8f999.rlib" "/opt/rustwide/rustup-home/toolchains/1.83.0-x86_64-unknown-linux-gnu/lib/rustlib/x86_64-unknown-linux-gnu/lib/librustc_std_workspace_core-c6fd227bdc7b39ff.rlib" "/opt/rustwide/rustup-home/toolchains/1.83.0-x86_64-unknown-linux-gnu/lib/rustlib/x86_64-unknown-linux-gnu/lib/libcore-959d3389fa3da8a5.rlib" "/opt/rustwide/rustup-home/toolchains/1.83.0-x86_64-unknown-linux-gnu/lib/rustlib/x86_64-unknown-linux-gnu/lib/libcompiler_builtins-abe05db089cc2c62.rlib" "-Wl,-Bdynamic" "-lgcc_s" "-lutil" "-lrt" "-lpthread" "-lm" "-ldl" "-lc" "-Wl,--eh-frame-hdr" "-Wl,-z,noexecstack" "-L" "/opt/rustwide/target/debug/build/ring-d4c7707bd1b240a8/out" "-L" "/opt/rustwide/rustup-home/toolchains/1.83.0-x86_64-unknown-linux-gnu/lib/rustlib/x86_64-unknown-linux-gnu/lib" "-o" "/tmp/rustdoctestFOyFT6/rust_out" "-Wl,--gc-sections" "-pie" "-Wl,-z,relro,-z,now" "-nodefaultlibs"
[INFO] [stdout]   = note: collect2: fatal error: ld terminated with signal 9 [Killed]
[INFO] [stdout]           compilation terminated.
[INFO] [stdout]           
[INFO] [stdout] 
[INFO] [stdout] error: aborting due to 1 previous error
[INFO] [stdout] 
[INFO] [stdout] Couldn't compile the test.
[INFO] [stdout] 
[INFO] [stdout] failures:
[INFO] [stdout]     src/tls.rs - tls (line 7)
[INFO] [stdout] 
[INFO] [stdout] test result: FAILED. 2 passed; 1 failed; 0 ignored; 0 measured; 0 filtered out; finished in 10.58s
[INFO] [stdout] 
[INFO] [stderr] error: doctest failed, to rerun pass `--doc`
[INFO] running `Command { std: "docker" "inspect" "eb23387cb87ea9e99d5e4ac127162e5cd273de8b2f6d15d9061cd1d85697988d", kill_on_drop: false }`
[INFO] running `Command { std: "docker" "rm" "-f" "eb23387cb87ea9e99d5e4ac127162e5cd273de8b2f6d15d9061cd1d85697988d", kill_on_drop: false }`
[INFO] [stdout] eb23387cb87ea9e99d5e4ac127162e5cd273de8b2f6d15d9061cd1d85697988d
