[INFO] fetching crate wasmcloud-actor-logging 0.1.2...
[INFO] testing wasmcloud-actor-logging-0.1.2 against beta-2024-12-08 for beta-1.84.0-4-retry
[INFO] extracting crate wasmcloud-actor-logging 0.1.2 into /workspace/builds/worker-4-tc2/source
[INFO] validating manifest of crates.io crate wasmcloud-actor-logging 0.1.2 on toolchain beta-2024-12-08
[INFO] running `Command { std: CARGO_HOME="/workspace/cargo-home" RUSTUP_HOME="/workspace/rustup-home" "/workspace/cargo-home/bin/cargo" "+beta-2024-12-08" "metadata" "--manifest-path" "Cargo.toml" "--no-deps", kill_on_drop: false }`
[INFO] started tweaking crates.io crate wasmcloud-actor-logging 0.1.2
[INFO] finished tweaking crates.io crate wasmcloud-actor-logging 0.1.2
[INFO] tweaked toml for crates.io crate wasmcloud-actor-logging 0.1.2 written to /workspace/builds/worker-4-tc2/source/Cargo.toml
[INFO] running `Command { std: CARGO_HOME="/workspace/cargo-home" RUSTUP_HOME="/workspace/rustup-home" "/workspace/cargo-home/bin/cargo" "+beta-2024-12-08" "generate-lockfile" "--manifest-path" "Cargo.toml", kill_on_drop: false }`
[INFO] [stderr]     Updating crates.io index
[INFO] [stderr]      Locking 45 packages to latest compatible versions
[INFO] [stderr]       Adding base64 v0.13.1 (available: v0.22.1)
[INFO] [stderr]       Adding rmp-serde v0.15.5 (available: v1.3.0)
[INFO] [stderr]       Adding wapc-guest v0.4.0 (available: v1.2.0)
[INFO] running `Command { std: CARGO_HOME="/workspace/cargo-home" RUSTUP_HOME="/workspace/rustup-home" "/workspace/cargo-home/bin/cargo" "+beta-2024-12-08" "fetch" "--manifest-path" "Cargo.toml", kill_on_drop: false }`
[INFO] running `Command { std: "docker" "create" "-v" "/var/lib/crater-agent-workspace/builds/worker-4-tc2/target:/opt/rustwide/target:rw,Z" "-v" "/var/lib/crater-agent-workspace/builds/worker-4-tc2/source:/opt/rustwide/workdir:ro,Z" "-v" "/var/lib/crater-agent-workspace/cargo-home:/opt/rustwide/cargo-home:ro,Z" "-v" "/var/lib/crater-agent-workspace/rustup-home:/opt/rustwide/rustup-home:ro,Z" "-e" "SOURCE_DIR=/opt/rustwide/workdir" "-e" "CARGO_TARGET_DIR=/opt/rustwide/target" "-e" "CARGO_HOME=/opt/rustwide/cargo-home" "-e" "RUSTUP_HOME=/opt/rustwide/rustup-home" "-w" "/opt/rustwide/workdir" "-m" "1610612736" "--user" "0:0" "--network" "none" "ghcr.io/rust-lang/crates-build-env/linux@sha256:f3a9d4ad9d972b27faf3965f35b62e55ba32bbce8f20bc8fe909558a86702fde" "/opt/rustwide/cargo-home/bin/cargo" "+beta-2024-12-08" "metadata" "--no-deps" "--format-version=1", kill_on_drop: false }`
[INFO] [stdout] 0c9c1065d4d9602070721b0166981c763bd292dee03dc64d617b7957c567c040
[INFO] running `Command { std: "docker" "start" "-a" "0c9c1065d4d9602070721b0166981c763bd292dee03dc64d617b7957c567c040", kill_on_drop: false }`
[INFO] running `Command { std: "docker" "inspect" "0c9c1065d4d9602070721b0166981c763bd292dee03dc64d617b7957c567c040", kill_on_drop: false }`
[INFO] running `Command { std: "docker" "rm" "-f" "0c9c1065d4d9602070721b0166981c763bd292dee03dc64d617b7957c567c040", kill_on_drop: false }`
[INFO] [stdout] 0c9c1065d4d9602070721b0166981c763bd292dee03dc64d617b7957c567c040
[INFO] running `Command { std: "docker" "create" "-v" "/var/lib/crater-agent-workspace/builds/worker-4-tc2/target:/opt/rustwide/target:rw,Z" "-v" "/var/lib/crater-agent-workspace/builds/worker-4-tc2/source:/opt/rustwide/workdir:ro,Z" "-v" "/var/lib/crater-agent-workspace/cargo-home:/opt/rustwide/cargo-home:ro,Z" "-v" "/var/lib/crater-agent-workspace/rustup-home:/opt/rustwide/rustup-home:ro,Z" "-e" "SOURCE_DIR=/opt/rustwide/workdir" "-e" "CARGO_TARGET_DIR=/opt/rustwide/target" "-e" "CARGO_INCREMENTAL=0" "-e" "RUST_BACKTRACE=full" "-e" "RUSTFLAGS=--cap-lints=warn" "-e" "RUSTDOCFLAGS=--cap-lints=warn" "-e" "CARGO_HOME=/opt/rustwide/cargo-home" "-e" "RUSTUP_HOME=/opt/rustwide/rustup-home" "-w" "/opt/rustwide/workdir" "-m" "1610612736" "--user" "0:0" "--network" "none" "ghcr.io/rust-lang/crates-build-env/linux@sha256:f3a9d4ad9d972b27faf3965f35b62e55ba32bbce8f20bc8fe909558a86702fde" "/opt/rustwide/cargo-home/bin/cargo" "+beta-2024-12-08" "build" "--frozen" "--message-format=json", kill_on_drop: false }`
[INFO] [stdout] f2683c3e9449bbe196da6686cfb7692fac62851d5c66fd2bae97a0028063a645
[INFO] running `Command { std: "docker" "start" "-a" "f2683c3e9449bbe196da6686cfb7692fac62851d5c66fd2bae97a0028063a645", kill_on_drop: false }`
[INFO] [stderr]    Compiling serde v1.0.216
[INFO] [stderr]    Compiling paste v1.0.15
[INFO] [stderr]    Compiling num-traits v0.2.19
[INFO] [stderr]    Compiling syn v2.0.90
[INFO] [stderr]    Compiling rmp v0.8.14
[INFO] [stderr]    Compiling serde_derive v1.0.216
[INFO] [stderr]    Compiling rmp-serde v0.15.5
[INFO] [stderr]    Compiling log v0.4.22
[INFO] [stderr]    Compiling serde_bytes v0.11.15
[INFO] [stderr]    Compiling wasmcloud-actor-logging v0.1.2 (/opt/rustwide/workdir)
[INFO] [stderr]     Finished `dev` profile [unoptimized + debuginfo] target(s) in 12.50s
[INFO] running `Command { std: "docker" "inspect" "f2683c3e9449bbe196da6686cfb7692fac62851d5c66fd2bae97a0028063a645", kill_on_drop: false }`
[INFO] running `Command { std: "docker" "rm" "-f" "f2683c3e9449bbe196da6686cfb7692fac62851d5c66fd2bae97a0028063a645", kill_on_drop: false }`
[INFO] [stdout] f2683c3e9449bbe196da6686cfb7692fac62851d5c66fd2bae97a0028063a645
[INFO] running `Command { std: "docker" "create" "-v" "/var/lib/crater-agent-workspace/builds/worker-4-tc2/target:/opt/rustwide/target:rw,Z" "-v" "/var/lib/crater-agent-workspace/builds/worker-4-tc2/source:/opt/rustwide/workdir:ro,Z" "-v" "/var/lib/crater-agent-workspace/cargo-home:/opt/rustwide/cargo-home:ro,Z" "-v" "/var/lib/crater-agent-workspace/rustup-home:/opt/rustwide/rustup-home:ro,Z" "-e" "SOURCE_DIR=/opt/rustwide/workdir" "-e" "CARGO_TARGET_DIR=/opt/rustwide/target" "-e" "CARGO_INCREMENTAL=0" "-e" "RUST_BACKTRACE=full" "-e" "RUSTFLAGS=--cap-lints=warn" "-e" "RUSTDOCFLAGS=--cap-lints=warn" "-e" "CARGO_HOME=/opt/rustwide/cargo-home" "-e" "RUSTUP_HOME=/opt/rustwide/rustup-home" "-w" "/opt/rustwide/workdir" "-m" "1610612736" "--user" "0:0" "--network" "none" "ghcr.io/rust-lang/crates-build-env/linux@sha256:f3a9d4ad9d972b27faf3965f35b62e55ba32bbce8f20bc8fe909558a86702fde" "/opt/rustwide/cargo-home/bin/cargo" "+beta-2024-12-08" "test" "--frozen" "--no-run" "--message-format=json", kill_on_drop: false }`
[INFO] [stdout] f5d5dc835b7b8ab7c3729ba6ac177e33db41e239add259e6be34d06eaf82b146
[INFO] running `Command { std: "docker" "start" "-a" "f5d5dc835b7b8ab7c3729ba6ac177e33db41e239add259e6be34d06eaf82b146", kill_on_drop: false }`
[INFO] [stderr]    Compiling syn v1.0.109
[INFO] [stderr]    Compiling libc v0.2.168
[INFO] [stderr]    Compiling serde_json v1.0.133
[INFO] [stderr]    Compiling ryu v1.0.18
[INFO] [stderr]    Compiling unicode-width v0.1.14
[INFO] [stderr]    Compiling unicode-segmentation v1.12.0
[INFO] [stderr]    Compiling memchr v2.7.4
[INFO] [stderr]    Compiling itoa v1.0.14
[INFO] [stderr]    Compiling proc-macro-error-attr v1.0.4
[INFO] [stderr]    Compiling proc-macro-error v1.0.4
[INFO] [stderr]    Compiling wapc-guest v0.4.0
[INFO] [stderr]    Compiling vec_map v0.8.2
[INFO] [stderr]    Compiling strsim v0.8.0
[INFO] [stderr]    Compiling ansi_term v0.12.1
[INFO] [stderr]    Compiling base64 v0.13.1
[INFO] [stderr]    Compiling textwrap v0.11.0
[INFO] [stderr]    Compiling heck v0.3.3
[INFO] [stderr]    Compiling atty v0.2.14
[INFO] [stderr]    Compiling clap v2.34.0
[INFO] [stderr]    Compiling wasmcloud-actor-http-server v0.1.2
[INFO] [stderr]    Compiling structopt-derive v0.4.18
[INFO] [stderr]    Compiling wasmcloud-actor-core-derive v0.1.0
[INFO] [stderr]    Compiling wasmcloud-actor-core v0.2.3
[INFO] [stderr]    Compiling structopt v0.3.26
[INFO] [stderr]    Compiling wasmcloud-actor-logging v0.1.2 (/opt/rustwide/workdir)
[INFO] [stderr]     Finished `test` profile [unoptimized + debuginfo] target(s) in 11.67s
[INFO] running `Command { std: "docker" "inspect" "f5d5dc835b7b8ab7c3729ba6ac177e33db41e239add259e6be34d06eaf82b146", kill_on_drop: false }`
[INFO] running `Command { std: "docker" "rm" "-f" "f5d5dc835b7b8ab7c3729ba6ac177e33db41e239add259e6be34d06eaf82b146", kill_on_drop: false }`
[INFO] [stdout] f5d5dc835b7b8ab7c3729ba6ac177e33db41e239add259e6be34d06eaf82b146
[INFO] running `Command { std: "docker" "create" "-v" "/var/lib/crater-agent-workspace/builds/worker-4-tc2/target:/opt/rustwide/target:rw,Z" "-v" "/var/lib/crater-agent-workspace/builds/worker-4-tc2/source:/opt/rustwide/workdir:ro,Z" "-v" "/var/lib/crater-agent-workspace/cargo-home:/opt/rustwide/cargo-home:ro,Z" "-v" "/var/lib/crater-agent-workspace/rustup-home:/opt/rustwide/rustup-home:ro,Z" "-e" "SOURCE_DIR=/opt/rustwide/workdir" "-e" "CARGO_TARGET_DIR=/opt/rustwide/target" "-e" "CARGO_INCREMENTAL=0" "-e" "RUST_BACKTRACE=full" "-e" "RUSTFLAGS=--cap-lints=warn" "-e" "RUSTDOCFLAGS=--cap-lints=warn" "-e" "CARGO_HOME=/opt/rustwide/cargo-home" "-e" "RUSTUP_HOME=/opt/rustwide/rustup-home" "-w" "/opt/rustwide/workdir" "-m" "1610612736" "--user" "0:0" "--network" "none" "ghcr.io/rust-lang/crates-build-env/linux@sha256:f3a9d4ad9d972b27faf3965f35b62e55ba32bbce8f20bc8fe909558a86702fde" "/opt/rustwide/cargo-home/bin/cargo" "+beta-2024-12-08" "test" "--frozen", kill_on_drop: false }`
[INFO] [stdout] 6d427113cfe6a5322a2420f7f68794fd13ed0c3e186f7c1af0b05bad729a0241
[INFO] running `Command { std: "docker" "start" "-a" "6d427113cfe6a5322a2420f7f68794fd13ed0c3e186f7c1af0b05bad729a0241", kill_on_drop: false }`
[INFO] [stderr]     Finished `test` profile [unoptimized + debuginfo] target(s) in 0.09s
[INFO] [stderr]      Running unittests src/lib.rs (/opt/rustwide/target/debug/deps/wasmcloud_actor_logging-efcc922ed8aa82a8)
[INFO] [stdout] 
[INFO] [stdout] running 0 tests
[INFO] [stdout] 
[INFO] [stdout] test result: ok. 0 passed; 0 failed; 0 ignored; 0 measured; 0 filtered out; finished in 0.00s
[INFO] [stdout] 
[INFO] [stderr]    Doc-tests wasmcloud_actor_logging
[INFO] [stdout] 
[INFO] [stdout] running 1 test
[INFO] [stdout] test src/lib.rs - (line 9) ... FAILED
[INFO] [stdout] 
[INFO] [stdout] failures:
[INFO] [stdout] 
[INFO] [stdout] ---- src/lib.rs - (line 9) stdout ----
[INFO] [stdout] error[E0432]: unresolved import `wapc_guest`
[INFO] [stdout]  --> src/lib.rs:13:5
[INFO] [stdout]   |
[INFO] [stdout] 6 | use wapc_guest::HandlerResult;
[INFO] [stdout]   |     ^^^^^^^^^^ use of undeclared crate or module `wapc_guest`
[INFO] [stdout] 
[INFO] [stdout] error[E0425]: cannot find function `enable_macros` in crate `logging`
[INFO] [stdout]   --> src/lib.rs:21:14
[INFO] [stdout]    |
[INFO] [stdout] 14 |     logging::enable_macros();
[INFO] [stdout]    |              ^^^^^^^^^^^^^ not found in `logging`
[INFO] [stdout]    |
[INFO] [stdout] note: found an item that was configured out
[INFO] [stdout]   --> /opt/rustwide/workdir/src/lib.rs:97:8
[INFO] [stdout]    |
[INFO] [stdout] 97 | pub fn enable_macros() {
[INFO] [stdout]    |        ^^^^^^^^^^^^^
[INFO] [stdout] note: the item is gated behind the `guest` feature
[INFO] [stdout]   --> /opt/rustwide/workdir/src/lib.rs:96:7
[INFO] [stdout]    |
[INFO] [stdout] 96 | #[cfg(feature = "guest")]
[INFO] [stdout]    |       ^^^^^^^^^^^^^^^^^
[INFO] [stdout] 
[INFO] [stdout] error[E0425]: cannot find function `default` in crate `logging`
[INFO] [stdout]   --> src/lib.rs:27:14
[INFO] [stdout]    |
[INFO] [stdout] 20 |     logging::default().write_log("", "trace", "Coercing Rust String to str");
[INFO] [stdout]    |              ^^^^^^^ not found in `logging`
[INFO] [stdout] 
[INFO] [stdout] error[E0433]: failed to resolve: use of undeclared crate or module `wapc_guest`
[INFO] [stdout]   --> src/lib.rs:17:1
[INFO] [stdout]    |
[INFO] [stdout] 10 | #[actor::init]
[INFO] [stdout]    | ^^^^^^^^^^^^^^ use of undeclared crate or module `wapc_guest`
[INFO] [stdout]    |
[INFO] [stdout]    = note: this error originates in the attribute macro `actor::init` (in Nightly builds, run with -Z macro-backtrace for more info)
[INFO] [stdout] 
[INFO] [stdout] error: aborting due to 4 previous errors
[INFO] [stdout] 
[INFO] [stdout] Some errors have detailed explanations: E0425, E0432, E0433.
[INFO] [stdout] For more information about an error, try `rustc --explain E0425`.
[INFO] [stdout] Couldn't compile the test.
[INFO] [stdout] 
[INFO] [stdout] failures:
[INFO] [stdout]     src/lib.rs - (line 9)
[INFO] [stdout] 
[INFO] [stdout] test result: FAILED. 0 passed; 1 failed; 0 ignored; 0 measured; 0 filtered out; finished in 0.16s
[INFO] [stdout] 
[INFO] [stderr] error: doctest failed, to rerun pass `--doc`
[INFO] running `Command { std: "docker" "inspect" "6d427113cfe6a5322a2420f7f68794fd13ed0c3e186f7c1af0b05bad729a0241", kill_on_drop: false }`
[INFO] running `Command { std: "docker" "rm" "-f" "6d427113cfe6a5322a2420f7f68794fd13ed0c3e186f7c1af0b05bad729a0241", kill_on_drop: false }`
[INFO] [stdout] 6d427113cfe6a5322a2420f7f68794fd13ed0c3e186f7c1af0b05bad729a0241
