[INFO] fetching crate wasmcloud-actor-extras 0.1.3...
[INFO] testing wasmcloud-actor-extras-0.1.3 against 1.83.0 for beta-1.84.0-4-retry
[INFO] extracting crate wasmcloud-actor-extras 0.1.3 into /workspace/builds/worker-4-tc1/source
[INFO] validating manifest of crates.io crate wasmcloud-actor-extras 0.1.3 on toolchain 1.83.0
[INFO] running `Command { std: CARGO_HOME="/workspace/cargo-home" RUSTUP_HOME="/workspace/rustup-home" "/workspace/cargo-home/bin/cargo" "+1.83.0" "metadata" "--manifest-path" "Cargo.toml" "--no-deps", kill_on_drop: false }`
[INFO] started tweaking crates.io crate wasmcloud-actor-extras 0.1.3
[INFO] finished tweaking crates.io crate wasmcloud-actor-extras 0.1.3
[INFO] tweaked toml for crates.io crate wasmcloud-actor-extras 0.1.3 written to /workspace/builds/worker-4-tc1/source/Cargo.toml
[INFO] running `Command { std: CARGO_HOME="/workspace/cargo-home" RUSTUP_HOME="/workspace/rustup-home" "/workspace/cargo-home/bin/cargo" "+1.83.0" "generate-lockfile" "--manifest-path" "Cargo.toml", kill_on_drop: false }`
[INFO] [stderr]     Updating crates.io index
[INFO] [stderr]      Locking 45 packages to latest compatible versions
[INFO] [stderr]       Adding base64 v0.13.1 (available: v0.22.1)
[INFO] [stderr]       Adding rmp-serde v0.15.5 (available: v1.3.0)
[INFO] [stderr]       Adding wapc-guest v0.4.0 (available: v1.2.0)
[INFO] running `Command { std: CARGO_HOME="/workspace/cargo-home" RUSTUP_HOME="/workspace/rustup-home" "/workspace/cargo-home/bin/cargo" "+1.83.0" "fetch" "--manifest-path" "Cargo.toml", kill_on_drop: false }`
[INFO] [stderr]  Downloading crates ...
[INFO] [stderr]   Downloaded wasmcloud-actor-http-server v0.1.2
[INFO] [stderr]   Downloaded wasmcloud-actor-core-derive v0.1.0
[INFO] [stderr]   Downloaded wapc-guest v0.4.0
[INFO] [stderr]   Downloaded wasmcloud-actor-core v0.2.3
[INFO] running `Command { std: "docker" "create" "-v" "/var/lib/crater-agent-workspace/builds/worker-4-tc1/target:/opt/rustwide/target:rw,Z" "-v" "/var/lib/crater-agent-workspace/builds/worker-4-tc1/source:/opt/rustwide/workdir:ro,Z" "-v" "/var/lib/crater-agent-workspace/cargo-home:/opt/rustwide/cargo-home:ro,Z" "-v" "/var/lib/crater-agent-workspace/rustup-home:/opt/rustwide/rustup-home:ro,Z" "-e" "SOURCE_DIR=/opt/rustwide/workdir" "-e" "CARGO_TARGET_DIR=/opt/rustwide/target" "-e" "CARGO_HOME=/opt/rustwide/cargo-home" "-e" "RUSTUP_HOME=/opt/rustwide/rustup-home" "-w" "/opt/rustwide/workdir" "-m" "1610612736" "--user" "0:0" "--network" "none" "ghcr.io/rust-lang/crates-build-env/linux@sha256:f3a9d4ad9d972b27faf3965f35b62e55ba32bbce8f20bc8fe909558a86702fde" "/opt/rustwide/cargo-home/bin/cargo" "+1.83.0" "metadata" "--no-deps" "--format-version=1", kill_on_drop: false }`
[INFO] [stdout] fcd0cc305f23145a2733a0abb6b355c2cd1304894b21e542052f0fc77c424227
[INFO] running `Command { std: "docker" "start" "-a" "fcd0cc305f23145a2733a0abb6b355c2cd1304894b21e542052f0fc77c424227", kill_on_drop: false }`
[INFO] running `Command { std: "docker" "inspect" "fcd0cc305f23145a2733a0abb6b355c2cd1304894b21e542052f0fc77c424227", kill_on_drop: false }`
[INFO] running `Command { std: "docker" "rm" "-f" "fcd0cc305f23145a2733a0abb6b355c2cd1304894b21e542052f0fc77c424227", kill_on_drop: false }`
[INFO] [stdout] fcd0cc305f23145a2733a0abb6b355c2cd1304894b21e542052f0fc77c424227
[INFO] running `Command { std: "docker" "create" "-v" "/var/lib/crater-agent-workspace/builds/worker-4-tc1/target:/opt/rustwide/target:rw,Z" "-v" "/var/lib/crater-agent-workspace/builds/worker-4-tc1/source:/opt/rustwide/workdir:ro,Z" "-v" "/var/lib/crater-agent-workspace/cargo-home:/opt/rustwide/cargo-home:ro,Z" "-v" "/var/lib/crater-agent-workspace/rustup-home:/opt/rustwide/rustup-home:ro,Z" "-e" "SOURCE_DIR=/opt/rustwide/workdir" "-e" "CARGO_TARGET_DIR=/opt/rustwide/target" "-e" "CARGO_INCREMENTAL=0" "-e" "RUST_BACKTRACE=full" "-e" "RUSTFLAGS=--cap-lints=warn" "-e" "RUSTDOCFLAGS=--cap-lints=warn" "-e" "CARGO_HOME=/opt/rustwide/cargo-home" "-e" "RUSTUP_HOME=/opt/rustwide/rustup-home" "-w" "/opt/rustwide/workdir" "-m" "1610612736" "--user" "0:0" "--network" "none" "ghcr.io/rust-lang/crates-build-env/linux@sha256:f3a9d4ad9d972b27faf3965f35b62e55ba32bbce8f20bc8fe909558a86702fde" "/opt/rustwide/cargo-home/bin/cargo" "+1.83.0" "build" "--frozen" "--message-format=json", kill_on_drop: false }`
[INFO] [stdout] 05bd1d8e750c2d04043af43bc6f3ac4ef7b183956e00f32c9ebc4df6598d624a
[INFO] running `Command { std: "docker" "start" "-a" "05bd1d8e750c2d04043af43bc6f3ac4ef7b183956e00f32c9ebc4df6598d624a", kill_on_drop: false }`
[INFO] [stderr]    Compiling proc-macro2 v1.0.92
[INFO] [stderr]    Compiling unicode-ident v1.0.14
[INFO] [stderr]    Compiling autocfg v1.4.0
[INFO] [stderr]    Compiling paste v1.0.15
[INFO] [stderr]    Compiling serde v1.0.216
[INFO] [stderr]    Compiling byteorder v1.5.0
[INFO] [stderr]    Compiling num-traits v0.2.19
[INFO] [stderr]    Compiling quote v1.0.37
[INFO] [stderr]    Compiling syn v2.0.90
[INFO] [stderr]    Compiling rmp v0.8.14
[INFO] [stderr]    Compiling serde_derive v1.0.216
[INFO] [stderr]    Compiling serde_bytes v0.11.15
[INFO] [stderr]    Compiling rmp-serde v0.15.5
[INFO] [stderr]    Compiling wasmcloud-actor-extras v0.1.3 (/opt/rustwide/workdir)
[INFO] [stderr]     Finished `dev` profile [unoptimized + debuginfo] target(s) in 12.18s
[INFO] running `Command { std: "docker" "inspect" "05bd1d8e750c2d04043af43bc6f3ac4ef7b183956e00f32c9ebc4df6598d624a", kill_on_drop: false }`
[INFO] running `Command { std: "docker" "rm" "-f" "05bd1d8e750c2d04043af43bc6f3ac4ef7b183956e00f32c9ebc4df6598d624a", kill_on_drop: false }`
[INFO] [stdout] 05bd1d8e750c2d04043af43bc6f3ac4ef7b183956e00f32c9ebc4df6598d624a
[INFO] running `Command { std: "docker" "create" "-v" "/var/lib/crater-agent-workspace/builds/worker-4-tc1/target:/opt/rustwide/target:rw,Z" "-v" "/var/lib/crater-agent-workspace/builds/worker-4-tc1/source:/opt/rustwide/workdir:ro,Z" "-v" "/var/lib/crater-agent-workspace/cargo-home:/opt/rustwide/cargo-home:ro,Z" "-v" "/var/lib/crater-agent-workspace/rustup-home:/opt/rustwide/rustup-home:ro,Z" "-e" "SOURCE_DIR=/opt/rustwide/workdir" "-e" "CARGO_TARGET_DIR=/opt/rustwide/target" "-e" "CARGO_INCREMENTAL=0" "-e" "RUST_BACKTRACE=full" "-e" "RUSTFLAGS=--cap-lints=warn" "-e" "RUSTDOCFLAGS=--cap-lints=warn" "-e" "CARGO_HOME=/opt/rustwide/cargo-home" "-e" "RUSTUP_HOME=/opt/rustwide/rustup-home" "-w" "/opt/rustwide/workdir" "-m" "1610612736" "--user" "0:0" "--network" "none" "ghcr.io/rust-lang/crates-build-env/linux@sha256:f3a9d4ad9d972b27faf3965f35b62e55ba32bbce8f20bc8fe909558a86702fde" "/opt/rustwide/cargo-home/bin/cargo" "+1.83.0" "test" "--frozen" "--no-run" "--message-format=json", kill_on_drop: false }`
[INFO] [stdout] 9872c28b6cfe44f6a056c255c70f3188f88d33a733775e601b46da67a1eabbca
[INFO] running `Command { std: "docker" "start" "-a" "9872c28b6cfe44f6a056c255c70f3188f88d33a733775e601b46da67a1eabbca", kill_on_drop: false }`
[INFO] [stderr]    Compiling version_check v0.9.5
[INFO] [stderr]    Compiling syn v1.0.109
[INFO] [stderr]    Compiling libc v0.2.168
[INFO] [stderr]    Compiling serde_json v1.0.133
[INFO] [stderr]    Compiling lazy_static v1.5.0
[INFO] [stderr]    Compiling memchr v2.7.4
[INFO] [stderr]    Compiling unicode-width v0.1.14
[INFO] [stderr]    Compiling unicode-segmentation v1.12.0
[INFO] [stderr]    Compiling itoa v1.0.14
[INFO] [stderr]    Compiling ryu v1.0.18
[INFO] [stderr]    Compiling bitflags v1.3.2
[INFO] [stderr]    Compiling vec_map v0.8.2
[INFO] [stderr]    Compiling strsim v0.8.0
[INFO] [stderr]    Compiling ansi_term v0.12.1
[INFO] [stderr]    Compiling log v0.4.22
[INFO] [stderr]    Compiling base64 v0.13.1
[INFO] [stderr]    Compiling wapc-guest v0.4.0
[INFO] [stderr]    Compiling textwrap v0.11.0
[INFO] [stderr]    Compiling proc-macro-error-attr v1.0.4
[INFO] [stderr]    Compiling proc-macro-error v1.0.4
[INFO] [stderr]    Compiling heck v0.3.3
[INFO] [stderr]    Compiling atty v0.2.14
[INFO] [stderr]    Compiling clap v2.34.0
[INFO] [stderr]    Compiling wasmcloud-actor-http-server v0.1.2
[INFO] [stderr]    Compiling structopt-derive v0.4.18
[INFO] [stderr]    Compiling wasmcloud-actor-core-derive v0.1.0
[INFO] [stderr]    Compiling wasmcloud-actor-core v0.2.3
[INFO] [stderr]    Compiling structopt v0.3.26
[INFO] [stderr]    Compiling wasmcloud-actor-extras v0.1.3 (/opt/rustwide/workdir)
[INFO] [stderr]     Finished `test` profile [unoptimized + debuginfo] target(s) in 8.26s
[INFO] running `Command { std: "docker" "inspect" "9872c28b6cfe44f6a056c255c70f3188f88d33a733775e601b46da67a1eabbca", kill_on_drop: false }`
[INFO] running `Command { std: "docker" "rm" "-f" "9872c28b6cfe44f6a056c255c70f3188f88d33a733775e601b46da67a1eabbca", kill_on_drop: false }`
[INFO] [stdout] 9872c28b6cfe44f6a056c255c70f3188f88d33a733775e601b46da67a1eabbca
[INFO] running `Command { std: "docker" "create" "-v" "/var/lib/crater-agent-workspace/builds/worker-4-tc1/target:/opt/rustwide/target:rw,Z" "-v" "/var/lib/crater-agent-workspace/builds/worker-4-tc1/source:/opt/rustwide/workdir:ro,Z" "-v" "/var/lib/crater-agent-workspace/cargo-home:/opt/rustwide/cargo-home:ro,Z" "-v" "/var/lib/crater-agent-workspace/rustup-home:/opt/rustwide/rustup-home:ro,Z" "-e" "SOURCE_DIR=/opt/rustwide/workdir" "-e" "CARGO_TARGET_DIR=/opt/rustwide/target" "-e" "CARGO_INCREMENTAL=0" "-e" "RUST_BACKTRACE=full" "-e" "RUSTFLAGS=--cap-lints=warn" "-e" "RUSTDOCFLAGS=--cap-lints=warn" "-e" "CARGO_HOME=/opt/rustwide/cargo-home" "-e" "RUSTUP_HOME=/opt/rustwide/rustup-home" "-w" "/opt/rustwide/workdir" "-m" "1610612736" "--user" "0:0" "--network" "none" "ghcr.io/rust-lang/crates-build-env/linux@sha256:f3a9d4ad9d972b27faf3965f35b62e55ba32bbce8f20bc8fe909558a86702fde" "/opt/rustwide/cargo-home/bin/cargo" "+1.83.0" "test" "--frozen", kill_on_drop: false }`
[INFO] [stdout] ca7185325e8d5fc451acb1f61afe3afb702d1745b828f43057888a5596395f28
[INFO] running `Command { std: "docker" "start" "-a" "ca7185325e8d5fc451acb1f61afe3afb702d1745b828f43057888a5596395f28", kill_on_drop: false }`
[INFO] [stderr]     Finished `test` profile [unoptimized + debuginfo] target(s) in 0.06s
[INFO] [stderr]      Running unittests src/lib.rs (/opt/rustwide/target/debug/deps/wasmcloud_actor_extras-492521de090a1e82)
[INFO] [stdout] 
[INFO] [stdout] running 0 tests
[INFO] [stderr]    Doc-tests wasmcloud_actor_extras
[INFO] [stdout] 
[INFO] [stdout] test result: ok. 0 passed; 0 failed; 0 ignored; 0 measured; 0 filtered out; finished in 0.00s
[INFO] [stdout] 
[INFO] [stdout] 
[INFO] [stdout] running 1 test
[INFO] [stdout] test src/lib.rs - (line 16) ... FAILED
[INFO] [stdout] 
[INFO] [stdout] failures:
[INFO] [stdout] 
[INFO] [stdout] ---- src/lib.rs - (line 16) stdout ----
[INFO] [stdout] error[E0463]: can't find crate for `wapc_guest`
[INFO] [stdout]  --> src/lib.rs:15:1
[INFO] [stdout]   |
[INFO] [stdout] 2 | extern crate wapc_guest as guest;
[INFO] [stdout]   | ^^^^^^^^^^^^^^^^^^^^^^^^^^^^^^^^^ can't find crate
[INFO] [stdout] 
[INFO] [stdout] error[E0412]: cannot find type `HandlerResult` in this scope
[INFO] [stdout]   --> src/lib.rs:33:42
[INFO] [stdout]    |
[INFO] [stdout] 20 | fn generate_guid(_req: http::Request) -> HandlerResult<http::Response> {
[INFO] [stdout]    |                                          ^^^^^^^^^^^^^ not found in this scope
[INFO] [stdout] 
[INFO] [stdout] error[E0425]: cannot find function `default` in crate `extras`
[INFO] [stdout]   --> src/lib.rs:35:22
[INFO] [stdout]    |
[INFO] [stdout] 22 |   let guid = extras::default().request_guid(request)?;
[INFO] [stdout]    |                      ^^^^^^^ not found in `extras`
[INFO] [stdout] 
[INFO] [stdout] error[E0433]: failed to resolve: use of undeclared crate or module `wapc_guest`
[INFO] [stdout]   --> src/lib.rs:27:1
[INFO] [stdout]    |
[INFO] [stdout] 14 | #[actor::init]
[INFO] [stdout]    | ^^^^^^^^^^^^^^ use of undeclared crate or module `wapc_guest`
[INFO] [stdout]    |
[INFO] [stdout]    = note: this error originates in the attribute macro `actor::init` (in Nightly builds, run with -Z macro-backtrace for more info)
[INFO] [stdout] 
[INFO] [stdout] error: aborting due to 4 previous errors
[INFO] [stdout] 
[INFO] [stdout] Some errors have detailed explanations: E0412, E0425, E0433, E0463.
[INFO] [stdout] For more information about an error, try `rustc --explain E0412`.
[INFO] [stdout] Couldn't compile the test.
[INFO] [stdout] 
[INFO] [stdout] failures:
[INFO] [stdout]     src/lib.rs - (line 16)
[INFO] [stdout] 
[INFO] [stdout] test result: FAILED. 0 passed; 1 failed; 0 ignored; 0 measured; 0 filtered out; finished in 0.12s
[INFO] [stdout] 
[INFO] [stderr] error: doctest failed, to rerun pass `--doc`
[INFO] running `Command { std: "docker" "inspect" "ca7185325e8d5fc451acb1f61afe3afb702d1745b828f43057888a5596395f28", kill_on_drop: false }`
[INFO] running `Command { std: "docker" "rm" "-f" "ca7185325e8d5fc451acb1f61afe3afb702d1745b828f43057888a5596395f28", kill_on_drop: false }`
[INFO] [stdout] ca7185325e8d5fc451acb1f61afe3afb702d1745b828f43057888a5596395f28
