[INFO] fetching crate wasm-logger 0.2.0...
[INFO] testing wasm-logger-0.2.0 against beta-2024-12-08 for beta-1.84.0-4-retry
[INFO] extracting crate wasm-logger 0.2.0 into /workspace/builds/worker-3-tc2/source
[INFO] validating manifest of crates.io crate wasm-logger 0.2.0 on toolchain beta-2024-12-08
[INFO] running `Command { std: CARGO_HOME="/workspace/cargo-home" RUSTUP_HOME="/workspace/rustup-home" "/workspace/cargo-home/bin/cargo" "+beta-2024-12-08" "metadata" "--manifest-path" "Cargo.toml" "--no-deps", kill_on_drop: false }`
[INFO] started tweaking crates.io crate wasm-logger 0.2.0
[INFO] finished tweaking crates.io crate wasm-logger 0.2.0
[INFO] tweaked toml for crates.io crate wasm-logger 0.2.0 written to /workspace/builds/worker-3-tc2/source/Cargo.toml
[INFO] running `Command { std: CARGO_HOME="/workspace/cargo-home" RUSTUP_HOME="/workspace/rustup-home" "/workspace/cargo-home/bin/cargo" "+beta-2024-12-08" "generate-lockfile" "--manifest-path" "Cargo.toml", kill_on_drop: false }`
[INFO] [stderr]     Updating crates.io index
[INFO] [stderr]     Blocking waiting for file lock on package cache
[INFO] [stderr]      Locking 15 packages to latest compatible versions
[INFO] running `Command { std: CARGO_HOME="/workspace/cargo-home" RUSTUP_HOME="/workspace/rustup-home" "/workspace/cargo-home/bin/cargo" "+beta-2024-12-08" "fetch" "--manifest-path" "Cargo.toml", kill_on_drop: false }`
[INFO] [stderr]     Blocking waiting for file lock on package cache
[INFO] running `Command { std: "docker" "create" "-v" "/var/lib/crater-agent-workspace/builds/worker-3-tc2/target:/opt/rustwide/target:rw,Z" "-v" "/var/lib/crater-agent-workspace/builds/worker-3-tc2/source:/opt/rustwide/workdir:ro,Z" "-v" "/var/lib/crater-agent-workspace/cargo-home:/opt/rustwide/cargo-home:ro,Z" "-v" "/var/lib/crater-agent-workspace/rustup-home:/opt/rustwide/rustup-home:ro,Z" "-e" "SOURCE_DIR=/opt/rustwide/workdir" "-e" "CARGO_TARGET_DIR=/opt/rustwide/target" "-e" "CARGO_HOME=/opt/rustwide/cargo-home" "-e" "RUSTUP_HOME=/opt/rustwide/rustup-home" "-w" "/opt/rustwide/workdir" "-m" "1610612736" "--user" "0:0" "--network" "none" "ghcr.io/rust-lang/crates-build-env/linux@sha256:f3a9d4ad9d972b27faf3965f35b62e55ba32bbce8f20bc8fe909558a86702fde" "/opt/rustwide/cargo-home/bin/cargo" "+beta-2024-12-08" "metadata" "--no-deps" "--format-version=1", kill_on_drop: false }`
[INFO] [stdout] 9a1d429ad24818a4eaf3dd245613dcbf70fb72f1e0c6a1a36200f8988271dc60
[INFO] running `Command { std: "docker" "start" "-a" "9a1d429ad24818a4eaf3dd245613dcbf70fb72f1e0c6a1a36200f8988271dc60", kill_on_drop: false }`
[INFO] running `Command { std: "docker" "inspect" "9a1d429ad24818a4eaf3dd245613dcbf70fb72f1e0c6a1a36200f8988271dc60", kill_on_drop: false }`
[INFO] running `Command { std: "docker" "rm" "-f" "9a1d429ad24818a4eaf3dd245613dcbf70fb72f1e0c6a1a36200f8988271dc60", kill_on_drop: false }`
[INFO] [stdout] 9a1d429ad24818a4eaf3dd245613dcbf70fb72f1e0c6a1a36200f8988271dc60
[INFO] running `Command { std: "docker" "create" "-v" "/var/lib/crater-agent-workspace/builds/worker-3-tc2/target:/opt/rustwide/target:rw,Z" "-v" "/var/lib/crater-agent-workspace/builds/worker-3-tc2/source:/opt/rustwide/workdir:ro,Z" "-v" "/var/lib/crater-agent-workspace/cargo-home:/opt/rustwide/cargo-home:ro,Z" "-v" "/var/lib/crater-agent-workspace/rustup-home:/opt/rustwide/rustup-home:ro,Z" "-e" "SOURCE_DIR=/opt/rustwide/workdir" "-e" "CARGO_TARGET_DIR=/opt/rustwide/target" "-e" "CARGO_INCREMENTAL=0" "-e" "RUST_BACKTRACE=full" "-e" "RUSTFLAGS=--cap-lints=warn" "-e" "RUSTDOCFLAGS=--cap-lints=warn" "-e" "CARGO_HOME=/opt/rustwide/cargo-home" "-e" "RUSTUP_HOME=/opt/rustwide/rustup-home" "-w" "/opt/rustwide/workdir" "-m" "1610612736" "--user" "0:0" "--network" "none" "ghcr.io/rust-lang/crates-build-env/linux@sha256:f3a9d4ad9d972b27faf3965f35b62e55ba32bbce8f20bc8fe909558a86702fde" "/opt/rustwide/cargo-home/bin/cargo" "+beta-2024-12-08" "build" "--frozen" "--message-format=json", kill_on_drop: false }`
[INFO] [stdout] c111a03e6b163277b184801c14d97005dd891d89e9d5ebb141dad0570692ba84
[INFO] running `Command { std: "docker" "start" "-a" "c111a03e6b163277b184801c14d97005dd891d89e9d5ebb141dad0570692ba84", kill_on_drop: false }`
[INFO] [stderr]    Compiling proc-macro2 v1.0.92
[INFO] [stderr]    Compiling unicode-ident v1.0.14
[INFO] [stderr]    Compiling wasm-bindgen-shared v0.2.99
[INFO] [stderr]    Compiling bumpalo v3.16.0
[INFO] [stderr]    Compiling log v0.4.22
[INFO] [stderr]    Compiling wasm-bindgen v0.2.99
[INFO] [stderr]    Compiling cfg-if v1.0.0
[INFO] [stderr]    Compiling once_cell v1.20.2
[INFO] [stderr]    Compiling quote v1.0.37
[INFO] [stderr]    Compiling syn v2.0.90
[INFO] [stderr]    Compiling wasm-bindgen-backend v0.2.99
[INFO] [stderr]    Compiling wasm-bindgen-macro-support v0.2.99
[INFO] [stderr]    Compiling wasm-bindgen-macro v0.2.99
[INFO] [stderr]    Compiling js-sys v0.3.76
[INFO] [stderr]    Compiling web-sys v0.3.76
[INFO] [stderr]    Compiling wasm-logger v0.2.0 (/opt/rustwide/workdir)
[INFO] [stderr]     Finished `dev` profile [unoptimized + debuginfo] target(s) in 15.32s
[INFO] running `Command { std: "docker" "inspect" "c111a03e6b163277b184801c14d97005dd891d89e9d5ebb141dad0570692ba84", kill_on_drop: false }`
[INFO] running `Command { std: "docker" "rm" "-f" "c111a03e6b163277b184801c14d97005dd891d89e9d5ebb141dad0570692ba84", kill_on_drop: false }`
[INFO] [stdout] c111a03e6b163277b184801c14d97005dd891d89e9d5ebb141dad0570692ba84
[INFO] running `Command { std: "docker" "create" "-v" "/var/lib/crater-agent-workspace/builds/worker-3-tc2/target:/opt/rustwide/target:rw,Z" "-v" "/var/lib/crater-agent-workspace/builds/worker-3-tc2/source:/opt/rustwide/workdir:ro,Z" "-v" "/var/lib/crater-agent-workspace/cargo-home:/opt/rustwide/cargo-home:ro,Z" "-v" "/var/lib/crater-agent-workspace/rustup-home:/opt/rustwide/rustup-home:ro,Z" "-e" "SOURCE_DIR=/opt/rustwide/workdir" "-e" "CARGO_TARGET_DIR=/opt/rustwide/target" "-e" "CARGO_INCREMENTAL=0" "-e" "RUST_BACKTRACE=full" "-e" "RUSTFLAGS=--cap-lints=warn" "-e" "RUSTDOCFLAGS=--cap-lints=warn" "-e" "CARGO_HOME=/opt/rustwide/cargo-home" "-e" "RUSTUP_HOME=/opt/rustwide/rustup-home" "-w" "/opt/rustwide/workdir" "-m" "1610612736" "--user" "0:0" "--network" "none" "ghcr.io/rust-lang/crates-build-env/linux@sha256:f3a9d4ad9d972b27faf3965f35b62e55ba32bbce8f20bc8fe909558a86702fde" "/opt/rustwide/cargo-home/bin/cargo" "+beta-2024-12-08" "test" "--frozen" "--no-run" "--message-format=json", kill_on_drop: false }`
[INFO] [stdout] 55d11f4f1b433cdbea404040f80d5834c890b15f549ff6546612ac45a3e05a71
[INFO] running `Command { std: "docker" "start" "-a" "55d11f4f1b433cdbea404040f80d5834c890b15f549ff6546612ac45a3e05a71", kill_on_drop: false }`
[INFO] [stderr]    Compiling wasm-logger v0.2.0 (/opt/rustwide/workdir)
[INFO] [stderr]     Finished `test` profile [unoptimized + debuginfo] target(s) in 0.45s
[INFO] running `Command { std: "docker" "inspect" "55d11f4f1b433cdbea404040f80d5834c890b15f549ff6546612ac45a3e05a71", kill_on_drop: false }`
[INFO] running `Command { std: "docker" "rm" "-f" "55d11f4f1b433cdbea404040f80d5834c890b15f549ff6546612ac45a3e05a71", kill_on_drop: false }`
[INFO] [stdout] 55d11f4f1b433cdbea404040f80d5834c890b15f549ff6546612ac45a3e05a71
[INFO] running `Command { std: "docker" "create" "-v" "/var/lib/crater-agent-workspace/builds/worker-3-tc2/target:/opt/rustwide/target:rw,Z" "-v" "/var/lib/crater-agent-workspace/builds/worker-3-tc2/source:/opt/rustwide/workdir:ro,Z" "-v" "/var/lib/crater-agent-workspace/cargo-home:/opt/rustwide/cargo-home:ro,Z" "-v" "/var/lib/crater-agent-workspace/rustup-home:/opt/rustwide/rustup-home:ro,Z" "-e" "SOURCE_DIR=/opt/rustwide/workdir" "-e" "CARGO_TARGET_DIR=/opt/rustwide/target" "-e" "CARGO_INCREMENTAL=0" "-e" "RUST_BACKTRACE=full" "-e" "RUSTFLAGS=--cap-lints=warn" "-e" "RUSTDOCFLAGS=--cap-lints=warn" "-e" "CARGO_HOME=/opt/rustwide/cargo-home" "-e" "RUSTUP_HOME=/opt/rustwide/rustup-home" "-w" "/opt/rustwide/workdir" "-m" "1610612736" "--user" "0:0" "--network" "none" "ghcr.io/rust-lang/crates-build-env/linux@sha256:f3a9d4ad9d972b27faf3965f35b62e55ba32bbce8f20bc8fe909558a86702fde" "/opt/rustwide/cargo-home/bin/cargo" "+beta-2024-12-08" "test" "--frozen", kill_on_drop: false }`
[INFO] [stdout] 0e82a23f078f885584369a34af1f309f9b51a58eb91c5e4ebd61b7e2958819ec
[INFO] running `Command { std: "docker" "start" "-a" "0e82a23f078f885584369a34af1f309f9b51a58eb91c5e4ebd61b7e2958819ec", kill_on_drop: false }`
[INFO] [stderr]     Finished `test` profile [unoptimized + debuginfo] target(s) in 0.04s
[INFO] [stderr]      Running unittests src/lib.rs (/opt/rustwide/target/debug/deps/wasm_logger-d7e5fd1d5da6764d)
[INFO] [stdout] 
[INFO] [stderr]    Doc-tests wasm_logger
[INFO] [stdout] running 0 tests
[INFO] [stdout] 
[INFO] [stdout] test result: ok. 0 passed; 0 failed; 0 ignored; 0 measured; 0 filtered out; finished in 0.00s
[INFO] [stdout] 
[INFO] [stdout] 
[INFO] [stdout] running 2 tests
[INFO] [stdout] test src/lib.rs - init (line 162) ... FAILED
[INFO] [stdout] test src/lib.rs - init (line 158) ... ok
[INFO] [stdout] 
[INFO] [stdout] failures:
[INFO] [stdout] 
[INFO] [stdout] ---- src/lib.rs - init (line 162) stdout ----
[INFO] [stdout] error[E0599]: no function or associated item named `with_prefix` found for struct `Config` in the current scope
[INFO] [stdout]   --> src/lib.rs:164:40
[INFO] [stdout]    |
[INFO] [stdout] 5  | wasm_logger::init(wasm_logger::Config::with_prefix(log::Level::Debug, "some::module"));
[INFO] [stdout]    |                                        ^^^^^^^^^^^ function or associated item not found in `Config`
[INFO] [stdout]    |
[INFO] [stdout] note: if you're trying to build a new `Config`, consider using `Config::new` which returns `Config`
[INFO] [stdout]   --> /opt/rustwide/workdir/src/lib.rs:36:5
[INFO] [stdout]    |
[INFO] [stdout] 36 |     pub fn new(level: Level) -> Self {
[INFO] [stdout]    |     ^^^^^^^^^^^^^^^^^^^^^^^^^^^^^^^^
[INFO] [stdout] 
[INFO] [stdout] error: aborting due to 1 previous error
[INFO] [stdout] 
[INFO] [stdout] For more information about this error, try `rustc --explain E0599`.
[INFO] [stdout] Couldn't compile the test.
[INFO] [stdout] 
[INFO] [stdout] failures:
[INFO] [stdout]     src/lib.rs - init (line 162)
[INFO] [stdout] 
[INFO] [stdout] test result: FAILED. 1 passed; 1 failed; 0 ignored; 0 measured; 0 filtered out; finished in 0.36s
[INFO] [stdout] 
[INFO] [stderr] error: doctest failed, to rerun pass `--doc`
[INFO] running `Command { std: "docker" "inspect" "0e82a23f078f885584369a34af1f309f9b51a58eb91c5e4ebd61b7e2958819ec", kill_on_drop: false }`
[INFO] running `Command { std: "docker" "rm" "-f" "0e82a23f078f885584369a34af1f309f9b51a58eb91c5e4ebd61b7e2958819ec", kill_on_drop: false }`
[INFO] [stdout] 0e82a23f078f885584369a34af1f309f9b51a58eb91c5e4ebd61b7e2958819ec
