[INFO] fetching crate wasm-bindgen-spawn 0.0.1...
[INFO] testing wasm-bindgen-spawn-0.0.1 against beta-2024-12-08 for beta-1.84.0-4-retry
[INFO] extracting crate wasm-bindgen-spawn 0.0.1 into /workspace/builds/worker-6-tc2/source
[INFO] validating manifest of crates.io crate wasm-bindgen-spawn 0.0.1 on toolchain beta-2024-12-08
[INFO] running `Command { std: CARGO_HOME="/workspace/cargo-home" RUSTUP_HOME="/workspace/rustup-home" "/workspace/cargo-home/bin/cargo" "+beta-2024-12-08" "metadata" "--manifest-path" "Cargo.toml" "--no-deps", kill_on_drop: false }`
[INFO] removed /workspace/builds/worker-6-tc2/source/.cargo/config.toml
[INFO] removed /workspace/builds/worker-6-tc2/source/rust-toolchain
[INFO] started tweaking crates.io crate wasm-bindgen-spawn 0.0.1
[INFO] finished tweaking crates.io crate wasm-bindgen-spawn 0.0.1
[INFO] tweaked toml for crates.io crate wasm-bindgen-spawn 0.0.1 written to /workspace/builds/worker-6-tc2/source/Cargo.toml
[INFO] running `Command { std: CARGO_HOME="/workspace/cargo-home" RUSTUP_HOME="/workspace/rustup-home" "/workspace/cargo-home/bin/cargo" "+beta-2024-12-08" "generate-lockfile" "--manifest-path" "Cargo.toml", kill_on_drop: false }`
[INFO] [stderr]     Updating crates.io index
[INFO] [stderr]      Locking 19 packages to latest compatible versions
[INFO] [stderr]       Adding thiserror v1.0.69 (available: v2.0.7)
[INFO] running `Command { std: CARGO_HOME="/workspace/cargo-home" RUSTUP_HOME="/workspace/rustup-home" "/workspace/cargo-home/bin/cargo" "+beta-2024-12-08" "fetch" "--manifest-path" "Cargo.toml", kill_on_drop: false }`
[INFO] running `Command { std: "docker" "create" "-v" "/var/lib/crater-agent-workspace/builds/worker-6-tc2/target:/opt/rustwide/target:rw,Z" "-v" "/var/lib/crater-agent-workspace/builds/worker-6-tc2/source:/opt/rustwide/workdir:ro,Z" "-v" "/var/lib/crater-agent-workspace/cargo-home:/opt/rustwide/cargo-home:ro,Z" "-v" "/var/lib/crater-agent-workspace/rustup-home:/opt/rustwide/rustup-home:ro,Z" "-e" "SOURCE_DIR=/opt/rustwide/workdir" "-e" "CARGO_TARGET_DIR=/opt/rustwide/target" "-e" "CARGO_HOME=/opt/rustwide/cargo-home" "-e" "RUSTUP_HOME=/opt/rustwide/rustup-home" "-w" "/opt/rustwide/workdir" "-m" "1610612736" "--user" "0:0" "--network" "none" "ghcr.io/rust-lang/crates-build-env/linux@sha256:f3a9d4ad9d972b27faf3965f35b62e55ba32bbce8f20bc8fe909558a86702fde" "/opt/rustwide/cargo-home/bin/cargo" "+beta-2024-12-08" "metadata" "--no-deps" "--format-version=1", kill_on_drop: false }`
[INFO] [stdout] 07e9debf2a95d5cbb1d9ef9398bee384debfe62ec3b63720a8578b751f0e364e
[INFO] running `Command { std: "docker" "start" "-a" "07e9debf2a95d5cbb1d9ef9398bee384debfe62ec3b63720a8578b751f0e364e", kill_on_drop: false }`
[INFO] running `Command { std: "docker" "inspect" "07e9debf2a95d5cbb1d9ef9398bee384debfe62ec3b63720a8578b751f0e364e", kill_on_drop: false }`
[INFO] running `Command { std: "docker" "rm" "-f" "07e9debf2a95d5cbb1d9ef9398bee384debfe62ec3b63720a8578b751f0e364e", kill_on_drop: false }`
[INFO] [stdout] 07e9debf2a95d5cbb1d9ef9398bee384debfe62ec3b63720a8578b751f0e364e
[INFO] running `Command { std: "docker" "create" "-v" "/var/lib/crater-agent-workspace/builds/worker-6-tc2/target:/opt/rustwide/target:rw,Z" "-v" "/var/lib/crater-agent-workspace/builds/worker-6-tc2/source:/opt/rustwide/workdir:ro,Z" "-v" "/var/lib/crater-agent-workspace/cargo-home:/opt/rustwide/cargo-home:ro,Z" "-v" "/var/lib/crater-agent-workspace/rustup-home:/opt/rustwide/rustup-home:ro,Z" "-e" "SOURCE_DIR=/opt/rustwide/workdir" "-e" "CARGO_TARGET_DIR=/opt/rustwide/target" "-e" "CARGO_INCREMENTAL=0" "-e" "RUST_BACKTRACE=full" "-e" "RUSTFLAGS=--cap-lints=warn" "-e" "RUSTDOCFLAGS=--cap-lints=warn" "-e" "CARGO_HOME=/opt/rustwide/cargo-home" "-e" "RUSTUP_HOME=/opt/rustwide/rustup-home" "-w" "/opt/rustwide/workdir" "-m" "1610612736" "--user" "0:0" "--network" "none" "ghcr.io/rust-lang/crates-build-env/linux@sha256:f3a9d4ad9d972b27faf3965f35b62e55ba32bbce8f20bc8fe909558a86702fde" "/opt/rustwide/cargo-home/bin/cargo" "+beta-2024-12-08" "build" "--frozen" "--message-format=json", kill_on_drop: false }`
[INFO] [stdout] 2aef55cde91f18b5c0c13432987f65c267dd4062614b8754109a2f9dfc1256ee
[INFO] running `Command { std: "docker" "start" "-a" "2aef55cde91f18b5c0c13432987f65c267dd4062614b8754109a2f9dfc1256ee", kill_on_drop: false }`
[INFO] [stderr]    Compiling proc-macro2 v1.0.92
[INFO] [stderr]    Compiling unicode-ident v1.0.14
[INFO] [stderr]    Compiling wasm-bindgen-shared v0.2.99
[INFO] [stderr]    Compiling log v0.4.22
[INFO] [stderr]    Compiling bumpalo v3.16.0
[INFO] [stderr]    Compiling wasm-bindgen v0.2.99
[INFO] [stderr]    Compiling once_cell v1.20.2
[INFO] [stderr]    Compiling cfg-if v1.0.0
[INFO] [stderr]    Compiling thiserror v1.0.69
[INFO] [stderr]    Compiling oneshot v0.1.8
[INFO] [stderr]    Compiling quote v1.0.37
[INFO] [stderr]    Compiling syn v2.0.90
[INFO] [stderr]    Compiling wasm-bindgen-backend v0.2.99
[INFO] [stderr]    Compiling thiserror-impl v1.0.69
[INFO] [stderr]    Compiling wasm-bindgen-macro-support v0.2.99
[INFO] [stderr]    Compiling wasm-bindgen-macro v0.2.99
[INFO] [stderr]    Compiling js-sys v0.3.76
[INFO] [stderr]    Compiling wasm-bindgen-futures v0.4.49
[INFO] [stderr]    Compiling wasm-bindgen-spawn v0.0.1 (/opt/rustwide/workdir)
[INFO] [stdout] warning: use of deprecated constant `MEMORY`: use with `#[wasm_bindgen(thread_local_v2)]` instead
[INFO] [stdout]    --> src/lib.rs:188:22
[INFO] [stdout]     |
[INFO] [stdout] 188 |         let memory = MEMORY.with(|memory| memory.clone());
[INFO] [stdout]     |                      ^^^^^^
[INFO] [stdout]     |
[INFO] [stdout]     = note: `#[warn(deprecated)]` on by default
[INFO] [stdout] 
[INFO] [stdout] 
[INFO] [stdout] warning: use of deprecated constant `DISPATCH_POLL_WORKER`: use with `#[wasm_bindgen(thread_local_v2)]` instead
[INFO] [stdout]    --> src/lib.rs:207:21
[INFO] [stdout]     |
[INFO] [stdout] 207 |                     DISPATCH_POLL_WORKER.with(|v| v.clone()),
[INFO] [stdout]     |                     ^^^^^^^^^^^^^^^^^^^^
[INFO] [stdout] 
[INFO] [stdout] 
[INFO] [stderr]     Finished `dev` profile [unoptimized + debuginfo] target(s) in 17.74s
[INFO] running `Command { std: "docker" "inspect" "2aef55cde91f18b5c0c13432987f65c267dd4062614b8754109a2f9dfc1256ee", kill_on_drop: false }`
[INFO] running `Command { std: "docker" "rm" "-f" "2aef55cde91f18b5c0c13432987f65c267dd4062614b8754109a2f9dfc1256ee", kill_on_drop: false }`
[INFO] [stdout] 2aef55cde91f18b5c0c13432987f65c267dd4062614b8754109a2f9dfc1256ee
[INFO] running `Command { std: "docker" "create" "-v" "/var/lib/crater-agent-workspace/builds/worker-6-tc2/target:/opt/rustwide/target:rw,Z" "-v" "/var/lib/crater-agent-workspace/builds/worker-6-tc2/source:/opt/rustwide/workdir:ro,Z" "-v" "/var/lib/crater-agent-workspace/cargo-home:/opt/rustwide/cargo-home:ro,Z" "-v" "/var/lib/crater-agent-workspace/rustup-home:/opt/rustwide/rustup-home:ro,Z" "-e" "SOURCE_DIR=/opt/rustwide/workdir" "-e" "CARGO_TARGET_DIR=/opt/rustwide/target" "-e" "CARGO_INCREMENTAL=0" "-e" "RUST_BACKTRACE=full" "-e" "RUSTFLAGS=--cap-lints=warn" "-e" "RUSTDOCFLAGS=--cap-lints=warn" "-e" "CARGO_HOME=/opt/rustwide/cargo-home" "-e" "RUSTUP_HOME=/opt/rustwide/rustup-home" "-w" "/opt/rustwide/workdir" "-m" "1610612736" "--user" "0:0" "--network" "none" "ghcr.io/rust-lang/crates-build-env/linux@sha256:f3a9d4ad9d972b27faf3965f35b62e55ba32bbce8f20bc8fe909558a86702fde" "/opt/rustwide/cargo-home/bin/cargo" "+beta-2024-12-08" "test" "--frozen" "--no-run" "--message-format=json", kill_on_drop: false }`
[INFO] [stdout] d3f54bca74f8c289e9231a85d7cf0c38c3280cc67ef99f50f50c1b9f69718ad4
[INFO] running `Command { std: "docker" "start" "-a" "d3f54bca74f8c289e9231a85d7cf0c38c3280cc67ef99f50f50c1b9f69718ad4", kill_on_drop: false }`
[INFO] [stderr]    Compiling wasm-bindgen-spawn v0.0.1 (/opt/rustwide/workdir)
[INFO] [stdout] warning: use of deprecated constant `MEMORY`: use with `#[wasm_bindgen(thread_local_v2)]` instead
[INFO] [stdout]    --> src/lib.rs:188:22
[INFO] [stdout]     |
[INFO] [stdout] 188 |         let memory = MEMORY.with(|memory| memory.clone());
[INFO] [stdout]     |                      ^^^^^^
[INFO] [stdout]     |
[INFO] [stdout]     = note: `#[warn(deprecated)]` on by default
[INFO] [stdout] 
[INFO] [stdout] 
[INFO] [stdout] warning: use of deprecated constant `DISPATCH_POLL_WORKER`: use with `#[wasm_bindgen(thread_local_v2)]` instead
[INFO] [stdout]    --> src/lib.rs:207:21
[INFO] [stdout]     |
[INFO] [stdout] 207 |                     DISPATCH_POLL_WORKER.with(|v| v.clone()),
[INFO] [stdout]     |                     ^^^^^^^^^^^^^^^^^^^^
[INFO] [stdout] 
[INFO] [stdout] 
[INFO] [stdout] warning: use of deprecated constant `MEMORY`: use with `#[wasm_bindgen(thread_local_v2)]` instead
[INFO] [stdout]    --> src/lib.rs:188:22
[INFO] [stdout]     |
[INFO] [stdout] 188 |         let memory = MEMORY.with(|memory| memory.clone());
[INFO] [stdout]     |                      ^^^^^^
[INFO] [stdout]     |
[INFO] [stdout]     = note: `#[warn(deprecated)]` on by default
[INFO] [stdout] 
[INFO] [stdout] 
[INFO] [stdout] warning: use of deprecated constant `DISPATCH_POLL_WORKER`: use with `#[wasm_bindgen(thread_local_v2)]` instead
[INFO] [stdout]    --> src/lib.rs:207:21
[INFO] [stdout]     |
[INFO] [stdout] 207 |                     DISPATCH_POLL_WORKER.with(|v| v.clone()),
[INFO] [stdout]     |                     ^^^^^^^^^^^^^^^^^^^^
[INFO] [stdout] 
[INFO] [stdout] 
[INFO] [stderr]     Finished `test` profile [unoptimized + debuginfo] target(s) in 0.60s
[INFO] running `Command { std: "docker" "inspect" "d3f54bca74f8c289e9231a85d7cf0c38c3280cc67ef99f50f50c1b9f69718ad4", kill_on_drop: false }`
[INFO] running `Command { std: "docker" "rm" "-f" "d3f54bca74f8c289e9231a85d7cf0c38c3280cc67ef99f50f50c1b9f69718ad4", kill_on_drop: false }`
[INFO] [stdout] d3f54bca74f8c289e9231a85d7cf0c38c3280cc67ef99f50f50c1b9f69718ad4
[INFO] running `Command { std: "docker" "create" "-v" "/var/lib/crater-agent-workspace/builds/worker-6-tc2/target:/opt/rustwide/target:rw,Z" "-v" "/var/lib/crater-agent-workspace/builds/worker-6-tc2/source:/opt/rustwide/workdir:ro,Z" "-v" "/var/lib/crater-agent-workspace/cargo-home:/opt/rustwide/cargo-home:ro,Z" "-v" "/var/lib/crater-agent-workspace/rustup-home:/opt/rustwide/rustup-home:ro,Z" "-e" "SOURCE_DIR=/opt/rustwide/workdir" "-e" "CARGO_TARGET_DIR=/opt/rustwide/target" "-e" "CARGO_INCREMENTAL=0" "-e" "RUST_BACKTRACE=full" "-e" "RUSTFLAGS=--cap-lints=warn" "-e" "RUSTDOCFLAGS=--cap-lints=warn" "-e" "CARGO_HOME=/opt/rustwide/cargo-home" "-e" "RUSTUP_HOME=/opt/rustwide/rustup-home" "-w" "/opt/rustwide/workdir" "-m" "1610612736" "--user" "0:0" "--network" "none" "ghcr.io/rust-lang/crates-build-env/linux@sha256:f3a9d4ad9d972b27faf3965f35b62e55ba32bbce8f20bc8fe909558a86702fde" "/opt/rustwide/cargo-home/bin/cargo" "+beta-2024-12-08" "test" "--frozen", kill_on_drop: false }`
[INFO] [stdout] 2bd523a1a7270dd19c72d84cb13ebb65bb7ff5c39351249c16c4bcf0e55429b6
[INFO] running `Command { std: "docker" "start" "-a" "2bd523a1a7270dd19c72d84cb13ebb65bb7ff5c39351249c16c4bcf0e55429b6", kill_on_drop: false }`
[INFO] [stderr] warning: use of deprecated constant `MEMORY`: use with `#[wasm_bindgen(thread_local_v2)]` instead
[INFO] [stderr]    --> src/lib.rs:188:22
[INFO] [stderr]     |
[INFO] [stderr] 188 |         let memory = MEMORY.with(|memory| memory.clone());
[INFO] [stderr]     |                      ^^^^^^
[INFO] [stderr]     |
[INFO] [stderr]     = note: `#[warn(deprecated)]` on by default
[INFO] [stderr] 
[INFO] [stderr] warning: use of deprecated constant `DISPATCH_POLL_WORKER`: use with `#[wasm_bindgen(thread_local_v2)]` instead
[INFO] [stderr]    --> src/lib.rs:207:21
[INFO] [stderr]     |
[INFO] [stderr] 207 |                     DISPATCH_POLL_WORKER.with(|v| v.clone()),
[INFO] [stderr]     |                     ^^^^^^^^^^^^^^^^^^^^
[INFO] [stderr] 
[INFO] [stderr] warning: `wasm-bindgen-spawn` (lib) generated 2 warnings
[INFO] [stderr] warning: `wasm-bindgen-spawn` (lib test) generated 2 warnings (2 duplicates)
[INFO] [stderr]     Finished `test` profile [unoptimized + debuginfo] target(s) in 0.03s
[INFO] [stderr]      Running unittests src/lib.rs (/opt/rustwide/target/debug/deps/wasm_bindgen_spawn-5a699749d6537827)
[INFO] [stdout] 
[INFO] [stdout] running 0 tests
[INFO] [stdout] 
[INFO] [stdout] test result: ok. 0 passed; 0 failed; 0 ignored; 0 measured; 0 filtered out; finished in 0.00s
[INFO] [stdout] 
[INFO] [stderr]    Doc-tests wasm_bindgen_spawn
[INFO] [stdout] 
[INFO] [stdout] running 5 tests
[INFO] [stdout] test src/lib.rs - (line 44) ... FAILED
[INFO] [stdout] test src/lib.rs - ThreadCreator (line 98) - compile ... FAILED
[INFO] [stdout] test src/lib.rs - ThreadCreator (line 80) - compile ... FAILED
[INFO] [stdout] test src/lib.rs - ThreadCreator (line 65) - compile ... FAILED
[INFO] [stdout] test src/lib.rs - ThreadCreator (line 137) - compile ... FAILED
[INFO] [stdout] 
[INFO] [stdout] failures:
[INFO] [stdout] 
[INFO] [stdout] ---- src/lib.rs - (line 44) stdout ----
[INFO] [stdout] error: expected identifier, found `:`
[INFO] [stdout]  --> src/lib.rs:45:29
[INFO] [stdout]   |
[INFO] [stdout] 3 | Cross-Origin-Embedder-Policy: require-corp
[INFO] [stdout]   |                             ^ expected identifier
[INFO] [stdout] 
[INFO] [stdout] error: aborting due to 1 previous error
[INFO] [stdout] 
[INFO] [stdout] Couldn't compile the test.
[INFO] [stdout] ---- src/lib.rs - ThreadCreator (line 98) stdout ----
[INFO] [stdout] error[E0432]: unresolved import `wasm_bindgen_spawm`
[INFO] [stdout]  --> src/lib.rs:100:5
[INFO] [stdout]   |
[INFO] [stdout] 4 | use wasm_bindgen_spawm::ThreadCreator;
[INFO] [stdout]   |     ^^^^^^^^^^^^^^^^^^ use of undeclared crate or module `wasm_bindgen_spawm`
[INFO] [stdout]   |
[INFO] [stdout] help: there is a crate or module with a similar name
[INFO] [stdout]   |
[INFO] [stdout] 4 | use wasm_bindgen_spawn::ThreadCreator;
[INFO] [stdout]   |     ~~~~~~~~~~~~~~~~~~
[INFO] [stdout] 
[INFO] [stdout] error: aborting due to 1 previous error
[INFO] [stdout] 
[INFO] [stdout] For more information about this error, try `rustc --explain E0432`.
[INFO] [stdout] Couldn't compile the test.
[INFO] [stdout] ---- src/lib.rs - ThreadCreator (line 80) stdout ----
[INFO] [stdout] error[E0432]: unresolved import `wasm_bindgen_spawm`
[INFO] [stdout]  --> src/lib.rs:82:5
[INFO] [stdout]   |
[INFO] [stdout] 4 | use wasm_bindgen_spawm::ThreadCreator;
[INFO] [stdout]   |     ^^^^^^^^^^^^^^^^^^ use of undeclared crate or module `wasm_bindgen_spawm`
[INFO] [stdout]   |
[INFO] [stdout] help: there is a crate or module with a similar name
[INFO] [stdout]   |
[INFO] [stdout] 4 | use wasm_bindgen_spawn::ThreadCreator;
[INFO] [stdout]   |     ~~~~~~~~~~~~~~~~~~
[INFO] [stdout] 
[INFO] [stdout] error: aborting due to 1 previous error
[INFO] [stdout] 
[INFO] [stdout] For more information about this error, try `rustc --explain E0432`.
[INFO] [stdout] Couldn't compile the test.
[INFO] [stdout] ---- src/lib.rs - ThreadCreator (line 65) stdout ----
[INFO] [stdout] error[E0432]: unresolved import `wasm_bindgen_spawm`
[INFO] [stdout]  --> src/lib.rs:67:5
[INFO] [stdout]   |
[INFO] [stdout] 4 | use wasm_bindgen_spawm::ThreadCreator;
[INFO] [stdout]   |     ^^^^^^^^^^^^^^^^^^ use of undeclared crate or module `wasm_bindgen_spawm`
[INFO] [stdout]   |
[INFO] [stdout] help: there is a crate or module with a similar name
[INFO] [stdout]   |
[INFO] [stdout] 4 | use wasm_bindgen_spawn::ThreadCreator;
[INFO] [stdout]   |     ~~~~~~~~~~~~~~~~~~
[INFO] [stdout] 
[INFO] [stdout] error: aborting due to 1 previous error
[INFO] [stdout] 
[INFO] [stdout] For more information about this error, try `rustc --explain E0432`.
[INFO] [stdout] Couldn't compile the test.
[INFO] [stdout] ---- src/lib.rs - ThreadCreator (line 137) stdout ----
[INFO] [stdout] error[E0432]: unresolved import `wasm_bindgen_spawm`
[INFO] [stdout]  --> src/lib.rs:139:5
[INFO] [stdout]   |
[INFO] [stdout] 4 | use wasm_bindgen_spawm::ThreadCreator;
[INFO] [stdout]   |     ^^^^^^^^^^^^^^^^^^ use of undeclared crate or module `wasm_bindgen_spawm`
[INFO] [stdout]   |
[INFO] [stdout] help: there is a crate or module with a similar name
[INFO] [stdout]   |
[INFO] [stdout] 4 | use wasm_bindgen_spawn::ThreadCreator;
[INFO] [stdout]   |     ~~~~~~~~~~~~~~~~~~
[INFO] [stdout] 
[INFO] [stdout] error[E0412]: cannot find type `OnceCell` in this scope
[INFO] [stdout]  --> src/lib.rs:142:28
[INFO] [stdout]   |
[INFO] [stdout] 7 |     static THREAD_CREATOR: OnceCell<ThreadCreator> = OnceCell::new();
[INFO] [stdout]   |                            ^^^^^^^^ not found in this scope
[INFO] [stdout]   |
[INFO] [stdout] help: consider importing this struct
[INFO] [stdout]   |
[INFO] [stdout] 2 + use std::cell::OnceCell;
[INFO] [stdout]   |
[INFO] [stdout] 
[INFO] [stdout] error[E0433]: failed to resolve: use of undeclared type `OnceCell`
[INFO] [stdout]  --> src/lib.rs:142:54
[INFO] [stdout]   |
[INFO] [stdout] 7 |     static THREAD_CREATOR: OnceCell<ThreadCreator> = OnceCell::new();
[INFO] [stdout]   |                                                      ^^^^^^^^ use of undeclared type `OnceCell`
[INFO] [stdout]   |
[INFO] [stdout] help: consider importing this struct
[INFO] [stdout]   |
[INFO] [stdout] 2 + use std::cell::OnceCell;
[INFO] [stdout]   |
[INFO] [stdout] 
[INFO] [stdout] error[E0412]: cannot find type `Promise` in this scope
[INFO] [stdout]   --> src/lib.rs:146:42
[INFO] [stdout]    |
[INFO] [stdout] 11 | pub fn create_thread_creator() -> Result<Promise, JsValue> {
[INFO] [stdout]    |                                          ^^^^^^^ not found in this scope
[INFO] [stdout]    |
[INFO] [stdout] help: consider importing this struct
[INFO] [stdout]    |
[INFO] [stdout] 2  + use js_sys::Promise;
[INFO] [stdout]    |
[INFO] [stdout] 
[INFO] [stdout] error: aborting due to 4 previous errors
[INFO] [stdout] 
[INFO] [stdout] Some errors have detailed explanations: E0412, E0432, E0433.
[INFO] [stdout] For more information about an error, try `rustc --explain E0412`.
[INFO] [stdout] Couldn't compile the test.
[INFO] [stdout] 
[INFO] [stdout] failures:
[INFO] [stdout]     src/lib.rs - (line 44)
[INFO] [stdout]     src/lib.rs - ThreadCreator (line 137)
[INFO] [stdout]     src/lib.rs - ThreadCreator (line 65)
[INFO] [stdout]     src/lib.rs - ThreadCreator (line 80)
[INFO] [stdout]     src/lib.rs - ThreadCreator (line 98)
[INFO] [stdout] 
[INFO] [stdout] test result: FAILED. 0 passed; 5 failed; 0 ignored; 0 measured; 0 filtered out; finished in 0.16s
[INFO] [stdout] 
[INFO] [stderr] error: doctest failed, to rerun pass `--doc`
[INFO] running `Command { std: "docker" "inspect" "2bd523a1a7270dd19c72d84cb13ebb65bb7ff5c39351249c16c4bcf0e55429b6", kill_on_drop: false }`
[INFO] running `Command { std: "docker" "rm" "-f" "2bd523a1a7270dd19c72d84cb13ebb65bb7ff5c39351249c16c4bcf0e55429b6", kill_on_drop: false }`
[INFO] [stdout] 2bd523a1a7270dd19c72d84cb13ebb65bb7ff5c39351249c16c4bcf0e55429b6
