[INFO] fetching crate wasm-bindgen-rayon 1.2.2...
[INFO] testing wasm-bindgen-rayon-1.2.2 against 1.83.0 for beta-1.84.0-4-retry
[INFO] extracting crate wasm-bindgen-rayon 1.2.2 into /workspace/builds/worker-3-tc1/source
[INFO] validating manifest of crates.io crate wasm-bindgen-rayon 1.2.2 on toolchain 1.83.0
[INFO] running `Command { std: CARGO_HOME="/workspace/cargo-home" RUSTUP_HOME="/workspace/rustup-home" "/workspace/cargo-home/bin/cargo" "+1.83.0" "metadata" "--manifest-path" "Cargo.toml" "--no-deps", kill_on_drop: false }`
[INFO] removed /workspace/builds/worker-3-tc1/source/.cargo/config.toml
[INFO] removed /workspace/builds/worker-3-tc1/source/rust-toolchain.toml
[INFO] started tweaking crates.io crate wasm-bindgen-rayon 1.2.2
[INFO] finished tweaking crates.io crate wasm-bindgen-rayon 1.2.2
[INFO] tweaked toml for crates.io crate wasm-bindgen-rayon 1.2.2 written to /workspace/builds/worker-3-tc1/source/Cargo.toml
[INFO] running `Command { std: CARGO_HOME="/workspace/cargo-home" RUSTUP_HOME="/workspace/rustup-home" "/workspace/cargo-home/bin/cargo" "+1.83.0" "generate-lockfile" "--manifest-path" "Cargo.toml", kill_on_drop: false }`
[INFO] [stderr]     Updating crates.io index
[INFO] [stderr]     Blocking waiting for file lock on package cache
[INFO] [stderr]      Locking 23 packages to latest compatible versions
[INFO] running `Command { std: CARGO_HOME="/workspace/cargo-home" RUSTUP_HOME="/workspace/rustup-home" "/workspace/cargo-home/bin/cargo" "+1.83.0" "fetch" "--manifest-path" "Cargo.toml", kill_on_drop: false }`
[INFO] running `Command { std: "docker" "create" "-v" "/var/lib/crater-agent-workspace/builds/worker-3-tc1/target:/opt/rustwide/target:rw,Z" "-v" "/var/lib/crater-agent-workspace/builds/worker-3-tc1/source:/opt/rustwide/workdir:ro,Z" "-v" "/var/lib/crater-agent-workspace/cargo-home:/opt/rustwide/cargo-home:ro,Z" "-v" "/var/lib/crater-agent-workspace/rustup-home:/opt/rustwide/rustup-home:ro,Z" "-e" "SOURCE_DIR=/opt/rustwide/workdir" "-e" "CARGO_TARGET_DIR=/opt/rustwide/target" "-e" "CARGO_HOME=/opt/rustwide/cargo-home" "-e" "RUSTUP_HOME=/opt/rustwide/rustup-home" "-w" "/opt/rustwide/workdir" "-m" "1610612736" "--user" "0:0" "--network" "none" "ghcr.io/rust-lang/crates-build-env/linux@sha256:f3a9d4ad9d972b27faf3965f35b62e55ba32bbce8f20bc8fe909558a86702fde" "/opt/rustwide/cargo-home/bin/cargo" "+1.83.0" "metadata" "--no-deps" "--format-version=1", kill_on_drop: false }`
[INFO] [stdout] 5b154935f3a84ad71d3aef7136106191c6eb67960d83c9c3e7704ac46e4f8939
[INFO] running `Command { std: "docker" "start" "-a" "5b154935f3a84ad71d3aef7136106191c6eb67960d83c9c3e7704ac46e4f8939", kill_on_drop: false }`
[INFO] running `Command { std: "docker" "inspect" "5b154935f3a84ad71d3aef7136106191c6eb67960d83c9c3e7704ac46e4f8939", kill_on_drop: false }`
[INFO] running `Command { std: "docker" "rm" "-f" "5b154935f3a84ad71d3aef7136106191c6eb67960d83c9c3e7704ac46e4f8939", kill_on_drop: false }`
[INFO] [stdout] 5b154935f3a84ad71d3aef7136106191c6eb67960d83c9c3e7704ac46e4f8939
[INFO] running `Command { std: "docker" "create" "-v" "/var/lib/crater-agent-workspace/builds/worker-3-tc1/target:/opt/rustwide/target:rw,Z" "-v" "/var/lib/crater-agent-workspace/builds/worker-3-tc1/source:/opt/rustwide/workdir:ro,Z" "-v" "/var/lib/crater-agent-workspace/cargo-home:/opt/rustwide/cargo-home:ro,Z" "-v" "/var/lib/crater-agent-workspace/rustup-home:/opt/rustwide/rustup-home:ro,Z" "-e" "SOURCE_DIR=/opt/rustwide/workdir" "-e" "CARGO_TARGET_DIR=/opt/rustwide/target" "-e" "CARGO_INCREMENTAL=0" "-e" "RUST_BACKTRACE=full" "-e" "RUSTFLAGS=--cap-lints=warn" "-e" "RUSTDOCFLAGS=--cap-lints=warn" "-e" "CARGO_HOME=/opt/rustwide/cargo-home" "-e" "RUSTUP_HOME=/opt/rustwide/rustup-home" "-w" "/opt/rustwide/workdir" "-m" "1610612736" "--user" "0:0" "--network" "none" "ghcr.io/rust-lang/crates-build-env/linux@sha256:f3a9d4ad9d972b27faf3965f35b62e55ba32bbce8f20bc8fe909558a86702fde" "/opt/rustwide/cargo-home/bin/cargo" "+1.83.0" "build" "--frozen" "--message-format=json", kill_on_drop: false }`
[INFO] [stdout] 0a5105d12e970ed9e8bc6fe33c391155f438a233d289ed866b63eed87168d409
[INFO] running `Command { std: "docker" "start" "-a" "0a5105d12e970ed9e8bc6fe33c391155f438a233d289ed866b63eed87168d409", kill_on_drop: false }`
[INFO] [stderr]    Compiling crossbeam-utils v0.8.20
[INFO] [stderr]    Compiling wasm-bindgen-shared v0.2.99
[INFO] [stderr]    Compiling log v0.4.22
[INFO] [stderr]    Compiling bumpalo v3.16.0
[INFO] [stderr]    Compiling wasm-bindgen v0.2.99
[INFO] [stderr]    Compiling rayon-core v1.12.1
[INFO] [stderr]    Compiling wasm_sync v0.1.2
[INFO] [stderr]    Compiling once_cell v1.20.2
[INFO] [stderr]    Compiling either v1.13.0
[INFO] [stderr]    Compiling syn v2.0.90
[INFO] [stderr]    Compiling crossbeam-epoch v0.9.18
[INFO] [stderr]    Compiling crossbeam-channel v0.5.13
[INFO] [stderr]    Compiling crossbeam-deque v0.8.5
[INFO] [stderr]    Compiling rayon v1.10.0
[INFO] [stderr]    Compiling wasm-bindgen-backend v0.2.99
[INFO] [stderr]    Compiling wasm-bindgen-macro-support v0.2.99
[INFO] [stderr]    Compiling wasm-bindgen-macro v0.2.99
[INFO] [stderr]    Compiling js-sys v0.3.76
[INFO] [stderr]    Compiling wasm-bindgen-rayon v1.2.2 (/opt/rustwide/workdir)
[INFO] [stderr]     Finished `dev` profile [unoptimized + debuginfo] target(s) in 16.36s
[INFO] running `Command { std: "docker" "inspect" "0a5105d12e970ed9e8bc6fe33c391155f438a233d289ed866b63eed87168d409", kill_on_drop: false }`
[INFO] running `Command { std: "docker" "rm" "-f" "0a5105d12e970ed9e8bc6fe33c391155f438a233d289ed866b63eed87168d409", kill_on_drop: false }`
[INFO] [stdout] 0a5105d12e970ed9e8bc6fe33c391155f438a233d289ed866b63eed87168d409
[INFO] running `Command { std: "docker" "create" "-v" "/var/lib/crater-agent-workspace/builds/worker-3-tc1/target:/opt/rustwide/target:rw,Z" "-v" "/var/lib/crater-agent-workspace/builds/worker-3-tc1/source:/opt/rustwide/workdir:ro,Z" "-v" "/var/lib/crater-agent-workspace/cargo-home:/opt/rustwide/cargo-home:ro,Z" "-v" "/var/lib/crater-agent-workspace/rustup-home:/opt/rustwide/rustup-home:ro,Z" "-e" "SOURCE_DIR=/opt/rustwide/workdir" "-e" "CARGO_TARGET_DIR=/opt/rustwide/target" "-e" "CARGO_INCREMENTAL=0" "-e" "RUST_BACKTRACE=full" "-e" "RUSTFLAGS=--cap-lints=warn" "-e" "RUSTDOCFLAGS=--cap-lints=warn" "-e" "CARGO_HOME=/opt/rustwide/cargo-home" "-e" "RUSTUP_HOME=/opt/rustwide/rustup-home" "-w" "/opt/rustwide/workdir" "-m" "1610612736" "--user" "0:0" "--network" "none" "ghcr.io/rust-lang/crates-build-env/linux@sha256:f3a9d4ad9d972b27faf3965f35b62e55ba32bbce8f20bc8fe909558a86702fde" "/opt/rustwide/cargo-home/bin/cargo" "+1.83.0" "test" "--frozen" "--no-run" "--message-format=json", kill_on_drop: false }`
[INFO] [stdout] 862ffc2c9adb1f2d121e3b496393db034d2ce70517633f94b74bfaebbb413dbb
[INFO] running `Command { std: "docker" "start" "-a" "862ffc2c9adb1f2d121e3b496393db034d2ce70517633f94b74bfaebbb413dbb", kill_on_drop: false }`
[INFO] [stderr]    Compiling wasm-bindgen-rayon v1.2.2 (/opt/rustwide/workdir)
[INFO] [stderr]     Finished `test` profile [unoptimized + debuginfo] target(s) in 0.60s
[INFO] running `Command { std: "docker" "inspect" "862ffc2c9adb1f2d121e3b496393db034d2ce70517633f94b74bfaebbb413dbb", kill_on_drop: false }`
[INFO] running `Command { std: "docker" "rm" "-f" "862ffc2c9adb1f2d121e3b496393db034d2ce70517633f94b74bfaebbb413dbb", kill_on_drop: false }`
[INFO] [stdout] 862ffc2c9adb1f2d121e3b496393db034d2ce70517633f94b74bfaebbb413dbb
[INFO] running `Command { std: "docker" "create" "-v" "/var/lib/crater-agent-workspace/builds/worker-3-tc1/target:/opt/rustwide/target:rw,Z" "-v" "/var/lib/crater-agent-workspace/builds/worker-3-tc1/source:/opt/rustwide/workdir:ro,Z" "-v" "/var/lib/crater-agent-workspace/cargo-home:/opt/rustwide/cargo-home:ro,Z" "-v" "/var/lib/crater-agent-workspace/rustup-home:/opt/rustwide/rustup-home:ro,Z" "-e" "SOURCE_DIR=/opt/rustwide/workdir" "-e" "CARGO_TARGET_DIR=/opt/rustwide/target" "-e" "CARGO_INCREMENTAL=0" "-e" "RUST_BACKTRACE=full" "-e" "RUSTFLAGS=--cap-lints=warn" "-e" "RUSTDOCFLAGS=--cap-lints=warn" "-e" "CARGO_HOME=/opt/rustwide/cargo-home" "-e" "RUSTUP_HOME=/opt/rustwide/rustup-home" "-w" "/opt/rustwide/workdir" "-m" "1610612736" "--user" "0:0" "--network" "none" "ghcr.io/rust-lang/crates-build-env/linux@sha256:f3a9d4ad9d972b27faf3965f35b62e55ba32bbce8f20bc8fe909558a86702fde" "/opt/rustwide/cargo-home/bin/cargo" "+1.83.0" "test" "--frozen", kill_on_drop: false }`
[INFO] [stdout] 1f38f9ae1cf9b003d4fef23ce751465c6c28ae2c2010d55080e8e734da149ec7
[INFO] running `Command { std: "docker" "start" "-a" "1f38f9ae1cf9b003d4fef23ce751465c6c28ae2c2010d55080e8e734da149ec7", kill_on_drop: false }`
[INFO] [stderr]     Finished `test` profile [unoptimized + debuginfo] target(s) in 0.05s
[INFO] [stderr]      Running unittests src/lib.rs (/opt/rustwide/target/debug/deps/wasm_bindgen_rayon-2f1b973137b00512)
[INFO] [stdout] 
[INFO] [stdout] running 0 tests
[INFO] [stdout] 
[INFO] [stdout] test result: ok. 0 passed; 0 failed; 0 ignored; 0 measured; 0 filtered out; finished in 0.00s
[INFO] [stdout] 
[INFO] [stderr]    Doc-tests wasm_bindgen_rayon
[INFO] [stdout] 
[INFO] [stdout] running 2 tests
[INFO] [stdout] test src/../README.md - (line 86) ... FAILED
[INFO] [stdout] test src/../README.md - (line 59) ... ok
[INFO] [stdout] 
[INFO] [stdout] failures:
[INFO] [stdout] 
[INFO] [stdout] ---- src/../README.md - (line 86) stdout ----
[INFO] [stdout] error: cannot find attribute `wasm_bindgen` in this scope
[INFO] [stdout]  --> src/../README.md:87:3
[INFO] [stdout]   |
[INFO] [stdout] 3 | #[wasm_bindgen]
[INFO] [stdout]   |   ^^^^^^^^^^^^
[INFO] [stdout]   |
[INFO] [stdout]   = note: `wasm_bindgen` is in scope, but it is a crate, not an attribute
[INFO] [stdout] help: consider importing this attribute macro
[INFO] [stdout]   |
[INFO] [stdout] 2 + use wasm_bindgen::prelude::wasm_bindgen;
[INFO] [stdout]   |
[INFO] [stdout] 
[INFO] [stdout] error[E0599]: no method named `par_iter` found for reference `&[i32]` in the current scope
[INFO] [stdout]  --> src/../README.md:89:13
[INFO] [stdout]   |
[INFO] [stdout] 5 |     numbers.par_iter().sum()
[INFO] [stdout]   |             ^^^^^^^^
[INFO] [stdout]   |
[INFO] [stdout]   = help: items from traits can only be used if the trait is in scope
[INFO] [stdout] help: trait `IntoParallelRefIterator` which provides `par_iter` is implemented but not in scope; perhaps you want to import it
[INFO] [stdout]   |
[INFO] [stdout] 2 + use rayon::iter::IntoParallelRefIterator;
[INFO] [stdout]   |
[INFO] [stdout] help: there is a method `iter` with a similar name
[INFO] [stdout]   |
[INFO] [stdout] 5 |     numbers.iter().sum()
[INFO] [stdout]   |             ~~~~
[INFO] [stdout] 
[INFO] [stdout] error: aborting due to 2 previous errors
[INFO] [stdout] 
[INFO] [stdout] For more information about this error, try `rustc --explain E0599`.
[INFO] [stdout] Couldn't compile the test.
[INFO] [stdout] 
[INFO] [stdout] failures:
[INFO] [stdout]     src/../README.md - (line 86)
[INFO] [stdout] 
[INFO] [stdout] test result: FAILED. 1 passed; 1 failed; 0 ignored; 0 measured; 0 filtered out; finished in 0.28s
[INFO] [stdout] 
[INFO] [stderr] error: doctest failed, to rerun pass `--doc`
[INFO] running `Command { std: "docker" "inspect" "1f38f9ae1cf9b003d4fef23ce751465c6c28ae2c2010d55080e8e734da149ec7", kill_on_drop: false }`
[INFO] running `Command { std: "docker" "rm" "-f" "1f38f9ae1cf9b003d4fef23ce751465c6c28ae2c2010d55080e8e734da149ec7", kill_on_drop: false }`
[INFO] [stdout] 1f38f9ae1cf9b003d4fef23ce751465c6c28ae2c2010d55080e8e734da149ec7
