[INFO] fetching crate wapc 2.1.0...
[INFO] testing wapc-2.1.0 against 1.83.0 for beta-1.84.0-4-retry
[INFO] extracting crate wapc 2.1.0 into /workspace/builds/worker-0-tc1/source
[INFO] validating manifest of crates.io crate wapc 2.1.0 on toolchain 1.83.0
[INFO] running `Command { std: CARGO_HOME="/workspace/cargo-home" RUSTUP_HOME="/workspace/rustup-home" "/workspace/cargo-home/bin/cargo" "+1.83.0" "metadata" "--manifest-path" "Cargo.toml" "--no-deps", kill_on_drop: false }`
[INFO] started tweaking crates.io crate wapc 2.1.0
[INFO] finished tweaking crates.io crate wapc 2.1.0
[INFO] tweaked toml for crates.io crate wapc 2.1.0 written to /workspace/builds/worker-0-tc1/source/Cargo.toml
[INFO] running `Command { std: CARGO_HOME="/workspace/cargo-home" RUSTUP_HOME="/workspace/rustup-home" "/workspace/cargo-home/bin/cargo" "+1.83.0" "generate-lockfile" "--manifest-path" "Cargo.toml", kill_on_drop: false }`
[INFO] [stderr]     Updating crates.io index
[INFO] [stderr]      Locking 37 packages to latest compatible versions
[INFO] running `Command { std: CARGO_HOME="/workspace/cargo-home" RUSTUP_HOME="/workspace/rustup-home" "/workspace/cargo-home/bin/cargo" "+1.83.0" "fetch" "--manifest-path" "Cargo.toml", kill_on_drop: false }`
[INFO] running `Command { std: "docker" "create" "-v" "/var/lib/crater-agent-workspace/builds/worker-0-tc1/target:/opt/rustwide/target:rw,Z" "-v" "/var/lib/crater-agent-workspace/builds/worker-0-tc1/source:/opt/rustwide/workdir:ro,Z" "-v" "/var/lib/crater-agent-workspace/cargo-home:/opt/rustwide/cargo-home:ro,Z" "-v" "/var/lib/crater-agent-workspace/rustup-home:/opt/rustwide/rustup-home:ro,Z" "-e" "SOURCE_DIR=/opt/rustwide/workdir" "-e" "CARGO_TARGET_DIR=/opt/rustwide/target" "-e" "CARGO_HOME=/opt/rustwide/cargo-home" "-e" "RUSTUP_HOME=/opt/rustwide/rustup-home" "-w" "/opt/rustwide/workdir" "-m" "1610612736" "--user" "0:0" "--network" "none" "ghcr.io/rust-lang/crates-build-env/linux@sha256:f3a9d4ad9d972b27faf3965f35b62e55ba32bbce8f20bc8fe909558a86702fde" "/opt/rustwide/cargo-home/bin/cargo" "+1.83.0" "metadata" "--no-deps" "--format-version=1", kill_on_drop: false }`
[INFO] [stdout] e55edb53bfa0ed508a2a8f57045454dcb647e4697cbd28fe9fe4c67952c7d72d
[INFO] running `Command { std: "docker" "start" "-a" "e55edb53bfa0ed508a2a8f57045454dcb647e4697cbd28fe9fe4c67952c7d72d", kill_on_drop: false }`
[INFO] running `Command { std: "docker" "inspect" "e55edb53bfa0ed508a2a8f57045454dcb647e4697cbd28fe9fe4c67952c7d72d", kill_on_drop: false }`
[INFO] running `Command { std: "docker" "rm" "-f" "e55edb53bfa0ed508a2a8f57045454dcb647e4697cbd28fe9fe4c67952c7d72d", kill_on_drop: false }`
[INFO] [stdout] e55edb53bfa0ed508a2a8f57045454dcb647e4697cbd28fe9fe4c67952c7d72d
[INFO] running `Command { std: "docker" "create" "-v" "/var/lib/crater-agent-workspace/builds/worker-0-tc1/target:/opt/rustwide/target:rw,Z" "-v" "/var/lib/crater-agent-workspace/builds/worker-0-tc1/source:/opt/rustwide/workdir:ro,Z" "-v" "/var/lib/crater-agent-workspace/cargo-home:/opt/rustwide/cargo-home:ro,Z" "-v" "/var/lib/crater-agent-workspace/rustup-home:/opt/rustwide/rustup-home:ro,Z" "-e" "SOURCE_DIR=/opt/rustwide/workdir" "-e" "CARGO_TARGET_DIR=/opt/rustwide/target" "-e" "CARGO_INCREMENTAL=0" "-e" "RUST_BACKTRACE=full" "-e" "RUSTFLAGS=--cap-lints=warn" "-e" "RUSTDOCFLAGS=--cap-lints=warn" "-e" "CARGO_HOME=/opt/rustwide/cargo-home" "-e" "RUSTUP_HOME=/opt/rustwide/rustup-home" "-w" "/opt/rustwide/workdir" "-m" "1610612736" "--user" "0:0" "--network" "none" "ghcr.io/rust-lang/crates-build-env/linux@sha256:f3a9d4ad9d972b27faf3965f35b62e55ba32bbce8f20bc8fe909558a86702fde" "/opt/rustwide/cargo-home/bin/cargo" "+1.83.0" "build" "--frozen" "--message-format=json", kill_on_drop: false }`
[INFO] [stdout] fd88968c4c35a3b56d04ffe52249faf18e6e8687e2cf8443e5011c1bb0cd7eec
[INFO] running `Command { std: "docker" "start" "-a" "fd88968c4c35a3b56d04ffe52249faf18e6e8687e2cf8443e5011c1bb0cd7eec", kill_on_drop: false }`
[INFO] [stderr]    Compiling proc-macro2 v1.0.92
[INFO] [stderr]    Compiling unicode-ident v1.0.14
[INFO] [stderr]    Compiling libc v0.2.168
[INFO] [stderr]    Compiling autocfg v1.4.0
[INFO] [stderr]    Compiling parking_lot_core v0.9.10
[INFO] [stderr]    Compiling scopeguard v1.2.0
[INFO] [stderr]    Compiling smallvec v1.13.2
[INFO] [stderr]    Compiling thiserror v2.0.7
[INFO] [stderr]    Compiling cfg-if v1.0.0
[INFO] [stderr]    Compiling pin-project-lite v0.2.15
[INFO] [stderr]    Compiling tokio v1.42.0
[INFO] [stderr]    Compiling log v0.4.22
[INFO] [stderr]    Compiling lock_api v0.4.12
[INFO] [stderr]    Compiling quote v1.0.37
[INFO] [stderr]    Compiling syn v2.0.90
[INFO] [stderr]    Compiling parking_lot v0.12.3
[INFO] [stderr]    Compiling thiserror-impl v2.0.7
[INFO] [stderr]    Compiling async-trait v0.1.83
[INFO] [stderr]    Compiling wapc v2.1.0 (/opt/rustwide/workdir)
[INFO] [stderr]     Finished `dev` profile [unoptimized + debuginfo] target(s) in 14.84s
[INFO] running `Command { std: "docker" "inspect" "fd88968c4c35a3b56d04ffe52249faf18e6e8687e2cf8443e5011c1bb0cd7eec", kill_on_drop: false }`
[INFO] running `Command { std: "docker" "rm" "-f" "fd88968c4c35a3b56d04ffe52249faf18e6e8687e2cf8443e5011c1bb0cd7eec", kill_on_drop: false }`
[INFO] [stdout] fd88968c4c35a3b56d04ffe52249faf18e6e8687e2cf8443e5011c1bb0cd7eec
[INFO] running `Command { std: "docker" "create" "-v" "/var/lib/crater-agent-workspace/builds/worker-0-tc1/target:/opt/rustwide/target:rw,Z" "-v" "/var/lib/crater-agent-workspace/builds/worker-0-tc1/source:/opt/rustwide/workdir:ro,Z" "-v" "/var/lib/crater-agent-workspace/cargo-home:/opt/rustwide/cargo-home:ro,Z" "-v" "/var/lib/crater-agent-workspace/rustup-home:/opt/rustwide/rustup-home:ro,Z" "-e" "SOURCE_DIR=/opt/rustwide/workdir" "-e" "CARGO_TARGET_DIR=/opt/rustwide/target" "-e" "CARGO_INCREMENTAL=0" "-e" "RUST_BACKTRACE=full" "-e" "RUSTFLAGS=--cap-lints=warn" "-e" "RUSTDOCFLAGS=--cap-lints=warn" "-e" "CARGO_HOME=/opt/rustwide/cargo-home" "-e" "RUSTUP_HOME=/opt/rustwide/rustup-home" "-w" "/opt/rustwide/workdir" "-m" "1610612736" "--user" "0:0" "--network" "none" "ghcr.io/rust-lang/crates-build-env/linux@sha256:f3a9d4ad9d972b27faf3965f35b62e55ba32bbce8f20bc8fe909558a86702fde" "/opt/rustwide/cargo-home/bin/cargo" "+1.83.0" "test" "--frozen" "--no-run" "--message-format=json", kill_on_drop: false }`
[INFO] [stdout] f5341b4ef0cbac936095fa74bb5793eb74eb6593f995af1ea51f01e1bc6ebfa1
[INFO] running `Command { std: "docker" "start" "-a" "f5341b4ef0cbac936095fa74bb5793eb74eb6593f995af1ea51f01e1bc6ebfa1", kill_on_drop: false }`
[INFO] [stderr]    Compiling wapc v2.1.0 (/opt/rustwide/workdir)
[INFO] [stderr]     Finished `test` profile [unoptimized + debuginfo] target(s) in 0.75s
[INFO] running `Command { std: "docker" "inspect" "f5341b4ef0cbac936095fa74bb5793eb74eb6593f995af1ea51f01e1bc6ebfa1", kill_on_drop: false }`
[INFO] running `Command { std: "docker" "rm" "-f" "f5341b4ef0cbac936095fa74bb5793eb74eb6593f995af1ea51f01e1bc6ebfa1", kill_on_drop: false }`
[INFO] [stdout] f5341b4ef0cbac936095fa74bb5793eb74eb6593f995af1ea51f01e1bc6ebfa1
[INFO] running `Command { std: "docker" "create" "-v" "/var/lib/crater-agent-workspace/builds/worker-0-tc1/target:/opt/rustwide/target:rw,Z" "-v" "/var/lib/crater-agent-workspace/builds/worker-0-tc1/source:/opt/rustwide/workdir:ro,Z" "-v" "/var/lib/crater-agent-workspace/cargo-home:/opt/rustwide/cargo-home:ro,Z" "-v" "/var/lib/crater-agent-workspace/rustup-home:/opt/rustwide/rustup-home:ro,Z" "-e" "SOURCE_DIR=/opt/rustwide/workdir" "-e" "CARGO_TARGET_DIR=/opt/rustwide/target" "-e" "CARGO_INCREMENTAL=0" "-e" "RUST_BACKTRACE=full" "-e" "RUSTFLAGS=--cap-lints=warn" "-e" "RUSTDOCFLAGS=--cap-lints=warn" "-e" "CARGO_HOME=/opt/rustwide/cargo-home" "-e" "RUSTUP_HOME=/opt/rustwide/rustup-home" "-w" "/opt/rustwide/workdir" "-m" "1610612736" "--user" "0:0" "--network" "none" "ghcr.io/rust-lang/crates-build-env/linux@sha256:f3a9d4ad9d972b27faf3965f35b62e55ba32bbce8f20bc8fe909558a86702fde" "/opt/rustwide/cargo-home/bin/cargo" "+1.83.0" "test" "--frozen", kill_on_drop: false }`
[INFO] [stdout] 75f5bbef47196e7d937454822acbb89b15e1240468877d78887a0859a6199208
[INFO] running `Command { std: "docker" "start" "-a" "75f5bbef47196e7d937454822acbb89b15e1240468877d78887a0859a6199208", kill_on_drop: false }`
[INFO] [stderr]     Finished `test` profile [unoptimized + debuginfo] target(s) in 0.06s
[INFO] [stderr]      Running unittests src/lib.rs (/opt/rustwide/target/debug/deps/wapc-31bf6d5ddd5cb21f)
[INFO] [stdout] 
[INFO] [stdout] running 1 test
[INFO] [stdout] test errors::tests::assert_sync_send ... ok
[INFO] [stdout] 
[INFO] [stdout] test result: ok. 1 passed; 0 failed; 0 ignored; 0 measured; 0 filtered out; finished in 0.00s
[INFO] [stdout] 
[INFO] [stderr]    Doc-tests wapc
[INFO] [stdout] 
[INFO] [stdout] running 2 tests
[INFO] [stdout] test src/../README.md - (line 28) ... FAILED
[INFO] [stdout] test src/../README.md - (line 83) ... FAILED
[INFO] [stdout] 
[INFO] [stdout] failures:
[INFO] [stdout] 
[INFO] [stdout] ---- src/../README.md - (line 28) stdout ----
[INFO] [stdout] error[E0432]: unresolved import `wasmtime_provider`
[INFO] [stdout]  --> src/../README.md:33:5
[INFO] [stdout]   |
[INFO] [stdout] 7 | use wasmtime_provider::WasmtimeEngineProviderBuilder; // Or Wasm3EngineProvider
[INFO] [stdout]   |     ^^^^^^^^^^^^^^^^^ use of undeclared crate or module `wasmtime_provider`
[INFO] [stdout] 
[INFO] [stdout] error: aborting due to 1 previous error
[INFO] [stdout] 
[INFO] [stdout] For more information about this error, try `rustc --explain E0432`.
[INFO] [stdout] Couldn't compile the test.
[INFO] [stdout] ---- src/../README.md - (line 83) stdout ----
[INFO] [stdout] error[E0432]: unresolved import `wasmtime_provider`
[INFO] [stdout]  --> src/../README.md:88:5
[INFO] [stdout]   |
[INFO] [stdout] 7 | use wasmtime_provider::WasmtimeEngineProviderBuilder;
[INFO] [stdout]   |     ^^^^^^^^^^^^^^^^^ use of undeclared crate or module `wasmtime_provider`
[INFO] [stdout] 
[INFO] [stdout] error[E0433]: failed to resolve: could not find `main` in `tokio`
[INFO] [stdout]   --> src/../README.md:108:10
[INFO] [stdout]    |
[INFO] [stdout] 27 | #[tokio::main]
[INFO] [stdout]    |          ^^^^ could not find `main` in `tokio`
[INFO] [stdout] 
[INFO] [stdout] error[E0752]: `main` function is not allowed to be `async`
[INFO] [stdout]   --> src/../README.md:109:1
[INFO] [stdout]    |
[INFO] [stdout] 28 | pub async fn main() -> Result<(), Box<dyn Error>> {
[INFO] [stdout]    | ^^^^^^^^^^^^^^^^^^^^^^^^^^^^^^^^^^^^^^^^^^^^^^^^^ `main` function is not allowed to be `async`
[INFO] [stdout] 
[INFO] [stdout] error: aborting due to 3 previous errors
[INFO] [stdout] 
[INFO] [stdout] Some errors have detailed explanations: E0432, E0433, E0752.
[INFO] [stdout] For more information about an error, try `rustc --explain E0432`.
[INFO] [stdout] Couldn't compile the test.
[INFO] [stdout] 
[INFO] [stdout] failures:
[INFO] [stdout]     src/../README.md - (line 28)
[INFO] [stdout]     src/../README.md - (line 83)
[INFO] [stdout] 
[INFO] [stdout] test result: FAILED. 0 passed; 2 failed; 0 ignored; 0 measured; 0 filtered out; finished in 0.18s
[INFO] [stdout] 
[INFO] [stderr] error: doctest failed, to rerun pass `--doc`
[INFO] running `Command { std: "docker" "inspect" "75f5bbef47196e7d937454822acbb89b15e1240468877d78887a0859a6199208", kill_on_drop: false }`
[INFO] running `Command { std: "docker" "rm" "-f" "75f5bbef47196e7d937454822acbb89b15e1240468877d78887a0859a6199208", kill_on_drop: false }`
[INFO] [stdout] 75f5bbef47196e7d937454822acbb89b15e1240468877d78887a0859a6199208
