[INFO] fetching crate wallet_standard_browser 0.4.0...
[INFO] testing wallet_standard_browser-0.4.0 against 1.83.0 for beta-1.84.0-4-retry
[INFO] extracting crate wallet_standard_browser 0.4.0 into /workspace/builds/worker-2-tc1/source
[INFO] validating manifest of crates.io crate wallet_standard_browser 0.4.0 on toolchain 1.83.0
[INFO] running `Command { std: CARGO_HOME="/workspace/cargo-home" RUSTUP_HOME="/workspace/rustup-home" "/workspace/cargo-home/bin/cargo" "+1.83.0" "metadata" "--manifest-path" "Cargo.toml" "--no-deps", kill_on_drop: false }`
[INFO] started tweaking crates.io crate wallet_standard_browser 0.4.0
[INFO] finished tweaking crates.io crate wallet_standard_browser 0.4.0
[INFO] tweaked toml for crates.io crate wallet_standard_browser 0.4.0 written to /workspace/builds/worker-2-tc1/source/Cargo.toml
[INFO] crate crates.io crate wallet_standard_browser 0.4.0 already has a lockfile, it will not be regenerated
[INFO] running `Command { std: CARGO_HOME="/workspace/cargo-home" RUSTUP_HOME="/workspace/rustup-home" "/workspace/cargo-home/bin/cargo" "+1.83.0" "fetch" "--manifest-path" "Cargo.toml", kill_on_drop: false }`
[INFO] [stderr]     Blocking waiting for file lock on package cache
[INFO] [stderr]     Updating crates.io index
[INFO] [stderr]     Blocking waiting for file lock on package cache
[INFO] [stderr]  Downloading crates ...
[INFO] [stderr]   Downloaded wallet_standard v0.4.1
[INFO] running `Command { std: "docker" "create" "-v" "/var/lib/crater-agent-workspace/builds/worker-2-tc1/target:/opt/rustwide/target:rw,Z" "-v" "/var/lib/crater-agent-workspace/builds/worker-2-tc1/source:/opt/rustwide/workdir:ro,Z" "-v" "/var/lib/crater-agent-workspace/cargo-home:/opt/rustwide/cargo-home:ro,Z" "-v" "/var/lib/crater-agent-workspace/rustup-home:/opt/rustwide/rustup-home:ro,Z" "-e" "SOURCE_DIR=/opt/rustwide/workdir" "-e" "CARGO_TARGET_DIR=/opt/rustwide/target" "-e" "CARGO_HOME=/opt/rustwide/cargo-home" "-e" "RUSTUP_HOME=/opt/rustwide/rustup-home" "-w" "/opt/rustwide/workdir" "-m" "1610612736" "--user" "0:0" "--network" "none" "ghcr.io/rust-lang/crates-build-env/linux@sha256:f3a9d4ad9d972b27faf3965f35b62e55ba32bbce8f20bc8fe909558a86702fde" "/opt/rustwide/cargo-home/bin/cargo" "+1.83.0" "metadata" "--no-deps" "--format-version=1", kill_on_drop: false }`
[INFO] [stdout] b4cded7f647cc2836efe1caf25717c01839288eac7ab069f4808ee9042815285
[INFO] running `Command { std: "docker" "start" "-a" "b4cded7f647cc2836efe1caf25717c01839288eac7ab069f4808ee9042815285", kill_on_drop: false }`
[INFO] running `Command { std: "docker" "inspect" "b4cded7f647cc2836efe1caf25717c01839288eac7ab069f4808ee9042815285", kill_on_drop: false }`
[INFO] running `Command { std: "docker" "rm" "-f" "b4cded7f647cc2836efe1caf25717c01839288eac7ab069f4808ee9042815285", kill_on_drop: false }`
[INFO] [stdout] b4cded7f647cc2836efe1caf25717c01839288eac7ab069f4808ee9042815285
[INFO] running `Command { std: "docker" "create" "-v" "/var/lib/crater-agent-workspace/builds/worker-2-tc1/target:/opt/rustwide/target:rw,Z" "-v" "/var/lib/crater-agent-workspace/builds/worker-2-tc1/source:/opt/rustwide/workdir:ro,Z" "-v" "/var/lib/crater-agent-workspace/cargo-home:/opt/rustwide/cargo-home:ro,Z" "-v" "/var/lib/crater-agent-workspace/rustup-home:/opt/rustwide/rustup-home:ro,Z" "-e" "SOURCE_DIR=/opt/rustwide/workdir" "-e" "CARGO_TARGET_DIR=/opt/rustwide/target" "-e" "CARGO_INCREMENTAL=0" "-e" "RUST_BACKTRACE=full" "-e" "RUSTFLAGS=--cap-lints=warn" "-e" "RUSTDOCFLAGS=--cap-lints=warn" "-e" "CARGO_HOME=/opt/rustwide/cargo-home" "-e" "RUSTUP_HOME=/opt/rustwide/rustup-home" "-w" "/opt/rustwide/workdir" "-m" "1610612736" "--user" "0:0" "--network" "none" "ghcr.io/rust-lang/crates-build-env/linux@sha256:f3a9d4ad9d972b27faf3965f35b62e55ba32bbce8f20bc8fe909558a86702fde" "/opt/rustwide/cargo-home/bin/cargo" "+1.83.0" "build" "--frozen" "--message-format=json", kill_on_drop: false }`
[INFO] [stdout] 615f28a959a929a3dd81349c6f0d396cdf90f220149b13ef73553afca4e894e9
[INFO] running `Command { std: "docker" "start" "-a" "615f28a959a929a3dd81349c6f0d396cdf90f220149b13ef73553afca4e894e9", kill_on_drop: false }`
[INFO] [stderr]    Compiling proc-macro2 v1.0.92
[INFO] [stderr]    Compiling unicode-ident v1.0.14
[INFO] [stderr]    Compiling wasm-bindgen-shared v0.2.99
[INFO] [stderr]    Compiling bumpalo v3.16.0
[INFO] [stderr]    Compiling log v0.4.22
[INFO] [stderr]    Compiling wasm-bindgen v0.2.99
[INFO] [stderr]    Compiling autocfg v1.4.0
[INFO] [stderr]    Compiling cfg-if v1.0.0
[INFO] [stderr]    Compiling once_cell v1.20.2
[INFO] [stderr]    Compiling futures-sink v0.3.31
[INFO] [stderr]    Compiling serde v1.0.216
[INFO] [stderr]    Compiling pin-project-lite v0.2.15
[INFO] [stderr]    Compiling futures-core v0.3.31
[INFO] [stderr]    Compiling memchr v2.7.4
[INFO] [stderr]    Compiling futures-task v0.3.31
[INFO] [stderr]    Compiling futures-io v0.3.31
[INFO] [stderr]    Compiling pin-utils v0.1.0
[INFO] [stderr]    Compiling thiserror v2.0.6
[INFO] [stderr]    Compiling tokio v1.42.0
[INFO] [stderr]    Compiling futures-channel v0.3.31
[INFO] [stderr]    Compiling slab v0.4.9
[INFO] [stderr]    Compiling quote v1.0.37
[INFO] [stderr]    Compiling syn v2.0.90
[INFO] [stderr]    Compiling wasm-bindgen-backend v0.2.99
[INFO] [stderr]    Compiling serde_derive v1.0.216
[INFO] [stderr]    Compiling futures-macro v0.3.31
[INFO] [stderr]    Compiling typed-builder-macro v0.20.0
[INFO] [stderr]    Compiling derive_more-impl v1.0.0
[INFO] [stderr]    Compiling thiserror-impl v2.0.6
[INFO] [stderr]    Compiling async-trait v0.1.83
[INFO] [stderr]    Compiling wasm-bindgen-macro-support v0.2.99
[INFO] [stderr]    Compiling futures-util v0.3.31
[INFO] [stderr]    Compiling wasm-bindgen-macro v0.2.99
[INFO] [stderr]    Compiling typed-builder v0.20.0
[INFO] [stderr]    Compiling derive_more v1.0.0
[INFO] [stderr]    Compiling js-sys v0.3.76
[INFO] [stderr]    Compiling futures-executor v0.3.31
[INFO] [stderr]    Compiling futures v0.3.31
[INFO] [stderr]    Compiling serde_bytes v0.11.15
[INFO] [stderr]    Compiling serde-wasm-bindgen v0.6.5
[INFO] [stderr]    Compiling web-sys v0.3.76
[INFO] [stderr]    Compiling wasm-bindgen-futures v0.4.49
[INFO] [stderr]    Compiling wallet_standard v0.4.1
[INFO] [stderr]    Compiling wallet_standard_browser v0.4.0 (/opt/rustwide/workdir)
[INFO] [stderr]     Finished `dev` profile [unoptimized + debuginfo] target(s) in 21.88s
[INFO] running `Command { std: "docker" "inspect" "615f28a959a929a3dd81349c6f0d396cdf90f220149b13ef73553afca4e894e9", kill_on_drop: false }`
[INFO] running `Command { std: "docker" "rm" "-f" "615f28a959a929a3dd81349c6f0d396cdf90f220149b13ef73553afca4e894e9", kill_on_drop: false }`
[INFO] [stdout] 615f28a959a929a3dd81349c6f0d396cdf90f220149b13ef73553afca4e894e9
[INFO] running `Command { std: "docker" "create" "-v" "/var/lib/crater-agent-workspace/builds/worker-2-tc1/target:/opt/rustwide/target:rw,Z" "-v" "/var/lib/crater-agent-workspace/builds/worker-2-tc1/source:/opt/rustwide/workdir:ro,Z" "-v" "/var/lib/crater-agent-workspace/cargo-home:/opt/rustwide/cargo-home:ro,Z" "-v" "/var/lib/crater-agent-workspace/rustup-home:/opt/rustwide/rustup-home:ro,Z" "-e" "SOURCE_DIR=/opt/rustwide/workdir" "-e" "CARGO_TARGET_DIR=/opt/rustwide/target" "-e" "CARGO_INCREMENTAL=0" "-e" "RUST_BACKTRACE=full" "-e" "RUSTFLAGS=--cap-lints=warn" "-e" "RUSTDOCFLAGS=--cap-lints=warn" "-e" "CARGO_HOME=/opt/rustwide/cargo-home" "-e" "RUSTUP_HOME=/opt/rustwide/rustup-home" "-w" "/opt/rustwide/workdir" "-m" "1610612736" "--user" "0:0" "--network" "none" "ghcr.io/rust-lang/crates-build-env/linux@sha256:f3a9d4ad9d972b27faf3965f35b62e55ba32bbce8f20bc8fe909558a86702fde" "/opt/rustwide/cargo-home/bin/cargo" "+1.83.0" "test" "--frozen" "--no-run" "--message-format=json", kill_on_drop: false }`
[INFO] [stdout] d50b5691825ec0b65e233c48f2805041f69e4aa613d859ffa251f116b56b10b6
[INFO] running `Command { std: "docker" "start" "-a" "d50b5691825ec0b65e233c48f2805041f69e4aa613d859ffa251f116b56b10b6", kill_on_drop: false }`
[INFO] [stderr]    Compiling wallet_standard_browser v0.4.0 (/opt/rustwide/workdir)
[INFO] [stderr]     Finished `test` profile [unoptimized + debuginfo] target(s) in 1.04s
[INFO] running `Command { std: "docker" "inspect" "d50b5691825ec0b65e233c48f2805041f69e4aa613d859ffa251f116b56b10b6", kill_on_drop: false }`
[INFO] running `Command { std: "docker" "rm" "-f" "d50b5691825ec0b65e233c48f2805041f69e4aa613d859ffa251f116b56b10b6", kill_on_drop: false }`
[INFO] [stdout] d50b5691825ec0b65e233c48f2805041f69e4aa613d859ffa251f116b56b10b6
[INFO] running `Command { std: "docker" "create" "-v" "/var/lib/crater-agent-workspace/builds/worker-2-tc1/target:/opt/rustwide/target:rw,Z" "-v" "/var/lib/crater-agent-workspace/builds/worker-2-tc1/source:/opt/rustwide/workdir:ro,Z" "-v" "/var/lib/crater-agent-workspace/cargo-home:/opt/rustwide/cargo-home:ro,Z" "-v" "/var/lib/crater-agent-workspace/rustup-home:/opt/rustwide/rustup-home:ro,Z" "-e" "SOURCE_DIR=/opt/rustwide/workdir" "-e" "CARGO_TARGET_DIR=/opt/rustwide/target" "-e" "CARGO_INCREMENTAL=0" "-e" "RUST_BACKTRACE=full" "-e" "RUSTFLAGS=--cap-lints=warn" "-e" "RUSTDOCFLAGS=--cap-lints=warn" "-e" "CARGO_HOME=/opt/rustwide/cargo-home" "-e" "RUSTUP_HOME=/opt/rustwide/rustup-home" "-w" "/opt/rustwide/workdir" "-m" "1610612736" "--user" "0:0" "--network" "none" "ghcr.io/rust-lang/crates-build-env/linux@sha256:f3a9d4ad9d972b27faf3965f35b62e55ba32bbce8f20bc8fe909558a86702fde" "/opt/rustwide/cargo-home/bin/cargo" "+1.83.0" "test" "--frozen", kill_on_drop: false }`
[INFO] [stdout] 4db4b779fa40633e47ee0d2430593e4254dc846864d91dd0087f5409351f874a
[INFO] running `Command { std: "docker" "start" "-a" "4db4b779fa40633e47ee0d2430593e4254dc846864d91dd0087f5409351f874a", kill_on_drop: false }`
[INFO] [stderr]     Finished `test` profile [unoptimized + debuginfo] target(s) in 0.14s
[INFO] [stderr]      Running unittests src/lib.rs (/opt/rustwide/target/debug/deps/wallet_standard_browser-70e421e3f27c66e3)
[INFO] [stdout] 
[INFO] [stdout] running 0 tests
[INFO] [stdout] 
[INFO] [stdout] test result: ok. 0 passed; 0 failed; 0 ignored; 0 measured; 0 filtered out; finished in 0.00s
[INFO] [stdout] 
[INFO] [stderr]    Doc-tests wallet_standard_browser
[INFO] [stdout] 
[INFO] [stdout] running 1 test
[INFO] [stdout] test readme.md - (line 32) ... FAILED
[INFO] [stdout] 
[INFO] [stdout] failures:
[INFO] [stdout] 
[INFO] [stdout] ---- readme.md - (line 32) stdout ----
[INFO] [stdout] error[E0277]: `Wallets` is not a future
[INFO] [stdout]  --> readme.md:38:36
[INFO] [stdout]   |
[INFO] [stdout] 9 |     let wallet_getter = get_wallets().await?;
[INFO] [stdout]   |                         --------------^^^^^
[INFO] [stdout]   |                         |            ||
[INFO] [stdout]   |                         |            |`Wallets` is not a future
[INFO] [stdout]   |                         |            help: remove the `.await`
[INFO] [stdout]   |                         this call returns `Wallets`
[INFO] [stdout]   |
[INFO] [stdout]   = help: the trait `Future` is not implemented for `Wallets`, which is required by `Wallets: IntoFuture`
[INFO] [stdout]   = note: Wallets must be a future or must implement `IntoFuture` to be awaited
[INFO] [stdout]   = note: required for `Wallets` to implement `IntoFuture`
[INFO] [stdout] 
[INFO] [stdout] error[E0433]: failed to resolve: use of undeclared crate or module `anyhow`
[INFO] [stdout]  --> readme.md:37:19
[INFO] [stdout]   |
[INFO] [stdout] 8 | async fn run() -> anyhow::Result<()> {
[INFO] [stdout]   |                   ^^^^^^ use of undeclared crate or module `anyhow`
[INFO] [stdout] 
[INFO] [stdout] error: aborting due to 2 previous errors
[INFO] [stdout] 
[INFO] [stdout] Some errors have detailed explanations: E0277, E0433.
[INFO] [stdout] For more information about an error, try `rustc --explain E0277`.
[INFO] [stdout] Couldn't compile the test.
[INFO] [stdout] 
[INFO] [stdout] failures:
[INFO] [stdout]     readme.md - (line 32)
[INFO] [stdout] 
[INFO] [stdout] test result: FAILED. 0 passed; 1 failed; 0 ignored; 0 measured; 0 filtered out; finished in 0.08s
[INFO] [stdout] 
[INFO] [stderr] error: doctest failed, to rerun pass `--doc`
[INFO] running `Command { std: "docker" "inspect" "4db4b779fa40633e47ee0d2430593e4254dc846864d91dd0087f5409351f874a", kill_on_drop: false }`
[INFO] running `Command { std: "docker" "rm" "-f" "4db4b779fa40633e47ee0d2430593e4254dc846864d91dd0087f5409351f874a", kill_on_drop: false }`
[INFO] [stdout] 4db4b779fa40633e47ee0d2430593e4254dc846864d91dd0087f5409351f874a
