[INFO] fetching crate walle-core 0.8.0-a1...
[INFO] testing walle-core-0.8.0-a1 against 1.83.0 for beta-1.84.0-4-retry
[INFO] extracting crate walle-core 0.8.0-a1 into /workspace/builds/worker-2-tc1/source
[INFO] validating manifest of crates.io crate walle-core 0.8.0-a1 on toolchain 1.83.0
[INFO] running `Command { std: CARGO_HOME="/workspace/cargo-home" RUSTUP_HOME="/workspace/rustup-home" "/workspace/cargo-home/bin/cargo" "+1.83.0" "metadata" "--manifest-path" "Cargo.toml" "--no-deps", kill_on_drop: false }`
[INFO] started tweaking crates.io crate walle-core 0.8.0-a1
[INFO] removed 0 missing examples
[INFO] finished tweaking crates.io crate walle-core 0.8.0-a1
[INFO] tweaked toml for crates.io crate walle-core 0.8.0-a1 written to /workspace/builds/worker-2-tc1/source/Cargo.toml
[INFO] crate crates.io crate walle-core 0.8.0-a1 already has a lockfile, it will not be regenerated
[INFO] running `Command { std: CARGO_HOME="/workspace/cargo-home" RUSTUP_HOME="/workspace/rustup-home" "/workspace/cargo-home/bin/cargo" "+1.83.0" "fetch" "--manifest-path" "Cargo.toml", kill_on_drop: false }`
[INFO] [stderr]     Updating crates.io index
[INFO] [stderr]  Downloading crates ...
[INFO] [stderr]   Downloaded walle-macro v0.7.0-a2
[INFO] running `Command { std: "docker" "create" "-v" "/var/lib/crater-agent-workspace/builds/worker-2-tc1/target:/opt/rustwide/target:rw,Z" "-v" "/var/lib/crater-agent-workspace/builds/worker-2-tc1/source:/opt/rustwide/workdir:ro,Z" "-v" "/var/lib/crater-agent-workspace/cargo-home:/opt/rustwide/cargo-home:ro,Z" "-v" "/var/lib/crater-agent-workspace/rustup-home:/opt/rustwide/rustup-home:ro,Z" "-e" "SOURCE_DIR=/opt/rustwide/workdir" "-e" "CARGO_TARGET_DIR=/opt/rustwide/target" "-e" "CARGO_HOME=/opt/rustwide/cargo-home" "-e" "RUSTUP_HOME=/opt/rustwide/rustup-home" "-w" "/opt/rustwide/workdir" "-m" "1610612736" "--user" "0:0" "--network" "none" "ghcr.io/rust-lang/crates-build-env/linux@sha256:f3a9d4ad9d972b27faf3965f35b62e55ba32bbce8f20bc8fe909558a86702fde" "/opt/rustwide/cargo-home/bin/cargo" "+1.83.0" "metadata" "--no-deps" "--format-version=1", kill_on_drop: false }`
[INFO] [stdout] 3a4cfc0bfcc3aeb7c3c5e80da5c463b1e7a04a6e91209ce09c54734e1a01862b
[INFO] running `Command { std: "docker" "start" "-a" "3a4cfc0bfcc3aeb7c3c5e80da5c463b1e7a04a6e91209ce09c54734e1a01862b", kill_on_drop: false }`
[INFO] running `Command { std: "docker" "inspect" "3a4cfc0bfcc3aeb7c3c5e80da5c463b1e7a04a6e91209ce09c54734e1a01862b", kill_on_drop: false }`
[INFO] running `Command { std: "docker" "rm" "-f" "3a4cfc0bfcc3aeb7c3c5e80da5c463b1e7a04a6e91209ce09c54734e1a01862b", kill_on_drop: false }`
[INFO] [stdout] 3a4cfc0bfcc3aeb7c3c5e80da5c463b1e7a04a6e91209ce09c54734e1a01862b
[INFO] running `Command { std: "docker" "create" "-v" "/var/lib/crater-agent-workspace/builds/worker-2-tc1/target:/opt/rustwide/target:rw,Z" "-v" "/var/lib/crater-agent-workspace/builds/worker-2-tc1/source:/opt/rustwide/workdir:ro,Z" "-v" "/var/lib/crater-agent-workspace/cargo-home:/opt/rustwide/cargo-home:ro,Z" "-v" "/var/lib/crater-agent-workspace/rustup-home:/opt/rustwide/rustup-home:ro,Z" "-e" "SOURCE_DIR=/opt/rustwide/workdir" "-e" "CARGO_TARGET_DIR=/opt/rustwide/target" "-e" "CARGO_INCREMENTAL=0" "-e" "RUST_BACKTRACE=full" "-e" "RUSTFLAGS=--cap-lints=warn" "-e" "RUSTDOCFLAGS=--cap-lints=warn" "-e" "CARGO_HOME=/opt/rustwide/cargo-home" "-e" "RUSTUP_HOME=/opt/rustwide/rustup-home" "-w" "/opt/rustwide/workdir" "-m" "1610612736" "--user" "0:0" "--network" "none" "ghcr.io/rust-lang/crates-build-env/linux@sha256:f3a9d4ad9d972b27faf3965f35b62e55ba32bbce8f20bc8fe909558a86702fde" "/opt/rustwide/cargo-home/bin/cargo" "+1.83.0" "build" "--frozen" "--message-format=json", kill_on_drop: false }`
[INFO] [stdout] 1d9bd54299c15bae76f421e6867fea9638fe2b38f4d505d6fbc9d63706b52404
[INFO] running `Command { std: "docker" "start" "-a" "1d9bd54299c15bae76f421e6867fea9638fe2b38f4d505d6fbc9d63706b52404", kill_on_drop: false }`
[INFO] [stderr]    Compiling proc-macro2 v1.0.92
[INFO] [stderr]    Compiling unicode-ident v1.0.14
[INFO] [stderr]    Compiling autocfg v1.4.0
[INFO] [stderr]    Compiling libc v0.2.167
[INFO] [stderr]    Compiling serde v1.0.215
[INFO] [stderr]    Compiling paste v1.0.15
[INFO] [stderr]    Compiling crossbeam-utils v0.8.20
[INFO] [stderr]    Compiling once_cell v1.20.2
[INFO] [stderr]    Compiling parking_lot_core v0.9.10
[INFO] [stderr]    Compiling syn v1.0.109
[INFO] [stderr]    Compiling pin-project-lite v0.2.15
[INFO] [stderr]    Compiling thiserror v2.0.4
[INFO] [stderr]    Compiling smallvec v1.13.2
[INFO] [stderr]    Compiling byteorder v1.5.0
[INFO] [stderr]    Compiling serde_json v1.0.133
[INFO] [stderr]    Compiling cfg-if v1.0.0
[INFO] [stderr]    Compiling scopeguard v1.2.0
[INFO] [stderr]    Compiling memchr v2.7.4
[INFO] [stderr]    Compiling futures-sink v0.3.31
[INFO] [stderr]    Compiling tracing-core v0.1.33
[INFO] [stderr]    Compiling hashbrown v0.14.5
[INFO] [stderr]    Compiling futures-task v0.3.31
[INFO] [stderr]    Compiling ryu v1.0.18
[INFO] [stderr]    Compiling lazy_static v1.5.0
[INFO] [stderr]    Compiling itoa v1.0.14
[INFO] [stderr]    Compiling pin-utils v0.1.0
[INFO] [stderr]    Compiling futures-core v0.3.31
[INFO] [stderr]    Compiling colored v2.1.0
[INFO] [stderr]    Compiling base64 v0.22.1
[INFO] [stderr]    Compiling hex v0.4.3
[INFO] [stderr]    Compiling num-traits v0.2.19
[INFO] [stderr]    Compiling lock_api v0.4.12
[INFO] [stderr]    Compiling slab v0.4.9
[INFO] [stderr]    Compiling quote v1.0.37
[INFO] [stderr]    Compiling syn v2.0.90
[INFO] [stderr]    Compiling dashmap v6.1.0
[INFO] [stderr]    Compiling rmp v0.8.14
[INFO] [stderr]    Compiling walle-macro v0.7.0-a2
[INFO] [stderr]    Compiling serde_derive v1.0.215
[INFO] [stderr]    Compiling tokio-macros v2.4.0
[INFO] [stderr]    Compiling tracing-attributes v0.1.28
[INFO] [stderr]    Compiling futures-macro v0.3.31
[INFO] [stderr]    Compiling thiserror-impl v2.0.4
[INFO] [stderr]    Compiling tokio v1.42.0
[INFO] [stderr]    Compiling futures-util v0.3.31
[INFO] [stderr]    Compiling tracing v0.1.41
[INFO] [stderr]    Compiling rmp-serde v1.3.0
[INFO] [stderr]    Compiling walle-core v0.8.0-a1 (/opt/rustwide/workdir)
[INFO] [stdout] warning: trait `AuthReqHeaderExt` is never used
[INFO] [stdout]    --> src/util/mod.rs:116:18
[INFO] [stdout]     |
[INFO] [stdout] 116 | pub(crate) trait AuthReqHeaderExt {
[INFO] [stdout]     |                  ^^^^^^^^^^^^^^^^
[INFO] [stdout]     |
[INFO] [stdout]     = note: `#[warn(dead_code)]` on by default
[INFO] [stdout] 
[INFO] [stdout] 
[INFO] [stderr]     Finished `dev` profile [unoptimized + debuginfo] target(s) in 17.72s
[INFO] running `Command { std: "docker" "inspect" "1d9bd54299c15bae76f421e6867fea9638fe2b38f4d505d6fbc9d63706b52404", kill_on_drop: false }`
[INFO] running `Command { std: "docker" "rm" "-f" "1d9bd54299c15bae76f421e6867fea9638fe2b38f4d505d6fbc9d63706b52404", kill_on_drop: false }`
[INFO] [stdout] 1d9bd54299c15bae76f421e6867fea9638fe2b38f4d505d6fbc9d63706b52404
[INFO] running `Command { std: "docker" "create" "-v" "/var/lib/crater-agent-workspace/builds/worker-2-tc1/target:/opt/rustwide/target:rw,Z" "-v" "/var/lib/crater-agent-workspace/builds/worker-2-tc1/source:/opt/rustwide/workdir:ro,Z" "-v" "/var/lib/crater-agent-workspace/cargo-home:/opt/rustwide/cargo-home:ro,Z" "-v" "/var/lib/crater-agent-workspace/rustup-home:/opt/rustwide/rustup-home:ro,Z" "-e" "SOURCE_DIR=/opt/rustwide/workdir" "-e" "CARGO_TARGET_DIR=/opt/rustwide/target" "-e" "CARGO_INCREMENTAL=0" "-e" "RUST_BACKTRACE=full" "-e" "RUSTFLAGS=--cap-lints=warn" "-e" "RUSTDOCFLAGS=--cap-lints=warn" "-e" "CARGO_HOME=/opt/rustwide/cargo-home" "-e" "RUSTUP_HOME=/opt/rustwide/rustup-home" "-w" "/opt/rustwide/workdir" "-m" "1610612736" "--user" "0:0" "--network" "none" "ghcr.io/rust-lang/crates-build-env/linux@sha256:f3a9d4ad9d972b27faf3965f35b62e55ba32bbce8f20bc8fe909558a86702fde" "/opt/rustwide/cargo-home/bin/cargo" "+1.83.0" "test" "--frozen" "--no-run" "--message-format=json", kill_on_drop: false }`
[INFO] [stdout] 3d23f20fb6b8d609a978c64f6fcb05d2f153fb564ad383b1e2e9964b0f14a5f8
[INFO] running `Command { std: "docker" "start" "-a" "3d23f20fb6b8d609a978c64f6fcb05d2f153fb564ad383b1e2e9964b0f14a5f8", kill_on_drop: false }`
[INFO] [stderr]    Compiling tracing-core v0.1.33
[INFO] [stderr]    Compiling hashbrown v0.15.2
[INFO] [stderr]    Compiling equivalent v1.0.1
[INFO] [stderr]    Compiling serde_spanned v0.6.8
[INFO] [stderr]    Compiling toml_datetime v0.6.8
[INFO] [stderr]    Compiling overload v0.1.1
[INFO] [stderr]    Compiling log v0.4.22
[INFO] [stderr]    Compiling winnow v0.6.20
[INFO] [stderr]    Compiling thread_local v1.1.8
[INFO] [stderr]    Compiling sharded-slab v0.1.7
[INFO] [stderr]    Compiling nu-ansi-term v0.46.0
[INFO] [stderr]    Compiling tracing v0.1.41
[INFO] [stderr]    Compiling tracing-log v0.2.0
[INFO] [stderr]    Compiling walle-core v0.8.0-a1 (/opt/rustwide/workdir)
[INFO] [stderr]    Compiling indexmap v2.7.0
[INFO] [stderr]    Compiling tracing-subscriber v0.3.19
[INFO] [stderr]    Compiling toml_edit v0.22.22
[INFO] [stdout] warning: trait `AuthReqHeaderExt` is never used
[INFO] [stdout]    --> src/util/mod.rs:116:18
[INFO] [stdout]     |
[INFO] [stdout] 116 | pub(crate) trait AuthReqHeaderExt {
[INFO] [stdout]     |                  ^^^^^^^^^^^^^^^^
[INFO] [stdout]     |
[INFO] [stdout]     = note: `#[warn(dead_code)]` on by default
[INFO] [stdout] 
[INFO] [stdout] 
[INFO] [stderr]    Compiling toml v0.8.19
[INFO] [stdout] warning: trait `AuthReqHeaderExt` is never used
[INFO] [stdout]    --> src/util/mod.rs:116:18
[INFO] [stdout]     |
[INFO] [stdout] 116 | pub(crate) trait AuthReqHeaderExt {
[INFO] [stdout]     |                  ^^^^^^^^^^^^^^^^
[INFO] [stdout]     |
[INFO] [stdout]     = note: `#[warn(dead_code)]` on by default
[INFO] [stdout] 
[INFO] [stdout] 
[INFO] [stdout] warning: field `f0` is never read
[INFO] [stdout]    --> src/test/value.rs:115:9
[INFO] [stdout]     |
[INFO] [stdout] 114 | pub struct TestStruct2 {
[INFO] [stdout]     |            ----------- field in this struct
[INFO] [stdout] 115 |     pub f0: TestStruct,
[INFO] [stdout]     |         ^^
[INFO] [stdout] 
[INFO] [stdout] 
[INFO] [stderr]     Finished `test` profile [unoptimized + debuginfo] target(s) in 11.46s
[INFO] running `Command { std: "docker" "inspect" "3d23f20fb6b8d609a978c64f6fcb05d2f153fb564ad383b1e2e9964b0f14a5f8", kill_on_drop: false }`
[INFO] running `Command { std: "docker" "rm" "-f" "3d23f20fb6b8d609a978c64f6fcb05d2f153fb564ad383b1e2e9964b0f14a5f8", kill_on_drop: false }`
[INFO] [stdout] 3d23f20fb6b8d609a978c64f6fcb05d2f153fb564ad383b1e2e9964b0f14a5f8
[INFO] running `Command { std: "docker" "create" "-v" "/var/lib/crater-agent-workspace/builds/worker-2-tc1/target:/opt/rustwide/target:rw,Z" "-v" "/var/lib/crater-agent-workspace/builds/worker-2-tc1/source:/opt/rustwide/workdir:ro,Z" "-v" "/var/lib/crater-agent-workspace/cargo-home:/opt/rustwide/cargo-home:ro,Z" "-v" "/var/lib/crater-agent-workspace/rustup-home:/opt/rustwide/rustup-home:ro,Z" "-e" "SOURCE_DIR=/opt/rustwide/workdir" "-e" "CARGO_TARGET_DIR=/opt/rustwide/target" "-e" "CARGO_INCREMENTAL=0" "-e" "RUST_BACKTRACE=full" "-e" "RUSTFLAGS=--cap-lints=warn" "-e" "RUSTDOCFLAGS=--cap-lints=warn" "-e" "CARGO_HOME=/opt/rustwide/cargo-home" "-e" "RUSTUP_HOME=/opt/rustwide/rustup-home" "-w" "/opt/rustwide/workdir" "-m" "1610612736" "--user" "0:0" "--network" "none" "ghcr.io/rust-lang/crates-build-env/linux@sha256:f3a9d4ad9d972b27faf3965f35b62e55ba32bbce8f20bc8fe909558a86702fde" "/opt/rustwide/cargo-home/bin/cargo" "+1.83.0" "test" "--frozen", kill_on_drop: false }`
[INFO] [stdout] 046436d22b96047057ec3979eb20f22346aa3e80dcb9f5c09c82a2eab96d8b67
[INFO] running `Command { std: "docker" "start" "-a" "046436d22b96047057ec3979eb20f22346aa3e80dcb9f5c09c82a2eab96d8b67", kill_on_drop: false }`
[INFO] [stderr] warning: trait `AuthReqHeaderExt` is never used
[INFO] [stderr]    --> src/util/mod.rs:116:18
[INFO] [stderr]     |
[INFO] [stderr] 116 | pub(crate) trait AuthReqHeaderExt {
[INFO] [stderr]     |                  ^^^^^^^^^^^^^^^^
[INFO] [stderr]     |
[INFO] [stderr]     = note: `#[warn(dead_code)]` on by default
[INFO] [stderr] 
[INFO] [stderr] warning: field `f0` is never read
[INFO] [stderr]    --> src/test/value.rs:115:9
[INFO] [stderr]     |
[INFO] [stderr] 114 | pub struct TestStruct2 {
[INFO] [stderr]     |            ----------- field in this struct
[INFO] [stderr] 115 |     pub f0: TestStruct,
[INFO] [stderr]     |         ^^
[INFO] [stderr] 
[INFO] [stderr] warning: `walle-core` (lib) generated 1 warning
[INFO] [stderr] warning: `walle-core` (lib test) generated 2 warnings (1 duplicate)
[INFO] [stderr]     Finished `test` profile [unoptimized + debuginfo] target(s) in 0.09s
[INFO] [stderr]      Running unittests src/lib.rs (/opt/rustwide/target/debug/deps/walle_core-d6e2a24e36aeef24)
[INFO] [stdout] 
[INFO] [stdout] running 12 tests
[INFO] [stdout] test action::action ... ok
[INFO] [stdout] test test::valuemap_test ... ok
[INFO] [stdout] test test::enum_action ... ok
[INFO] [stdout] test test::event ... ok
[INFO] [stdout] test test::option_action ... ok
[INFO] [stdout] test test::segment ... ok
[INFO] [stdout] test util::bytes::sertest ... ok
[INFO] [stdout] test util::value::_macro::macro_test ... ok
[INFO] [stdout] test test::action ... ok
[INFO] [stdout] test util::bytes::detest ... ok
[INFO] [stdout] test config::toml_test ... ok
[INFO] [stdout] test test::action_resp ... ok
[INFO] [stdout] 
[INFO] [stdout] test result: ok. 12 passed; 0 failed; 0 ignored; 0 measured; 0 filtered out; finished in 0.01s
[INFO] [stdout] 
[INFO] [stderr]    Doc-tests walle_core
[INFO] [stdout] 
[INFO] [stdout] running 13 tests
[INFO] [stdout] test src/../README.md - (line 42) ... FAILED
[INFO] [stdout] test src/../README.md - (line 69) ... FAILED
[INFO] [stdout] test src/../README.md - (line 208) ... ok
[INFO] [stdout] test src/../README.md - (line 167) ... ok
[INFO] [stdout] test src/../README.md - (line 155) ... ok
[INFO] [stdout] test src/../README.md - (line 224) ... ok
[INFO] [stdout] test src/resp.rs - resp::resp_error::error_type (line 150) ... ok
[INFO] [stdout] test src/../README.md - (line 126) ... ok
[INFO] [stdout] test src/../README.md - (line 111) ... ok
[INFO] [stdout] test src/util/value/mod.rs - util::value::PushToValueMap (line 31) ... ok
[INFO] [stdout] test src/../README.md - (line 185) ... ok
[INFO] [stdout] test src/event.rs - event::TryFromEvent (line 63) ... ok
[INFO] [stdout] test src/event.rs - event::ToEvent (line 39) ... ok
[INFO] [stdout] 
[INFO] [stdout] failures:
[INFO] [stdout] 
[INFO] [stdout] ---- src/../README.md - (line 42) stdout ----
[INFO] [stdout] error: The default runtime flavor is `multi_thread`, but the `rt-multi-thread` feature is disabled.
[INFO] [stdout]   --> src/../README.md:50:1
[INFO] [stdout]    |
[INFO] [stdout] 10 | #[tokio::main]
[INFO] [stdout]    | ^^^^^^^^^^^^^^
[INFO] [stdout]    |
[INFO] [stdout]    = note: this error originates in the attribute macro `tokio::main` (in Nightly builds, run with -Z macro-backtrace for more info)
[INFO] [stdout] 
[INFO] [stdout] error[E0432]: unresolved import `walle_core::alt`
[INFO] [stdout]   --> src/../README.md:45:17
[INFO] [stdout]    |
[INFO] [stdout] 5  | use walle_core::alt::TracingHandler;
[INFO] [stdout]    |                 ^^^ could not find `alt` in `walle_core`
[INFO] [stdout]    |
[INFO] [stdout] note: found an item that was configured out
[INFO] [stdout]   --> /opt/rustwide/workdir/src/lib.rs:11:9
[INFO] [stdout]    |
[INFO] [stdout] 11 | pub mod alt;
[INFO] [stdout]    |         ^^^
[INFO] [stdout] note: the item is gated behind the `alt` feature
[INFO] [stdout]   --> /opt/rustwide/workdir/src/lib.rs:10:7
[INFO] [stdout]    |
[INFO] [stdout] 10 | #[cfg(feature = "alt")]
[INFO] [stdout]    |       ^^^^^^^^^^^^^^^
[INFO] [stdout] 
[INFO] [stdout] error[E0432]: unresolved import `walle_core::obc`
[INFO] [stdout]   --> src/../README.md:47:17
[INFO] [stdout]    |
[INFO] [stdout] 7  | use walle_core::obc::ImplOBC;
[INFO] [stdout]    |                 ^^^ could not find `obc` in `walle_core`
[INFO] [stdout]    |
[INFO] [stdout] note: found an item that was configured out
[INFO] [stdout]   --> /opt/rustwide/workdir/src/lib.rs:27:9
[INFO] [stdout]    |
[INFO] [stdout] 27 | pub mod obc;
[INFO] [stdout]    |         ^^^
[INFO] [stdout] note: the item is gated here
[INFO] [stdout]   --> /opt/rustwide/workdir/src/lib.rs:26:1
[INFO] [stdout]    |
[INFO] [stdout] 26 | #[cfg(any(feature = "impl-obc", feature = "app-obc"))]
[INFO] [stdout]    | ^^^^^^^^^^^^^^^^^^^^^^^^^^^^^^^^^^^^^^^^^^^^^^^^^^^^^^
[INFO] [stdout] 
[INFO] [stdout] error: aborting due to 3 previous errors
[INFO] [stdout] 
[INFO] [stdout] For more information about this error, try `rustc --explain E0432`.
[INFO] [stdout] Couldn't compile the test.
[INFO] [stdout] ---- src/../README.md - (line 69) stdout ----
[INFO] [stdout] error: The default runtime flavor is `multi_thread`, but the `rt-multi-thread` feature is disabled.
[INFO] [stdout]   --> src/../README.md:77:1
[INFO] [stdout]    |
[INFO] [stdout] 10 | #[tokio::main]
[INFO] [stdout]    | ^^^^^^^^^^^^^^
[INFO] [stdout]    |
[INFO] [stdout]    = note: this error originates in the attribute macro `tokio::main` (in Nightly builds, run with -Z macro-backtrace for more info)
[INFO] [stdout] 
[INFO] [stdout] error[E0432]: unresolved import `walle_core::alt`
[INFO] [stdout]   --> src/../README.md:72:17
[INFO] [stdout]    |
[INFO] [stdout] 5  | use walle_core::alt::TracingHandler;
[INFO] [stdout]    |                 ^^^ could not find `alt` in `walle_core`
[INFO] [stdout]    |
[INFO] [stdout] note: found an item that was configured out
[INFO] [stdout]   --> /opt/rustwide/workdir/src/lib.rs:11:9
[INFO] [stdout]    |
[INFO] [stdout] 11 | pub mod alt;
[INFO] [stdout]    |         ^^^
[INFO] [stdout] note: the item is gated behind the `alt` feature
[INFO] [stdout]   --> /opt/rustwide/workdir/src/lib.rs:10:7
[INFO] [stdout]    |
[INFO] [stdout] 10 | #[cfg(feature = "alt")]
[INFO] [stdout]    |       ^^^^^^^^^^^^^^^
[INFO] [stdout] 
[INFO] [stdout] error[E0432]: unresolved import `walle_core::obc`
[INFO] [stdout]   --> src/../README.md:74:17
[INFO] [stdout]    |
[INFO] [stdout] 7  | use walle_core::obc::AppOBC;
[INFO] [stdout]    |                 ^^^ could not find `obc` in `walle_core`
[INFO] [stdout]    |
[INFO] [stdout] note: found an item that was configured out
[INFO] [stdout]   --> /opt/rustwide/workdir/src/lib.rs:27:9
[INFO] [stdout]    |
[INFO] [stdout] 27 | pub mod obc;
[INFO] [stdout]    |         ^^^
[INFO] [stdout] note: the item is gated here
[INFO] [stdout]   --> /opt/rustwide/workdir/src/lib.rs:26:1
[INFO] [stdout]    |
[INFO] [stdout] 26 | #[cfg(any(feature = "impl-obc", feature = "app-obc"))]
[INFO] [stdout]    | ^^^^^^^^^^^^^^^^^^^^^^^^^^^^^^^^^^^^^^^^^^^^^^^^^^^^^^
[INFO] [stdout] 
[INFO] [stdout] error: aborting due to 3 previous errors
[INFO] [stdout] 
[INFO] [stdout] For more information about this error, try `rustc --explain E0432`.
[INFO] [stdout] Couldn't compile the test.
[INFO] [stdout] 
[INFO] [stdout] failures:
[INFO] [stdout]     src/../README.md - (line 42)
[INFO] [stdout]     src/../README.md - (line 69)
[INFO] [stdout] 
[INFO] [stdout] test result: FAILED. 11 passed; 2 failed; 0 ignored; 0 measured; 0 filtered out; finished in 1.11s
[INFO] [stdout] 
[INFO] [stderr] error: doctest failed, to rerun pass `--doc`
[INFO] running `Command { std: "docker" "inspect" "046436d22b96047057ec3979eb20f22346aa3e80dcb9f5c09c82a2eab96d8b67", kill_on_drop: false }`
[INFO] running `Command { std: "docker" "rm" "-f" "046436d22b96047057ec3979eb20f22346aa3e80dcb9f5c09c82a2eab96d8b67", kill_on_drop: false }`
[INFO] [stdout] 046436d22b96047057ec3979eb20f22346aa3e80dcb9f5c09c82a2eab96d8b67
