[INFO] fetching crate vxwk-rs-sdk 0.1.1...
[INFO] testing vxwk-rs-sdk-0.1.1 against beta-2024-12-08 for beta-1.84.0-4-retry
[INFO] extracting crate vxwk-rs-sdk 0.1.1 into /workspace/builds/worker-7-tc2/source
[INFO] validating manifest of crates.io crate vxwk-rs-sdk 0.1.1 on toolchain beta-2024-12-08
[INFO] running `Command { std: CARGO_HOME="/workspace/cargo-home" RUSTUP_HOME="/workspace/rustup-home" "/workspace/cargo-home/bin/cargo" "+beta-2024-12-08" "metadata" "--manifest-path" "Cargo.toml" "--no-deps", kill_on_drop: false }`
[INFO] started tweaking crates.io crate vxwk-rs-sdk 0.1.1
[INFO] finished tweaking crates.io crate vxwk-rs-sdk 0.1.1
[INFO] tweaked toml for crates.io crate vxwk-rs-sdk 0.1.1 written to /workspace/builds/worker-7-tc2/source/Cargo.toml
[INFO] running `Command { std: CARGO_HOME="/workspace/cargo-home" RUSTUP_HOME="/workspace/rustup-home" "/workspace/cargo-home/bin/cargo" "+beta-2024-12-08" "generate-lockfile" "--manifest-path" "Cargo.toml", kill_on_drop: false }`
[INFO] [stderr]     Updating crates.io index
[INFO] [stderr]     Blocking waiting for file lock on package cache
[INFO] [stderr]      Locking 191 packages to latest compatible versions
[INFO] [stderr]       Adding base64 v0.21.7 (available: v0.22.1)
[INFO] [stderr]       Adding env_logger v0.10.2 (available: v0.11.5)
[INFO] [stderr]       Adding reqwest v0.11.27 (available: v0.12.9)
[INFO] [stderr]       Adding thiserror v1.0.69 (available: v2.0.7)
[INFO] running `Command { std: CARGO_HOME="/workspace/cargo-home" RUSTUP_HOME="/workspace/rustup-home" "/workspace/cargo-home/bin/cargo" "+beta-2024-12-08" "fetch" "--manifest-path" "Cargo.toml", kill_on_drop: false }`
[INFO] [stderr]     Blocking waiting for file lock on package cache
[INFO] [stderr]     Blocking waiting for file lock on package cache
[INFO] running `Command { std: "docker" "create" "-v" "/var/lib/crater-agent-workspace/builds/worker-7-tc2/target:/opt/rustwide/target:rw,Z" "-v" "/var/lib/crater-agent-workspace/builds/worker-7-tc2/source:/opt/rustwide/workdir:ro,Z" "-v" "/var/lib/crater-agent-workspace/cargo-home:/opt/rustwide/cargo-home:ro,Z" "-v" "/var/lib/crater-agent-workspace/rustup-home:/opt/rustwide/rustup-home:ro,Z" "-e" "SOURCE_DIR=/opt/rustwide/workdir" "-e" "CARGO_TARGET_DIR=/opt/rustwide/target" "-e" "CARGO_HOME=/opt/rustwide/cargo-home" "-e" "RUSTUP_HOME=/opt/rustwide/rustup-home" "-w" "/opt/rustwide/workdir" "-m" "1610612736" "--user" "0:0" "--network" "none" "ghcr.io/rust-lang/crates-build-env/linux@sha256:f3a9d4ad9d972b27faf3965f35b62e55ba32bbce8f20bc8fe909558a86702fde" "/opt/rustwide/cargo-home/bin/cargo" "+beta-2024-12-08" "metadata" "--no-deps" "--format-version=1", kill_on_drop: false }`
[INFO] [stdout] e43677ac24c417548a97a5b19ba1ce8f5c5a0f8a2475c73c82b96de19292798e
[INFO] running `Command { std: "docker" "start" "-a" "e43677ac24c417548a97a5b19ba1ce8f5c5a0f8a2475c73c82b96de19292798e", kill_on_drop: false }`
[INFO] running `Command { std: "docker" "inspect" "e43677ac24c417548a97a5b19ba1ce8f5c5a0f8a2475c73c82b96de19292798e", kill_on_drop: false }`
[INFO] running `Command { std: "docker" "rm" "-f" "e43677ac24c417548a97a5b19ba1ce8f5c5a0f8a2475c73c82b96de19292798e", kill_on_drop: false }`
[INFO] [stdout] e43677ac24c417548a97a5b19ba1ce8f5c5a0f8a2475c73c82b96de19292798e
[INFO] running `Command { std: "docker" "create" "-v" "/var/lib/crater-agent-workspace/builds/worker-7-tc2/target:/opt/rustwide/target:rw,Z" "-v" "/var/lib/crater-agent-workspace/builds/worker-7-tc2/source:/opt/rustwide/workdir:ro,Z" "-v" "/var/lib/crater-agent-workspace/cargo-home:/opt/rustwide/cargo-home:ro,Z" "-v" "/var/lib/crater-agent-workspace/rustup-home:/opt/rustwide/rustup-home:ro,Z" "-e" "SOURCE_DIR=/opt/rustwide/workdir" "-e" "CARGO_TARGET_DIR=/opt/rustwide/target" "-e" "CARGO_INCREMENTAL=0" "-e" "RUST_BACKTRACE=full" "-e" "RUSTFLAGS=--cap-lints=warn" "-e" "RUSTDOCFLAGS=--cap-lints=warn" "-e" "CARGO_HOME=/opt/rustwide/cargo-home" "-e" "RUSTUP_HOME=/opt/rustwide/rustup-home" "-w" "/opt/rustwide/workdir" "-m" "1610612736" "--user" "0:0" "--network" "none" "ghcr.io/rust-lang/crates-build-env/linux@sha256:f3a9d4ad9d972b27faf3965f35b62e55ba32bbce8f20bc8fe909558a86702fde" "/opt/rustwide/cargo-home/bin/cargo" "+beta-2024-12-08" "build" "--frozen" "--message-format=json", kill_on_drop: false }`
[INFO] [stdout] fdbdc1b7cd6245a6f03d083c68049196ac040f17a80cea8cb34b47ae6171bea6
[INFO] running `Command { std: "docker" "start" "-a" "fdbdc1b7cd6245a6f03d083c68049196ac040f17a80cea8cb34b47ae6171bea6", kill_on_drop: false }`
[INFO] [stderr]    Compiling autocfg v1.4.0
[INFO] [stderr]    Compiling smallvec v1.13.2
[INFO] [stderr]    Compiling stable_deref_trait v1.2.0
[INFO] [stderr]    Compiling shlex v1.3.0
[INFO] [stderr]    Compiling pkg-config v0.3.31
[INFO] [stderr]    Compiling pin-project-lite v0.2.15
[INFO] [stderr]    Compiling once_cell v1.20.2
[INFO] [stderr]    Compiling bytes v1.9.0
[INFO] [stderr]    Compiling writeable v0.5.5
[INFO] [stderr]    Compiling litemap v0.7.4
[INFO] [stderr]    Compiling typenum v1.17.0
[INFO] [stderr]    Compiling itoa v1.0.14
[INFO] [stderr]    Compiling generic-array v0.14.7
[INFO] [stderr]    Compiling futures-core v0.3.31
[INFO] [stderr]    Compiling syn v2.0.90
[INFO] [stderr]    Compiling socket2 v0.5.8
[INFO] [stderr]    Compiling mio v1.0.3
[INFO] [stderr]    Compiling signal-hook-registry v1.4.2
[INFO] [stderr]    Compiling icu_locid_transform_data v1.5.0
[INFO] [stderr]    Compiling cc v1.2.4
[INFO] [stderr]    Compiling icu_properties_data v1.5.0
[INFO] [stderr]    Compiling openssl v0.10.68
[INFO] [stderr]    Compiling tracing-core v0.1.33
[INFO] [stderr]    Compiling futures-sink v0.3.31
[INFO] [stderr]    Compiling hashbrown v0.15.2
[INFO] [stderr]    Compiling native-tls v0.2.12
[INFO] [stderr]    Compiling parking_lot_core v0.9.10
[INFO] [stderr]    Compiling bitflags v2.6.0
[INFO] [stderr]    Compiling utf8_iter v1.0.4
[INFO] [stderr]    Compiling http v0.2.12
[INFO] [stderr]    Compiling write16 v1.0.0
[INFO] [stderr]    Compiling lock_api v0.4.12
[INFO] [stderr]    Compiling slab v0.4.9
[INFO] [stderr]    Compiling utf16_iter v1.0.5
[INFO] [stderr]    Compiling icu_normalizer_data v1.5.0
[INFO] [stderr]    Compiling httparse v1.9.5
[INFO] [stderr]    Compiling futures-task v0.3.31
[INFO] [stderr]    Compiling byteorder v1.5.0
[INFO] [stderr]    Compiling indexmap v2.7.0
[INFO] [stderr]    Compiling futures-util v0.3.31
[INFO] [stderr]    Compiling log v0.4.22
[INFO] [stderr]    Compiling futures-channel v0.3.31
[INFO] [stderr]    Compiling getrandom v0.2.15
[INFO] [stderr]    Compiling httpdate v1.0.3
[INFO] [stderr]    Compiling tower-service v0.3.3
[INFO] [stderr]    Compiling tracing v0.1.41
[INFO] [stderr]    Compiling subtle v2.6.1
[INFO] [stderr]    Compiling serde_json v1.0.133
[INFO] [stderr]    Compiling rand_core v0.6.4
[INFO] [stderr]    Compiling thiserror v1.0.69
[INFO] [stderr]    Compiling memchr v2.7.4
[INFO] [stderr]    Compiling base64 v0.21.7
[INFO] [stderr]    Compiling encoding_rs v0.8.35
[INFO] [stderr]    Compiling ipnet v2.10.1
[INFO] [stderr]    Compiling cpufeatures v0.2.16
[INFO] [stderr]    Compiling parking_lot v0.12.3
[INFO] [stderr]    Compiling http-body v0.4.6
[INFO] [stderr]    Compiling rustls-pemfile v1.0.4
[INFO] [stderr]    Compiling openssl-sys v0.9.104
[INFO] [stderr]    Compiling block-buffer v0.10.4
[INFO] [stderr]    Compiling crypto-common v0.1.6
[INFO] [stderr]    Compiling digest v0.10.7
[INFO] [stderr]    Compiling hmac v0.12.1
[INFO] [stderr]    Compiling sha1 v0.10.6
[INFO] [stderr]    Compiling synstructure v0.13.1
[INFO] [stderr]    Compiling zerofrom-derive v0.1.5
[INFO] [stderr]    Compiling yoke-derive v0.7.5
[INFO] [stderr]    Compiling zerovec-derive v0.10.3
[INFO] [stderr]    Compiling displaydoc v0.2.5
[INFO] [stderr]    Compiling icu_provider_macros v1.5.0
[INFO] [stderr]    Compiling tokio-macros v2.4.0
[INFO] [stderr]    Compiling openssl-macros v0.1.1
[INFO] [stderr]    Compiling zerocopy-derive v0.7.35
[INFO] [stderr]    Compiling serde_derive v1.0.216
[INFO] [stderr]    Compiling thiserror-impl v1.0.69
[INFO] [stderr]    Compiling tokio v1.42.0
[INFO] [stderr]    Compiling zerofrom v0.1.5
[INFO] [stderr]    Compiling zerocopy v0.7.35
[INFO] [stderr]    Compiling yoke v0.7.5
[INFO] [stderr]    Compiling zerovec v0.10.4
[INFO] [stderr]    Compiling ppv-lite86 v0.2.20
[INFO] [stderr]    Compiling tinystr v0.7.6
[INFO] [stderr]    Compiling icu_collections v1.5.0
[INFO] [stderr]    Compiling icu_locid v1.5.0
[INFO] [stderr]    Compiling rand_chacha v0.3.1
[INFO] [stderr]    Compiling rand v0.8.5
[INFO] [stderr]    Compiling serde v1.0.216
[INFO] [stderr]    Compiling icu_provider v1.5.0
[INFO] [stderr]    Compiling icu_locid_transform v1.5.0
[INFO] [stderr]    Compiling icu_properties v1.5.1
[INFO] [stderr]    Compiling serde_urlencoded v0.7.1
[INFO] [stderr]    Compiling tokio-util v0.7.13
[INFO] [stderr]    Compiling tokio-native-tls v0.3.1
[INFO] [stderr]    Compiling icu_normalizer v1.5.0
[INFO] [stderr]    Compiling idna_adapter v1.2.0
[INFO] [stderr]    Compiling idna v1.0.3
[INFO] [stderr]    Compiling h2 v0.3.26
[INFO] [stderr]    Compiling url v2.5.4
[INFO] [stderr]    Compiling hyper v0.14.31
[INFO] [stderr]    Compiling hyper-tls v0.5.0
[INFO] [stderr]    Compiling reqwest v0.11.27
[INFO] [stderr]    Compiling vxwk-rs-sdk v0.1.1 (/opt/rustwide/workdir)
[INFO] [stdout] warning: unused imports: `read` and `write`
[INFO] [stdout]  --> src/lib.rs:2:32
[INFO] [stdout]   |
[INFO] [stdout] 2 | use base64::{alphabet, engine, read, write};
[INFO] [stdout]   |                                ^^^^  ^^^^^
[INFO] [stdout]   |
[INFO] [stdout]   = note: `#[warn(unused_imports)]` on by default
[INFO] [stdout] 
[INFO] [stdout] 
[INFO] [stdout] warning: unused variable: `opt`
[INFO] [stdout]    --> src/lib.rs:523:9
[INFO] [stdout]     |
[INFO] [stdout] 523 |         opt: HashMap<&str, &str>,
[INFO] [stdout]     |         ^^^ help: if this is intentional, prefix it with an underscore: `_opt`
[INFO] [stdout]     |
[INFO] [stdout]     = note: `#[warn(unused_variables)]` on by default
[INFO] [stdout] 
[INFO] [stdout] 
[INFO] [stdout] warning: field `accept_header` is never read
[INFO] [stdout]   --> src/lib.rs:36:5
[INFO] [stdout]    |
[INFO] [stdout] 33 | pub struct VxwkAPI {
[INFO] [stdout]    |            ------- field in this struct
[INFO] [stdout] ...
[INFO] [stdout] 36 |     accept_header: Option<HashMap<String, String>>,
[INFO] [stdout]    |     ^^^^^^^^^^^^^
[INFO] [stdout]    |
[INFO] [stdout]    = note: `#[warn(dead_code)]` on by default
[INFO] [stdout] 
[INFO] [stdout] 
[INFO] [stderr]     Finished `dev` profile [unoptimized + debuginfo] target(s) in 42.33s
[INFO] running `Command { std: "docker" "inspect" "fdbdc1b7cd6245a6f03d083c68049196ac040f17a80cea8cb34b47ae6171bea6", kill_on_drop: false }`
[INFO] running `Command { std: "docker" "rm" "-f" "fdbdc1b7cd6245a6f03d083c68049196ac040f17a80cea8cb34b47ae6171bea6", kill_on_drop: false }`
[INFO] [stdout] fdbdc1b7cd6245a6f03d083c68049196ac040f17a80cea8cb34b47ae6171bea6
[INFO] running `Command { std: "docker" "create" "-v" "/var/lib/crater-agent-workspace/builds/worker-7-tc2/target:/opt/rustwide/target:rw,Z" "-v" "/var/lib/crater-agent-workspace/builds/worker-7-tc2/source:/opt/rustwide/workdir:ro,Z" "-v" "/var/lib/crater-agent-workspace/cargo-home:/opt/rustwide/cargo-home:ro,Z" "-v" "/var/lib/crater-agent-workspace/rustup-home:/opt/rustwide/rustup-home:ro,Z" "-e" "SOURCE_DIR=/opt/rustwide/workdir" "-e" "CARGO_TARGET_DIR=/opt/rustwide/target" "-e" "CARGO_INCREMENTAL=0" "-e" "RUST_BACKTRACE=full" "-e" "RUSTFLAGS=--cap-lints=warn" "-e" "RUSTDOCFLAGS=--cap-lints=warn" "-e" "CARGO_HOME=/opt/rustwide/cargo-home" "-e" "RUSTUP_HOME=/opt/rustwide/rustup-home" "-w" "/opt/rustwide/workdir" "-m" "1610612736" "--user" "0:0" "--network" "none" "ghcr.io/rust-lang/crates-build-env/linux@sha256:f3a9d4ad9d972b27faf3965f35b62e55ba32bbce8f20bc8fe909558a86702fde" "/opt/rustwide/cargo-home/bin/cargo" "+beta-2024-12-08" "test" "--frozen" "--no-run" "--message-format=json", kill_on_drop: false }`
[INFO] [stdout] 9b5ebb0f30294aaf096808a553a532f2294393ea19d41bdec9e184a57b298964
[INFO] running `Command { std: "docker" "start" "-a" "9b5ebb0f30294aaf096808a553a532f2294393ea19d41bdec9e184a57b298964", kill_on_drop: false }`
[INFO] [stderr]    Compiling native-tls v0.2.12
[INFO] [stderr]    Compiling aho-corasick v1.1.3
[INFO] [stderr]    Compiling num-traits v0.2.19
[INFO] [stderr]    Compiling regex-syntax v0.8.5
[INFO] [stderr]    Compiling is-terminal v0.4.13
[INFO] [stderr]    Compiling humantime v2.1.0
[INFO] [stderr]    Compiling termcolor v1.4.1
[INFO] [stderr]    Compiling iana-time-zone v0.1.61
[INFO] [stderr]    Compiling tokio-native-tls v0.3.1
[INFO] [stderr]    Compiling hyper-tls v0.5.0
[INFO] [stderr]    Compiling reqwest v0.11.27
[INFO] [stderr]    Compiling chrono v0.4.39
[INFO] [stderr]    Compiling regex-automata v0.4.9
[INFO] [stderr]    Compiling vxwk-rs-sdk v0.1.1 (/opt/rustwide/workdir)
[INFO] [stdout] warning: unused imports: `read` and `write`
[INFO] [stdout]  --> src/lib.rs:2:32
[INFO] [stdout]   |
[INFO] [stdout] 2 | use base64::{alphabet, engine, read, write};
[INFO] [stdout]   |                                ^^^^  ^^^^^
[INFO] [stdout]   |
[INFO] [stdout]   = note: `#[warn(unused_imports)]` on by default
[INFO] [stdout] 
[INFO] [stdout] 
[INFO] [stdout] warning: unused variable: `opt`
[INFO] [stdout]    --> src/lib.rs:523:9
[INFO] [stdout]     |
[INFO] [stdout] 523 |         opt: HashMap<&str, &str>,
[INFO] [stdout]     |         ^^^ help: if this is intentional, prefix it with an underscore: `_opt`
[INFO] [stdout]     |
[INFO] [stdout]     = note: `#[warn(unused_variables)]` on by default
[INFO] [stdout] 
[INFO] [stdout] 
[INFO] [stdout] warning: field `accept_header` is never read
[INFO] [stdout]   --> src/lib.rs:36:5
[INFO] [stdout]    |
[INFO] [stdout] 33 | pub struct VxwkAPI {
[INFO] [stdout]    |            ------- field in this struct
[INFO] [stdout] ...
[INFO] [stdout] 36 |     accept_header: Option<HashMap<String, String>>,
[INFO] [stdout]    |     ^^^^^^^^^^^^^
[INFO] [stdout]    |
[INFO] [stdout]    = note: `#[warn(dead_code)]` on by default
[INFO] [stdout] 
[INFO] [stdout] 
[INFO] [stderr]    Compiling regex v1.11.1
[INFO] [stderr]    Compiling env_logger v0.10.2
[INFO] [stdout] warning: unused imports: `read` and `write`
[INFO] [stdout]  --> src/lib.rs:2:32
[INFO] [stdout]   |
[INFO] [stdout] 2 | use base64::{alphabet, engine, read, write};
[INFO] [stdout]   |                                ^^^^  ^^^^^
[INFO] [stdout]   |
[INFO] [stdout]   = note: `#[warn(unused_imports)]` on by default
[INFO] [stdout] 
[INFO] [stdout] 
[INFO] [stdout] warning: unused variable: `opt`
[INFO] [stdout]    --> src/lib.rs:523:9
[INFO] [stdout]     |
[INFO] [stdout] 523 |         opt: HashMap<&str, &str>,
[INFO] [stdout]     |         ^^^ help: if this is intentional, prefix it with an underscore: `_opt`
[INFO] [stdout]     |
[INFO] [stdout]     = note: `#[warn(unused_variables)]` on by default
[INFO] [stdout] 
[INFO] [stdout] 
[INFO] [stdout] warning: field `accept_header` is never read
[INFO] [stdout]   --> src/lib.rs:36:5
[INFO] [stdout]    |
[INFO] [stdout] 33 | pub struct VxwkAPI {
[INFO] [stdout]    |            ------- field in this struct
[INFO] [stdout] ...
[INFO] [stdout] 36 |     accept_header: Option<HashMap<String, String>>,
[INFO] [stdout]    |     ^^^^^^^^^^^^^
[INFO] [stdout]    |
[INFO] [stdout]    = note: `#[warn(dead_code)]` on by default
[INFO] [stdout] 
[INFO] [stdout] 
[INFO] [stderr]     Finished `test` profile [unoptimized + debuginfo] target(s) in 17.21s
[INFO] running `Command { std: "docker" "inspect" "9b5ebb0f30294aaf096808a553a532f2294393ea19d41bdec9e184a57b298964", kill_on_drop: false }`
[INFO] running `Command { std: "docker" "rm" "-f" "9b5ebb0f30294aaf096808a553a532f2294393ea19d41bdec9e184a57b298964", kill_on_drop: false }`
[INFO] [stdout] 9b5ebb0f30294aaf096808a553a532f2294393ea19d41bdec9e184a57b298964
[INFO] running `Command { std: "docker" "create" "-v" "/var/lib/crater-agent-workspace/builds/worker-7-tc2/target:/opt/rustwide/target:rw,Z" "-v" "/var/lib/crater-agent-workspace/builds/worker-7-tc2/source:/opt/rustwide/workdir:ro,Z" "-v" "/var/lib/crater-agent-workspace/cargo-home:/opt/rustwide/cargo-home:ro,Z" "-v" "/var/lib/crater-agent-workspace/rustup-home:/opt/rustwide/rustup-home:ro,Z" "-e" "SOURCE_DIR=/opt/rustwide/workdir" "-e" "CARGO_TARGET_DIR=/opt/rustwide/target" "-e" "CARGO_INCREMENTAL=0" "-e" "RUST_BACKTRACE=full" "-e" "RUSTFLAGS=--cap-lints=warn" "-e" "RUSTDOCFLAGS=--cap-lints=warn" "-e" "CARGO_HOME=/opt/rustwide/cargo-home" "-e" "RUSTUP_HOME=/opt/rustwide/rustup-home" "-w" "/opt/rustwide/workdir" "-m" "1610612736" "--user" "0:0" "--network" "none" "ghcr.io/rust-lang/crates-build-env/linux@sha256:f3a9d4ad9d972b27faf3965f35b62e55ba32bbce8f20bc8fe909558a86702fde" "/opt/rustwide/cargo-home/bin/cargo" "+beta-2024-12-08" "test" "--frozen", kill_on_drop: false }`
[INFO] [stdout] 0e51955266c125a12d4db4cc9317543f141127bc63702089272b196e17f1fab6
[INFO] running `Command { std: "docker" "start" "-a" "0e51955266c125a12d4db4cc9317543f141127bc63702089272b196e17f1fab6", kill_on_drop: false }`
[INFO] [stderr] warning: unused imports: `read` and `write`
[INFO] [stderr]  --> src/lib.rs:2:32
[INFO] [stderr]   |
[INFO] [stderr] 2 | use base64::{alphabet, engine, read, write};
[INFO] [stderr]   |                                ^^^^  ^^^^^
[INFO] [stderr]   |
[INFO] [stderr]   = note: `#[warn(unused_imports)]` on by default
[INFO] [stderr] 
[INFO] [stderr] warning: unused variable: `opt`
[INFO] [stderr]    --> src/lib.rs:523:9
[INFO] [stderr]     |
[INFO] [stderr] 523 |         opt: HashMap<&str, &str>,
[INFO] [stderr]     |         ^^^ help: if this is intentional, prefix it with an underscore: `_opt`
[INFO] [stderr]     |
[INFO] [stderr]     = note: `#[warn(unused_variables)]` on by default
[INFO] [stderr] 
[INFO] [stderr] warning: field `accept_header` is never read
[INFO] [stderr]   --> src/lib.rs:36:5
[INFO] [stderr]    |
[INFO] [stderr] 33 | pub struct VxwkAPI {
[INFO] [stderr]    |            ------- field in this struct
[INFO] [stderr] ...
[INFO] [stderr] 36 |     accept_header: Option<HashMap<String, String>>,
[INFO] [stderr]    |     ^^^^^^^^^^^^^
[INFO] [stderr]    |
[INFO] [stderr]    = note: `#[warn(dead_code)]` on by default
[INFO] [stderr] 
[INFO] [stderr] warning: `vxwk-rs-sdk` (lib) generated 3 warnings (run `cargo fix --lib -p vxwk-rs-sdk` to apply 1 suggestion)
[INFO] [stderr] warning: `vxwk-rs-sdk` (lib test) generated 3 warnings (3 duplicates)
[INFO] [stderr]     Finished `test` profile [unoptimized + debuginfo] target(s) in 0.18s
[INFO] [stderr]      Running unittests src/lib.rs (/opt/rustwide/target/debug/deps/vxwk_rs_sdk-9745533d838b8650)
[INFO] [stdout] 
[INFO] [stdout] running 1 test
[INFO] [stdout] test urand::test::test_generate_unique_number ... ok
[INFO] [stdout] 
[INFO] [stdout] test result: ok. 1 passed; 0 failed; 0 ignored; 0 measured; 0 filtered out; finished in 0.01s
[INFO] [stdout] 
[INFO] [stderr]    Doc-tests vxwk_rs_sdk
[INFO] [stdout] 
[INFO] [stdout] running 2 tests
[INFO] [stdout] test src/lib.rs - VxwkAPI::external_url_create (line 606) ... FAILED
[INFO] [stdout] test src/lib.rs - VxwkAPI (line 15) ... FAILED
[INFO] [stdout] 
[INFO] [stdout] failures:
[INFO] [stdout] 
[INFO] [stdout] ---- src/lib.rs - VxwkAPI::external_url_create (line 606) stdout ----
[INFO] [stdout] error: expected one of `.`, `;`, `?`, `}`, or an operator, found `:`
[INFO] [stdout]  --> src/lib.rs:608:13
[INFO] [stdout]   |
[INFO] [stdout] 4 |   "domainID": "some-uuid-string",
[INFO] [stdout]   |             ^ expected one of `.`, `;`, `?`, `}`, or an operator
[INFO] [stdout] 
[INFO] [stdout] error: aborting due to 1 previous error
[INFO] [stdout] 
[INFO] [stdout] Couldn't compile the test.
[INFO] [stdout] ---- src/lib.rs - VxwkAPI (line 15) stdout ----
[INFO] [stdout] error: unknown start of token: `
[INFO] [stdout]   --> src/lib.rs:31:2
[INFO] [stdout]    |
[INFO] [stdout] 17 | }```
[INFO] [stdout]    |  ^^^
[INFO] [stdout]    |
[INFO] [stdout]    = note: character appears 2 more times
[INFO] [stdout] help: Unicode character '`' (Grave Accent) looks like ''' (Single Quote), but it is not
[INFO] [stdout]    |
[INFO] [stdout] 17 | }'''
[INFO] [stdout]    |  ~~~
[INFO] [stdout] 
[INFO] [stdout] error[E0432]: unresolved import `crate::VxwkConfig`
[INFO] [stdout]  --> src/lib.rs:18:5
[INFO] [stdout]   |
[INFO] [stdout] 4 | use crate::VxwkConfig;
[INFO] [stdout]   |     ^^^^^^^^^^^^^^^^^ no `VxwkConfig` in the root
[INFO] [stdout]   |
[INFO] [stdout] help: consider importing this struct instead
[INFO] [stdout]   |
[INFO] [stdout] 4 | use vxwk_rs_sdk::VxwkConfig;
[INFO] [stdout]   |     ~~~~~~~~~~~~~~~~~~~~~~~
[INFO] [stdout] 
[INFO] [stdout] error[E0433]: failed to resolve: there are too many leading `super` keywords
[INFO] [stdout]   --> src/lib.rs:25:20
[INFO] [stdout]    |
[INFO] [stdout] 11 |     let vxwk_api = super::VxwkAPI::new(confg);
[INFO] [stdout]    |                    ^^^^^ there are too many leading `super` keywords
[INFO] [stdout]    |
[INFO] [stdout] help: consider importing this struct
[INFO] [stdout]    |
[INFO] [stdout] 2  + use vxwk_rs_sdk::VxwkAPI;
[INFO] [stdout]    |
[INFO] [stdout] help: if you import `VxwkAPI`, refer to it directly
[INFO] [stdout]    |
[INFO] [stdout] 11 -     let vxwk_api = super::VxwkAPI::new(confg);
[INFO] [stdout] 11 +     let vxwk_api = VxwkAPI::new(confg);
[INFO] [stdout]    |
[INFO] [stdout] 
[INFO] [stdout] error: aborting due to 3 previous errors
[INFO] [stdout] 
[INFO] [stdout] Some errors have detailed explanations: E0432, E0433.
[INFO] [stdout] For more information about an error, try `rustc --explain E0432`.
[INFO] [stdout] Couldn't compile the test.
[INFO] [stdout] 
[INFO] [stdout] failures:
[INFO] [stdout]     src/lib.rs - VxwkAPI (line 15)
[INFO] [stdout]     src/lib.rs - VxwkAPI::external_url_create (line 606)
[INFO] [stdout] 
[INFO] [stdout] test result: FAILED. 0 passed; 2 failed; 0 ignored; 0 measured; 0 filtered out; finished in 0.20s
[INFO] [stdout] 
[INFO] [stderr] error: doctest failed, to rerun pass `--doc`
[INFO] running `Command { std: "docker" "inspect" "0e51955266c125a12d4db4cc9317543f141127bc63702089272b196e17f1fab6", kill_on_drop: false }`
[INFO] running `Command { std: "docker" "rm" "-f" "0e51955266c125a12d4db4cc9317543f141127bc63702089272b196e17f1fab6", kill_on_drop: false }`
[INFO] [stdout] 0e51955266c125a12d4db4cc9317543f141127bc63702089272b196e17f1fab6
