[INFO] fetching crate vulkanite 0.0.7...
[INFO] testing vulkanite-0.0.7 against 1.83.0 for beta-1.84.0-4-retry
[INFO] extracting crate vulkanite 0.0.7 into /workspace/builds/worker-4-tc1/source
[INFO] validating manifest of crates.io crate vulkanite 0.0.7 on toolchain 1.83.0
[INFO] running `Command { std: CARGO_HOME="/workspace/cargo-home" RUSTUP_HOME="/workspace/rustup-home" "/workspace/cargo-home/bin/cargo" "+1.83.0" "metadata" "--manifest-path" "Cargo.toml" "--no-deps", kill_on_drop: false }`
[INFO] started tweaking crates.io crate vulkanite 0.0.7
[INFO] finished tweaking crates.io crate vulkanite 0.0.7
[INFO] tweaked toml for crates.io crate vulkanite 0.0.7 written to /workspace/builds/worker-4-tc1/source/Cargo.toml
[INFO] running `Command { std: CARGO_HOME="/workspace/cargo-home" RUSTUP_HOME="/workspace/rustup-home" "/workspace/cargo-home/bin/cargo" "+1.83.0" "generate-lockfile" "--manifest-path" "Cargo.toml", kill_on_drop: false }`
[INFO] [stderr]     Updating crates.io index
[INFO] [stderr]      Locking 34 packages to latest compatible versions
[INFO] [stderr]       Adding raw-window-metal v0.4.0 (available: v1.0.0)
[INFO] running `Command { std: CARGO_HOME="/workspace/cargo-home" RUSTUP_HOME="/workspace/rustup-home" "/workspace/cargo-home/bin/cargo" "+1.83.0" "fetch" "--manifest-path" "Cargo.toml", kill_on_drop: false }`
[INFO] running `Command { std: "docker" "create" "-v" "/var/lib/crater-agent-workspace/builds/worker-4-tc1/target:/opt/rustwide/target:rw,Z" "-v" "/var/lib/crater-agent-workspace/builds/worker-4-tc1/source:/opt/rustwide/workdir:ro,Z" "-v" "/var/lib/crater-agent-workspace/cargo-home:/opt/rustwide/cargo-home:ro,Z" "-v" "/var/lib/crater-agent-workspace/rustup-home:/opt/rustwide/rustup-home:ro,Z" "-e" "SOURCE_DIR=/opt/rustwide/workdir" "-e" "CARGO_TARGET_DIR=/opt/rustwide/target" "-e" "CARGO_HOME=/opt/rustwide/cargo-home" "-e" "RUSTUP_HOME=/opt/rustwide/rustup-home" "-w" "/opt/rustwide/workdir" "-m" "1610612736" "--user" "0:0" "--network" "none" "ghcr.io/rust-lang/crates-build-env/linux@sha256:f3a9d4ad9d972b27faf3965f35b62e55ba32bbce8f20bc8fe909558a86702fde" "/opt/rustwide/cargo-home/bin/cargo" "+1.83.0" "metadata" "--no-deps" "--format-version=1", kill_on_drop: false }`
[INFO] [stdout] 6af112301c39e835e0b62a330f51148ec217bbd2d2de1015d09dc42b1961f2e5
[INFO] running `Command { std: "docker" "start" "-a" "6af112301c39e835e0b62a330f51148ec217bbd2d2de1015d09dc42b1961f2e5", kill_on_drop: false }`
[INFO] running `Command { std: "docker" "inspect" "6af112301c39e835e0b62a330f51148ec217bbd2d2de1015d09dc42b1961f2e5", kill_on_drop: false }`
[INFO] running `Command { std: "docker" "rm" "-f" "6af112301c39e835e0b62a330f51148ec217bbd2d2de1015d09dc42b1961f2e5", kill_on_drop: false }`
[INFO] [stdout] 6af112301c39e835e0b62a330f51148ec217bbd2d2de1015d09dc42b1961f2e5
[INFO] running `Command { std: "docker" "create" "-v" "/var/lib/crater-agent-workspace/builds/worker-4-tc1/target:/opt/rustwide/target:rw,Z" "-v" "/var/lib/crater-agent-workspace/builds/worker-4-tc1/source:/opt/rustwide/workdir:ro,Z" "-v" "/var/lib/crater-agent-workspace/cargo-home:/opt/rustwide/cargo-home:ro,Z" "-v" "/var/lib/crater-agent-workspace/rustup-home:/opt/rustwide/rustup-home:ro,Z" "-e" "SOURCE_DIR=/opt/rustwide/workdir" "-e" "CARGO_TARGET_DIR=/opt/rustwide/target" "-e" "CARGO_INCREMENTAL=0" "-e" "RUST_BACKTRACE=full" "-e" "RUSTFLAGS=--cap-lints=warn" "-e" "RUSTDOCFLAGS=--cap-lints=warn" "-e" "CARGO_HOME=/opt/rustwide/cargo-home" "-e" "RUSTUP_HOME=/opt/rustwide/rustup-home" "-w" "/opt/rustwide/workdir" "-m" "1610612736" "--user" "0:0" "--network" "none" "ghcr.io/rust-lang/crates-build-env/linux@sha256:f3a9d4ad9d972b27faf3965f35b62e55ba32bbce8f20bc8fe909558a86702fde" "/opt/rustwide/cargo-home/bin/cargo" "+1.83.0" "build" "--frozen" "--message-format=json", kill_on_drop: false }`
[INFO] [stdout] 703ade6d51c0747af489ff50555091a1ee4f61de18d4af6387503d0d831564e5
[INFO] running `Command { std: "docker" "start" "-a" "703ade6d51c0747af489ff50555091a1ee4f61de18d4af6387503d0d831564e5", kill_on_drop: false }`
[INFO] [stderr]    Compiling bitflags v2.6.0
[INFO] [stderr]    Compiling vulkanite v0.0.7 (/opt/rustwide/workdir)
[INFO] [stderr]     Finished `dev` profile [unoptimized + debuginfo] target(s) in 17.74s
[INFO] running `Command { std: "docker" "inspect" "703ade6d51c0747af489ff50555091a1ee4f61de18d4af6387503d0d831564e5", kill_on_drop: false }`
[INFO] running `Command { std: "docker" "rm" "-f" "703ade6d51c0747af489ff50555091a1ee4f61de18d4af6387503d0d831564e5", kill_on_drop: false }`
[INFO] [stdout] 703ade6d51c0747af489ff50555091a1ee4f61de18d4af6387503d0d831564e5
[INFO] running `Command { std: "docker" "create" "-v" "/var/lib/crater-agent-workspace/builds/worker-4-tc1/target:/opt/rustwide/target:rw,Z" "-v" "/var/lib/crater-agent-workspace/builds/worker-4-tc1/source:/opt/rustwide/workdir:ro,Z" "-v" "/var/lib/crater-agent-workspace/cargo-home:/opt/rustwide/cargo-home:ro,Z" "-v" "/var/lib/crater-agent-workspace/rustup-home:/opt/rustwide/rustup-home:ro,Z" "-e" "SOURCE_DIR=/opt/rustwide/workdir" "-e" "CARGO_TARGET_DIR=/opt/rustwide/target" "-e" "CARGO_INCREMENTAL=0" "-e" "RUST_BACKTRACE=full" "-e" "RUSTFLAGS=--cap-lints=warn" "-e" "RUSTDOCFLAGS=--cap-lints=warn" "-e" "CARGO_HOME=/opt/rustwide/cargo-home" "-e" "RUSTUP_HOME=/opt/rustwide/rustup-home" "-w" "/opt/rustwide/workdir" "-m" "1610612736" "--user" "0:0" "--network" "none" "ghcr.io/rust-lang/crates-build-env/linux@sha256:f3a9d4ad9d972b27faf3965f35b62e55ba32bbce8f20bc8fe909558a86702fde" "/opt/rustwide/cargo-home/bin/cargo" "+1.83.0" "test" "--frozen" "--no-run" "--message-format=json", kill_on_drop: false }`
[INFO] [stdout] 4bed345f900117ddd0bf39f14576e285adb67e764a1e501eaac0e428087592df
[INFO] running `Command { std: "docker" "start" "-a" "4bed345f900117ddd0bf39f14576e285adb67e764a1e501eaac0e428087592df", kill_on_drop: false }`
[INFO] [stderr]    Compiling vulkanite v0.0.7 (/opt/rustwide/workdir)
[INFO] [stderr]     Finished `test` profile [unoptimized + debuginfo] target(s) in 13.30s
[INFO] running `Command { std: "docker" "inspect" "4bed345f900117ddd0bf39f14576e285adb67e764a1e501eaac0e428087592df", kill_on_drop: false }`
[INFO] running `Command { std: "docker" "rm" "-f" "4bed345f900117ddd0bf39f14576e285adb67e764a1e501eaac0e428087592df", kill_on_drop: false }`
[INFO] [stdout] 4bed345f900117ddd0bf39f14576e285adb67e764a1e501eaac0e428087592df
[INFO] running `Command { std: "docker" "create" "-v" "/var/lib/crater-agent-workspace/builds/worker-4-tc1/target:/opt/rustwide/target:rw,Z" "-v" "/var/lib/crater-agent-workspace/builds/worker-4-tc1/source:/opt/rustwide/workdir:ro,Z" "-v" "/var/lib/crater-agent-workspace/cargo-home:/opt/rustwide/cargo-home:ro,Z" "-v" "/var/lib/crater-agent-workspace/rustup-home:/opt/rustwide/rustup-home:ro,Z" "-e" "SOURCE_DIR=/opt/rustwide/workdir" "-e" "CARGO_TARGET_DIR=/opt/rustwide/target" "-e" "CARGO_INCREMENTAL=0" "-e" "RUST_BACKTRACE=full" "-e" "RUSTFLAGS=--cap-lints=warn" "-e" "RUSTDOCFLAGS=--cap-lints=warn" "-e" "CARGO_HOME=/opt/rustwide/cargo-home" "-e" "RUSTUP_HOME=/opt/rustwide/rustup-home" "-w" "/opt/rustwide/workdir" "-m" "1610612736" "--user" "0:0" "--network" "none" "ghcr.io/rust-lang/crates-build-env/linux@sha256:f3a9d4ad9d972b27faf3965f35b62e55ba32bbce8f20bc8fe909558a86702fde" "/opt/rustwide/cargo-home/bin/cargo" "+1.83.0" "test" "--frozen", kill_on_drop: false }`
[INFO] [stdout] a909906a9ae37562065e81f9d267d54a1a175def3b8adefe5c8a0422b167b4a6
[INFO] running `Command { std: "docker" "start" "-a" "a909906a9ae37562065e81f9d267d54a1a175def3b8adefe5c8a0422b167b4a6", kill_on_drop: false }`
[INFO] [stderr]     Finished `test` profile [unoptimized + debuginfo] target(s) in 0.03s
[INFO] [stderr]      Running unittests src/lib.rs (/opt/rustwide/target/debug/deps/vulkanite-ee2e3591cea08ec2)
[INFO] [stdout] 
[INFO] [stderr]    Doc-tests vulkanite
[INFO] [stdout] running 0 tests
[INFO] [stdout] 
[INFO] [stdout] test result: ok. 0 passed; 0 failed; 0 ignored; 0 measured; 0 filtered out; finished in 0.00s
[INFO] [stdout] 
[INFO] [stdout] 
[INFO] [stdout] running 14 tests
[INFO] [stdout] test src/lib.rs - (line 88) ... FAILED
[INFO] [stdout] test src/lib.rs - (line 48) ... FAILED
[INFO] [stdout] test src/lib.rs - () (line 1429) ... FAILED
[INFO] [stdout] test src/lib.rs - (line 101) ... FAILED
[INFO] [stdout] test src/lib.rs - (line 113) ... FAILED
[INFO] [stdout] test src/lib.rs - flagbits (line 500) ... FAILED
[INFO] [stdout] test src/lib.rs - include_spirv (line 1221) ... FAILED
[INFO] [stdout] test src/lib.rs - (line 122) ... FAILED
[INFO] [stdout] test src/lib.rs - (line 24) ... FAILED
[INFO] [stdout] test src/lib.rs - (line 92) ... FAILED
[INFO] [stdout] test src/lib.rs - (line 106) ... FAILED
[INFO] [stdout] test src/lib.rs - (line 68) ... FAILED
[INFO] [stdout] test src/lib.rs - (line 35) ... FAILED
[INFO] [stdout] test src/lib.rs - (line 52) ... FAILED
[INFO] [stdout] 
[INFO] [stdout] failures:
[INFO] [stdout] 
[INFO] [stdout] ---- src/lib.rs - (line 88) stdout ----
[INFO] [stdout] error[E0425]: cannot find value `physical_device` in this scope
[INFO] [stdout]  --> src/lib.rs:89:32
[INFO] [stdout]   |
[INFO] [stdout] 3 | let surface_formats : Vec<_> = physical_device.get_surface_formats_khr(Some(surface))?;
[INFO] [stdout]   |                                ^^^^^^^^^^^^^^^ not found in this scope
[INFO] [stdout] 
[INFO] [stdout] error[E0425]: cannot find value `surface` in this scope
[INFO] [stdout]  --> src/lib.rs:89:77
[INFO] [stdout]   |
[INFO] [stdout] 3 | let surface_formats : Vec<_> = physical_device.get_surface_formats_khr(Some(surface))?;
[INFO] [stdout]   |                                                                             ^^^^^^^ not found in this scope
[INFO] [stdout] 
[INFO] [stdout] error: aborting due to 2 previous errors
[INFO] [stdout] 
[INFO] [stdout] For more information about this error, try `rustc --explain E0425`.
[INFO] [stdout] Couldn't compile the test.
[INFO] [stdout] ---- src/lib.rs - (line 48) stdout ----
[INFO] [stdout] error[E0425]: cannot find value `instance` in this scope
[INFO] [stdout]  --> src/lib.rs:49:14
[INFO] [stdout]   |
[INFO] [stdout] 3 | let device = instance.create_device(&device_info)?;
[INFO] [stdout]   |              ^^^^^^^^ not found in this scope
[INFO] [stdout] 
[INFO] [stdout] error[E0425]: cannot find value `device_info` in this scope
[INFO] [stdout]  --> src/lib.rs:49:38
[INFO] [stdout]   |
[INFO] [stdout] 3 | let device = instance.create_device(&device_info)?;
[INFO] [stdout]   |                                      ^^^^^^^^^^^ not found in this scope
[INFO] [stdout] 
[INFO] [stdout] error: aborting due to 2 previous errors
[INFO] [stdout] 
[INFO] [stdout] For more information about this error, try `rustc --explain E0425`.
[INFO] [stdout] Couldn't compile the test.
[INFO] [stdout] ---- src/lib.rs - () (line 1429) stdout ----
[INFO] [stdout] error[E0433]: failed to resolve: use of undeclared crate or module `vk`
[INFO] [stdout]  --> src/lib.rs:1430:15
[INFO] [stdout]   |
[INFO] [stdout] 3 | let subpass = vk::SubpassDescription::default()
[INFO] [stdout]   |               ^^ use of undeclared crate or module `vk`
[INFO] [stdout]   |
[INFO] [stdout] help: consider importing this struct
[INFO] [stdout]   |
[INFO] [stdout] 2 + use vulkanite::vk::SubpassDescription;
[INFO] [stdout]   |
[INFO] [stdout] help: if you import `SubpassDescription`, refer to it directly
[INFO] [stdout]   |
[INFO] [stdout] 3 - let subpass = vk::SubpassDescription::default()
[INFO] [stdout] 3 + let subpass = SubpassDescription::default()
[INFO] [stdout]   |
[INFO] [stdout] 
[INFO] [stdout] error[E0433]: failed to resolve: use of undeclared crate or module `vk`
[INFO] [stdout]  --> src/lib.rs:1431:26
[INFO] [stdout]   |
[INFO] [stdout] 4 |     .pipeline_bind_point(vk::PipelineBindPoint::Graphics)
[INFO] [stdout]   |                          ^^ use of undeclared crate or module `vk`
[INFO] [stdout]   |
[INFO] [stdout] help: consider importing this enum
[INFO] [stdout]   |
[INFO] [stdout] 2 + use vulkanite::vk::PipelineBindPoint;
[INFO] [stdout]   |
[INFO] [stdout] help: if you import `PipelineBindPoint`, refer to it directly
[INFO] [stdout]   |
[INFO] [stdout] 4 -     .pipeline_bind_point(vk::PipelineBindPoint::Graphics)
[INFO] [stdout] 4 +     .pipeline_bind_point(PipelineBindPoint::Graphics)
[INFO] [stdout]   |
[INFO] [stdout] 
[INFO] [stdout] error[E0425]: cannot find value `color_ref` in this scope
[INFO] [stdout]  --> src/lib.rs:1432:24
[INFO] [stdout]   |
[INFO] [stdout] 5 |     .color_attachment(&color_ref, None::<()>);
[INFO] [stdout]   |                        ^^^^^^^^^ not found in this scope
[INFO] [stdout] 
[INFO] [stdout] error: aborting due to 3 previous errors
[INFO] [stdout] 
[INFO] [stdout] Some errors have detailed explanations: E0425, E0433.
[INFO] [stdout] For more information about an error, try `rustc --explain E0425`.
[INFO] [stdout] Couldn't compile the test.
[INFO] [stdout] ---- src/lib.rs - (line 101) stdout ----
[INFO] [stdout] error[E0433]: failed to resolve: use of undeclared crate or module `vk`
[INFO] [stdout]  --> src/lib.rs:102:34
[INFO] [stdout]   |
[INFO] [stdout] 3 | let (vk_props, vk11_props) : (_, vk::PhysicalDeviceVulkan11Properties) = physical_device.get_properties2();
[INFO] [stdout]   |                                  ^^ use of undeclared crate or module `vk`
[INFO] [stdout]   |
[INFO] [stdout] help: consider importing this module
[INFO] [stdout]   |
[INFO] [stdout] 2 + use vulkanite::vk;
[INFO] [stdout]   |
[INFO] [stdout] 
[INFO] [stdout] error[E0425]: cannot find value `physical_device` in this scope
[INFO] [stdout]  --> src/lib.rs:102:74
[INFO] [stdout]   |
[INFO] [stdout] 3 | let (vk_props, vk11_props) : (_, vk::PhysicalDeviceVulkan11Properties) = physical_device.get_properties2();
[INFO] [stdout]   |                                                                          ^^^^^^^^^^^^^^^ not found in this scope
[INFO] [stdout] 
[INFO] [stdout] error: aborting due to 2 previous errors
[INFO] [stdout] 
[INFO] [stdout] Some errors have detailed explanations: E0425, E0433.
[INFO] [stdout] For more information about an error, try `rustc --explain E0425`.
[INFO] [stdout] Couldn't compile the test.
[INFO] [stdout] ---- src/lib.rs - (line 113) stdout ----
[INFO] [stdout] error[E0433]: failed to resolve: use of undeclared crate or module `vk`
[INFO] [stdout]  --> src/lib.rs:114:18
[INFO] [stdout]   |
[INFO] [stdout] 3 | let (_, _) : (_, vk::PhysicalDeviceVulkan11Features) = physical_device.get_properties2();
[INFO] [stdout]   |                  ^^ use of undeclared crate or module `vk`
[INFO] [stdout]   |
[INFO] [stdout] help: consider importing this module
[INFO] [stdout]   |
[INFO] [stdout] 2 + use vulkanite::vk;
[INFO] [stdout]   |
[INFO] [stdout] 
[INFO] [stdout] error[E0425]: cannot find value `physical_device` in this scope
[INFO] [stdout]  --> src/lib.rs:114:56
[INFO] [stdout]   |
[INFO] [stdout] 3 | let (_, _) : (_, vk::PhysicalDeviceVulkan11Features) = physical_device.get_properties2();
[INFO] [stdout]   |                                                        ^^^^^^^^^^^^^^^ not found in this scope
[INFO] [stdout] 
[INFO] [stdout] error: aborting due to 2 previous errors
[INFO] [stdout] 
[INFO] [stdout] Some errors have detailed explanations: E0425, E0433.
[INFO] [stdout] For more information about an error, try `rustc --explain E0425`.
[INFO] [stdout] Couldn't compile the test.
[INFO] [stdout] ---- src/lib.rs - flagbits (line 500) stdout ----
[INFO] [stdout] error: cannot find macro `flagbits` in this scope
[INFO] [stdout]  --> src/lib.rs:503:9
[INFO] [stdout]   |
[INFO] [stdout] 5 |         flagbits!(vk::DebugUtilsMessageSeverityFlagsEXT::{Info | Warning | Error}),
[INFO] [stdout]   |         ^^^^^^^^
[INFO] [stdout]   |
[INFO] [stdout] help: consider importing this macro
[INFO] [stdout]   |
[INFO] [stdout] 2 + use vulkanite::flagbits;
[INFO] [stdout]   |
[INFO] [stdout] 
[INFO] [stdout] error[E0433]: failed to resolve: use of undeclared crate or module `vk`
[INFO] [stdout]  --> src/lib.rs:501:18
[INFO] [stdout]   |
[INFO] [stdout] 3 | let debug_info = vk::DebugUtilsMessengerCreateInfoEXT::default()
[INFO] [stdout]   |                  ^^ use of undeclared crate or module `vk`
[INFO] [stdout]   |
[INFO] [stdout] help: consider importing this struct
[INFO] [stdout]   |
[INFO] [stdout] 2 + use vulkanite::vk::DebugUtilsMessengerCreateInfoEXT;
[INFO] [stdout]   |
[INFO] [stdout] help: if you import `DebugUtilsMessengerCreateInfoEXT`, refer to it directly
[INFO] [stdout]   |
[INFO] [stdout] 3 - let debug_info = vk::DebugUtilsMessengerCreateInfoEXT::default()
[INFO] [stdout] 3 + let debug_info = DebugUtilsMessengerCreateInfoEXT::default()
[INFO] [stdout]   |
[INFO] [stdout] 
[INFO] [stdout] error: aborting due to 2 previous errors
[INFO] [stdout] 
[INFO] [stdout] For more information about this error, try `rustc --explain E0433`.
[INFO] [stdout] Couldn't compile the test.
[INFO] [stdout] ---- src/lib.rs - include_spirv (line 1221) stdout ----
[INFO] [stdout] error: cannot find macro `include_spirv` in this scope
[INFO] [stdout]  --> src/lib.rs:1222:21
[INFO] [stdout]   |
[INFO] [stdout] 3 | let vertex_shader = include_spirv!("vert.spirv");
[INFO] [stdout]   |                     ^^^^^^^^^^^^^
[INFO] [stdout]  --> /rustc/90b35a6239c3d8bdabc530a6a0816f7ff89a0aaf/library/core/src/macros/mod.rs:1371:5
[INFO] [stdout]   |
[INFO] [stdout]   = note: similarly named macro `include_str` defined here
[INFO] [stdout]   |
[INFO] [stdout] help: a macro with a similar name exists
[INFO] [stdout]   |
[INFO] [stdout] 3 | let vertex_shader = include_str!("vert.spirv");
[INFO] [stdout]   |                     ~~~~~~~~~~~
[INFO] [stdout] help: consider importing this macro
[INFO] [stdout]   |
[INFO] [stdout] 2 + use vulkanite::include_spirv;
[INFO] [stdout]   |
[INFO] [stdout] 
[INFO] [stdout] error[E0425]: cannot find value `device` in this scope
[INFO] [stdout]  --> src/lib.rs:1223:21
[INFO] [stdout]   |
[INFO] [stdout] 4 | let vertex_module = device.create_shader_module(
[INFO] [stdout]   |                     ^^^^^^ not found in this scope
[INFO] [stdout] 
[INFO] [stdout] error[E0433]: failed to resolve: use of undeclared crate or module `vk`
[INFO] [stdout]  --> src/lib.rs:1224:6
[INFO] [stdout]   |
[INFO] [stdout] 5 |     &vk::ShaderModuleCreateInfo::default().code(vertex_shader),
[INFO] [stdout]   |      ^^ use of undeclared crate or module `vk`
[INFO] [stdout]   |
[INFO] [stdout] help: consider importing this struct
[INFO] [stdout]   |
[INFO] [stdout] 2 + use vulkanite::vk::ShaderModuleCreateInfo;
[INFO] [stdout]   |
[INFO] [stdout] help: if you import `ShaderModuleCreateInfo`, refer to it directly
[INFO] [stdout]   |
[INFO] [stdout] 5 -     &vk::ShaderModuleCreateInfo::default().code(vertex_shader),
[INFO] [stdout] 5 +     &ShaderModuleCreateInfo::default().code(vertex_shader),
[INFO] [stdout]   |
[INFO] [stdout] 
[INFO] [stdout] error: aborting due to 3 previous errors
[INFO] [stdout] 
[INFO] [stdout] Some errors have detailed explanations: E0425, E0433.
[INFO] [stdout] For more information about an error, try `rustc --explain E0425`.
[INFO] [stdout] Couldn't compile the test.
[INFO] [stdout] ---- src/lib.rs - (line 122) stdout ----
[INFO] [stdout] error[E0433]: failed to resolve: use of undeclared crate or module `vk_headers`
[INFO] [stdout]  --> src/lib.rs:123:23
[INFO] [stdout]   |
[INFO] [stdout] 3 | let mut device_info = vk_headers::structure_chain!(
[INFO] [stdout]   |                       ^^^^^^^^^^ use of undeclared crate or module `vk_headers`
[INFO] [stdout] 
[INFO] [stdout] error[E0425]: cannot find value `does_not_support_extension` in this scope
[INFO] [stdout]   --> src/lib.rs:131:4
[INFO] [stdout]    |
[INFO] [stdout] 11 | if does_not_support_extension {
[INFO] [stdout]    |    ^^^^^^^^^^^^^^^^^^^^^^^^^^ not found in this scope
[INFO] [stdout] 
[INFO] [stdout] error[E0433]: failed to resolve: use of undeclared crate or module `vk`
[INFO] [stdout]   --> src/lib.rs:132:26
[INFO] [stdout]    |
[INFO] [stdout] 12 |     device_info.unlink::<vk::PhysicalDeviceShaderObjectFeaturesEXT>()
[INFO] [stdout]    |                          ^^ use of undeclared crate or module `vk`
[INFO] [stdout]    |
[INFO] [stdout] help: consider importing this module
[INFO] [stdout]    |
[INFO] [stdout] 2  + use vulkanite::vk;
[INFO] [stdout]    |
[INFO] [stdout] 
[INFO] [stdout] error[E0425]: cannot find value `does_not_support_feature` in this scope
[INFO] [stdout]   --> src/lib.rs:135:4
[INFO] [stdout]    |
[INFO] [stdout] 15 | if does_not_support_feature {
[INFO] [stdout]    |    ^^^^^^^^^^^^^^^^^^^^^^^^ not found in this scope
[INFO] [stdout] 
[INFO] [stdout] error[E0433]: failed to resolve: use of undeclared crate or module `vk`
[INFO] [stdout]   --> src/lib.rs:136:27
[INFO] [stdout]    |
[INFO] [stdout] 16 |     device_info.get_mut::<vk::PhysicalDeviceShaderObjectFeaturesEXT>().shader_object(false);
[INFO] [stdout]    |                           ^^ use of undeclared crate or module `vk`
[INFO] [stdout]    |
[INFO] [stdout] help: consider importing this module
[INFO] [stdout]    |
[INFO] [stdout] 2  + use vulkanite::vk;
[INFO] [stdout]    |
[INFO] [stdout] 
[INFO] [stdout] error[E0425]: cannot find value `physical_device` in this scope
[INFO] [stdout]   --> src/lib.rs:139:14
[INFO] [stdout]    |
[INFO] [stdout] 19 | let device = physical_device.create_device(device_info.as_ref())?;
[INFO] [stdout]    |              ^^^^^^^^^^^^^^^ not found in this scope
[INFO] [stdout] 
[INFO] [stdout] error: aborting due to 6 previous errors
[INFO] [stdout] 
[INFO] [stdout] Some errors have detailed explanations: E0425, E0433.
[INFO] [stdout] For more information about an error, try `rustc --explain E0425`.
[INFO] [stdout] Couldn't compile the test.
[INFO] [stdout] ---- src/lib.rs - (line 24) stdout ----
[INFO] [stdout] error: unexpected token: `...`
[INFO] [stdout]  --> src/lib.rs:30:5
[INFO] [stdout]   |
[INFO] [stdout] 8 |     ...
[INFO] [stdout]   |     ^^^
[INFO] [stdout]   |
[INFO] [stdout] help: use `..` for an exclusive range
[INFO] [stdout]   |
[INFO] [stdout] 8 |     ..
[INFO] [stdout]   |
[INFO] [stdout] help: or `..=` for an inclusive range
[INFO] [stdout]   |
[INFO] [stdout] 8 |     ..=
[INFO] [stdout]   |
[INFO] [stdout] 
[INFO] [stdout] error[E0425]: cannot find value `device` in this scope
[INFO] [stdout]  --> src/lib.rs:26:5
[INFO] [stdout]   |
[INFO] [stdout] 4 |     device.begin_command_buffer(
[INFO] [stdout]   |     ^^^^^^ not found in this scope
[INFO] [stdout] 
[INFO] [stdout] error[E0433]: failed to resolve: use of undeclared crate or module `vk`
[INFO] [stdout]  --> src/lib.rs:27:10
[INFO] [stdout]   |
[INFO] [stdout] 5 |         &vk::CommandBufferBeginInfo::default()
[INFO] [stdout]   |          ^^ use of undeclared crate or module `vk`
[INFO] [stdout]   |
[INFO] [stdout] help: consider importing this struct
[INFO] [stdout]   |
[INFO] [stdout] 2 + use vulkanite::vk::CommandBufferBeginInfo;
[INFO] [stdout]   |
[INFO] [stdout] help: if you import `CommandBufferBeginInfo`, refer to it directly
[INFO] [stdout]   |
[INFO] [stdout] 5 -         &vk::CommandBufferBeginInfo::default()
[INFO] [stdout] 5 +         &CommandBufferBeginInfo::default()
[INFO] [stdout]   |
[INFO] [stdout] 
[INFO] [stdout] error[E0433]: failed to resolve: use of undeclared crate or module `vk`
[INFO] [stdout]  --> src/lib.rs:28:20
[INFO] [stdout]   |
[INFO] [stdout] 6 |             .flags(vk::CommandBufferUsageFlags::ONE_TIME_SUBMIT)
[INFO] [stdout]   |                    ^^ use of undeclared crate or module `vk`
[INFO] [stdout]   |
[INFO] [stdout] help: consider importing this struct
[INFO] [stdout]   |
[INFO] [stdout] 2 + use vulkanite::vk::CommandBufferUsageFlags;
[INFO] [stdout]   |
[INFO] [stdout] help: if you import `CommandBufferUsageFlags`, refer to it directly
[INFO] [stdout]   |
[INFO] [stdout] 6 -             .flags(vk::CommandBufferUsageFlags::ONE_TIME_SUBMIT)
[INFO] [stdout] 6 +             .flags(CommandBufferUsageFlags::ONE_TIME_SUBMIT)
[INFO] [stdout]   |
[INFO] [stdout] 
[INFO] [stdout] error[E0425]: cannot find value `swapchain_khr` in this scope
[INFO] [stdout]  --> src/lib.rs:31:5
[INFO] [stdout]   |
[INFO] [stdout] 9 |     swapchain_khr.queue_present_khr(queue, &present_info)?;
[INFO] [stdout]   |     ^^^^^^^^^^^^^ not found in this scope
[INFO] [stdout] 
[INFO] [stdout] error[E0425]: cannot find value `queue` in this scope
[INFO] [stdout]  --> src/lib.rs:31:37
[INFO] [stdout]   |
[INFO] [stdout] 9 |     swapchain_khr.queue_present_khr(queue, &present_info)?;
[INFO] [stdout]   |                                     ^^^^^ not found in this scope
[INFO] [stdout] 
[INFO] [stdout] error[E0425]: cannot find value `present_info` in this scope
[INFO] [stdout]  --> src/lib.rs:31:45
[INFO] [stdout]   |
[INFO] [stdout] 9 |     swapchain_khr.queue_present_khr(queue, &present_info)?;
[INFO] [stdout]   |                                             ^^^^^^^^^^^^ not found in this scope
[INFO] [stdout] 
[INFO] [stdout] error: aborting due to 7 previous errors
[INFO] [stdout] 
[INFO] [stdout] Some errors have detailed explanations: E0425, E0433.
[INFO] [stdout] For more information about an error, try `rustc --explain E0425`.
[INFO] [stdout] Couldn't compile the test.
[INFO] [stdout] ---- src/lib.rs - (line 92) stdout ----
[INFO] [stdout] error[E0412]: cannot find type `SmallVec` in this scope
[INFO] [stdout]  --> src/lib.rs:94:23
[INFO] [stdout]   |
[INFO] [stdout] 4 | let physical_devices: SmallVec<[_; 3]> = instance.enumerate_physical_devices()?;
[INFO] [stdout]   |                       ^^^^^^^^ not found in this scope
[INFO] [stdout] 
[INFO] [stdout] error[E0425]: cannot find value `instance` in this scope
[INFO] [stdout]  --> src/lib.rs:94:42
[INFO] [stdout]   |
[INFO] [stdout] 4 | let physical_devices: SmallVec<[_; 3]> = instance.enumerate_physical_devices()?;
[INFO] [stdout]   |                                          ^^^^^^^^ not found in this scope
[INFO] [stdout] 
[INFO] [stdout] error: aborting due to 2 previous errors
[INFO] [stdout] 
[INFO] [stdout] Some errors have detailed explanations: E0412, E0425.
[INFO] [stdout] For more information about an error, try `rustc --explain E0412`.
[INFO] [stdout] Couldn't compile the test.
[INFO] [stdout] ---- src/lib.rs - (line 106) stdout ----
[INFO] [stdout] error[E0433]: failed to resolve: use of undeclared crate or module `vk`
[INFO] [stdout]  --> src/lib.rs:107:15
[INFO] [stdout]   |
[INFO] [stdout] 3 | let vk_props: vk::PhysicalDeviceProperties2 = physical_device.get_properties2();
[INFO] [stdout]   |               ^^ use of undeclared crate or module `vk`
[INFO] [stdout]   |
[INFO] [stdout] help: consider importing this module
[INFO] [stdout]   |
[INFO] [stdout] 2 + use vulkanite::vk;
[INFO] [stdout]   |
[INFO] [stdout] 
[INFO] [stdout] error[E0425]: cannot find value `physical_device` in this scope
[INFO] [stdout]  --> src/lib.rs:107:47
[INFO] [stdout]   |
[INFO] [stdout] 3 | let vk_props: vk::PhysicalDeviceProperties2 = physical_device.get_properties2();
[INFO] [stdout]   |                                               ^^^^^^^^^^^^^^^ not found in this scope
[INFO] [stdout] 
[INFO] [stdout] error[E0425]: cannot find value `physical_device` in this scope
[INFO] [stdout]  --> src/lib.rs:108:19
[INFO] [stdout]   |
[INFO] [stdout] 4 | let (vk_props,) = physical_device.get_properties2();
[INFO] [stdout]   |                   ^^^^^^^^^^^^^^^ not found in this scope
[INFO] [stdout] 
[INFO] [stdout] error: aborting due to 3 previous errors
[INFO] [stdout] 
[INFO] [stdout] Some errors have detailed explanations: E0425, E0433.
[INFO] [stdout] For more information about an error, try `rustc --explain E0425`.
[INFO] [stdout] Couldn't compile the test.
[INFO] [stdout] ---- src/lib.rs - (line 68) stdout ----
[INFO] [stdout] error: expected `;`, found keyword `let`
[INFO] [stdout]  --> src/lib.rs:73:66
[INFO] [stdout]   |
[INFO] [stdout] 7 | cmd_buffer.set_viewport(0, &[vk::Viewport{..}, vk::Viewport{..}])
[INFO] [stdout]   |                                                                  ^ help: add `;` here
[INFO] [stdout] 8 |
[INFO] [stdout] 9 | let color_attachment = vec![...];
[INFO] [stdout]   | --- unexpected token
[INFO] [stdout] 
[INFO] [stdout] error: unexpected token: `...`
[INFO] [stdout]   --> src/lib.rs:81:5
[INFO] [stdout]    |
[INFO] [stdout] 15 |     ....;
[INFO] [stdout]    |     ^^^
[INFO] [stdout]    |
[INFO] [stdout] help: use `..` for an exclusive range
[INFO] [stdout]    |
[INFO] [stdout] 15 |     ...;
[INFO] [stdout]    |     ~~
[INFO] [stdout] help: or `..=` for an inclusive range
[INFO] [stdout]    |
[INFO] [stdout] 15 |     ..=.;
[INFO] [stdout]    |     ~~~
[INFO] [stdout] 
[INFO] [stdout] error[E0586]: inclusive range with no end
[INFO] [stdout]   --> src/lib.rs:81:5
[INFO] [stdout]    |
[INFO] [stdout] 15 |     ....;
[INFO] [stdout]    |     ^^^
[INFO] [stdout]    |
[INFO] [stdout]    = note: inclusive ranges must be bounded at the end (`..=b` or `a..=b`)
[INFO] [stdout] help: use `..` instead
[INFO] [stdout]    |
[INFO] [stdout] 15 -     ....;
[INFO] [stdout] 15 +     ...;
[INFO] [stdout]    |
[INFO] [stdout] 
[INFO] [stdout] error: expected one of `;` or `else`, found `.`
[INFO] [stdout]   --> src/lib.rs:81:8
[INFO] [stdout]    |
[INFO] [stdout] 15 |     ....;
[INFO] [stdout]    |        ^ expected one of `;` or `else`
[INFO] [stdout] 
[INFO] [stdout] error: unexpected token: `...`
[INFO] [stdout]  --> src/lib.rs:75:29
[INFO] [stdout]   |
[INFO] [stdout] 9 | let color_attachment = vec![...];
[INFO] [stdout]   |                             ^^^
[INFO] [stdout]   |
[INFO] [stdout] help: use `..` for an exclusive range
[INFO] [stdout]   |
[INFO] [stdout] 9 | let color_attachment = vec![..];
[INFO] [stdout]   |                             ~~
[INFO] [stdout] help: or `..=` for an inclusive range
[INFO] [stdout]   |
[INFO] [stdout] 9 | let color_attachment = vec![..=];
[INFO] [stdout]   |                             ~~~
[INFO] [stdout] 
[INFO] [stdout] error[E0586]: inclusive range with no end
[INFO] [stdout]  --> src/lib.rs:75:29
[INFO] [stdout]   |
[INFO] [stdout] 9 | let color_attachment = vec![...];
[INFO] [stdout]   |                             ^^^
[INFO] [stdout]   |
[INFO] [stdout]   = note: inclusive ranges must be bounded at the end (`..=b` or `a..=b`)
[INFO] [stdout] help: use `..` instead
[INFO] [stdout]   |
[INFO] [stdout] 9 - let color_attachment = vec![...];
[INFO] [stdout] 9 + let color_attachment = vec![..];
[INFO] [stdout]   |
[INFO] [stdout] 
[INFO] [stdout] error: unexpected token: `...`
[INFO] [stdout]   --> src/lib.rs:76:31
[INFO] [stdout]    |
[INFO] [stdout] 10 | let resolve_attachment = vec![...];
[INFO] [stdout]    |                               ^^^
[INFO] [stdout]    |
[INFO] [stdout] help: use `..` for an exclusive range
[INFO] [stdout]    |
[INFO] [stdout] 10 | let resolve_attachment = vec![..];
[INFO] [stdout]    |                               ~~
[INFO] [stdout] help: or `..=` for an inclusive range
[INFO] [stdout]    |
[INFO] [stdout] 10 | let resolve_attachment = vec![..=];
[INFO] [stdout]    |                               ~~~
[INFO] [stdout] 
[INFO] [stdout] error[E0586]: inclusive range with no end
[INFO] [stdout]   --> src/lib.rs:76:31
[INFO] [stdout]    |
[INFO] [stdout] 10 | let resolve_attachment = vec![...];
[INFO] [stdout]    |                               ^^^
[INFO] [stdout]    |
[INFO] [stdout]    = note: inclusive ranges must be bounded at the end (`..=b` or `a..=b`)
[INFO] [stdout] help: use `..` instead
[INFO] [stdout]    |
[INFO] [stdout] 10 - let resolve_attachment = vec![...];
[INFO] [stdout] 10 + let resolve_attachment = vec![..];
[INFO] [stdout]    |
[INFO] [stdout] 
[INFO] [stdout] error: associated function in `impl` without body
[INFO] [stdout]  --> src/lib.rs:70:5
[INFO] [stdout]   |
[INFO] [stdout] 4 |     pub fn set_viewport(&self, first_viewport: u32, viewports: impl AsSlice<vk::Viewport>);
[INFO] [stdout]   |     ^^^^^^^^^^^^^^^^^^^^^^^^^^^^^^^^^^^^^^^^^^^^^^^^^^^^^^^^^^^^^^^^^^^^^^^^^^^^^^^^^^^^^^-
[INFO] [stdout]   |                                                                                           |
[INFO] [stdout]   |                                                                                           help: provide a definition for the function: `{ <body> }`
[INFO] [stdout] 
[INFO] [stdout] error[E0412]: cannot find type `CommandBuffer` in this scope
[INFO] [stdout]  --> src/lib.rs:69:6
[INFO] [stdout]   |
[INFO] [stdout] 3 | impl CommandBuffer {
[INFO] [stdout]   |      ^^^^^^^^^^^^^ not found in this scope
[INFO] [stdout]   |
[INFO] [stdout] help: consider importing one of these structs
[INFO] [stdout]   |
[INFO] [stdout] 2 + use vulkanite::vk::raw::CommandBuffer;
[INFO] [stdout]   |
[INFO] [stdout] 2 + use vulkanite::vk::rs::CommandBuffer;
[INFO] [stdout]   |
[INFO] [stdout] 
[INFO] [stdout] error[E0405]: cannot find trait `AsSlice` in this scope
[INFO] [stdout]  --> src/lib.rs:70:69
[INFO] [stdout]   |
[INFO] [stdout] 4 |     pub fn set_viewport(&self, first_viewport: u32, viewports: impl AsSlice<vk::Viewport>);
[INFO] [stdout]   |                                                                     ^^^^^^^ not found in this scope
[INFO] [stdout]   |
[INFO] [stdout] help: consider importing this trait
[INFO] [stdout]   |
[INFO] [stdout] 2 + use vulkanite::AsSlice;
[INFO] [stdout]   |
[INFO] [stdout] 
[INFO] [stdout] error[E0433]: failed to resolve: use of undeclared crate or module `vk`
[INFO] [stdout]  --> src/lib.rs:70:77
[INFO] [stdout]   |
[INFO] [stdout] 4 |     pub fn set_viewport(&self, first_viewport: u32, viewports: impl AsSlice<vk::Viewport>);
[INFO] [stdout]   |                                                                             ^^ use of undeclared crate or module `vk`
[INFO] [stdout]   |
[INFO] [stdout] help: consider importing this module
[INFO] [stdout]   |
[INFO] [stdout] 2 + use vulkanite::vk;
[INFO] [stdout]   |
[INFO] [stdout] 
[INFO] [stdout] error: aborting due to 12 previous errors
[INFO] [stdout] 
[INFO] [stdout] Some errors have detailed explanations: E0405, E0412, E0433, E0586.
[INFO] [stdout] For more information about an error, try `rustc --explain E0405`.
[INFO] [stdout] Couldn't compile the test.
[INFO] [stdout] ---- src/lib.rs - (line 35) stdout ----
[INFO] [stdout] error[E0425]: cannot find value `cmd_buffer` in this scope
[INFO] [stdout]  --> src/lib.rs:36:1
[INFO] [stdout]   |
[INFO] [stdout] 3 | cmd_buffer.begin(
[INFO] [stdout]   | ^^^^^^^^^^ not found in this scope
[INFO] [stdout] 
[INFO] [stdout] error[E0433]: failed to resolve: use of undeclared crate or module `vk`
[INFO] [stdout]  --> src/lib.rs:37:6
[INFO] [stdout]   |
[INFO] [stdout] 4 |     &vk::CommandBufferBeginInfo::default()
[INFO] [stdout]   |      ^^ use of undeclared crate or module `vk`
[INFO] [stdout]   |
[INFO] [stdout] help: consider importing this struct
[INFO] [stdout]   |
[INFO] [stdout] 2 + use vulkanite::vk::CommandBufferBeginInfo;
[INFO] [stdout]   |
[INFO] [stdout] help: if you import `CommandBufferBeginInfo`, refer to it directly
[INFO] [stdout]   |
[INFO] [stdout] 4 -     &vk::CommandBufferBeginInfo::default()
[INFO] [stdout] 4 +     &CommandBufferBeginInfo::default()
[INFO] [stdout]   |
[INFO] [stdout] 
[INFO] [stdout] error[E0433]: failed to resolve: use of undeclared crate or module `vk`
[INFO] [stdout]  --> src/lib.rs:38:15
[INFO] [stdout]   |
[INFO] [stdout] 5 |        .flags(vk::CommandBufferUsageFlags::OneTimeSubmit)
[INFO] [stdout]   |               ^^ use of undeclared crate or module `vk`
[INFO] [stdout]   |
[INFO] [stdout] help: consider importing this struct
[INFO] [stdout]   |
[INFO] [stdout] 2 + use vulkanite::vk::CommandBufferUsageFlags;
[INFO] [stdout]   |
[INFO] [stdout] help: if you import `CommandBufferUsageFlags`, refer to it directly
[INFO] [stdout]   |
[INFO] [stdout] 5 -        .flags(vk::CommandBufferUsageFlags::OneTimeSubmit)
[INFO] [stdout] 5 +        .flags(CommandBufferUsageFlags::OneTimeSubmit)
[INFO] [stdout]   |
[INFO] [stdout] 
[INFO] [stdout] error[E0425]: cannot find value `queue` in this scope
[INFO] [stdout]  --> src/lib.rs:41:1
[INFO] [stdout]   |
[INFO] [stdout] 8 | queue.present_khr(&present_info)?;
[INFO] [stdout]   | ^^^^^ not found in this scope
[INFO] [stdout] 
[INFO] [stdout] error[E0425]: cannot find value `present_info` in this scope
[INFO] [stdout]  --> src/lib.rs:41:20
[INFO] [stdout]   |
[INFO] [stdout] 8 | queue.present_khr(&present_info)?;
[INFO] [stdout]   |                    ^^^^^^^^^^^^ not found in this scope
[INFO] [stdout] 
[INFO] [stdout] error: aborting due to 5 previous errors
[INFO] [stdout] 
[INFO] [stdout] Some errors have detailed explanations: E0425, E0433.
[INFO] [stdout] For more information about an error, try `rustc --explain E0425`.
[INFO] [stdout] Couldn't compile the test.
[INFO] [stdout] ---- src/lib.rs - (line 52) stdout ----
[INFO] [stdout] error: unexpected token: `...`
[INFO] [stdout]   --> src/lib.rs:60:5
[INFO] [stdout]    |
[INFO] [stdout] 10 |     ...
[INFO] [stdout]    |     ^^^
[INFO] [stdout]    |
[INFO] [stdout] help: use `..` for an exclusive range
[INFO] [stdout]    |
[INFO] [stdout] 10 |     ..
[INFO] [stdout]    |
[INFO] [stdout] help: or `..=` for an inclusive range
[INFO] [stdout]    |
[INFO] [stdout] 10 |     ..=
[INFO] [stdout]    |
[INFO] [stdout] 
[INFO] [stdout] error[E0586]: inclusive range with no end
[INFO] [stdout]   --> src/lib.rs:60:5
[INFO] [stdout]    |
[INFO] [stdout] 10 |     ...
[INFO] [stdout]    |     ^^^
[INFO] [stdout]    |
[INFO] [stdout]    = note: inclusive ranges must be bounded at the end (`..=b` or `a..=b`)
[INFO] [stdout] help: use `..` instead
[INFO] [stdout]    |
[INFO] [stdout] 10 -     ...
[INFO] [stdout] 10 +     ..
[INFO] [stdout]    |
[INFO] [stdout] 
[INFO] [stdout] error[E0424]: expected value, found module `self`
[INFO] [stdout]  --> src/lib.rs:53:27
[INFO] [stdout]   |
[INFO] [stdout] 2 | fn main() { #[allow(non_snake_case)] fn _doctest_main_src_lib_rs_52_0() {
[INFO] [stdout]   |                                         ----------------------------- this function can't have a `self` parameter
[INFO] [stdout] 3 | let (status, image_idx) = self.device.acquire_next_image_khr(
[INFO] [stdout]   |                           ^^^^ `self` value is a keyword only available in methods with a `self` parameter
[INFO] [stdout] 
[INFO] [stdout] error[E0424]: expected value, found module `self`
[INFO] [stdout]  --> src/lib.rs:54:5
[INFO] [stdout]   |
[INFO] [stdout] 2 | fn main() { #[allow(non_snake_case)] fn _doctest_main_src_lib_rs_52_0() {
[INFO] [stdout]   |                                         ----------------------------- this function can't have a `self` parameter
[INFO] [stdout] 3 | let (status, image_idx) = self.device.acquire_next_image_khr(
[INFO] [stdout] 4 |    &self.swapchain_objects.swapchain,
[INFO] [stdout]   |     ^^^^ `self` value is a keyword only available in methods with a `self` parameter
[INFO] [stdout] 
[INFO] [stdout] error[E0425]: cannot find value `semaphore` in this scope
[INFO] [stdout]  --> src/lib.rs:56:9
[INFO] [stdout]   |
[INFO] [stdout] 6 |    Some(semaphore),
[INFO] [stdout]   |         ^^^^^^^^^ not found in this scope
[INFO] [stdout] 
[INFO] [stdout] error[E0433]: failed to resolve: use of undeclared crate or module `vk`
[INFO] [stdout]  --> src/lib.rs:59:14
[INFO] [stdout]   |
[INFO] [stderr] error: doctest failed, to rerun pass `--doc`
[INFO] [stdout] 9 | if status == vk::Status::vk::Status::SuboptimalKHR {
[INFO] [stdout]   |              ^^ use of undeclared crate or module `vk`
[INFO] [stdout]   |
[INFO] [stdout] help: consider importing this enum
[INFO] [stdout]   |
[INFO] [stdout] 2 + use vulkanite::vk::Status;
[INFO] [stdout]   |
[INFO] [stdout] help: if you import `Status`, refer to it directly
[INFO] [stdout]   |
[INFO] [stdout] 9 - if status == vk::Status::vk::Status::SuboptimalKHR {
[INFO] [stdout] 9 + if status == Status::SuboptimalKHR {
[INFO] [stdout]   |
[INFO] [stdout] 
[INFO] [stdout] error: aborting due to 6 previous errors
[INFO] [stdout] 
[INFO] [stdout] Some errors have detailed explanations: E0424, E0425, E0433, E0586.
[INFO] [stdout] For more information about an error, try `rustc --explain E0424`.
[INFO] [stdout] Couldn't compile the test.
[INFO] [stdout] 
[INFO] [stdout] failures:
[INFO] [stdout]     src/lib.rs - () (line 1429)
[INFO] [stdout]     src/lib.rs - (line 101)
[INFO] [stdout]     src/lib.rs - (line 106)
[INFO] [stdout]     src/lib.rs - (line 113)
[INFO] [stdout]     src/lib.rs - (line 122)
[INFO] [stdout]     src/lib.rs - (line 24)
[INFO] [stdout]     src/lib.rs - (line 35)
[INFO] [stdout]     src/lib.rs - (line 48)
[INFO] [stdout]     src/lib.rs - (line 52)
[INFO] [stdout]     src/lib.rs - (line 68)
[INFO] [stdout]     src/lib.rs - (line 88)
[INFO] [stdout]     src/lib.rs - (line 92)
[INFO] [stdout]     src/lib.rs - flagbits (line 500)
[INFO] [stdout]     src/lib.rs - include_spirv (line 1221)
[INFO] [stdout] 
[INFO] [stdout] test result: FAILED. 0 passed; 14 failed; 0 ignored; 0 measured; 0 filtered out; finished in 0.52s
[INFO] [stdout] 
[INFO] running `Command { std: "docker" "inspect" "a909906a9ae37562065e81f9d267d54a1a175def3b8adefe5c8a0422b167b4a6", kill_on_drop: false }`
[INFO] running `Command { std: "docker" "rm" "-f" "a909906a9ae37562065e81f9d267d54a1a175def3b8adefe5c8a0422b167b4a6", kill_on_drop: false }`
[INFO] [stdout] a909906a9ae37562065e81f9d267d54a1a175def3b8adefe5c8a0422b167b4a6
