[INFO] fetching crate vtg 1.0.6...
[INFO] testing vtg-1.0.6 against 1.83.0 for beta-1.84.0-4-retry
[INFO] extracting crate vtg 1.0.6 into /workspace/builds/worker-1-tc1/source
[INFO] validating manifest of crates.io crate vtg 1.0.6 on toolchain 1.83.0
[INFO] running `Command { std: CARGO_HOME="/workspace/cargo-home" RUSTUP_HOME="/workspace/rustup-home" "/workspace/cargo-home/bin/cargo" "+1.83.0" "metadata" "--manifest-path" "Cargo.toml" "--no-deps", kill_on_drop: false }`
[INFO] started tweaking crates.io crate vtg 1.0.6
[INFO] removed 0 missing examples
[INFO] finished tweaking crates.io crate vtg 1.0.6
[INFO] tweaked toml for crates.io crate vtg 1.0.6 written to /workspace/builds/worker-1-tc1/source/Cargo.toml
[INFO] crate crates.io crate vtg 1.0.6 already has a lockfile, it will not be regenerated
[INFO] running `Command { std: CARGO_HOME="/workspace/cargo-home" RUSTUP_HOME="/workspace/rustup-home" "/workspace/cargo-home/bin/cargo" "+1.83.0" "fetch" "--manifest-path" "Cargo.toml", kill_on_drop: false }`
[INFO] running `Command { std: "docker" "create" "-v" "/var/lib/crater-agent-workspace/builds/worker-1-tc1/target:/opt/rustwide/target:rw,Z" "-v" "/var/lib/crater-agent-workspace/builds/worker-1-tc1/source:/opt/rustwide/workdir:ro,Z" "-v" "/var/lib/crater-agent-workspace/cargo-home:/opt/rustwide/cargo-home:ro,Z" "-v" "/var/lib/crater-agent-workspace/rustup-home:/opt/rustwide/rustup-home:ro,Z" "-e" "SOURCE_DIR=/opt/rustwide/workdir" "-e" "CARGO_TARGET_DIR=/opt/rustwide/target" "-e" "CARGO_HOME=/opt/rustwide/cargo-home" "-e" "RUSTUP_HOME=/opt/rustwide/rustup-home" "-w" "/opt/rustwide/workdir" "-m" "1610612736" "--user" "0:0" "--network" "none" "ghcr.io/rust-lang/crates-build-env/linux@sha256:f3a9d4ad9d972b27faf3965f35b62e55ba32bbce8f20bc8fe909558a86702fde" "/opt/rustwide/cargo-home/bin/cargo" "+1.83.0" "metadata" "--no-deps" "--format-version=1", kill_on_drop: false }`
[INFO] [stdout] c6688624f821d57de1369bb229201e482eba93e5eba8407fc4e19ab93cdcc7df
[INFO] running `Command { std: "docker" "start" "-a" "c6688624f821d57de1369bb229201e482eba93e5eba8407fc4e19ab93cdcc7df", kill_on_drop: false }`
[INFO] running `Command { std: "docker" "inspect" "c6688624f821d57de1369bb229201e482eba93e5eba8407fc4e19ab93cdcc7df", kill_on_drop: false }`
[INFO] running `Command { std: "docker" "rm" "-f" "c6688624f821d57de1369bb229201e482eba93e5eba8407fc4e19ab93cdcc7df", kill_on_drop: false }`
[INFO] [stdout] c6688624f821d57de1369bb229201e482eba93e5eba8407fc4e19ab93cdcc7df
[INFO] running `Command { std: "docker" "create" "-v" "/var/lib/crater-agent-workspace/builds/worker-1-tc1/target:/opt/rustwide/target:rw,Z" "-v" "/var/lib/crater-agent-workspace/builds/worker-1-tc1/source:/opt/rustwide/workdir:ro,Z" "-v" "/var/lib/crater-agent-workspace/cargo-home:/opt/rustwide/cargo-home:ro,Z" "-v" "/var/lib/crater-agent-workspace/rustup-home:/opt/rustwide/rustup-home:ro,Z" "-e" "SOURCE_DIR=/opt/rustwide/workdir" "-e" "CARGO_TARGET_DIR=/opt/rustwide/target" "-e" "CARGO_INCREMENTAL=0" "-e" "RUST_BACKTRACE=full" "-e" "RUSTFLAGS=--cap-lints=warn" "-e" "RUSTDOCFLAGS=--cap-lints=warn" "-e" "CARGO_HOME=/opt/rustwide/cargo-home" "-e" "RUSTUP_HOME=/opt/rustwide/rustup-home" "-w" "/opt/rustwide/workdir" "-m" "1610612736" "--user" "0:0" "--network" "none" "ghcr.io/rust-lang/crates-build-env/linux@sha256:f3a9d4ad9d972b27faf3965f35b62e55ba32bbce8f20bc8fe909558a86702fde" "/opt/rustwide/cargo-home/bin/cargo" "+1.83.0" "build" "--frozen" "--message-format=json", kill_on_drop: false }`
[INFO] [stdout] 84cc63598593935f31c0da73d0044c0ff86d8cfe5ff26232b3894b373867468e
[INFO] running `Command { std: "docker" "start" "-a" "84cc63598593935f31c0da73d0044c0ff86d8cfe5ff26232b3894b373867468e", kill_on_drop: false }`
[INFO] [stderr]    Compiling proc-macro2 v1.0.81
[INFO] [stderr]    Compiling unicode-ident v1.0.11
[INFO] [stderr]    Compiling libc v0.2.153
[INFO] [stderr]    Compiling cfg-if v1.0.0
[INFO] [stderr]    Compiling autocfg v1.1.0
[INFO] [stderr]    Compiling fnv v1.0.7
[INFO] [stderr]    Compiling once_cell v1.18.0
[INFO] [stderr]    Compiling futures-core v0.3.28
[INFO] [stderr]    Compiling bytes v1.6.0
[INFO] [stderr]    Compiling parking_lot_core v0.9.8
[INFO] [stderr]    Compiling pin-project-lite v0.2.13
[INFO] [stderr]    Compiling scopeguard v1.2.0
[INFO] [stderr]    Compiling smallvec v1.13.1
[INFO] [stderr]    Compiling log v0.4.20
[INFO] [stderr]    Compiling vcpkg v0.2.15
[INFO] [stderr]    Compiling pkg-config v0.3.30
[INFO] [stderr]    Compiling futures-task v0.3.28
[INFO] [stderr]    Compiling itoa v1.0.9
[INFO] [stderr]    Compiling futures-util v0.3.28
[INFO] [stderr]    Compiling pin-utils v0.1.0
[INFO] [stderr]    Compiling strsim v0.10.0
[INFO] [stderr]    Compiling tracing-core v0.1.31
[INFO] [stderr]    Compiling hashbrown v0.14.0
[INFO] [stderr]    Compiling foreign-types-shared v0.1.1
[INFO] [stderr]    Compiling httparse v1.8.0
[INFO] [stderr]    Compiling http v1.1.0
[INFO] [stderr]    Compiling futures-sink v0.3.28
[INFO] [stderr]    Compiling lock_api v0.4.10
[INFO] [stderr]    Compiling slab v0.4.9
[INFO] [stderr]    Compiling futures-channel v0.3.28
[INFO] [stderr]    Compiling equivalent v1.0.1
[INFO] [stderr]    Compiling ident_case v1.0.1
[INFO] [stderr]    Compiling openssl v0.10.64
[INFO] [stderr]    Compiling tracing v0.1.37
[INFO] [stderr]    Compiling foreign-types v0.3.2
[INFO] [stderr]    Compiling native-tls v0.2.11
[INFO] [stderr]    Compiling bitflags v2.5.0
[INFO] [stderr]    Compiling try-lock v0.2.4
[INFO] [stderr]    Compiling serde v1.0.188
[INFO] [stderr]    Compiling want v0.3.1
[INFO] [stderr]    Compiling httpdate v1.0.3
[INFO] [stderr]    Compiling tower-layer v0.3.2
[INFO] [stderr]    Compiling tower-service v0.3.2
[INFO] [stderr]    Compiling openssl-probe v0.1.5
[INFO] [stderr]    Compiling ppv-lite86 v0.2.17
[INFO] [stderr]    Compiling serde_json v1.0.105
[INFO] [stderr]    Compiling percent-encoding v2.3.0
[INFO] [stderr]    Compiling ryu v1.0.15
[INFO] [stderr]    Compiling quote v1.0.36
[INFO] [stderr]    Compiling lazy_static v1.4.0
[INFO] [stderr]    Compiling indexmap v2.0.0
[INFO] [stderr]    Compiling mio v0.8.11
[INFO] [stderr]    Compiling socket2 v0.5.6
[INFO] [stderr]    Compiling num_cpus v1.16.0
[INFO] [stderr]    Compiling signal-hook-registry v1.4.1
[INFO] [stderr]    Compiling getrandom v0.2.10
[INFO] [stderr]    Compiling form_urlencoded v1.2.0
[INFO] [stderr]    Compiling rand_core v0.6.4
[INFO] [stderr]    Compiling rand_chacha v0.3.1
[INFO] [stderr]    Compiling parking_lot v0.12.1
[INFO] [stderr]    Compiling syn v2.0.60
[INFO] [stderr]    Compiling http-body v1.0.0
[INFO] [stderr]    Compiling cc v1.0.83
[INFO] [stderr]    Compiling http-body-util v0.1.1
[INFO] [stderr]    Compiling rand v0.8.5
[INFO] [stderr]    Compiling openssl-sys v0.9.102
[INFO] [stderr]    Compiling darling_core v0.20.8
[INFO] [stderr]    Compiling tokio-macros v2.2.0
[INFO] [stderr]    Compiling pin-project-internal v1.1.5
[INFO] [stderr]    Compiling openssl-macros v0.1.1
[INFO] [stderr]    Compiling serde_derive v1.0.188
[INFO] [stderr]    Compiling tokio v1.37.0
[INFO] [stderr]    Compiling darling_macro v0.20.8
[INFO] [stderr]    Compiling pin-project v1.1.5
[INFO] [stderr]    Compiling darling v0.20.8
[INFO] [stderr]    Compiling serde_with_macros v3.7.0
[INFO] [stderr]    Compiling tokio-util v0.7.8
[INFO] [stderr]    Compiling tower v0.4.13
[INFO] [stderr]    Compiling tokio-native-tls v0.3.1
[INFO] [stderr]    Compiling serde_with v3.7.0
[INFO] [stderr]    Compiling h2 v0.4.4
[INFO] [stderr]    Compiling hyper v1.3.1
[INFO] [stderr]    Compiling hyper-util v0.1.3
[INFO] [stderr]    Compiling hyper-tls v0.6.0
[INFO] [stderr]    Compiling vtg v1.0.6 (/opt/rustwide/workdir)
[INFO] [stderr]     Finished `dev` profile [unoptimized + debuginfo] target(s) in 45.97s
[INFO] running `Command { std: "docker" "inspect" "84cc63598593935f31c0da73d0044c0ff86d8cfe5ff26232b3894b373867468e", kill_on_drop: false }`
[INFO] running `Command { std: "docker" "rm" "-f" "84cc63598593935f31c0da73d0044c0ff86d8cfe5ff26232b3894b373867468e", kill_on_drop: false }`
[INFO] [stdout] 84cc63598593935f31c0da73d0044c0ff86d8cfe5ff26232b3894b373867468e
[INFO] running `Command { std: "docker" "create" "-v" "/var/lib/crater-agent-workspace/builds/worker-1-tc1/target:/opt/rustwide/target:rw,Z" "-v" "/var/lib/crater-agent-workspace/builds/worker-1-tc1/source:/opt/rustwide/workdir:ro,Z" "-v" "/var/lib/crater-agent-workspace/cargo-home:/opt/rustwide/cargo-home:ro,Z" "-v" "/var/lib/crater-agent-workspace/rustup-home:/opt/rustwide/rustup-home:ro,Z" "-e" "SOURCE_DIR=/opt/rustwide/workdir" "-e" "CARGO_TARGET_DIR=/opt/rustwide/target" "-e" "CARGO_INCREMENTAL=0" "-e" "RUST_BACKTRACE=full" "-e" "RUSTFLAGS=--cap-lints=warn" "-e" "RUSTDOCFLAGS=--cap-lints=warn" "-e" "CARGO_HOME=/opt/rustwide/cargo-home" "-e" "RUSTUP_HOME=/opt/rustwide/rustup-home" "-w" "/opt/rustwide/workdir" "-m" "1610612736" "--user" "0:0" "--network" "none" "ghcr.io/rust-lang/crates-build-env/linux@sha256:f3a9d4ad9d972b27faf3965f35b62e55ba32bbce8f20bc8fe909558a86702fde" "/opt/rustwide/cargo-home/bin/cargo" "+1.83.0" "test" "--frozen" "--no-run" "--message-format=json", kill_on_drop: false }`
[INFO] [stdout] 7b79a0ec80da8ddf306809dfa705d9246ce2d9a60fcee9e98004b5f04dd3386f
[INFO] running `Command { std: "docker" "start" "-a" "7b79a0ec80da8ddf306809dfa705d9246ce2d9a60fcee9e98004b5f04dd3386f", kill_on_drop: false }`
[INFO] [stderr]    Compiling log v0.4.20
[INFO] [stderr]    Compiling memchr v2.6.3
[INFO] [stderr]    Compiling regex-syntax v0.7.5
[INFO] [stderr]    Compiling atty v0.2.14
[INFO] [stderr]    Compiling humantime v2.1.0
[INFO] [stderr]    Compiling termcolor v1.4.1
[INFO] [stderr]    Compiling tracing v0.1.37
[INFO] [stderr]    Compiling native-tls v0.2.11
[INFO] [stderr]    Compiling tokio-util v0.7.8
[INFO] [stderr]    Compiling tower v0.4.13
[INFO] [stderr]    Compiling tokio-native-tls v0.3.1
[INFO] [stderr]    Compiling aho-corasick v1.0.5
[INFO] [stderr]    Compiling h2 v0.4.4
[INFO] [stderr]    Compiling regex-automata v0.3.8
[INFO] [stderr]    Compiling hyper v1.3.1
[INFO] [stderr]    Compiling regex v1.9.5
[INFO] [stderr]    Compiling env_logger v0.9.3
[INFO] [stderr]    Compiling hyper-util v0.1.3
[INFO] [stderr]    Compiling hyper-tls v0.6.0
[INFO] [stderr]    Compiling vtg v1.0.6 (/opt/rustwide/workdir)
[INFO] [stderr]     Finished `test` profile [unoptimized + debuginfo] target(s) in 37.08s
[INFO] running `Command { std: "docker" "inspect" "7b79a0ec80da8ddf306809dfa705d9246ce2d9a60fcee9e98004b5f04dd3386f", kill_on_drop: false }`
[INFO] running `Command { std: "docker" "rm" "-f" "7b79a0ec80da8ddf306809dfa705d9246ce2d9a60fcee9e98004b5f04dd3386f", kill_on_drop: false }`
[INFO] [stdout] 7b79a0ec80da8ddf306809dfa705d9246ce2d9a60fcee9e98004b5f04dd3386f
[INFO] running `Command { std: "docker" "create" "-v" "/var/lib/crater-agent-workspace/builds/worker-1-tc1/target:/opt/rustwide/target:rw,Z" "-v" "/var/lib/crater-agent-workspace/builds/worker-1-tc1/source:/opt/rustwide/workdir:ro,Z" "-v" "/var/lib/crater-agent-workspace/cargo-home:/opt/rustwide/cargo-home:ro,Z" "-v" "/var/lib/crater-agent-workspace/rustup-home:/opt/rustwide/rustup-home:ro,Z" "-e" "SOURCE_DIR=/opt/rustwide/workdir" "-e" "CARGO_TARGET_DIR=/opt/rustwide/target" "-e" "CARGO_INCREMENTAL=0" "-e" "RUST_BACKTRACE=full" "-e" "RUSTFLAGS=--cap-lints=warn" "-e" "RUSTDOCFLAGS=--cap-lints=warn" "-e" "CARGO_HOME=/opt/rustwide/cargo-home" "-e" "RUSTUP_HOME=/opt/rustwide/rustup-home" "-w" "/opt/rustwide/workdir" "-m" "1610612736" "--user" "0:0" "--network" "none" "ghcr.io/rust-lang/crates-build-env/linux@sha256:f3a9d4ad9d972b27faf3965f35b62e55ba32bbce8f20bc8fe909558a86702fde" "/opt/rustwide/cargo-home/bin/cargo" "+1.83.0" "test" "--frozen", kill_on_drop: false }`
[INFO] [stdout] 7ae944943bf0f85b873d31086fb548d90b2dc8da481c281c7f453c47e5b3d0f4
[INFO] running `Command { std: "docker" "start" "-a" "7ae944943bf0f85b873d31086fb548d90b2dc8da481c281c7f453c47e5b3d0f4", kill_on_drop: false }`
[INFO] [stderr]     Finished `test` profile [unoptimized + debuginfo] target(s) in 0.13s
[INFO] [stderr]      Running unittests src/lib.rs (/opt/rustwide/target/debug/deps/vtg-d359a376eb6a7fc3)
[INFO] [stdout] 
[INFO] [stdout] running 1 test
[INFO] [stdout] test tests::requests ... ok
[INFO] [stdout] 
[INFO] [stdout] test result: ok. 1 passed; 0 failed; 0 ignored; 0 measured; 0 filtered out; finished in 0.00s
[INFO] [stdout] 
[INFO] [stderr]    Doc-tests vtg
[INFO] [stdout] 
[INFO] [stdout] running 21 tests
[INFO] [stdout] test src/structs/context.rs - structs::context::UnifyedContext::send (line 348) ... FAILED
[INFO] [stdout] test src/structs/context.rs - structs::context::UnifyedContext::send_attachment_files (line 567) ... FAILED
[INFO] [stdout] test src/structs/context.rs - structs::context::UnifyedContext::get_data (line 705) ... FAILED
[INFO] [stdout] test src/client/api_requests.rs - client::api_requests::api_call (line 18) - compile ... FAILED
[INFO] [stdout] test src/structs/context.rs - structs::context::UnifyedContext::get_event (line 715) ... FAILED
[INFO] [stdout] test src/structs/context.rs - structs::context::UnifyedContext::set_data (line 696) ... FAILED
[INFO] [stdout] test src/structs/context.rs - structs::context::UnifyedContext::message (line 312) ... FAILED
[INFO] [stdout] test src/structs/context.rs - structs::context::UnifyedContext::send_attachments (line 621) ... FAILED
[INFO] [stdout] test src/structs/context.rs - structs::context::UnifyedContext::send_with_options (line 514) ... FAILED
[INFO] [stdout] test src/structs/context.rs - structs::context::UnifyedContext::send_with_html (line 393) ... FAILED
[INFO] [stdout] test src/structs/context.rs - structs::context::UnifyedContext::get_attachments (line 738) ... FAILED
[INFO] [stdout] test src/structs/context.rs - structs::context::MessageBuilder::send (line 178) ... FAILED
[INFO] [stdout] test src/structs/context.rs - structs::context::UnifyedContext::send_with_keyboard (line 445) ... FAILED
[INFO] [stdout] test src/structs/middleware.rs - structs::middleware::MiddlewareChain (line 21) ... FAILED
[INFO] [stdout] test src/client.rs - client::start_longpoll_client (line 122) ... FAILED
[INFO] [stdout] test src/structs/config.rs - structs::config::Config (line 41) ... ok
[INFO] [stdout] test src/structs/config.rs - structs::config::CallbackSettings (line 7) ... ok
[INFO] [stdout] test src/structs/config.rs - structs::config::Config (line 30) ... ok
[INFO] [stdout] test src/lib.rs - (line 19) ... FAILED
[INFO] [stdout] test src/lib.rs - (line 52) ... FAILED
[INFO] [stdout] test src/server.rs - server::start_callback_server (line 103) ... FAILED
[INFO] [stdout] 
[INFO] [stdout] failures:
[INFO] [stdout] 
[INFO] [stdout] ---- src/structs/context.rs - structs::context::UnifyedContext::send (line 348) stdout ----
[INFO] [stdout] error[E0425]: cannot find value `ctx` in this scope
[INFO] [stdout]  --> src/structs/context.rs:349:1
[INFO] [stdout]   |
[INFO] [stdout] 3 | ctx.send("Hello, world!");
[INFO] [stdout]   | ^^^ not found in this scope
[INFO] [stdout] 
[INFO] [stdout] error: aborting due to 1 previous error
[INFO] [stdout] 
[INFO] [stdout] For more information about this error, try `rustc --explain E0425`.
[INFO] [stdout] Couldn't compile the test.
[INFO] [stdout] ---- src/structs/context.rs - structs::context::UnifyedContext::send_attachment_files (line 567) stdout ----
[INFO] [stdout] error[E0425]: cannot find value `ctx` in this scope
[INFO] [stdout]  --> src/structs/context.rs:570:1
[INFO] [stdout]   |
[INFO] [stdout] 6 | ctx.send_attachment_files(
[INFO] [stdout]   | ^^^ not found in this scope
[INFO] [stdout] 
[INFO] [stdout] error[E0728]: `await` is only allowed inside `async` functions and blocks
[INFO] [stdout]   --> src/structs/context.rs:575:13
[INFO] [stdout]    |
[INFO] [stdout] 4  | fn main() { #[allow(non_snake_case)] fn _doctest_main_src_structs_context_rs_567_0() {
[INFO] [stdout]    |                                      ----------------------------------------------- this is not `async`
[INFO] [stdout] ...
[INFO] [stdout] 11 |            .await
[INFO] [stdout]    |             ^^^^^ only allowed inside `async` functions and blocks
[INFO] [stdout] 
[INFO] [stdout] error[E0728]: `await` is only allowed inside `async` functions and blocks
[INFO] [stdout]   --> src/structs/context.rs:579:3
[INFO] [stdout]    |
[INFO] [stdout] 4  | fn main() { #[allow(non_snake_case)] fn _doctest_main_src_structs_context_rs_567_0() {
[INFO] [stdout]    |                                      ----------------------------------------------- this is not `async`
[INFO] [stdout] ...
[INFO] [stdout] 15 | ).await;
[INFO] [stdout]    |   ^^^^^ only allowed inside `async` functions and blocks
[INFO] [stdout] 
[INFO] [stdout] error: aborting due to 3 previous errors
[INFO] [stdout] 
[INFO] [stdout] Some errors have detailed explanations: E0425, E0728.
[INFO] [stdout] For more information about an error, try `rustc --explain E0425`.
[INFO] [stdout] Couldn't compile the test.
[INFO] [stdout] ---- src/structs/context.rs - structs::context::UnifyedContext::get_data (line 705) stdout ----
[INFO] [stdout] error[E0425]: cannot find value `ctx` in this scope
[INFO] [stdout]  --> src/structs/context.rs:706:12
[INFO] [stdout]   |
[INFO] [stdout] 3 | let data = ctx.get_data::<String>().unwrap();
[INFO] [stdout]   |            ^^^ not found in this scope
[INFO] [stdout] 
[INFO] [stdout] error: aborting due to 1 previous error
[INFO] [stdout] 
[INFO] [stdout] For more information about this error, try `rustc --explain E0425`.
[INFO] [stdout] Couldn't compile the test.
[INFO] [stdout] ---- src/client/api_requests.rs - client::api_requests::api_call (line 18) stdout ----
[INFO] [stdout] error[E0425]: cannot find value `config` in this scope
[INFO] [stdout]  --> src/client/api_requests.rs:22:111
[INFO] [stdout]   |
[INFO] [stdout] 7 | let response = api_call(Platform::VK, "messages.send", vec![("peer_id", "1"), ("message", "Hello, world!")], &config).await;
[INFO] [stdout]   |                                                                                                               ^^^^^^ not found in this scope
[INFO] [stdout] 
[INFO] [stdout] error[E0728]: `await` is only allowed inside `async` functions and blocks
[INFO] [stdout]  --> src/client/api_requests.rs:22:119
[INFO] [stdout]   |
[INFO] [stdout] 4 | fn main() { #[allow(non_snake_case)] fn _doctest_main_src_client_api_requests_rs_18_0() {
[INFO] [stdout]   |                                      -------------------------------------------------- this is not `async`
[INFO] [stdout] ...
[INFO] [stdout] 7 | let response = api_call(Platform::VK, "messages.send", vec![("peer_id", "1"), ("message", "Hello, world!")], &config).await;
[INFO] [stdout]   |                                                                                                                       ^^^^^ only allowed inside `async` functions and blocks
[INFO] [stdout] 
[INFO] [stdout] error: aborting due to 2 previous errors
[INFO] [stdout] 
[INFO] [stdout] Some errors have detailed explanations: E0425, E0728.
[INFO] [stdout] For more information about an error, try `rustc --explain E0425`.
[INFO] [stdout] Couldn't compile the test.
[INFO] [stdout] ---- src/structs/context.rs - structs::context::UnifyedContext::get_event (line 715) stdout ----
[INFO] [stdout] error[E0425]: cannot find value `ctx` in this scope
[INFO] [stdout]  --> src/structs/context.rs:719:4
[INFO] [stdout]   |
[INFO] [stdout] 7 | if ctx.r#type == EventType::MessageNew {
[INFO] [stdout]   |    ^^^ not found in this scope
[INFO] [stdout] 
[INFO] [stdout] error[E0433]: failed to resolve: use of undeclared type `EventType`
[INFO] [stdout]  --> src/structs/context.rs:719:18
[INFO] [stdout]   |
[INFO] [stdout] 7 | if ctx.r#type == EventType::MessageNew {
[INFO] [stdout]   |                  ^^^^^^^^^ use of undeclared type `EventType`
[INFO] [stdout]   |
[INFO] [stdout] help: consider importing this enum
[INFO] [stdout]   |
[INFO] [stdout] 2 + use vtg::structs::context::EventType;
[INFO] [stdout]   |
[INFO] [stdout] 
[INFO] [stdout] error[E0425]: cannot find value `ctx` in this scope
[INFO] [stdout]  --> src/structs/context.rs:720:10
[INFO] [stdout]   |
[INFO] [stdout] 8 |    match ctx.platform {
[INFO] [stdout]   |          ^^^ not found in this scope
[INFO] [stdout] 
[INFO] [stdout] error[E0433]: failed to resolve: use of undeclared type `Platform`
[INFO] [stdout]  --> src/structs/context.rs:721:7
[INFO] [stdout]   |
[INFO] [stdout] 9 |       Platform::Telegram => {
[INFO] [stdout]   |       ^^^^^^^^ use of undeclared type `Platform`
[INFO] [stdout]   |
[INFO] [stdout] help: consider importing this enum
[INFO] [stdout]   |
[INFO] [stdout] 2 + use vtg::structs::context::Platform;
[INFO] [stdout]   |
[INFO] [stdout] 
[INFO] [stdout] error[E0425]: cannot find value `ctx` in this scope
[INFO] [stdout]   --> src/structs/context.rs:722:24
[INFO] [stdout]    |
[INFO] [stdout] 10 |            let event = ctx.get_event::<TGMessage>().unwrap();
[INFO] [stdout]    |                        ^^^ not found in this scope
[INFO] [stdout] 
[INFO] [stdout] error[E0433]: failed to resolve: use of undeclared type `Platform`
[INFO] [stdout]   --> src/structs/context.rs:725:8
[INFO] [stdout]    |
[INFO] [stdout] 13 |        Platform::VK => {
[INFO] [stdout]    |        ^^^^^^^^ use of undeclared type `Platform`
[INFO] [stdout]    |
[INFO] [stdout] help: consider importing this enum
[INFO] [stdout]    |
[INFO] [stdout] 2  + use vtg::structs::context::Platform;
[INFO] [stdout]    |
[INFO] [stdout] 
[INFO] [stdout] error[E0425]: cannot find value `ctx` in this scope
[INFO] [stdout]   --> src/structs/context.rs:726:24
[INFO] [stdout]    |
[INFO] [stdout] 14 |            let event = ctx.get_event::<VKMessageNew>().unwrap();
[INFO] [stdout]    |                        ^^^ not found in this scope
[INFO] [stdout] 
[INFO] [stdout] error: aborting due to 7 previous errors
[INFO] [stdout] 
[INFO] [stdout] Some errors have detailed explanations: E0425, E0433.
[INFO] [stdout] For more information about an error, try `rustc --explain E0425`.
[INFO] [stdout] Couldn't compile the test.
[INFO] [stdout] ---- src/structs/context.rs - structs::context::UnifyedContext::set_data (line 696) stdout ----
[INFO] [stdout] error[E0425]: cannot find value `ctx` in this scope
[INFO] [stdout]  --> src/structs/context.rs:697:1
[INFO] [stdout]   |
[INFO] [stdout] 3 | ctx.set_data("Hello, world!");
[INFO] [stdout]   | ^^^ not found in this scope
[INFO] [stdout] 
[INFO] [stdout] error: aborting due to 1 previous error
[INFO] [stdout] 
[INFO] [stdout] For more information about this error, try `rustc --explain E0425`.
[INFO] [stdout] Couldn't compile the test.
[INFO] [stdout] ---- src/structs/context.rs - structs::context::UnifyedContext::message (line 312) stdout ----
[INFO] [stdout] error[E0425]: cannot find value `ctx` in this scope
[INFO] [stdout]  --> src/structs/context.rs:314:1
[INFO] [stdout]   |
[INFO] [stdout] 5 | ctx.message("пива бы.")
[INFO] [stdout]   | ^^^ not found in this scope
[INFO] [stdout] 
[INFO] [stdout] error[E0433]: failed to resolve: use of undeclared type `KeyboardButton`
[INFO] [stdout]  --> src/structs/context.rs:316:18
[INFO] [stdout]   |
[INFO] [stdout] 7 |        vec![vec![KeyboardButton::Text {
[INFO] [stdout]   |                  ^^^^^^^^^^^^^^ use of undeclared type `KeyboardButton`
[INFO] [stdout]   |
[INFO] [stdout] help: consider importing this enum
[INFO] [stdout]   |
[INFO] [stdout] 2 + use vtg::structs::keyboard::KeyboardButton;
[INFO] [stdout]   |
[INFO] [stdout] 
[INFO] [stdout] error[E0433]: failed to resolve: use of undeclared type `Color`
[INFO] [stdout]  --> src/structs/context.rs:317:19
[INFO] [stdout]   |
[INFO] [stdout] 8 |            color: Color::Positive,
[INFO] [stdout]   |                   ^^^^^ use of undeclared type `Color`
[INFO] [stdout]   |
[INFO] [stdout] help: consider importing one of these enums
[INFO] [stdout]   |
[INFO] [stdout] 2 + use env_logger::fmt::Color;
[INFO] [stdout]   |
[INFO] [stdout] 2 + use vtg::structs::keyboard::Color;
[INFO] [stdout]   |
[INFO] [stdout] 
[INFO] [stdout] error[E0425]: cannot find function `to_value` in this scope
[INFO] [stdout]   --> src/structs/context.rs:319:23
[INFO] [stdout]    |
[INFO] [stdout] 10 |            data: Some(to_value("{\"text\": \"hello\"}".to_string()).unwrap()),
[INFO] [stdout]    |                       ^^^^^^^^ not found in this scope
[INFO] [stdout]    |
[INFO] [stdout] help: consider importing this function
[INFO] [stdout]    |
[INFO] [stdout] 2  + use serde_json::to_value;
[INFO] [stdout]    |
[INFO] [stdout] 
[INFO] [stdout] error[E0425]: cannot find value `ctx` in this scope
[INFO] [stdout]   --> src/structs/context.rs:323:9
[INFO] [stdout]    |
[INFO] [stdout] 14 |        &ctx.platform,
[INFO] [stdout]    |         ^^^ not found in this scope
[INFO] [stdout] 
[INFO] [stdout] error[E0433]: failed to resolve: use of undeclared crate or module `vk_api`
[INFO] [stdout]   --> src/structs/context.rs:325:16
[INFO] [stdout]    |
[INFO] [stdout] 16 |    .vk_options(vk_api::VKMessagesSendOptions {
[INFO] [stdout]    |                ^^^^^^ use of undeclared crate or module `vk_api`
[INFO] [stdout]    |
[INFO] [stdout] help: consider importing this module
[INFO] [stdout]    |
[INFO] [stdout] 2  + use vtg::structs::vk_api;
[INFO] [stdout]    |
[INFO] [stdout] 
[INFO] [stdout] error[E0433]: failed to resolve: use of undeclared crate or module `tg_api`
[INFO] [stdout]   --> src/structs/context.rs:329:16
[INFO] [stdout]    |
[INFO] [stdout] 20 |    .tg_options(tg_api::TGSendMessageOptions {
[INFO] [stdout]    |                ^^^^^^ use of undeclared crate or module `tg_api`
[INFO] [stdout]    |
[INFO] [stdout] help: consider importing this module
[INFO] [stdout]    |
[INFO] [stdout] 2  + use vtg::structs::tg_api;
[INFO] [stdout]    |
[INFO] [stdout] 
[INFO] [stdout] error[E0728]: `await` is only allowed inside `async` functions and blocks
[INFO] [stdout]   --> src/structs/context.rs:334:5
[INFO] [stdout]    |
[INFO] [stdout] 4  | fn main() { #[allow(non_snake_case)] fn _doctest_main_src_structs_context_rs_312_0() {
[INFO] [stdout]    |                                      ----------------------------------------------- this is not `async`
[INFO] [stdout] ...
[INFO] [stdout] 25 |    .await;
[INFO] [stdout]    |     ^^^^^ only allowed inside `async` functions and blocks
[INFO] [stdout] 
[INFO] [stdout] error: aborting due to 8 previous errors
[INFO] [stdout] 
[INFO] [stdout] Some errors have detailed explanations: E0425, E0433, E0728.
[INFO] [stdout] For more information about an error, try `rustc --explain E0425`.
[INFO] [stdout] Couldn't compile the test.
[INFO] [stdout] ---- src/structs/context.rs - structs::context::UnifyedContext::send_attachments (line 621) stdout ----
[INFO] [stdout] error[E0425]: cannot find value `ctx` in this scope
[INFO] [stdout]  --> src/structs/context.rs:624:1
[INFO] [stdout]   |
[INFO] [stdout] 6 | ctx.send_attachments(
[INFO] [stdout]   | ^^^ not found in this scope
[INFO] [stdout] 
[INFO] [stdout] error[E0433]: failed to resolve: use of undeclared type `FileType`
[INFO] [stdout]   --> src/structs/context.rs:630:19
[INFO] [stdout]    |
[INFO] [stdout] 12 |            ftype: FileType::Photo,
[INFO] [stdout]    |                   ^^^^^^^^ use of undeclared type `FileType`
[INFO] [stdout]    |
[INFO] [stdout] help: consider importing one of these items
[INFO] [stdout]    |
[INFO] [stdout] 2  + use std::fs::FileType;
[INFO] [stdout]    |
[INFO] [stdout] 2  + use vtg::client::requests::FileType;
[INFO] [stdout]    |
[INFO] [stdout] 
[INFO] [stdout] error[E0433]: failed to resolve: use of undeclared type `FileType`
[INFO] [stdout]   --> src/structs/context.rs:636:19
[INFO] [stdout]    |
[INFO] [stdout] 18 |            ftype: FileType::Photo,
[INFO] [stdout]    |                   ^^^^^^^^ use of undeclared type `FileType`
[INFO] [stdout]    |
[INFO] [stdout] help: consider importing one of these items
[INFO] [stdout]    |
[INFO] [stdout] 2  + use std::fs::FileType;
[INFO] [stdout]    |
[INFO] [stdout] 2  + use vtg::client::requests::FileType;
[INFO] [stdout]    |
[INFO] [stdout] 
[INFO] [stdout] error[E0728]: `await` is only allowed inside `async` functions and blocks
[INFO] [stdout]   --> src/structs/context.rs:640:5
[INFO] [stdout]    |
[INFO] [stdout] 4  | fn main() { #[allow(non_snake_case)] fn _doctest_main_src_structs_context_rs_621_0() {
[INFO] [stdout]    |                                      ----------------------------------------------- this is not `async`
[INFO] [stdout] ...
[INFO] [stdout] 22 |    .await;
[INFO] [stdout]    |     ^^^^^ only allowed inside `async` functions and blocks
[INFO] [stdout] 
[INFO] [stdout] error: aborting due to 4 previous errors
[INFO] [stdout] 
[INFO] [stdout] Some errors have detailed explanations: E0425, E0433, E0728.
[INFO] [stdout] For more information about an error, try `rustc --explain E0425`.
[INFO] [stdout] Couldn't compile the test.
[INFO] [stdout] ---- src/structs/context.rs - structs::context::UnifyedContext::send_with_options (line 514) stdout ----
[INFO] [stdout] error[E0432]: unresolved import `vtg::vk_api`
[INFO] [stdout]  --> src/structs/context.rs:517:10
[INFO] [stdout]   |
[INFO] [stdout] 6 | use vtg::vk_api::VKMessagesSendOptions;
[INFO] [stdout]   |          ^^^^^^ could not find `vk_api` in `vtg`
[INFO] [stdout] 
[INFO] [stdout] error[E0432]: unresolved import `vtg::tg_api`
[INFO] [stdout]  --> src/structs/context.rs:518:10
[INFO] [stdout]   |
[INFO] [stdout] 7 | use vtg::tg_api::TGSendMessageOptions;
[INFO] [stdout]   |          ^^^^^^ could not find `tg_api` in `vtg`
[INFO] [stdout] 
[INFO] [stdout] error[E0425]: cannot find value `ctx` in this scope
[INFO] [stdout]  --> src/structs/context.rs:519:1
[INFO] [stdout]   |
[INFO] [stdout] 8 | ctx.send_with_options(
[INFO] [stdout]   | ^^^ not found in this scope
[INFO] [stdout] 
[INFO] [stdout] error[E0425]: cannot find value `ctx` in this scope
[INFO] [stdout]   --> src/structs/context.rs:524:26
[INFO] [stdout]    |
[INFO] [stdout] 13 |            peer_id: Some(ctx.peer_id),
[INFO] [stdout]    |                          ^^^ not found in this scope
[INFO] [stdout] 
[INFO] [stdout] error[E0425]: cannot find value `ctx` in this scope
[INFO] [stdout]   --> src/structs/context.rs:529:26
[INFO] [stdout]    |
[INFO] [stdout] 18 |            chat_id: Some(ctx.peer_id),
[INFO] [stdout]    |                          ^^^ not found in this scope
[INFO] [stdout] 
[INFO] [stdout] error: aborting due to 5 previous errors
[INFO] [stdout] 
[INFO] [stdout] Some errors have detailed explanations: E0425, E0432.
[INFO] [stdout] For more information about an error, try `rustc --explain E0425`.
[INFO] [stdout] Couldn't compile the test.
[INFO] [stdout] ---- src/structs/context.rs - structs::context::UnifyedContext::send_with_html (line 393) stdout ----
[INFO] [stdout] error[E0425]: cannot find value `ctx` in this scope
[INFO] [stdout]  --> src/structs/context.rs:394:1
[INFO] [stdout]   |
[INFO] [stdout] 3 | ctx.send_with_html("<b>Hello, world!</b>");
[INFO] [stdout]   | ^^^ not found in this scope
[INFO] [stdout] 
[INFO] [stdout] error: aborting due to 1 previous error
[INFO] [stdout] 
[INFO] [stdout] For more information about this error, try `rustc --explain E0425`.
[INFO] [stdout] Couldn't compile the test.
[INFO] [stdout] ---- src/structs/context.rs - structs::context::UnifyedContext::get_attachments (line 738) stdout ----
[INFO] [stdout] error[E0425]: cannot find value `ctx` in this scope
[INFO] [stdout]  --> src/structs/context.rs:742:9
[INFO] [stdout]   |
[INFO] [stdout] 7 |   match ctx.platform {
[INFO] [stdout]   |         ^^^ not found in this scope
[INFO] [stdout] 
[INFO] [stdout] error[E0433]: failed to resolve: use of undeclared type `Platform`
[INFO] [stdout]  --> src/structs/context.rs:743:6
[INFO] [stdout]   |
[INFO] [stdout] 8 |      Platform::Telegram => {
[INFO] [stdout]   |      ^^^^^^^^ use of undeclared type `Platform`
[INFO] [stdout]   |
[INFO] [stdout] help: consider importing this enum
[INFO] [stdout]   |
[INFO] [stdout] 2 + use vtg::structs::context::Platform;
[INFO] [stdout]   |
[INFO] [stdout] 
[INFO] [stdout] error[E0425]: cannot find value `ctx` in this scope
[INFO] [stdout]  --> src/structs/context.rs:744:28
[INFO] [stdout]   |
[INFO] [stdout] 9 |           let attachment = ctx.get_attachments::<TGAttachment>().unwrap();
[INFO] [stdout]   |                            ^^^ not found in this scope
[INFO] [stdout] 
[INFO] [stdout] error[E0425]: cannot find value `event` in this scope
[INFO] [stdout]   --> src/structs/context.rs:745:28
[INFO] [stdout]    |
[INFO] [stdout] 10 |           println!("{:?}", event);
[INFO] [stdout]    |                            ^^^^^ not found in this scope
[INFO] [stdout] 
[INFO] [stdout] error[E0433]: failed to resolve: use of undeclared type `Platform`
[INFO] [stdout]   --> src/structs/context.rs:747:7
[INFO] [stdout]    |
[INFO] [stdout] 12 |       Platform::VK => {
[INFO] [stdout]    |       ^^^^^^^^ use of undeclared type `Platform`
[INFO] [stdout]    |
[INFO] [stdout] help: consider importing this enum
[INFO] [stdout]    |
[INFO] [stdout] 2  + use vtg::structs::context::Platform;
[INFO] [stdout]    |
[INFO] [stdout] 
[INFO] [stdout] error[E0425]: cannot find value `ctx` in this scope
[INFO] [stdout]   --> src/structs/context.rs:748:28
[INFO] [stdout]    |
[INFO] [stdout] 13 |           let attachment = ctx.get_attachments::<VKAttachment>().unwrap();
[INFO] [stdout]    |                            ^^^ not found in this scope
[INFO] [stdout] 
[INFO] [stdout] error[E0425]: cannot find value `event` in this scope
[INFO] [stdout]   --> src/structs/context.rs:749:28
[INFO] [stdout]    |
[INFO] [stdout] 14 |           println!("{:?}", event);
[INFO] [stdout]    |                            ^^^^^ not found in this scope
[INFO] [stdout] 
[INFO] [stdout] error: aborting due to 7 previous errors
[INFO] [stdout] 
[INFO] [stdout] Some errors have detailed explanations: E0425, E0433.
[INFO] [stdout] For more information about an error, try `rustc --explain E0425`.
[INFO] [stdout] Couldn't compile the test.
[INFO] [stdout] ---- src/structs/context.rs - structs::context::MessageBuilder::send (line 178) stdout ----
[INFO] [stdout] error[E0425]: cannot find value `ctx` in this scope
[INFO] [stdout]  --> src/structs/context.rs:180:1
[INFO] [stdout]   |
[INFO] [stdout] 5 | ctx.message("Привет")
[INFO] [stdout]   | ^^^ not found in this scope
[INFO] [stdout] 
[INFO] [stdout] error[E0433]: failed to resolve: use of undeclared type `KeyboardButton`
[INFO] [stdout]  --> src/structs/context.rs:182:18
[INFO] [stdout]   |
[INFO] [stdout] 7 |        vec![vec![KeyboardButton::Text {
[INFO] [stdout]   |                  ^^^^^^^^^^^^^^ use of undeclared type `KeyboardButton`
[INFO] [stdout]   |
[INFO] [stdout] help: consider importing this enum
[INFO] [stdout]   |
[INFO] [stdout] 2 + use vtg::structs::keyboard::KeyboardButton;
[INFO] [stdout]   |
[INFO] [stdout] 
[INFO] [stdout] error[E0433]: failed to resolve: use of undeclared type `Color`
[INFO] [stdout]  --> src/structs/context.rs:183:19
[INFO] [stdout]   |
[INFO] [stdout] 8 |            color: Color::Positive,
[INFO] [stdout]   |                   ^^^^^ use of undeclared type `Color`
[INFO] [stdout]   |
[INFO] [stdout] help: consider importing one of these enums
[INFO] [stdout]   |
[INFO] [stdout] 2 + use env_logger::fmt::Color;
[INFO] [stdout]   |
[INFO] [stdout] 2 + use vtg::structs::keyboard::Color;
[INFO] [stdout]   |
[INFO] [stdout] 
[INFO] [stdout] error[E0425]: cannot find function `to_value` in this scope
[INFO] [stdout]   --> src/structs/context.rs:185:23
[INFO] [stdout]    |
[INFO] [stdout] 10 |            data: Some(to_value("{\"text\": \"hello\"}".to_string()).unwrap()),
[INFO] [stdout]    |                       ^^^^^^^^ not found in this scope
[INFO] [stdout]    |
[INFO] [stdout] help: consider importing this function
[INFO] [stdout]    |
[INFO] [stdout] 2  + use serde_json::to_value;
[INFO] [stdout]    |
[INFO] [stdout] 
[INFO] [stdout] error[E0425]: cannot find value `ctx` in this scope
[INFO] [stdout]   --> src/structs/context.rs:189:9
[INFO] [stdout]    |
[INFO] [stdout] 14 |        &ctx.platform,
[INFO] [stdout]    |         ^^^ not found in this scope
[INFO] [stdout] 
[INFO] [stdout] error[E0433]: failed to resolve: use of undeclared crate or module `vk_api`
[INFO] [stdout]   --> src/structs/context.rs:191:16
[INFO] [stdout]    |
[INFO] [stdout] 16 |    .vk_options(vk_api::VKMessagesSendOptions {
[INFO] [stdout]    |                ^^^^^^ use of undeclared crate or module `vk_api`
[INFO] [stdout]    |
[INFO] [stdout] help: consider importing this module
[INFO] [stdout]    |
[INFO] [stdout] 2  + use vtg::structs::vk_api;
[INFO] [stdout]    |
[INFO] [stdout] 
[INFO] [stdout] error[E0433]: failed to resolve: use of undeclared crate or module `tg_api`
[INFO] [stdout]   --> src/structs/context.rs:195:16
[INFO] [stdout]    |
[INFO] [stdout] 20 |    .tg_options(tg_api::TGSendMessageOptions {
[INFO] [stdout]    |                ^^^^^^ use of undeclared crate or module `tg_api`
[INFO] [stdout]    |
[INFO] [stdout] help: consider importing this module
[INFO] [stdout]    |
[INFO] [stdout] 2  + use vtg::structs::tg_api;
[INFO] [stdout]    |
[INFO] [stdout] 
[INFO] [stdout] error[E0728]: `await` is only allowed inside `async` functions and blocks
[INFO] [stdout]   --> src/structs/context.rs:200:5
[INFO] [stdout]    |
[INFO] [stdout] 4  | fn main() { #[allow(non_snake_case)] fn _doctest_main_src_structs_context_rs_178_0() {
[INFO] [stdout]    |                                      ----------------------------------------------- this is not `async`
[INFO] [stdout] ...
[INFO] [stdout] 25 |    .await;
[INFO] [stdout]    |     ^^^^^ only allowed inside `async` functions and blocks
[INFO] [stdout] 
[INFO] [stdout] error: aborting due to 8 previous errors
[INFO] [stdout] 
[INFO] [stdout] Some errors have detailed explanations: E0425, E0433, E0728.
[INFO] [stdout] For more information about an error, try `rustc --explain E0425`.
[INFO] [stdout] Couldn't compile the test.
[INFO] [stdout] ---- src/structs/context.rs - structs::context::UnifyedContext::send_with_keyboard (line 445) stdout ----
[INFO] [stdout] error[E0425]: cannot find value `ctx` in this scope
[INFO] [stdout]  --> src/structs/context.rs:448:1
[INFO] [stdout]   |
[INFO] [stdout] 6 | ctx.send_with_keyboard("Hello, world!", Keyboard::new(vec![vec![KeyboardButton::Text {
[INFO] [stdout]   | ^^^ not found in this scope
[INFO] [stdout] 
[INFO] [stdout] error[E0425]: cannot find function `to_value` in this scope
[INFO] [stdout]  --> src/structs/context.rs:451:14
[INFO] [stdout]   |
[INFO] [stdout] 9 |   data: Some(to_value("{\"text\": \"hello\"}".to_string()).unwrap()),
[INFO] [stdout]   |              ^^^^^^^^ not found in this scope
[INFO] [stdout]   |
[INFO] [stdout] help: consider importing this function
[INFO] [stdout]   |
[INFO] [stdout] 2 + use serde_json::to_value;
[INFO] [stdout]   |
[INFO] [stdout] 
[INFO] [stdout] error[E0425]: cannot find value `ctx` in this scope
[INFO] [stdout]   --> src/structs/context.rs:452:20
[INFO] [stdout]    |
[INFO] [stdout] 10 | }]], true, false, &ctx.platform));
[INFO] [stdout]    |                    ^^^ not found in this scope
[INFO] [stdout] 
[INFO] [stdout] error: aborting due to 3 previous errors
[INFO] [stdout] 
[INFO] [stdout] For more information about this error, try `rustc --explain E0425`.
[INFO] [stdout] Couldn't compile the test.
[INFO] [stdout] ---- src/structs/middleware.rs - structs::middleware::MiddlewareChain (line 21) stdout ----
[INFO] [stdout] error: expected `;`, found keyword `async`
[INFO] [stdout]   --> src/structs/middleware.rs:28:2
[INFO] [stdout]    |
[INFO] [stdout] 10 | }
[INFO] [stdout]    |  ^ help: add `;` here
[INFO] [stdout] 11 | async fn catch_new_message(ctx: UnifyedContext) -> UnifyedContext {
[INFO] [stdout]    | ----- unexpected token
[INFO] [stdout] 
[INFO] [stdout] error: aborting due to 1 previous error
[INFO] [stdout] 
[INFO] [stdout] Couldn't compile the test.
[INFO] [stdout] ---- src/client.rs - client::start_longpoll_client (line 122) stdout ----
[INFO] [stdout] error: linking with `cc` failed: exit status: 1
[INFO] [stdout]   |
[INFO] [stdout]   = note: LC_ALL="C" PATH="/opt/rustwide/rustup-home/toolchains/1.83.0-x86_64-unknown-linux-gnu/lib/rustlib/x86_64-unknown-linux-gnu/bin:/opt/rustwide/cargo-home/bin:/usr/local/sbin:/usr/local/bin:/usr/sbin:/usr/bin:/sbin:/bin" VSLANG="1033" "cc" "-m64" "/tmp/rustcqLGtwA/symbols.o" "/tmp/rustdoctestyT2ZZL/rust_out.rust_out.cb03291d53e4e161-cgu.0.rcgu.o" "/tmp/rustdoctestyT2ZZL/rust_out.1s7umcihpz0t7nkz1uc2ifee9.rcgu.o" "-Wl,--as-needed" "-Wl,-Bstatic" "/opt/rustwide/target/debug/deps/libvtg-43aa6328f6f819cf.rlib" "/opt/rustwide/target/debug/deps/libform_urlencoded-c78dbb3ddb5d0250.rlib" "/opt/rustwide/target/debug/deps/libpercent_encoding-92a0af2303900d7c.rlib" "/opt/rustwide/target/debug/deps/libserde_with-79a3fbd3a9430a9e.rlib" "/opt/rustwide/target/debug/deps/librand-213b1ca8ac26ef17.rlib" "/opt/rustwide/target/debug/deps/librand_chacha-ac225375ac2754e0.rlib" "/opt/rustwide/target/debug/deps/libppv_lite86-c663305ef3ec04ad.rlib" "/opt/rustwide/target/debug/deps/librand_core-6993a5ee26e7292b.rlib" "/opt/rustwide/target/debug/deps/libgetrandom-a5d71261fc14c3b1.rlib" "/opt/rustwide/target/debug/deps/liblazy_static-8c0bb59ebbb3df6c.rlib" "/opt/rustwide/target/debug/deps/libhyper_tls-5ecb597972714673.rlib" "/opt/rustwide/target/debug/deps/libtokio_native_tls-e0f0182bb572c559.rlib" "/opt/rustwide/target/debug/deps/libhyper_util-81bc9e475d6068b2.rlib" "/opt/rustwide/target/debug/deps/libtower-c327edef6eb918fe.rlib" "/opt/rustwide/target/debug/deps/libpin_project-1a7696b15396bd9e.rlib" "/opt/rustwide/target/debug/deps/libtower_layer-7544e9fa4f3b4716.rlib" "/opt/rustwide/target/debug/deps/libtower_service-368ccdc980bf098e.rlib" "/opt/rustwide/target/debug/deps/libnative_tls-0de8770e1e1893b5.rlib" "/opt/rustwide/target/debug/deps/libopenssl_probe-111dcb0b3b714b0f.rlib" "/opt/rustwide/target/debug/deps/libopenssl-1e61ece042bf2298.rlib" "/opt/rustwide/target/debug/deps/libbitflags-e7aaee72c7192c79.rlib" "/opt/rustwide/target/debug/deps/libforeign_types-504d8dbdd27ff197.rlib" "/opt/rustwide/target/debug/deps/libforeign_types_shared-f6b6a54f87ce1292.rlib" "/opt/rustwide/target/debug/deps/libopenssl_sys-eb553bf08294363c.rlib" "/opt/rustwide/target/debug/deps/libhyper-860981c934eb007d.rlib" "/opt/rustwide/target/debug/deps/libwant-6d04f41aaa4e5be1.rlib" "/opt/rustwide/target/debug/deps/libtry_lock-81d714ce15cc998f.rlib" "/opt/rustwide/target/debug/deps/libhttparse-2de3bd6857c7610a.rlib" "/opt/rustwide/target/debug/deps/libh2-a2ae2c5f1a722360.rlib" "/opt/rustwide/target/debug/deps/libindexmap-7e01adb0e72a7747.rlib" "/opt/rustwide/target/debug/deps/libequivalent-4d5cfde55792e26d.rlib" "/opt/rustwide/target/debug/deps/libhashbrown-68b2cff6e7d551d8.rlib" "/opt/rustwide/target/debug/deps/libslab-73ec796c16e887b6.rlib" "/opt/rustwide/target/debug/deps/libtokio_util-f8678f6d1d11f65a.rlib" "/opt/rustwide/target/debug/deps/libtracing-9007b9ac2e58e14d.rlib" "/opt/rustwide/target/debug/deps/libtracing_core-bd8c9fd80d7a439f.rlib" "/opt/rustwide/target/debug/deps/libonce_cell-192c27a8db469ef4.rlib" "/opt/rustwide/target/debug/deps/libfutures_sink-255b69769edac13c.rlib" "/opt/rustwide/target/debug/deps/libtokio-3fbf35694f3bd91c.rlib" "/opt/rustwide/target/debug/deps/libsignal_hook_registry-4bf26b298b04c8da.rlib" "/opt/rustwide/target/debug/deps/libnum_cpus-e8ebfe7a8efe48c8.rlib" "/opt/rustwide/target/debug/deps/libsocket2-f6dd2b92b3e4a616.rlib" "/opt/rustwide/target/debug/deps/libmio-70803fb2e5f97ba2.rlib" "/opt/rustwide/target/debug/deps/libparking_lot-93f644991d28faaf.rlib" "/opt/rustwide/target/debug/deps/libparking_lot_core-d2daadd3e6baaa9a.rlib" "/opt/rustwide/target/debug/deps/liblibc-ec0f6d465543af64.rlib" "/opt/rustwide/target/debug/deps/libcfg_if-8217498f8667ada9.rlib" "/opt/rustwide/target/debug/deps/libsmallvec-849d8920e1241fa9.rlib" "/opt/rustwide/target/debug/deps/liblock_api-c5ea4535f37e2fec.rlib" "/opt/rustwide/target/debug/deps/libscopeguard-d59b845c07f126eb.rlib" "/opt/rustwide/target/debug/deps/libhttpdate-b9f758d21a0e98fe.rlib" "/opt/rustwide/target/debug/deps/libfutures_util-3820280d837b1cec.rlib" "/opt/rustwide/target/debug/deps/libfutures_task-0adaaa66ef6d319d.rlib" "/opt/rustwide/target/debug/deps/libpin_utils-6bd6355de79f98af.rlib" "/opt/rustwide/target/debug/deps/libfutures_channel-2c3a76dd4e08bac0.rlib" "/opt/rustwide/target/debug/deps/libhttp_body_util-d7fc7e32f4deadd1.rlib" "/opt/rustwide/target/debug/deps/libfutures_core-e42c5b1795093a69.rlib" "/opt/rustwide/target/debug/deps/libpin_project_lite-2458b3995685a4b3.rlib" "/opt/rustwide/target/debug/deps/libhttp_body-ad9e4ac3dd17b271.rlib" "/opt/rustwide/target/debug/deps/libhttp-a78fc1a7c83b45df.rlib" "/opt/rustwide/target/debug/deps/libfnv-b4bd047f342dff07.rlib" "/opt/rustwide/target/debug/deps/libbytes-de56c2ce5fbc2bf0.rlib" "/opt/rustwide/target/debug/deps/libserde_json-22800807a6e8dbcc.rlib" "/opt/rustwide/target/debug/deps/libryu-b85f6774b03a2394.rlib" "/opt/rustwide/target/debug/deps/libitoa-1d86a7936f3b5dcd.rlib" "/opt/rustwide/target/debug/deps/libserde-873cf16564093217.rlib" "/opt/rustwide/target/debug/deps/liblog-113019cdfc5d301e.rlib" "/opt/rustwide/rustup-home/toolchains/1.83.0-x86_64-unknown-linux-gnu/lib/rustlib/x86_64-unknown-linux-gnu/lib/libstd-ca74a2d9c5166d9f.rlib" "/opt/rustwide/rustup-home/toolchains/1.83.0-x86_64-unknown-linux-gnu/lib/rustlib/x86_64-unknown-linux-gnu/lib/libpanic_unwind-e31ab23316ed5080.rlib" "/opt/rustwide/rustup-home/toolchains/1.83.0-x86_64-unknown-linux-gnu/lib/rustlib/x86_64-unknown-linux-gnu/lib/libobject-27dc4aa955912662.rlib" "/opt/rustwide/rustup-home/toolchains/1.83.0-x86_64-unknown-linux-gnu/lib/rustlib/x86_64-unknown-linux-gnu/lib/libmemchr-bd0d6cccce077b99.rlib" "/opt/rustwide/rustup-home/toolchains/1.83.0-x86_64-unknown-linux-gnu/lib/rustlib/x86_64-unknown-linux-gnu/lib/libaddr2line-8d001680935b5e3c.rlib" "/opt/rustwide/rustup-home/toolchains/1.83.0-x86_64-unknown-linux-gnu/lib/rustlib/x86_64-unknown-linux-gnu/lib/libgimli-ba8ce71964f984f4.rlib" "/opt/rustwide/rustup-home/toolchains/1.83.0-x86_64-unknown-linux-gnu/lib/rustlib/x86_64-unknown-linux-gnu/lib/librustc_demangle-99a73526abcec14b.rlib" "/opt/rustwide/rustup-home/toolchains/1.83.0-x86_64-unknown-linux-gnu/lib/rustlib/x86_64-unknown-linux-gnu/lib/libstd_detect-63ac0d22cff92579.rlib" "/opt/rustwide/rustup-home/toolchains/1.83.0-x86_64-unknown-linux-gnu/lib/rustlib/x86_64-unknown-linux-gnu/lib/libhashbrown-9057355c92c922d5.rlib" "/opt/rustwide/rustup-home/toolchains/1.83.0-x86_64-unknown-linux-gnu/lib/rustlib/x86_64-unknown-linux-gnu/lib/librustc_std_workspace_alloc-358be9bc1f6bab04.rlib" "/opt/rustwide/rustup-home/toolchains/1.83.0-x86_64-unknown-linux-gnu/lib/rustlib/x86_64-unknown-linux-gnu/lib/libminiz_oxide-aca15549d5bff974.rlib" "/opt/rustwide/rustup-home/toolchains/1.83.0-x86_64-unknown-linux-gnu/lib/rustlib/x86_64-unknown-linux-gnu/lib/libadler-8251d2cef7072448.rlib" "/opt/rustwide/rustup-home/toolchains/1.83.0-x86_64-unknown-linux-gnu/lib/rustlib/x86_64-unknown-linux-gnu/lib/libunwind-7d50b86011c66411.rlib" "/opt/rustwide/rustup-home/toolchains/1.83.0-x86_64-unknown-linux-gnu/lib/rustlib/x86_64-unknown-linux-gnu/lib/libcfg_if-51ea098fce5006bf.rlib" "/opt/rustwide/rustup-home/toolchains/1.83.0-x86_64-unknown-linux-gnu/lib/rustlib/x86_64-unknown-linux-gnu/lib/liblibc-5a14e0d0b712e731.rlib" "/opt/rustwide/rustup-home/toolchains/1.83.0-x86_64-unknown-linux-gnu/lib/rustlib/x86_64-unknown-linux-gnu/lib/liballoc-8b83dbf3a7b8f999.rlib" "/opt/rustwide/rustup-home/toolchains/1.83.0-x86_64-unknown-linux-gnu/lib/rustlib/x86_64-unknown-linux-gnu/lib/librustc_std_workspace_core-c6fd227bdc7b39ff.rlib" "/opt/rustwide/rustup-home/toolchains/1.83.0-x86_64-unknown-linux-gnu/lib/rustlib/x86_64-unknown-linux-gnu/lib/libcore-959d3389fa3da8a5.rlib" "/opt/rustwide/rustup-home/toolchains/1.83.0-x86_64-unknown-linux-gnu/lib/rustlib/x86_64-unknown-linux-gnu/lib/libcompiler_builtins-abe05db089cc2c62.rlib" "-Wl,-Bdynamic" "-lssl" "-lcrypto" "-lgcc_s" "-lutil" "-lrt" "-lpthread" "-lm" "-ldl" "-lc" "-Wl,--eh-frame-hdr" "-Wl,-z,noexecstack" "-L" "/opt/rustwide/rustup-home/toolchains/1.83.0-x86_64-unknown-linux-gnu/lib/rustlib/x86_64-unknown-linux-gnu/lib" "-o" "/tmp/rustdoctestyT2ZZL/rust_out" "-Wl,--gc-sections" "-pie" "-Wl,-z,relro,-z,now" "-nodefaultlibs"
[INFO] [stdout]   = note: collect2: fatal error: ld terminated with signal 9 [Killed]
[INFO] [stdout]           compilation terminated.
[INFO] [stdout]           
[INFO] [stdout] 
[INFO] [stdout] error: aborting due to 1 previous error
[INFO] [stdout] 
[INFO] [stdout] Couldn't compile the test.
[INFO] [stdout] ---- src/lib.rs - (line 19) stdout ----
[INFO] [stdout] Test executable failed (exit status: 101).
[INFO] [stdout] 
[INFO] [stdout] stderr:
[INFO] [stdout] thread 'main' panicked at src/lib.rs:22:54:
[INFO] [stdout] called `Result::unwrap()` on an `Err` value: NotPresent
[INFO] [stdout] stack backtrace:
[INFO] [stdout]    0:     0x56bb873828aa - std::backtrace_rs::backtrace::libunwind::trace::h5a5b8284f2d0c266
[INFO] [stdout]                                at /rustc/90b35a6239c3d8bdabc530a6a0816f7ff89a0aaf/library/std/src/../../backtrace/src/backtrace/libunwind.rs:116:5
[INFO] [stdout]    1:     0x56bb873828aa - std::backtrace_rs::backtrace::trace_unsynchronized::h76d4f1c9b0b875e3
[INFO] [stdout]                                at /rustc/90b35a6239c3d8bdabc530a6a0816f7ff89a0aaf/library/std/src/../../backtrace/src/backtrace/mod.rs:66:5
[INFO] [stdout]    2:     0x56bb873828aa - std::sys::backtrace::_print_fmt::hc4546b8364a537c6
[INFO] [stdout]                                at /rustc/90b35a6239c3d8bdabc530a6a0816f7ff89a0aaf/library/std/src/sys/backtrace.rs:66:9
[INFO] [stdout]    3:     0x56bb873828aa - <std::sys::backtrace::BacktraceLock::print::DisplayBacktrace as core::fmt::Display>::fmt::h5b6bd5631a6d1f6b
[INFO] [stdout]                                at /rustc/90b35a6239c3d8bdabc530a6a0816f7ff89a0aaf/library/std/src/sys/backtrace.rs:39:26
[INFO] [stdout]    4:     0x56bb873a6383 - core::fmt::rt::Argument::fmt::h270f6602a2b96f62
[INFO] [stdout]                                at /rustc/90b35a6239c3d8bdabc530a6a0816f7ff89a0aaf/library/core/src/fmt/rt.rs:177:76
[INFO] [stdout]    5:     0x56bb873a6383 - core::fmt::write::h7550c97b06c86515
[INFO] [stdout]                                at /rustc/90b35a6239c3d8bdabc530a6a0816f7ff89a0aaf/library/core/src/fmt/mod.rs:1186:21
[INFO] [stdout]    6:     0x56bb8737f813 - std::io::Write::write_fmt::h7b09c64fe0be9c84
[INFO] [stdout]                                at /rustc/90b35a6239c3d8bdabc530a6a0816f7ff89a0aaf/library/std/src/io/mod.rs:1839:15
[INFO] [stdout]    7:     0x56bb873826f2 - std::sys::backtrace::BacktraceLock::print::h2395ccd2c84ba3aa
[INFO] [stdout]                                at /rustc/90b35a6239c3d8bdabc530a6a0816f7ff89a0aaf/library/std/src/sys/backtrace.rs:42:9
[INFO] [stdout]    8:     0x56bb8738369c - std::panicking::default_hook::{{closure}}::he19d4c7230e07961
[INFO] [stdout]                                at /rustc/90b35a6239c3d8bdabc530a6a0816f7ff89a0aaf/library/std/src/panicking.rs:268:22
[INFO] [stdout]    9:     0x56bb873834e2 - std::panicking::default_hook::hf614597d3c67bbdb
[INFO] [stdout]                                at /rustc/90b35a6239c3d8bdabc530a6a0816f7ff89a0aaf/library/std/src/panicking.rs:295:9
[INFO] [stdout]   10:     0x56bb87383c77 - std::panicking::rust_panic_with_hook::h8942133a8b252070
[INFO] [stdout]                                at /rustc/90b35a6239c3d8bdabc530a6a0816f7ff89a0aaf/library/std/src/panicking.rs:801:13
[INFO] [stdout]   11:     0x56bb87383b0a - std::panicking::begin_panic_handler::{{closure}}::hb5f5963570096b29
[INFO] [stdout]                                at /rustc/90b35a6239c3d8bdabc530a6a0816f7ff89a0aaf/library/std/src/panicking.rs:674:13
[INFO] [stdout]   12:     0x56bb87382d89 - std::sys::backtrace::__rust_end_short_backtrace::h6208cedc1922feda
[INFO] [stdout]                                at /rustc/90b35a6239c3d8bdabc530a6a0816f7ff89a0aaf/library/std/src/sys/backtrace.rs:170:18
[INFO] [stdout]   13:     0x56bb8738379c - rust_begin_unwind
[INFO] [stdout]                                at /rustc/90b35a6239c3d8bdabc530a6a0816f7ff89a0aaf/library/std/src/panicking.rs:665:5
[INFO] [stdout]   14:     0x56bb86e96b80 - core::panicking::panic_fmt::h0c3082644d1bf418
[INFO] [stdout]                                at /rustc/90b35a6239c3d8bdabc530a6a0816f7ff89a0aaf/library/core/src/panicking.rs:74:14
[INFO] [stdout]   15:     0x56bb86e97066 - core::result::unwrap_failed::hd20b4aa073bda1e2
[INFO] [stdout]                                at /rustc/90b35a6239c3d8bdabc530a6a0816f7ff89a0aaf/library/core/src/result.rs:1700:5
[INFO] [stdout]   16:     0x56bb86ebbace - rust_out::main::{{closure}}::h23e0a6cdca3b38c2
[INFO] [stdout]   17:     0x56bb86eaa525 - tokio::runtime::park::CachedParkThread::block_on::{{closure}}::h2efb8163109592e5
[INFO] [stdout]   18:     0x56bb86eaa3b9 - tokio::runtime::park::CachedParkThread::block_on::he842fb11325f59a2
[INFO] [stdout]   19:     0x56bb86eb1132 - tokio::runtime::context::blocking::BlockingRegionGuard::block_on::h9b41abb170cb9e02
[INFO] [stdout]   20:     0x56bb86eb141c - tokio::runtime::scheduler::multi_thread::MultiThread::block_on::{{closure}}::hf00b110fb922e20a
[INFO] [stdout]   21:     0x56bb86eb0beb - tokio::runtime::context::runtime::enter_runtime::hf9a65b246fd98f42
[INFO] [stdout]   22:     0x56bb86eb139d - tokio::runtime::scheduler::multi_thread::MultiThread::block_on::hf1a0ac6bc16d35ed
[INFO] [stdout]   23:     0x56bb86eb12a9 - tokio::runtime::runtime::Runtime::block_on::ha9545810b0c98fd1
[INFO] [stdout]   24:     0x56bb86ebb8bb - rust_out::main::h86d391cc11b8a827
[INFO] [stdout]   25:     0x56bb86ea35c3 - core::ops::function::FnOnce::call_once::hd1e0b33d350e8c2e
[INFO] [stdout]   26:     0x56bb86e9c216 - std::sys::backtrace::__rust_begin_short_backtrace::hb7c4fd168269da08
[INFO] [stdout]   27:     0x56bb86e9c1f9 - std::rt::lang_start::{{closure}}::h7630186e3858a44d
[INFO] [stdout]   28:     0x56bb8737ca1e - core::ops::function::impls::<impl core::ops::function::FnOnce<A> for &F>::call_once::hfdb85f4ee94732d3
[INFO] [stdout]                                at /rustc/90b35a6239c3d8bdabc530a6a0816f7ff89a0aaf/library/core/src/ops/function.rs:284:13
[INFO] [stdout]   29:     0x56bb8737ca1e - std::panicking::try::do_call::h6e577310f330cbef
[INFO] [stdout]                                at /rustc/90b35a6239c3d8bdabc530a6a0816f7ff89a0aaf/library/std/src/panicking.rs:557:40
[INFO] [stdout]   30:     0x56bb8737ca1e - std::panicking::try::ha588d438267d2645
[INFO] [stdout]                                at /rustc/90b35a6239c3d8bdabc530a6a0816f7ff89a0aaf/library/std/src/panicking.rs:520:19
[INFO] [stdout]   31:     0x56bb8737ca1e - std::panic::catch_unwind::h429fda1e025f26d9
[INFO] [stdout]                                at /rustc/90b35a6239c3d8bdabc530a6a0816f7ff89a0aaf/library/std/src/panic.rs:358:14
[INFO] [stdout]   32:     0x56bb8737ca1e - std::rt::lang_start_internal::{{closure}}::h7b731265e841c4bf
[INFO] [stdout]                                at /rustc/90b35a6239c3d8bdabc530a6a0816f7ff89a0aaf/library/std/src/rt.rs:174:48
[INFO] [stdout]   33:     0x56bb8737ca1e - std::panicking::try::do_call::hc0f6a675b7ae5a36
[INFO] [stdout]                                at /rustc/90b35a6239c3d8bdabc530a6a0816f7ff89a0aaf/library/std/src/panicking.rs:557:40
[INFO] [stdout]   34:     0x56bb8737ca1e - std::panicking::try::h4c93b7ff0671f1ff
[INFO] [stdout]                                at /rustc/90b35a6239c3d8bdabc530a6a0816f7ff89a0aaf/library/std/src/panicking.rs:520:19
[INFO] [stdout]   35:     0x56bb8737ca1e - std::panic::catch_unwind::hcc1e154961d16ce6
[INFO] [stdout]                                at /rustc/90b35a6239c3d8bdabc530a6a0816f7ff89a0aaf/library/std/src/panic.rs:358:14
[INFO] [stdout]   36:     0x56bb8737ca1e - std::rt::lang_start_internal::h1c66660c99c8424c
[INFO] [stdout]                                at /rustc/90b35a6239c3d8bdabc530a6a0816f7ff89a0aaf/library/std/src/rt.rs:174:20
[INFO] [stdout]   37:     0x56bb86e9c1d7 - std::rt::lang_start::hcdb31f4834f76b8c
[INFO] [stdout]   38:     0x56bb86ebc405 - main
[INFO] [stdout]   39:     0x742426145d90 - <unknown>
[INFO] [stdout]   40:     0x742426145e40 - __libc_start_main
[INFO] [stdout]   41:     0x56bb86e97665 - _start
[INFO] [stdout]   42:                0x0 - <unknown>
[INFO] [stdout] 
[INFO] [stdout] 
[INFO] [stdout] ---- src/lib.rs - (line 52) stdout ----
[INFO] [stdout] Test executable failed (exit status: 101).
[INFO] [stdout] 
[INFO] [stdout] stderr:
[INFO] [stdout] thread 'main' panicked at src/lib.rs:22:54:
[INFO] [stdout] called `Result::unwrap()` on an `Err` value: NotPresent
[INFO] [stdout] stack backtrace:
[INFO] [stdout]    0:     0x5d9b12aff86a - std::backtrace_rs::backtrace::libunwind::trace::h5a5b8284f2d0c266
[INFO] [stdout]                                at /rustc/90b35a6239c3d8bdabc530a6a0816f7ff89a0aaf/library/std/src/../../backtrace/src/backtrace/libunwind.rs:116:5
[INFO] [stdout]    1:     0x5d9b12aff86a - std::backtrace_rs::backtrace::trace_unsynchronized::h76d4f1c9b0b875e3
[INFO] [stdout]                                at /rustc/90b35a6239c3d8bdabc530a6a0816f7ff89a0aaf/library/std/src/../../backtrace/src/backtrace/mod.rs:66:5
[INFO] [stdout]    2:     0x5d9b12aff86a - std::sys::backtrace::_print_fmt::hc4546b8364a537c6
[INFO] [stdout]                                at /rustc/90b35a6239c3d8bdabc530a6a0816f7ff89a0aaf/library/std/src/sys/backtrace.rs:66:9
[INFO] [stdout]    3:     0x5d9b12aff86a - <std::sys::backtrace::BacktraceLock::print::DisplayBacktrace as core::fmt::Display>::fmt::h5b6bd5631a6d1f6b
[INFO] [stdout]                                at /rustc/90b35a6239c3d8bdabc530a6a0816f7ff89a0aaf/library/std/src/sys/backtrace.rs:39:26
[INFO] [stdout]    4:     0x5d9b12b23363 - core::fmt::rt::Argument::fmt::h270f6602a2b96f62
[INFO] [stdout]                                at /rustc/90b35a6239c3d8bdabc530a6a0816f7ff89a0aaf/library/core/src/fmt/rt.rs:177:76
[INFO] [stdout]    5:     0x5d9b12b23363 - core::fmt::write::h7550c97b06c86515
[INFO] [stdout]                                at /rustc/90b35a6239c3d8bdabc530a6a0816f7ff89a0aaf/library/core/src/fmt/mod.rs:1186:21
[INFO] [stdout]    6:     0x5d9b12afc713 - std::io::Write::write_fmt::h7b09c64fe0be9c84
[INFO] [stdout]                                at /rustc/90b35a6239c3d8bdabc530a6a0816f7ff89a0aaf/library/std/src/io/mod.rs:1839:15
[INFO] [stdout]    7:     0x5d9b12aff6b2 - std::sys::backtrace::BacktraceLock::print::h2395ccd2c84ba3aa
[INFO] [stdout]                                at /rustc/90b35a6239c3d8bdabc530a6a0816f7ff89a0aaf/library/std/src/sys/backtrace.rs:42:9
[INFO] [stdout]    8:     0x5d9b12b0065c - std::panicking::default_hook::{{closure}}::he19d4c7230e07961
[INFO] [stdout]                                at /rustc/90b35a6239c3d8bdabc530a6a0816f7ff89a0aaf/library/std/src/panicking.rs:268:22
[INFO] [stdout]    9:     0x5d9b12b004a2 - std::panicking::default_hook::hf614597d3c67bbdb
[INFO] [stdout]                                at /rustc/90b35a6239c3d8bdabc530a6a0816f7ff89a0aaf/library/std/src/panicking.rs:295:9
[INFO] [stdout]   10:     0x5d9b12b00c37 - std::panicking::rust_panic_with_hook::h8942133a8b252070
[INFO] [stdout]                                at /rustc/90b35a6239c3d8bdabc530a6a0816f7ff89a0aaf/library/std/src/panicking.rs:801:13
[INFO] [stdout]   11:     0x5d9b12b00aca - std::panicking::begin_panic_handler::{{closure}}::hb5f5963570096b29
[INFO] [stdout]                                at /rustc/90b35a6239c3d8bdabc530a6a0816f7ff89a0aaf/library/std/src/panicking.rs:674:13
[INFO] [stdout]   12:     0x5d9b12affd49 - std::sys::backtrace::__rust_end_short_backtrace::h6208cedc1922feda
[INFO] [stdout]                                at /rustc/90b35a6239c3d8bdabc530a6a0816f7ff89a0aaf/library/std/src/sys/backtrace.rs:170:18
[INFO] [stdout]   13:     0x5d9b12b0075c - rust_begin_unwind
[INFO] [stdout]                                at /rustc/90b35a6239c3d8bdabc530a6a0816f7ff89a0aaf/library/std/src/panicking.rs:665:5
[INFO] [stdout]   14:     0x5d9b12592b80 - core::panicking::panic_fmt::h0c3082644d1bf418
[INFO] [stdout]                                at /rustc/90b35a6239c3d8bdabc530a6a0816f7ff89a0aaf/library/core/src/panicking.rs:74:14
[INFO] [stdout]   15:     0x5d9b12593066 - core::result::unwrap_failed::hd20b4aa073bda1e2
[INFO] [stdout]                                at /rustc/90b35a6239c3d8bdabc530a6a0816f7ff89a0aaf/library/core/src/result.rs:1700:5
[INFO] [stdout]   16:     0x5d9b12602000 - rust_out::main::{{closure}}::h23e0a6cdca3b38c2
[INFO] [stdout]   17:     0x5d9b125d8675 - tokio::runtime::park::CachedParkThread::block_on::{{closure}}::h2efb8163109592e5
[INFO] [stdout]   18:     0x5d9b125d8514 - tokio::runtime::park::CachedParkThread::block_on::he842fb11325f59a2
[INFO] [stdout]   19:     0x5d9b125f16db - tokio::runtime::context::blocking::BlockingRegionGuard::block_on::h9b41abb170cb9e02
[INFO] [stdout]   20:     0x5d9b125f192e - tokio::runtime::scheduler::multi_thread::MultiThread::block_on::{{closure}}::hf00b110fb922e20a
[INFO] [stdout]   21:     0x5d9b125f11d3 - tokio::runtime::context::runtime::enter_runtime::hf9a65b246fd98f42
[INFO] [stdout]   22:     0x5d9b125f18f3 - tokio::runtime::scheduler::multi_thread::MultiThread::block_on::hf1a0ac6bc16d35ed
[INFO] [stdout]   23:     0x5d9b125f183e - tokio::runtime::runtime::Runtime::block_on::ha9545810b0c98fd1
[INFO] [stdout]   24:     0x5d9b12601e0d - rust_out::main::h86d391cc11b8a827
[INFO] [stdout]   25:     0x5d9b125ba3a3 - core::ops::function::FnOnce::call_once::hd1e0b33d350e8c2e
[INFO] [stdout]   26:     0x5d9b125b0216 - std::sys::backtrace::__rust_begin_short_backtrace::hb7c4fd168269da08
[INFO] [stdout]   27:     0x5d9b125b0069 - std::rt::lang_start::{{closure}}::h7630186e3858a44d
[INFO] [stdout]   28:     0x5d9b12af991e - core::ops::function::impls::<impl core::ops::function::FnOnce<A> for &F>::call_once::hfdb85f4ee94732d3
[INFO] [stdout]                                at /rustc/90b35a6239c3d8bdabc530a6a0816f7ff89a0aaf/library/core/src/ops/function.rs:284:13
[INFO] [stdout]   29:     0x5d9b12af991e - std::panicking::try::do_call::h6e577310f330cbef
[INFO] [stdout]                                at /rustc/90b35a6239c3d8bdabc530a6a0816f7ff89a0aaf/library/std/src/panicking.rs:557:40
[INFO] [stdout]   30:     0x5d9b12af991e - std::panicking::try::ha588d438267d2645
[INFO] [stdout]                                at /rustc/90b35a6239c3d8bdabc530a6a0816f7ff89a0aaf/library/std/src/panicking.rs:520:19
[INFO] [stdout]   31:     0x5d9b12af991e - std::panic::catch_unwind::h429fda1e025f26d9
[INFO] [stdout]                                at /rustc/90b35a6239c3d8bdabc530a6a0816f7ff89a0aaf/library/std/src/panic.rs:358:14
[INFO] [stdout]   32:     0x5d9b12af991e - std::rt::lang_start_internal::{{closure}}::h7b731265e841c4bf
[INFO] [stdout]                                at /rustc/90b35a6239c3d8bdabc530a6a0816f7ff89a0aaf/library/std/src/rt.rs:174:48
[INFO] [stdout]   33:     0x5d9b12af991e - std::panicking::try::do_call::hc0f6a675b7ae5a36
[INFO] [stdout]                                at /rustc/90b35a6239c3d8bdabc530a6a0816f7ff89a0aaf/library/std/src/panicking.rs:557:40
[INFO] [stdout]   34:     0x5d9b12af991e - std::panicking::try::h4c93b7ff0671f1ff
[INFO] [stdout]                                at /rustc/90b35a6239c3d8bdabc530a6a0816f7ff89a0aaf/library/std/src/panicking.rs:520:19
[INFO] [stdout]   35:     0x5d9b12af991e - std::panic::catch_unwind::hcc1e154961d16ce6
[INFO] [stdout]                                at /rustc/90b35a6239c3d8bdabc530a6a0816f7ff89a0aaf/library/std/src/panic.rs:358:14
[INFO] [stdout]   36:     0x5d9b12af991e - std::rt::lang_start_internal::h1c66660c99c8424c
[INFO] [stdout]                                at /rustc/90b35a6239c3d8bdabc530a6a0816f7ff89a0aaf/library/std/src/rt.rs:174:20
[INFO] [stdout]   37:     0x5d9b125b0047 - std::rt::lang_start::hcdb31f4834f76b8c
[INFO] [stdout]   38:     0x5d9b12602b15 - main
[INFO] [stdout]   39:     0x7ca3af93dd90 - <unknown>
[INFO] [stdout]   40:     0x7ca3af93de40 - __libc_start_main
[INFO] [stdout]   41:     0x5d9b12593665 - _start
[INFO] [stdout]   42:                0x0 - <unknown>
[INFO] [stdout] 
[INFO] [stdout] 
[INFO] [stdout] ---- src/server.rs - server::start_callback_server (line 103) stdout ----
[INFO] [stdout] Test executable failed (exit status: 101).
[INFO] [stdout] 
[INFO] [stdout] stderr:
[INFO] [stdout] thread 'main' panicked at src/server.rs:20:55:
[INFO] [stdout] called `Result::unwrap()` on an `Err` value: NotPresent
[INFO] [stdout] stack backtrace:
[INFO] [stdout]    0:     0x5609c91dca2a - std::backtrace_rs::backtrace::libunwind::trace::h5a5b8284f2d0c266
[INFO] [stdout]                                at /rustc/90b35a6239c3d8bdabc530a6a0816f7ff89a0aaf/library/std/src/../../backtrace/src/backtrace/libunwind.rs:116:5
[INFO] [stdout]    1:     0x5609c91dca2a - std::backtrace_rs::backtrace::trace_unsynchronized::h76d4f1c9b0b875e3
[INFO] [stdout]                                at /rustc/90b35a6239c3d8bdabc530a6a0816f7ff89a0aaf/library/std/src/../../backtrace/src/backtrace/mod.rs:66:5
[INFO] [stdout]    2:     0x5609c91dca2a - std::sys::backtrace::_print_fmt::hc4546b8364a537c6
[INFO] [stdout]                                at /rustc/90b35a6239c3d8bdabc530a6a0816f7ff89a0aaf/library/std/src/sys/backtrace.rs:66:9
[INFO] [stdout]    3:     0x5609c91dca2a - <std::sys::backtrace::BacktraceLock::print::DisplayBacktrace as core::fmt::Display>::fmt::h5b6bd5631a6d1f6b
[INFO] [stdout]                                at /rustc/90b35a6239c3d8bdabc530a6a0816f7ff89a0aaf/library/std/src/sys/backtrace.rs:39:26
[INFO] [stdout]    4:     0x5609c9200523 - core::fmt::rt::Argument::fmt::h270f6602a2b96f62
[INFO] [stdout]                                at /rustc/90b35a6239c3d8bdabc530a6a0816f7ff89a0aaf/library/core/src/fmt/rt.rs:177:76
[INFO] [stdout]    5:     0x5609c9200523 - core::fmt::write::h7550c97b06c86515
[INFO] [stdout]                                at /rustc/90b35a6239c3d8bdabc530a6a0816f7ff89a0aaf/library/core/src/fmt/mod.rs:1186:21
[INFO] [stdout]    6:     0x5609c91d98d3 - std::io::Write::write_fmt::h7b09c64fe0be9c84
[INFO] [stdout]                                at /rustc/90b35a6239c3d8bdabc530a6a0816f7ff89a0aaf/library/std/src/io/mod.rs:1839:15
[INFO] [stdout]    7:     0x5609c91dc872 - std::sys::backtrace::BacktraceLock::print::h2395ccd2c84ba3aa
[INFO] [stdout]                                at /rustc/90b35a6239c3d8bdabc530a6a0816f7ff89a0aaf/library/std/src/sys/backtrace.rs:42:9
[INFO] [stdout]    8:     0x5609c91dd81c - std::panicking::default_hook::{{closure}}::he19d4c7230e07961
[INFO] [stdout]                                at /rustc/90b35a6239c3d8bdabc530a6a0816f7ff89a0aaf/library/std/src/panicking.rs:268:22
[INFO] [stdout]    9:     0x5609c91dd662 - std::panicking::default_hook::hf614597d3c67bbdb
[INFO] [stdout]                                at /rustc/90b35a6239c3d8bdabc530a6a0816f7ff89a0aaf/library/std/src/panicking.rs:295:9
[INFO] [stdout]   10:     0x5609c91dddf7 - std::panicking::rust_panic_with_hook::h8942133a8b252070
[INFO] [stdout]                                at /rustc/90b35a6239c3d8bdabc530a6a0816f7ff89a0aaf/library/std/src/panicking.rs:801:13
[INFO] [stdout]   11:     0x5609c91ddc8a - std::panicking::begin_panic_handler::{{closure}}::hb5f5963570096b29
[INFO] [stdout]                                at /rustc/90b35a6239c3d8bdabc530a6a0816f7ff89a0aaf/library/std/src/panicking.rs:674:13
[INFO] [stdout]   12:     0x5609c91dcf09 - std::sys::backtrace::__rust_end_short_backtrace::h6208cedc1922feda
[INFO] [stdout]                                at /rustc/90b35a6239c3d8bdabc530a6a0816f7ff89a0aaf/library/std/src/sys/backtrace.rs:170:18
[INFO] [stdout]   13:     0x5609c91dd91c - rust_begin_unwind
[INFO] [stdout]                                at /rustc/90b35a6239c3d8bdabc530a6a0816f7ff89a0aaf/library/std/src/panicking.rs:665:5
[INFO] [stdout]   14:     0x5609c8c6fb80 - core::panicking::panic_fmt::h0c3082644d1bf418
[INFO] [stdout]                                at /rustc/90b35a6239c3d8bdabc530a6a0816f7ff89a0aaf/library/core/src/panicking.rs:74:14
[INFO] [stdout]   15:     0x5609c8c70066 - core::result::unwrap_failed::hd20b4aa073bda1e2
[INFO] [stdout]                                at /rustc/90b35a6239c3d8bdabc530a6a0816f7ff89a0aaf/library/core/src/result.rs:1700:5
[INFO] [stdout]   16:     0x5609c8cdf0a0 - rust_out::main::{{closure}}::h23e0a6cdca3b38c2
[INFO] [stdout]   17:     0x5609c8cb56e5 - tokio::runtime::park::CachedParkThread::block_on::{{closure}}::h2efb8163109592e5
[INFO] [stdout]   18:     0x5609c8cb557e - tokio::runtime::park::CachedParkThread::block_on::he842fb11325f59a2
[INFO] [stdout]   19:     0x5609c8cce74d - tokio::runtime::context::blocking::BlockingRegionGuard::block_on::h9b41abb170cb9e02
[INFO] [stdout]   20:     0x5609c8cce9a0 - tokio::runtime::scheduler::multi_thread::MultiThread::block_on::{{closure}}::hf00b110fb922e20a
[INFO] [stdout]   21:     0x5609c8cce243 - tokio::runtime::context::runtime::enter_runtime::hf9a65b246fd98f42
[INFO] [stdout]   22:     0x5609c8cce961 - tokio::runtime::scheduler::multi_thread::MultiThread::block_on::hf1a0ac6bc16d35ed
[INFO] [stdout]   23:     0x5609c8cce8ae - tokio::runtime::runtime::Runtime::block_on::ha9545810b0c98fd1
[INFO] [stdout]   24:     0x5609c8cdee7d - rust_out::main::h86d391cc11b8a827
[INFO] [stdout]   25:     0x5609c8c973a3 - core::ops::function::FnOnce::call_once::hd1e0b33d350e8c2e
[INFO] [stdout]   26:     0x5609c8c8d216 - std::sys::backtrace::__rust_begin_short_backtrace::hb7c4fd168269da08
[INFO] [stdout]   27:     0x5609c8c8d069 - std::rt::lang_start::{{closure}}::h7630186e3858a44d
[INFO] [stdout]   28:     0x5609c91d6ade - core::ops::function::impls::<impl core::ops::function::FnOnce<A> for &F>::call_once::hfdb85f4ee94732d3
[INFO] [stdout]                                at /rustc/90b35a6239c3d8bdabc530a6a0816f7ff89a0aaf/library/core/src/ops/function.rs:284:13
[INFO] [stdout]   29:     0x5609c91d6ade - std::panicking::try::do_call::h6e577310f330cbef
[INFO] [stdout]                                at /rustc/90b35a6239c3d8bdabc530a6a0816f7ff89a0aaf/library/std/src/panicking.rs:557:40
[INFO] [stdout]   30:     0x5609c91d6ade - std::panicking::try::ha588d438267d2645
[INFO] [stdout]                                at /rustc/90b35a6239c3d8bdabc530a6a0816f7ff89a0aaf/library/std/src/panicking.rs:520:19
[INFO] [stdout]   31:     0x5609c91d6ade - std::panic::catch_unwind::h429fda1e025f26d9
[INFO] [stdout]                                at /rustc/90b35a6239c3d8bdabc530a6a0816f7ff89a0aaf/library/std/src/panic.rs:358:14
[INFO] [stdout]   32:     0x5609c91d6ade - std::rt::lang_start_internal::{{closure}}::h7b731265e841c4bf
[INFO] [stdout]                                at /rustc/90b35a6239c3d8bdabc530a6a0816f7ff89a0aaf/library/std/src/rt.rs:174:48
[INFO] [stdout]   33:     0x5609c91d6ade - std::panicking::try::do_call::hc0f6a675b7ae5a36
[INFO] [stdout]                                at /rustc/90b35a6239c3d8bdabc530a6a0816f7ff89a0aaf/library/std/src/panicking.rs:557:40
[INFO] [stdout]   34:     0x5609c91d6ade - std::panicking::try::h4c93b7ff0671f1ff
[INFO] [stdout]                                at /rustc/90b35a6239c3d8bdabc530a6a0816f7ff89a0aaf/library/std/src/panicking.rs:520:19
[INFO] [stdout]   35:     0x5609c91d6ade - std::panic::catch_unwind::hcc1e154961d16ce6
[INFO] [stdout]                                at /rustc/90b35a6239c3d8bdabc530a6a0816f7ff89a0aaf/library/std/src/panic.rs:358:14
[INFO] [stdout]   36:     0x5609c91d6ade - std::rt::lang_start_internal::h1c66660c99c8424c
[INFO] [stdout]                                at /rustc/90b35a6239c3d8bdabc530a6a0816f7ff89a0aaf/library/std/src/rt.rs:174:20
[INFO] [stdout]   37:     0x5609c8c8d047 - std::rt::lang_start::hcdb31f4834f76b8c
[INFO] [stdout]   38:     0x5609c8cdfcd5 - main
[INFO] [stdout]   39:     0x7b541ef53d90 - <unknown>
[INFO] [stdout]   40:     0x7b541ef53e40 - __libc_start_main
[INFO] [stdout]   41:     0x5609c8c70665 - _start
[INFO] [stdout]   42:                0x0 - <unknown>
[INFO] [stdout] 
[INFO] [stdout] 
[INFO] [stdout] 
[INFO] [stdout] failures:
[INFO] [stdout]     src/client.rs - client::start_longpoll_client (line 122)
[INFO] [stdout]     src/client/api_requests.rs - client::api_requests::api_call (line 18)
[INFO] [stdout]     src/lib.rs - (line 19)
[INFO] [stdout]     src/lib.rs - (line 52)
[INFO] [stdout]     src/server.rs - server::start_callback_server (line 103)
[INFO] [stdout]     src/structs/context.rs - structs::context::MessageBuilder::send (line 178)
[INFO] [stdout]     src/structs/context.rs - structs::context::UnifyedContext::get_attachments (line 738)
[INFO] [stdout]     src/structs/context.rs - structs::context::UnifyedContext::get_data (line 705)
[INFO] [stdout]     src/structs/context.rs - structs::context::UnifyedContext::get_event (line 715)
[INFO] [stdout]     src/structs/context.rs - structs::context::UnifyedContext::message (line 312)
[INFO] [stdout]     src/structs/context.rs - structs::context::UnifyedContext::send (line 348)
[INFO] [stdout]     src/structs/context.rs - structs::context::UnifyedContext::send_attachment_files (line 567)
[INFO] [stdout]     src/structs/context.rs - structs::context::UnifyedContext::send_attachments (line 621)
[INFO] [stdout]     src/structs/context.rs - structs::context::UnifyedContext::send_with_html (line 393)
[INFO] [stdout]     src/structs/context.rs - structs::context::UnifyedContext::send_with_keyboard (line 445)
[INFO] [stdout]     src/structs/context.rs - structs::context::UnifyedContext::send_with_options (line 514)
[INFO] [stdout]     src/structs/context.rs - structs::context::UnifyedContext::set_data (line 696)
[INFO] [stdout]     src/structs/middleware.rs - structs::middleware::MiddlewareChain (line 21)
[INFO] [stdout] 
[INFO] [stdout] test result: FAILED. 3 passed; 18 failed; 0 ignored; 0 measured; 0 filtered out; finished in 6.78s
[INFO] [stdout] 
[INFO] [stderr] error: doctest failed, to rerun pass `--doc`
[INFO] running `Command { std: "docker" "inspect" "7ae944943bf0f85b873d31086fb548d90b2dc8da481c281c7f453c47e5b3d0f4", kill_on_drop: false }`
[INFO] running `Command { std: "docker" "rm" "-f" "7ae944943bf0f85b873d31086fb548d90b2dc8da481c281c7f453c47e5b3d0f4", kill_on_drop: false }`
[INFO] [stdout] 7ae944943bf0f85b873d31086fb548d90b2dc8da481c281c7f453c47e5b3d0f4
