[INFO] fetching crate vsmtp-mail-parser 2.2.1...
[INFO] testing vsmtp-mail-parser-2.2.1 against 1.83.0 for beta-1.84.0-4-retry
[INFO] extracting crate vsmtp-mail-parser 2.2.1 into /workspace/builds/worker-5-tc1/source
[INFO] validating manifest of crates.io crate vsmtp-mail-parser 2.2.1 on toolchain 1.83.0
[INFO] running `Command { std: CARGO_HOME="/workspace/cargo-home" RUSTUP_HOME="/workspace/rustup-home" "/workspace/cargo-home/bin/cargo" "+1.83.0" "metadata" "--manifest-path" "Cargo.toml" "--no-deps", kill_on_drop: false }`
[INFO] started tweaking crates.io crate vsmtp-mail-parser 2.2.1
[INFO] finished tweaking crates.io crate vsmtp-mail-parser 2.2.1
[INFO] tweaked toml for crates.io crate vsmtp-mail-parser 2.2.1 written to /workspace/builds/worker-5-tc1/source/Cargo.toml
[INFO] running `Command { std: CARGO_HOME="/workspace/cargo-home" RUSTUP_HOME="/workspace/rustup-home" "/workspace/cargo-home/bin/cargo" "+1.83.0" "generate-lockfile" "--manifest-path" "Cargo.toml", kill_on_drop: false }`
[INFO] [stderr]     Updating crates.io index
[INFO] [stderr]      Locking 43 packages to latest compatible versions
[INFO] [stderr]       Adding thiserror v1.0.69 (available: v2.0.7)
[INFO] running `Command { std: CARGO_HOME="/workspace/cargo-home" RUSTUP_HOME="/workspace/rustup-home" "/workspace/cargo-home/bin/cargo" "+1.83.0" "fetch" "--manifest-path" "Cargo.toml", kill_on_drop: false }`
[INFO] running `Command { std: "docker" "create" "-v" "/var/lib/crater-agent-workspace/builds/worker-5-tc1/target:/opt/rustwide/target:rw,Z" "-v" "/var/lib/crater-agent-workspace/builds/worker-5-tc1/source:/opt/rustwide/workdir:ro,Z" "-v" "/var/lib/crater-agent-workspace/cargo-home:/opt/rustwide/cargo-home:ro,Z" "-v" "/var/lib/crater-agent-workspace/rustup-home:/opt/rustwide/rustup-home:ro,Z" "-e" "SOURCE_DIR=/opt/rustwide/workdir" "-e" "CARGO_TARGET_DIR=/opt/rustwide/target" "-e" "CARGO_HOME=/opt/rustwide/cargo-home" "-e" "RUSTUP_HOME=/opt/rustwide/rustup-home" "-w" "/opt/rustwide/workdir" "-m" "1610612736" "--user" "0:0" "--network" "none" "ghcr.io/rust-lang/crates-build-env/linux@sha256:f3a9d4ad9d972b27faf3965f35b62e55ba32bbce8f20bc8fe909558a86702fde" "/opt/rustwide/cargo-home/bin/cargo" "+1.83.0" "metadata" "--no-deps" "--format-version=1", kill_on_drop: false }`
[INFO] [stdout] 771ca95e7addd4f70ff7206657a2b1745d8a34d86dadfc1b799f2a77c5724e77
[INFO] running `Command { std: "docker" "start" "-a" "771ca95e7addd4f70ff7206657a2b1745d8a34d86dadfc1b799f2a77c5724e77", kill_on_drop: false }`
[INFO] running `Command { std: "docker" "inspect" "771ca95e7addd4f70ff7206657a2b1745d8a34d86dadfc1b799f2a77c5724e77", kill_on_drop: false }`
[INFO] running `Command { std: "docker" "rm" "-f" "771ca95e7addd4f70ff7206657a2b1745d8a34d86dadfc1b799f2a77c5724e77", kill_on_drop: false }`
[INFO] [stdout] 771ca95e7addd4f70ff7206657a2b1745d8a34d86dadfc1b799f2a77c5724e77
[INFO] running `Command { std: "docker" "create" "-v" "/var/lib/crater-agent-workspace/builds/worker-5-tc1/target:/opt/rustwide/target:rw,Z" "-v" "/var/lib/crater-agent-workspace/builds/worker-5-tc1/source:/opt/rustwide/workdir:ro,Z" "-v" "/var/lib/crater-agent-workspace/cargo-home:/opt/rustwide/cargo-home:ro,Z" "-v" "/var/lib/crater-agent-workspace/rustup-home:/opt/rustwide/rustup-home:ro,Z" "-e" "SOURCE_DIR=/opt/rustwide/workdir" "-e" "CARGO_TARGET_DIR=/opt/rustwide/target" "-e" "CARGO_INCREMENTAL=0" "-e" "RUST_BACKTRACE=full" "-e" "RUSTFLAGS=--cap-lints=warn" "-e" "RUSTDOCFLAGS=--cap-lints=warn" "-e" "CARGO_HOME=/opt/rustwide/cargo-home" "-e" "RUSTUP_HOME=/opt/rustwide/rustup-home" "-w" "/opt/rustwide/workdir" "-m" "1610612736" "--user" "0:0" "--network" "none" "ghcr.io/rust-lang/crates-build-env/linux@sha256:f3a9d4ad9d972b27faf3965f35b62e55ba32bbce8f20bc8fe909558a86702fde" "/opt/rustwide/cargo-home/bin/cargo" "+1.83.0" "build" "--frozen" "--message-format=json", kill_on_drop: false }`
[INFO] [stdout] 5694bc0c812399c57f796626404d99f6d44ac4ee291524bb6d3a4ee60e82a9af
[INFO] running `Command { std: "docker" "start" "-a" "5694bc0c812399c57f796626404d99f6d44ac4ee291524bb6d3a4ee60e82a9af", kill_on_drop: false }`
[INFO] [stderr]    Compiling proc-macro2 v1.0.92
[INFO] [stderr]    Compiling unicode-ident v1.0.14
[INFO] [stderr]    Compiling pin-project-lite v0.2.15
[INFO] [stderr]    Compiling serde v1.0.216
[INFO] [stderr]    Compiling anyhow v1.0.94
[INFO] [stderr]    Compiling once_cell v1.20.2
[INFO] [stderr]    Compiling thiserror v1.0.69
[INFO] [stderr]    Compiling futures-core v0.3.31
[INFO] [stderr]    Compiling unicode-segmentation v1.12.0
[INFO] [stderr]    Compiling either v1.13.0
[INFO] [stderr]    Compiling tokio v1.42.0
[INFO] [stderr]    Compiling tracing-core v0.1.33
[INFO] [stderr]    Compiling convert_case v0.6.0
[INFO] [stderr]    Compiling quote v1.0.37
[INFO] [stderr]    Compiling syn v2.0.90
[INFO] [stderr]    Compiling tokio-stream v0.1.17
[INFO] [stderr]    Compiling thiserror-impl v1.0.69
[INFO] [stderr]    Compiling tracing-attributes v0.1.28
[INFO] [stderr]    Compiling serde_derive v1.0.216
[INFO] [stderr]    Compiling async-trait v0.1.83
[INFO] [stderr]    Compiling tracing v0.1.41
[INFO] [stderr]    Compiling vsmtp-mail-parser v2.2.1 (/opt/rustwide/workdir)
[INFO] [stderr]     Finished `dev` profile [unoptimized + debuginfo] target(s) in 17.49s
[INFO] running `Command { std: "docker" "inspect" "5694bc0c812399c57f796626404d99f6d44ac4ee291524bb6d3a4ee60e82a9af", kill_on_drop: false }`
[INFO] running `Command { std: "docker" "rm" "-f" "5694bc0c812399c57f796626404d99f6d44ac4ee291524bb6d3a4ee60e82a9af", kill_on_drop: false }`
[INFO] [stdout] 5694bc0c812399c57f796626404d99f6d44ac4ee291524bb6d3a4ee60e82a9af
[INFO] running `Command { std: "docker" "create" "-v" "/var/lib/crater-agent-workspace/builds/worker-5-tc1/target:/opt/rustwide/target:rw,Z" "-v" "/var/lib/crater-agent-workspace/builds/worker-5-tc1/source:/opt/rustwide/workdir:ro,Z" "-v" "/var/lib/crater-agent-workspace/cargo-home:/opt/rustwide/cargo-home:ro,Z" "-v" "/var/lib/crater-agent-workspace/rustup-home:/opt/rustwide/rustup-home:ro,Z" "-e" "SOURCE_DIR=/opt/rustwide/workdir" "-e" "CARGO_TARGET_DIR=/opt/rustwide/target" "-e" "CARGO_INCREMENTAL=0" "-e" "RUST_BACKTRACE=full" "-e" "RUSTFLAGS=--cap-lints=warn" "-e" "RUSTDOCFLAGS=--cap-lints=warn" "-e" "CARGO_HOME=/opt/rustwide/cargo-home" "-e" "RUSTUP_HOME=/opt/rustwide/rustup-home" "-w" "/opt/rustwide/workdir" "-m" "1610612736" "--user" "0:0" "--network" "none" "ghcr.io/rust-lang/crates-build-env/linux@sha256:f3a9d4ad9d972b27faf3965f35b62e55ba32bbce8f20bc8fe909558a86702fde" "/opt/rustwide/cargo-home/bin/cargo" "+1.83.0" "test" "--frozen" "--no-run" "--message-format=json", kill_on_drop: false }`
[INFO] [stdout] f500652c8b9252f962dd2c017de4c647926348cc9d4db9ef89945fcff984e315
[INFO] running `Command { std: "docker" "start" "-a" "f500652c8b9252f962dd2c017de4c647926348cc9d4db9ef89945fcff984e315", kill_on_drop: false }`
[INFO] [stderr]    Compiling yansi v1.0.1
[INFO] [stderr]    Compiling diff v0.1.13
[INFO] [stderr]    Compiling pretty_assertions v1.4.1
[INFO] [stderr]    Compiling vsmtp-mail-parser v2.2.1 (/opt/rustwide/workdir)
[INFO] [stdout] warning: missing documentation for a module
[INFO] [stdout]   --> src/lib.rs:68:1
[INFO] [stdout]    |
[INFO] [stdout] 68 | pub mod tests;
[INFO] [stdout]    | ^^^^^^^^^^^^^
[INFO] [stdout]    |
[INFO] [stdout] note: the lint level is defined here
[INFO] [stdout]   --> src/lib.rs:20:9
[INFO] [stdout]    |
[INFO] [stdout] 20 | #![deny(missing_docs)]
[INFO] [stdout]    |         ^^^^^^^^^^^^
[INFO] [stdout] 
[INFO] [stdout] 
[INFO] [stderr]     Finished `test` profile [unoptimized + debuginfo] target(s) in 2.68s
[INFO] running `Command { std: "docker" "inspect" "f500652c8b9252f962dd2c017de4c647926348cc9d4db9ef89945fcff984e315", kill_on_drop: false }`
[INFO] running `Command { std: "docker" "rm" "-f" "f500652c8b9252f962dd2c017de4c647926348cc9d4db9ef89945fcff984e315", kill_on_drop: false }`
[INFO] [stdout] f500652c8b9252f962dd2c017de4c647926348cc9d4db9ef89945fcff984e315
[INFO] running `Command { std: "docker" "create" "-v" "/var/lib/crater-agent-workspace/builds/worker-5-tc1/target:/opt/rustwide/target:rw,Z" "-v" "/var/lib/crater-agent-workspace/builds/worker-5-tc1/source:/opt/rustwide/workdir:ro,Z" "-v" "/var/lib/crater-agent-workspace/cargo-home:/opt/rustwide/cargo-home:ro,Z" "-v" "/var/lib/crater-agent-workspace/rustup-home:/opt/rustwide/rustup-home:ro,Z" "-e" "SOURCE_DIR=/opt/rustwide/workdir" "-e" "CARGO_TARGET_DIR=/opt/rustwide/target" "-e" "CARGO_INCREMENTAL=0" "-e" "RUST_BACKTRACE=full" "-e" "RUSTFLAGS=--cap-lints=warn" "-e" "RUSTDOCFLAGS=--cap-lints=warn" "-e" "CARGO_HOME=/opt/rustwide/cargo-home" "-e" "RUSTUP_HOME=/opt/rustwide/rustup-home" "-w" "/opt/rustwide/workdir" "-m" "1610612736" "--user" "0:0" "--network" "none" "ghcr.io/rust-lang/crates-build-env/linux@sha256:f3a9d4ad9d972b27faf3965f35b62e55ba32bbce8f20bc8fe909558a86702fde" "/opt/rustwide/cargo-home/bin/cargo" "+1.83.0" "test" "--frozen", kill_on_drop: false }`
[INFO] [stdout] c7281b08a6891df47219514f196fc9dbac0bb9fbb80449abfbbf2a9b4a5ffca1
[INFO] running `Command { std: "docker" "start" "-a" "c7281b08a6891df47219514f196fc9dbac0bb9fbb80449abfbbf2a9b4a5ffca1", kill_on_drop: false }`
[INFO] [stderr] warning: missing documentation for a module
[INFO] [stderr]   --> src/lib.rs:68:1
[INFO] [stderr]    |
[INFO] [stderr] 68 | pub mod tests;
[INFO] [stderr]    | ^^^^^^^^^^^^^
[INFO] [stderr]    |
[INFO] [stderr] note: the lint level is defined here
[INFO] [stderr]   --> src/lib.rs:20:9
[INFO] [stderr]    |
[INFO] [stderr] 20 | #![deny(missing_docs)]
[INFO] [stderr]    |         ^^^^^^^^^^^^
[INFO] [stderr] 
[INFO] [stderr] warning: `vsmtp-mail-parser` (lib test) generated 1 warning
[INFO] [stderr]     Finished `test` profile [unoptimized + debuginfo] target(s) in 0.04s
[INFO] [stderr]      Running unittests src/lib.rs (/opt/rustwide/target/debug/deps/vsmtp_mail_parser-17c235a33042cfad)
[INFO] [stdout] 
[INFO] [stdout] running 21 tests
[INFO] [stdout] test helpers::tests::test_read_header ... ok
[INFO] [stdout] test message::mail::test::test_rcpt_mutation ... ok
[INFO] [stdout] test message::mail::test::test_construct_mail ... ok
[INFO] [stdout] test message::mime_type::tests::mime_type ... ok
[INFO] [stdout] test tests::mime_parser::allen_p__discussion_threads__1::mime_parser ... ok
[INFO] [stdout] test tests::mime_parser::methods::test_get_header ... ok
[INFO] [stdout] test tests::mime_parser::rfc2049::a::simple ... ignored
[INFO] [stdout] test message::mail::test::test_append_headers ... ok
[INFO] [stdout] test tests::mime_parser::rfc5322::a_1_3::group_addresses ... ok
[INFO] [stdout] test tests::mime_parser::rfc5322::a_2::reply_simple ... ok
[INFO] [stdout] test tests::mime_parser::rfc5322::a_1_2::types_mailboxes ... ok
[INFO] [stdout] test tests::mime_parser::rfc5322::a_1_1::simple ... ok
[INFO] [stdout] test tests::mime_parser::rfc5322::a_1_1::forward ... ok
[INFO] [stdout] test tests::mime_parser::methods::test_set_and_append_header ... ok
[INFO] [stdout] test tests::mime_parser::rfc5322::a_2::reply_reply ... ok
[INFO] [stdout] test tests::mime_parser::mime1::mime_parser ... ok
[INFO] [stdout] test tests::mime_parser::rfc5322::a_2::simple ... ok
[INFO] [stdout] test tests::mime_parser::rfc5322::a_3::resent ... ok
[INFO] [stdout] test tests::mime_parser::rfc5322::a_5::white_space_and_comments ... ok
[INFO] [stdout] test tests::mime_parser::rfc5322::a_4::tracing ... ok
[INFO] [stderr] error: test failed, to rerun pass `--lib`
[INFO] [stdout] test tests::test_parse_whole_folder ... FAILED
[INFO] [stdout] 
[INFO] [stdout] failures:
[INFO] [stdout] 
[INFO] [stdout] ---- tests::test_parse_whole_folder stdout ----
[INFO] [stdout] thread 'tests::test_parse_whole_folder' panicked at src/tests/mod.rs:58:54:
[INFO] [stdout] called `Result::unwrap()` on an `Err` value: Os { code: 30, kind: ReadOnlyFilesystem, message: "Read-only file system" }
[INFO] [stdout] stack backtrace:
[INFO] [stdout]    0:     0x5ef63c3dbeea - std::backtrace_rs::backtrace::libunwind::trace::h5a5b8284f2d0c266
[INFO] [stdout]                                at /rustc/90b35a6239c3d8bdabc530a6a0816f7ff89a0aaf/library/std/src/../../backtrace/src/backtrace/libunwind.rs:116:5
[INFO] [stdout]    1:     0x5ef63c3dbeea - std::backtrace_rs::backtrace::trace_unsynchronized::h76d4f1c9b0b875e3
[INFO] [stdout]                                at /rustc/90b35a6239c3d8bdabc530a6a0816f7ff89a0aaf/library/std/src/../../backtrace/src/backtrace/mod.rs:66:5
[INFO] [stdout]    2:     0x5ef63c3dbeea - std::sys::backtrace::_print_fmt::hc4546b8364a537c6
[INFO] [stdout]                                at /rustc/90b35a6239c3d8bdabc530a6a0816f7ff89a0aaf/library/std/src/sys/backtrace.rs:66:9
[INFO] [stdout]    3:     0x5ef63c3dbeea - <std::sys::backtrace::BacktraceLock::print::DisplayBacktrace as core::fmt::Display>::fmt::h5b6bd5631a6d1f6b
[INFO] [stdout]                                at /rustc/90b35a6239c3d8bdabc530a6a0816f7ff89a0aaf/library/std/src/sys/backtrace.rs:39:26
[INFO] [stdout]    4:     0x5ef63c403143 - core::fmt::rt::Argument::fmt::h270f6602a2b96f62
[INFO] [stdout]                                at /rustc/90b35a6239c3d8bdabc530a6a0816f7ff89a0aaf/library/core/src/fmt/rt.rs:177:76
[INFO] [stdout]    5:     0x5ef63c403143 - core::fmt::write::h7550c97b06c86515
[INFO] [stdout]                                at /rustc/90b35a6239c3d8bdabc530a6a0816f7ff89a0aaf/library/core/src/fmt/mod.rs:1186:21
[INFO] [stdout]    6:     0x5ef63c3d8ca3 - std::io::Write::write_fmt::h509ff860e5956e5e
[INFO] [stdout]                                at /rustc/90b35a6239c3d8bdabc530a6a0816f7ff89a0aaf/library/std/src/io/mod.rs:1839:15
[INFO] [stdout]    7:     0x5ef63c3dbd32 - std::sys::backtrace::BacktraceLock::print::h2395ccd2c84ba3aa
[INFO] [stdout]                                at /rustc/90b35a6239c3d8bdabc530a6a0816f7ff89a0aaf/library/std/src/sys/backtrace.rs:42:9
[INFO] [stdout]    8:     0x5ef63c3dd34a - std::panicking::default_hook::{{closure}}::he19d4c7230e07961
[INFO] [stdout]                                at /rustc/90b35a6239c3d8bdabc530a6a0816f7ff89a0aaf/library/std/src/panicking.rs:268:22
[INFO] [stdout]    9:     0x5ef63c3dd154 - std::panicking::default_hook::hf614597d3c67bbdb
[INFO] [stdout]                                at /rustc/90b35a6239c3d8bdabc530a6a0816f7ff89a0aaf/library/std/src/panicking.rs:292:9
[INFO] [stdout]   10:     0x5ef63c3a6829 - <alloc::boxed::Box<F,A> as core::ops::function::Fn<Args>>::call::h39b51ce4599c23d1
[INFO] [stdout]                                at /rustc/90b35a6239c3d8bdabc530a6a0816f7ff89a0aaf/library/alloc/src/boxed.rs:2468:9
[INFO] [stdout]   11:     0x5ef63c3a6829 - test::test_main::{{closure}}::he977ae839a582784
[INFO] [stdout]                                at /rustc/90b35a6239c3d8bdabc530a6a0816f7ff89a0aaf/library/test/src/lib.rs:133:21
[INFO] [stdout]   12:     0x5ef63c3dd9e8 - <alloc::boxed::Box<F,A> as core::ops::function::Fn<Args>>::call::h9455091b6b06f9fb
[INFO] [stdout]                                at /rustc/90b35a6239c3d8bdabc530a6a0816f7ff89a0aaf/library/alloc/src/boxed.rs:2468:9
[INFO] [stdout]   13:     0x5ef63c3dd9e8 - std::panicking::rust_panic_with_hook::h8942133a8b252070
[INFO] [stdout]                                at /rustc/90b35a6239c3d8bdabc530a6a0816f7ff89a0aaf/library/std/src/panicking.rs:809:13
[INFO] [stdout]   14:     0x5ef63c3dd7aa - std::panicking::begin_panic_handler::{{closure}}::hb5f5963570096b29
[INFO] [stdout]                                at /rustc/90b35a6239c3d8bdabc530a6a0816f7ff89a0aaf/library/std/src/panicking.rs:674:13
[INFO] [stdout]   15:     0x5ef63c3dc3c9 - std::sys::backtrace::__rust_end_short_backtrace::h6208cedc1922feda
[INFO] [stdout]                                at /rustc/90b35a6239c3d8bdabc530a6a0816f7ff89a0aaf/library/std/src/sys/backtrace.rs:170:18
[INFO] [stdout]   16:     0x5ef63c3dd43c - rust_begin_unwind
[INFO] [stdout]                                at /rustc/90b35a6239c3d8bdabc530a6a0816f7ff89a0aaf/library/std/src/panicking.rs:665:5
[INFO] [stdout]   17:     0x5ef63c2b0c00 - core::panicking::panic_fmt::h0c3082644d1bf418
[INFO] [stdout]                                at /rustc/90b35a6239c3d8bdabc530a6a0816f7ff89a0aaf/library/core/src/panicking.rs:74:14
[INFO] [stdout]   18:     0x5ef63c2b1046 - core::result::unwrap_failed::hd20b4aa073bda1e2
[INFO] [stdout]                                at /rustc/90b35a6239c3d8bdabc530a6a0816f7ff89a0aaf/library/core/src/result.rs:1700:5
[INFO] [stdout]   19:     0x5ef63c31e2d7 - core::result::Result<T,E>::unwrap::h99176741a51f715e
[INFO] [stdout]                                at /rustc/90b35a6239c3d8bdabc530a6a0816f7ff89a0aaf/library/core/src/result.rs:1104:23
[INFO] [stdout]   20:     0x5ef63c31e2d7 - vsmtp_mail_parser::tests::test_parse_whole_folder::{{closure}}::h270d272d739723ea
[INFO] [stdout]                                at /opt/rustwide/workdir/src/tests/mod.rs:58:13
[INFO] [stdout]   21:     0x5ef63c31b72f - vsmtp_mail_parser::tests::visit_dirs::hb85324d221152d8f
[INFO] [stdout]                                at /opt/rustwide/workdir/src/tests/mod.rs:43:17
[INFO] [stdout]   22:     0x5ef63c31b809 - vsmtp_mail_parser::tests::visit_dirs::hb85324d221152d8f
[INFO] [stdout]                                at /opt/rustwide/workdir/src/tests/mod.rs:41:17
[INFO] [stdout]   23:     0x5ef63c31e1e4 - vsmtp_mail_parser::tests::test_parse_whole_folder::h11842d054788a143
[INFO] [stdout]                                at /opt/rustwide/workdir/src/tests/mod.rs:52:5
[INFO] [stdout]   24:     0x5ef63c31e037 - vsmtp_mail_parser::tests::test_parse_whole_folder::{{closure}}::hfa8df3022c660a82
[INFO] [stdout]                                at /opt/rustwide/workdir/src/tests/mod.rs:51:29
[INFO] [stdout]   25:     0x5ef63c2e60d6 - core::ops::function::FnOnce::call_once::h53979cb1d3c4c558
[INFO] [stdout]                                at /rustc/90b35a6239c3d8bdabc530a6a0816f7ff89a0aaf/library/core/src/ops/function.rs:250:5
[INFO] [stdout]   26:     0x5ef63c3ab1eb - core::ops::function::FnOnce::call_once::h109cf8051a59b34e
[INFO] [stdout]                                at /rustc/90b35a6239c3d8bdabc530a6a0816f7ff89a0aaf/library/core/src/ops/function.rs:250:5
[INFO] [stdout]   27:     0x5ef63c3ab1eb - test::__rust_begin_short_backtrace::hf4fff89d377446ba
[INFO] [stdout]                                at /rustc/90b35a6239c3d8bdabc530a6a0816f7ff89a0aaf/library/test/src/lib.rs:621:18
[INFO] [stdout]   28:     0x5ef63c3aaa27 - test::run_test_in_process::{{closure}}::h0e39181dd7ee5a43
[INFO] [stdout]                                at /rustc/90b35a6239c3d8bdabc530a6a0816f7ff89a0aaf/library/test/src/lib.rs:644:60
[INFO] [stdout]   29:     0x5ef63c3aaa27 - <core::panic::unwind_safe::AssertUnwindSafe<F> as core::ops::function::FnOnce<()>>::call_once::hc5a66a30f0bdfd1f
[INFO] [stdout]                                at /rustc/90b35a6239c3d8bdabc530a6a0816f7ff89a0aaf/library/core/src/panic/unwind_safe.rs:272:9
[INFO] [stdout]   30:     0x5ef63c3aaa27 - std::panicking::try::do_call::h873b7cf639554a5e
[INFO] [stdout]                                at /rustc/90b35a6239c3d8bdabc530a6a0816f7ff89a0aaf/library/std/src/panicking.rs:557:40
[INFO] [stdout]   31:     0x5ef63c3aaa27 - std::panicking::try::hdb19862fad9c8bd1
[INFO] [stdout]                                at /rustc/90b35a6239c3d8bdabc530a6a0816f7ff89a0aaf/library/std/src/panicking.rs:520:19
[INFO] [stdout]   32:     0x5ef63c3aaa27 - std::panic::catch_unwind::h281fe732d236d260
[INFO] [stdout]                                at /rustc/90b35a6239c3d8bdabc530a6a0816f7ff89a0aaf/library/std/src/panic.rs:358:14
[INFO] [stdout]   33:     0x5ef63c3aaa27 - test::run_test_in_process::h949b6df8457ed338
[INFO] [stdout]                                at /rustc/90b35a6239c3d8bdabc530a6a0816f7ff89a0aaf/library/test/src/lib.rs:644:27
[INFO] [stdout]   34:     0x5ef63c3aaa27 - test::run_test::{{closure}}::h52c556a6d4740e10
[INFO] [stdout]                                at /rustc/90b35a6239c3d8bdabc530a6a0816f7ff89a0aaf/library/test/src/lib.rs:565:43
[INFO] [stdout]   35:     0x5ef63c36fd04 - test::run_test::{{closure}}::h4237f6381c45ccb9
[INFO] [stdout]                                at /rustc/90b35a6239c3d8bdabc530a6a0816f7ff89a0aaf/library/test/src/lib.rs:595:41
[INFO] [stdout]   36:     0x5ef63c36fd04 - std::sys::backtrace::__rust_begin_short_backtrace::h505c97a579eca628
[INFO] [stdout]                                at /rustc/90b35a6239c3d8bdabc530a6a0816f7ff89a0aaf/library/std/src/sys/backtrace.rs:154:18
[INFO] [stdout]   37:     0x5ef63c3733ce - std::thread::Builder::spawn_unchecked_::{{closure}}::{{closure}}::h9e86b2e2bc107ea3
[INFO] [stdout]                                at /rustc/90b35a6239c3d8bdabc530a6a0816f7ff89a0aaf/library/std/src/thread/mod.rs:538:17
[INFO] [stdout]   38:     0x5ef63c3733ce - <core::panic::unwind_safe::AssertUnwindSafe<F> as core::ops::function::FnOnce<()>>::call_once::h8b06ddb275ff4a25
[INFO] [stdout]                                at /rustc/90b35a6239c3d8bdabc530a6a0816f7ff89a0aaf/library/core/src/panic/unwind_safe.rs:272:9
[INFO] [stdout]   39:     0x5ef63c3733ce - std::panicking::try::do_call::hb26ecd7cd9a9355d
[INFO] [stdout]                                at /rustc/90b35a6239c3d8bdabc530a6a0816f7ff89a0aaf/library/std/src/panicking.rs:557:40
[INFO] [stdout]   40:     0x5ef63c3733ce - std::panicking::try::h8ddeca9d705f9069
[INFO] [stdout]                                at /rustc/90b35a6239c3d8bdabc530a6a0816f7ff89a0aaf/library/std/src/panicking.rs:520:19
[INFO] [stdout]   41:     0x5ef63c3733ce - std::panic::catch_unwind::h49e1c33078844c46
[INFO] [stdout]                                at /rustc/90b35a6239c3d8bdabc530a6a0816f7ff89a0aaf/library/std/src/panic.rs:358:14
[INFO] [stdout]   42:     0x5ef63c3733ce - std::thread::Builder::spawn_unchecked_::{{closure}}::h6073db6ff56ad35d
[INFO] [stdout]                                at /rustc/90b35a6239c3d8bdabc530a6a0816f7ff89a0aaf/library/std/src/thread/mod.rs:537:30
[INFO] [stdout]   43:     0x5ef63c3733ce - core::ops::function::FnOnce::call_once{{vtable.shim}}::h2c5a5f3779c774f1
[INFO] [stdout]                                at /rustc/90b35a6239c3d8bdabc530a6a0816f7ff89a0aaf/library/core/src/ops/function.rs:250:5
[INFO] [stdout]   44:     0x5ef63c3e1bbb - <alloc::boxed::Box<F,A> as core::ops::function::FnOnce<Args>>::call_once::hf75717d9f28faebf
[INFO] [stdout]                                at /rustc/90b35a6239c3d8bdabc530a6a0816f7ff89a0aaf/library/alloc/src/boxed.rs:2454:9
[INFO] [stdout]   45:     0x5ef63c3e1bbb - <alloc::boxed::Box<F,A> as core::ops::function::FnOnce<Args>>::call_once::h7bd883a5f3c5f3c1
[INFO] [stdout]                                at /rustc/90b35a6239c3d8bdabc530a6a0816f7ff89a0aaf/library/alloc/src/boxed.rs:2454:9
[INFO] [stdout]   46:     0x5ef63c3e1bbb - std::sys::pal::unix::thread::Thread::new::thread_start::hcc78f3943333fa94
[INFO] [stdout]                                at /rustc/90b35a6239c3d8bdabc530a6a0816f7ff89a0aaf/library/std/src/sys/pal/unix/thread.rs:105:17
[INFO] [stdout]   47:     0x7f290f35fac3 - <unknown>
[INFO] [stdout]   48:     0x7f290f3f0a04 - clone
[INFO] [stdout]   49:                0x0 - <unknown>
[INFO] [stdout] 
[INFO] [stdout] 
[INFO] [stdout] failures:
[INFO] [stdout]     tests::test_parse_whole_folder
[INFO] [stdout] 
[INFO] [stdout] test result: FAILED. 19 passed; 1 failed; 1 ignored; 0 measured; 0 filtered out; finished in 0.05s
[INFO] [stdout] 
[INFO] running `Command { std: "docker" "inspect" "c7281b08a6891df47219514f196fc9dbac0bb9fbb80449abfbbf2a9b4a5ffca1", kill_on_drop: false }`
[INFO] running `Command { std: "docker" "rm" "-f" "c7281b08a6891df47219514f196fc9dbac0bb9fbb80449abfbbf2a9b4a5ffca1", kill_on_drop: false }`
[INFO] [stdout] c7281b08a6891df47219514f196fc9dbac0bb9fbb80449abfbbf2a9b4a5ffca1
