[INFO] fetching crate vsf 0.1.2...
[INFO] testing vsf-0.1.2 against 1.83.0 for beta-1.84.0-4-retry
[INFO] extracting crate vsf 0.1.2 into /workspace/builds/worker-7-tc1/source
[INFO] validating manifest of crates.io crate vsf 0.1.2 on toolchain 1.83.0
[INFO] running `Command { std: CARGO_HOME="/workspace/cargo-home" RUSTUP_HOME="/workspace/rustup-home" "/workspace/cargo-home/bin/cargo" "+1.83.0" "metadata" "--manifest-path" "Cargo.toml" "--no-deps", kill_on_drop: false }`
[INFO] started tweaking crates.io crate vsf 0.1.2
[INFO] finished tweaking crates.io crate vsf 0.1.2
[INFO] tweaked toml for crates.io crate vsf 0.1.2 written to /workspace/builds/worker-7-tc1/source/Cargo.toml
[INFO] running `Command { std: CARGO_HOME="/workspace/cargo-home" RUSTUP_HOME="/workspace/rustup-home" "/workspace/cargo-home/bin/cargo" "+1.83.0" "generate-lockfile" "--manifest-path" "Cargo.toml", kill_on_drop: false }`
[INFO] [stderr]     Updating crates.io index
[INFO] [stderr]      Locking 8 packages to latest compatible versions
[INFO] running `Command { std: CARGO_HOME="/workspace/cargo-home" RUSTUP_HOME="/workspace/rustup-home" "/workspace/cargo-home/bin/cargo" "+1.83.0" "fetch" "--manifest-path" "Cargo.toml", kill_on_drop: false }`
[INFO] running `Command { std: "docker" "create" "-v" "/var/lib/crater-agent-workspace/builds/worker-7-tc1/target:/opt/rustwide/target:rw,Z" "-v" "/var/lib/crater-agent-workspace/builds/worker-7-tc1/source:/opt/rustwide/workdir:ro,Z" "-v" "/var/lib/crater-agent-workspace/cargo-home:/opt/rustwide/cargo-home:ro,Z" "-v" "/var/lib/crater-agent-workspace/rustup-home:/opt/rustwide/rustup-home:ro,Z" "-e" "SOURCE_DIR=/opt/rustwide/workdir" "-e" "CARGO_TARGET_DIR=/opt/rustwide/target" "-e" "CARGO_HOME=/opt/rustwide/cargo-home" "-e" "RUSTUP_HOME=/opt/rustwide/rustup-home" "-w" "/opt/rustwide/workdir" "-m" "1610612736" "--user" "0:0" "--network" "none" "ghcr.io/rust-lang/crates-build-env/linux@sha256:f3a9d4ad9d972b27faf3965f35b62e55ba32bbce8f20bc8fe909558a86702fde" "/opt/rustwide/cargo-home/bin/cargo" "+1.83.0" "metadata" "--no-deps" "--format-version=1", kill_on_drop: false }`
[INFO] [stdout] 99a8e8fb611be42f905c7bd51973907d63f076ebf48240306c51452169af143e
[INFO] running `Command { std: "docker" "start" "-a" "99a8e8fb611be42f905c7bd51973907d63f076ebf48240306c51452169af143e", kill_on_drop: false }`
[INFO] running `Command { std: "docker" "inspect" "99a8e8fb611be42f905c7bd51973907d63f076ebf48240306c51452169af143e", kill_on_drop: false }`
[INFO] running `Command { std: "docker" "rm" "-f" "99a8e8fb611be42f905c7bd51973907d63f076ebf48240306c51452169af143e", kill_on_drop: false }`
[INFO] [stdout] 99a8e8fb611be42f905c7bd51973907d63f076ebf48240306c51452169af143e
[INFO] running `Command { std: "docker" "create" "-v" "/var/lib/crater-agent-workspace/builds/worker-7-tc1/target:/opt/rustwide/target:rw,Z" "-v" "/var/lib/crater-agent-workspace/builds/worker-7-tc1/source:/opt/rustwide/workdir:ro,Z" "-v" "/var/lib/crater-agent-workspace/cargo-home:/opt/rustwide/cargo-home:ro,Z" "-v" "/var/lib/crater-agent-workspace/rustup-home:/opt/rustwide/rustup-home:ro,Z" "-e" "SOURCE_DIR=/opt/rustwide/workdir" "-e" "CARGO_TARGET_DIR=/opt/rustwide/target" "-e" "CARGO_INCREMENTAL=0" "-e" "RUST_BACKTRACE=full" "-e" "RUSTFLAGS=--cap-lints=warn" "-e" "RUSTDOCFLAGS=--cap-lints=warn" "-e" "CARGO_HOME=/opt/rustwide/cargo-home" "-e" "RUSTUP_HOME=/opt/rustwide/rustup-home" "-w" "/opt/rustwide/workdir" "-m" "1610612736" "--user" "0:0" "--network" "none" "ghcr.io/rust-lang/crates-build-env/linux@sha256:f3a9d4ad9d972b27faf3965f35b62e55ba32bbce8f20bc8fe909558a86702fde" "/opt/rustwide/cargo-home/bin/cargo" "+1.83.0" "build" "--frozen" "--message-format=json", kill_on_drop: false }`
[INFO] [stdout] 3007119a2f5fe5b11811d8cc85712d2bf6ee59bea57961a8cecaa50b9f415d18
[INFO] running `Command { std: "docker" "start" "-a" "3007119a2f5fe5b11811d8cc85712d2bf6ee59bea57961a8cecaa50b9f415d18", kill_on_drop: false }`
[INFO] [stderr]    Compiling autocfg v1.4.0
[INFO] [stderr]    Compiling radium v0.7.0
[INFO] [stderr]    Compiling tap v1.0.1
[INFO] [stderr]    Compiling funty v2.0.0
[INFO] [stderr]    Compiling wyz v0.5.1
[INFO] [stderr]    Compiling num-traits v0.2.19
[INFO] [stderr]    Compiling bitvec v1.0.1
[INFO] [stderr]    Compiling num-complex v0.4.6
[INFO] [stderr]    Compiling vsf v0.1.2 (/opt/rustwide/workdir)
[INFO] [stderr]     Finished `dev` profile [unoptimized + debuginfo] target(s) in 3.39s
[INFO] running `Command { std: "docker" "inspect" "3007119a2f5fe5b11811d8cc85712d2bf6ee59bea57961a8cecaa50b9f415d18", kill_on_drop: false }`
[INFO] running `Command { std: "docker" "rm" "-f" "3007119a2f5fe5b11811d8cc85712d2bf6ee59bea57961a8cecaa50b9f415d18", kill_on_drop: false }`
[INFO] [stdout] 3007119a2f5fe5b11811d8cc85712d2bf6ee59bea57961a8cecaa50b9f415d18
[INFO] running `Command { std: "docker" "create" "-v" "/var/lib/crater-agent-workspace/builds/worker-7-tc1/target:/opt/rustwide/target:rw,Z" "-v" "/var/lib/crater-agent-workspace/builds/worker-7-tc1/source:/opt/rustwide/workdir:ro,Z" "-v" "/var/lib/crater-agent-workspace/cargo-home:/opt/rustwide/cargo-home:ro,Z" "-v" "/var/lib/crater-agent-workspace/rustup-home:/opt/rustwide/rustup-home:ro,Z" "-e" "SOURCE_DIR=/opt/rustwide/workdir" "-e" "CARGO_TARGET_DIR=/opt/rustwide/target" "-e" "CARGO_INCREMENTAL=0" "-e" "RUST_BACKTRACE=full" "-e" "RUSTFLAGS=--cap-lints=warn" "-e" "RUSTDOCFLAGS=--cap-lints=warn" "-e" "CARGO_HOME=/opt/rustwide/cargo-home" "-e" "RUSTUP_HOME=/opt/rustwide/rustup-home" "-w" "/opt/rustwide/workdir" "-m" "1610612736" "--user" "0:0" "--network" "none" "ghcr.io/rust-lang/crates-build-env/linux@sha256:f3a9d4ad9d972b27faf3965f35b62e55ba32bbce8f20bc8fe909558a86702fde" "/opt/rustwide/cargo-home/bin/cargo" "+1.83.0" "test" "--frozen" "--no-run" "--message-format=json", kill_on_drop: false }`
[INFO] [stdout] 9997b0a792b912feea111462542fb50ffb390a3ef7cea758b93371a2bf8ab648
[INFO] running `Command { std: "docker" "start" "-a" "9997b0a792b912feea111462542fb50ffb390a3ef7cea758b93371a2bf8ab648", kill_on_drop: false }`
[INFO] [stderr]    Compiling vsf v0.1.2 (/opt/rustwide/workdir)
[INFO] [stderr]     Finished `test` profile [unoptimized + debuginfo] target(s) in 0.50s
[INFO] running `Command { std: "docker" "inspect" "9997b0a792b912feea111462542fb50ffb390a3ef7cea758b93371a2bf8ab648", kill_on_drop: false }`
[INFO] running `Command { std: "docker" "rm" "-f" "9997b0a792b912feea111462542fb50ffb390a3ef7cea758b93371a2bf8ab648", kill_on_drop: false }`
[INFO] [stdout] 9997b0a792b912feea111462542fb50ffb390a3ef7cea758b93371a2bf8ab648
[INFO] running `Command { std: "docker" "create" "-v" "/var/lib/crater-agent-workspace/builds/worker-7-tc1/target:/opt/rustwide/target:rw,Z" "-v" "/var/lib/crater-agent-workspace/builds/worker-7-tc1/source:/opt/rustwide/workdir:ro,Z" "-v" "/var/lib/crater-agent-workspace/cargo-home:/opt/rustwide/cargo-home:ro,Z" "-v" "/var/lib/crater-agent-workspace/rustup-home:/opt/rustwide/rustup-home:ro,Z" "-e" "SOURCE_DIR=/opt/rustwide/workdir" "-e" "CARGO_TARGET_DIR=/opt/rustwide/target" "-e" "CARGO_INCREMENTAL=0" "-e" "RUST_BACKTRACE=full" "-e" "RUSTFLAGS=--cap-lints=warn" "-e" "RUSTDOCFLAGS=--cap-lints=warn" "-e" "CARGO_HOME=/opt/rustwide/cargo-home" "-e" "RUSTUP_HOME=/opt/rustwide/rustup-home" "-w" "/opt/rustwide/workdir" "-m" "1610612736" "--user" "0:0" "--network" "none" "ghcr.io/rust-lang/crates-build-env/linux@sha256:f3a9d4ad9d972b27faf3965f35b62e55ba32bbce8f20bc8fe909558a86702fde" "/opt/rustwide/cargo-home/bin/cargo" "+1.83.0" "test" "--frozen", kill_on_drop: false }`
[INFO] [stdout] cee46ab85a0ca04b147683dfa6e938d9bcaee27e106e6e549cf82c8db600f6d8
[INFO] running `Command { std: "docker" "start" "-a" "cee46ab85a0ca04b147683dfa6e938d9bcaee27e106e6e549cf82c8db600f6d8", kill_on_drop: false }`
[INFO] [stderr]     Finished `test` profile [unoptimized + debuginfo] target(s) in 0.02s
[INFO] [stderr]      Running unittests src/lib.rs (/opt/rustwide/target/debug/deps/vsf-ad8bd4aac4304975)
[INFO] [stdout] 
[INFO] [stdout] running 0 tests
[INFO] [stdout] 
[INFO] [stdout] test result: ok. 0 passed; 0 failed; 0 ignored; 0 measured; 0 filtered out; finished in 0.00s
[INFO] [stdout] 
[INFO] [stderr]    Doc-tests vsf
[INFO] [stdout] 
[INFO] [stdout] running 1 test
[INFO] [stdout] test src/lib.rs - vsf (line 36) ... FAILED
[INFO] [stdout] 
[INFO] [stdout] failures:
[INFO] [stdout] 
[INFO] [stdout] ---- src/lib.rs - vsf (line 36) stdout ----
[INFO] [stdout] error[E0432]: unresolved imports `vsf::VsfType`, `vsf::parse`, `vsf::EncodeNumber`
[INFO] [stdout]  --> src/lib.rs:38:11
[INFO] [stdout]   |
[INFO] [stdout] 4 | use vsf::{VsfType, parse, EncodeNumber};
[INFO] [stdout]   |           ^^^^^^^  ^^^^^  ^^^^^^^^^^^^ no `EncodeNumber` in the root
[INFO] [stdout]   |           |        |
[INFO] [stdout]   |           |        no `parse` in the root
[INFO] [stdout]   |           no `VsfType` in the root
[INFO] [stdout]   |
[INFO] [stdout]   = help: consider importing this enum instead:
[INFO] [stdout]           vsf::vsf::VsfType
[INFO] [stdout]   = help: consider importing this trait instead:
[INFO] [stdout]           vsf::vsf::EncodeNumber
[INFO] [stdout] 
[INFO] [stdout] error: aborting due to 1 previous error
[INFO] [stdout] 
[INFO] [stdout] For more information about this error, try `rustc --explain E0432`.
[INFO] [stdout] Couldn't compile the test.
[INFO] [stdout] 
[INFO] [stdout] failures:
[INFO] [stdout]     src/lib.rs - vsf (line 36)
[INFO] [stdout] 
[INFO] [stdout] test result: FAILED. 0 passed; 1 failed; 0 ignored; 0 measured; 0 filtered out; finished in 0.07s
[INFO] [stdout] 
[INFO] [stderr] error: doctest failed, to rerun pass `--doc`
[INFO] running `Command { std: "docker" "inspect" "cee46ab85a0ca04b147683dfa6e938d9bcaee27e106e6e549cf82c8db600f6d8", kill_on_drop: false }`
[INFO] running `Command { std: "docker" "rm" "-f" "cee46ab85a0ca04b147683dfa6e938d9bcaee27e106e6e549cf82c8db600f6d8", kill_on_drop: false }`
[INFO] [stdout] cee46ab85a0ca04b147683dfa6e938d9bcaee27e106e6e549cf82c8db600f6d8
