[INFO] fetching crate vscode-generator 0.2.0...
[INFO] testing vscode-generator-0.2.0 against 1.83.0 for beta-1.84.0-4-retry
[INFO] extracting crate vscode-generator 0.2.0 into /workspace/builds/worker-0-tc1/source
[INFO] validating manifest of crates.io crate vscode-generator 0.2.0 on toolchain 1.83.0
[INFO] running `Command { std: CARGO_HOME="/workspace/cargo-home" RUSTUP_HOME="/workspace/rustup-home" "/workspace/cargo-home/bin/cargo" "+1.83.0" "metadata" "--manifest-path" "Cargo.toml" "--no-deps", kill_on_drop: false }`
[INFO] started tweaking crates.io crate vscode-generator 0.2.0
[INFO] finished tweaking crates.io crate vscode-generator 0.2.0
[INFO] tweaked toml for crates.io crate vscode-generator 0.2.0 written to /workspace/builds/worker-0-tc1/source/Cargo.toml
[INFO] running `Command { std: CARGO_HOME="/workspace/cargo-home" RUSTUP_HOME="/workspace/rustup-home" "/workspace/cargo-home/bin/cargo" "+1.83.0" "generate-lockfile" "--manifest-path" "Cargo.toml", kill_on_drop: false }`
[INFO] [stderr]     Updating crates.io index
[INFO] [stderr]      Locking 11 packages to latest compatible versions
[INFO] running `Command { std: CARGO_HOME="/workspace/cargo-home" RUSTUP_HOME="/workspace/rustup-home" "/workspace/cargo-home/bin/cargo" "+1.83.0" "fetch" "--manifest-path" "Cargo.toml", kill_on_drop: false }`
[INFO] running `Command { std: "docker" "create" "-v" "/var/lib/crater-agent-workspace/builds/worker-0-tc1/target:/opt/rustwide/target:rw,Z" "-v" "/var/lib/crater-agent-workspace/builds/worker-0-tc1/source:/opt/rustwide/workdir:ro,Z" "-v" "/var/lib/crater-agent-workspace/cargo-home:/opt/rustwide/cargo-home:ro,Z" "-v" "/var/lib/crater-agent-workspace/rustup-home:/opt/rustwide/rustup-home:ro,Z" "-e" "SOURCE_DIR=/opt/rustwide/workdir" "-e" "CARGO_TARGET_DIR=/opt/rustwide/target" "-e" "CARGO_HOME=/opt/rustwide/cargo-home" "-e" "RUSTUP_HOME=/opt/rustwide/rustup-home" "-w" "/opt/rustwide/workdir" "-m" "1610612736" "--user" "0:0" "--network" "none" "ghcr.io/rust-lang/crates-build-env/linux@sha256:f3a9d4ad9d972b27faf3965f35b62e55ba32bbce8f20bc8fe909558a86702fde" "/opt/rustwide/cargo-home/bin/cargo" "+1.83.0" "metadata" "--no-deps" "--format-version=1", kill_on_drop: false }`
[INFO] [stdout] 4f097172810595e92f4cc0b386a1a3eba605ef31a05014ddee0217e29b1c991c
[INFO] running `Command { std: "docker" "start" "-a" "4f097172810595e92f4cc0b386a1a3eba605ef31a05014ddee0217e29b1c991c", kill_on_drop: false }`
[INFO] running `Command { std: "docker" "inspect" "4f097172810595e92f4cc0b386a1a3eba605ef31a05014ddee0217e29b1c991c", kill_on_drop: false }`
[INFO] running `Command { std: "docker" "rm" "-f" "4f097172810595e92f4cc0b386a1a3eba605ef31a05014ddee0217e29b1c991c", kill_on_drop: false }`
[INFO] [stdout] 4f097172810595e92f4cc0b386a1a3eba605ef31a05014ddee0217e29b1c991c
[INFO] running `Command { std: "docker" "create" "-v" "/var/lib/crater-agent-workspace/builds/worker-0-tc1/target:/opt/rustwide/target:rw,Z" "-v" "/var/lib/crater-agent-workspace/builds/worker-0-tc1/source:/opt/rustwide/workdir:ro,Z" "-v" "/var/lib/crater-agent-workspace/cargo-home:/opt/rustwide/cargo-home:ro,Z" "-v" "/var/lib/crater-agent-workspace/rustup-home:/opt/rustwide/rustup-home:ro,Z" "-e" "SOURCE_DIR=/opt/rustwide/workdir" "-e" "CARGO_TARGET_DIR=/opt/rustwide/target" "-e" "CARGO_INCREMENTAL=0" "-e" "RUST_BACKTRACE=full" "-e" "RUSTFLAGS=--cap-lints=warn" "-e" "RUSTDOCFLAGS=--cap-lints=warn" "-e" "CARGO_HOME=/opt/rustwide/cargo-home" "-e" "RUSTUP_HOME=/opt/rustwide/rustup-home" "-w" "/opt/rustwide/workdir" "-m" "1610612736" "--user" "0:0" "--network" "none" "ghcr.io/rust-lang/crates-build-env/linux@sha256:f3a9d4ad9d972b27faf3965f35b62e55ba32bbce8f20bc8fe909558a86702fde" "/opt/rustwide/cargo-home/bin/cargo" "+1.83.0" "build" "--frozen" "--message-format=json", kill_on_drop: false }`
[INFO] [stdout] cdaba68660fc504a6f093150878151b2244f636f0c2dad8b01b7f347fbbdce85
[INFO] running `Command { std: "docker" "start" "-a" "cdaba68660fc504a6f093150878151b2244f636f0c2dad8b01b7f347fbbdce85", kill_on_drop: false }`
[INFO] [stderr]    Compiling proc-macro2 v1.0.92
[INFO] [stderr]    Compiling unicode-ident v1.0.14
[INFO] [stderr]    Compiling serde v1.0.216
[INFO] [stderr]    Compiling serde_json v1.0.133
[INFO] [stderr]    Compiling itoa v1.0.14
[INFO] [stderr]    Compiling ryu v1.0.18
[INFO] [stderr]    Compiling memchr v2.7.4
[INFO] [stderr]    Compiling fastrand v2.3.0
[INFO] [stderr]    Compiling quote v1.0.37
[INFO] [stderr]    Compiling syn v2.0.90
[INFO] [stderr]    Compiling serde_derive v1.0.216
[INFO] [stderr]    Compiling vscode-generator v0.2.0 (/opt/rustwide/workdir)
[INFO] [stderr]     Finished `dev` profile [unoptimized + debuginfo] target(s) in 14.05s
[INFO] running `Command { std: "docker" "inspect" "cdaba68660fc504a6f093150878151b2244f636f0c2dad8b01b7f347fbbdce85", kill_on_drop: false }`
[INFO] running `Command { std: "docker" "rm" "-f" "cdaba68660fc504a6f093150878151b2244f636f0c2dad8b01b7f347fbbdce85", kill_on_drop: false }`
[INFO] [stdout] cdaba68660fc504a6f093150878151b2244f636f0c2dad8b01b7f347fbbdce85
[INFO] running `Command { std: "docker" "create" "-v" "/var/lib/crater-agent-workspace/builds/worker-0-tc1/target:/opt/rustwide/target:rw,Z" "-v" "/var/lib/crater-agent-workspace/builds/worker-0-tc1/source:/opt/rustwide/workdir:ro,Z" "-v" "/var/lib/crater-agent-workspace/cargo-home:/opt/rustwide/cargo-home:ro,Z" "-v" "/var/lib/crater-agent-workspace/rustup-home:/opt/rustwide/rustup-home:ro,Z" "-e" "SOURCE_DIR=/opt/rustwide/workdir" "-e" "CARGO_TARGET_DIR=/opt/rustwide/target" "-e" "CARGO_INCREMENTAL=0" "-e" "RUST_BACKTRACE=full" "-e" "RUSTFLAGS=--cap-lints=warn" "-e" "RUSTDOCFLAGS=--cap-lints=warn" "-e" "CARGO_HOME=/opt/rustwide/cargo-home" "-e" "RUSTUP_HOME=/opt/rustwide/rustup-home" "-w" "/opt/rustwide/workdir" "-m" "1610612736" "--user" "0:0" "--network" "none" "ghcr.io/rust-lang/crates-build-env/linux@sha256:f3a9d4ad9d972b27faf3965f35b62e55ba32bbce8f20bc8fe909558a86702fde" "/opt/rustwide/cargo-home/bin/cargo" "+1.83.0" "test" "--frozen" "--no-run" "--message-format=json", kill_on_drop: false }`
[INFO] [stdout] 65f61756e8b8568ca7ee066135212cabdff2609ce0bbf1c1667de5990e94b0b7
[INFO] running `Command { std: "docker" "start" "-a" "65f61756e8b8568ca7ee066135212cabdff2609ce0bbf1c1667de5990e94b0b7", kill_on_drop: false }`
[INFO] [stderr]    Compiling vscode-generator v0.2.0 (/opt/rustwide/workdir)
[INFO] [stderr]     Finished `test` profile [unoptimized + debuginfo] target(s) in 0.52s
[INFO] running `Command { std: "docker" "inspect" "65f61756e8b8568ca7ee066135212cabdff2609ce0bbf1c1667de5990e94b0b7", kill_on_drop: false }`
[INFO] running `Command { std: "docker" "rm" "-f" "65f61756e8b8568ca7ee066135212cabdff2609ce0bbf1c1667de5990e94b0b7", kill_on_drop: false }`
[INFO] [stdout] 65f61756e8b8568ca7ee066135212cabdff2609ce0bbf1c1667de5990e94b0b7
[INFO] running `Command { std: "docker" "create" "-v" "/var/lib/crater-agent-workspace/builds/worker-0-tc1/target:/opt/rustwide/target:rw,Z" "-v" "/var/lib/crater-agent-workspace/builds/worker-0-tc1/source:/opt/rustwide/workdir:ro,Z" "-v" "/var/lib/crater-agent-workspace/cargo-home:/opt/rustwide/cargo-home:ro,Z" "-v" "/var/lib/crater-agent-workspace/rustup-home:/opt/rustwide/rustup-home:ro,Z" "-e" "SOURCE_DIR=/opt/rustwide/workdir" "-e" "CARGO_TARGET_DIR=/opt/rustwide/target" "-e" "CARGO_INCREMENTAL=0" "-e" "RUST_BACKTRACE=full" "-e" "RUSTFLAGS=--cap-lints=warn" "-e" "RUSTDOCFLAGS=--cap-lints=warn" "-e" "CARGO_HOME=/opt/rustwide/cargo-home" "-e" "RUSTUP_HOME=/opt/rustwide/rustup-home" "-w" "/opt/rustwide/workdir" "-m" "1610612736" "--user" "0:0" "--network" "none" "ghcr.io/rust-lang/crates-build-env/linux@sha256:f3a9d4ad9d972b27faf3965f35b62e55ba32bbce8f20bc8fe909558a86702fde" "/opt/rustwide/cargo-home/bin/cargo" "+1.83.0" "test" "--frozen", kill_on_drop: false }`
[INFO] [stdout] b312c894b607804cec14c04ccfeb342f41695331aa544c88b5b0e3a6f5441203
[INFO] running `Command { std: "docker" "start" "-a" "b312c894b607804cec14c04ccfeb342f41695331aa544c88b5b0e3a6f5441203", kill_on_drop: false }`
[INFO] [stderr]     Finished `test` profile [unoptimized + debuginfo] target(s) in 0.02s
[INFO] [stderr]      Running unittests src/lib.rs (/opt/rustwide/target/debug/deps/vscode_generator-994ab62365cf814c)
[INFO] [stdout] 
[INFO] [stdout] running 0 tests
[INFO] [stdout] 
[INFO] [stdout] test result: ok. 0 passed; 0 failed; 0 ignored; 0 measured; 0 filtered out; finished in 0.00s
[INFO] [stdout] 
[INFO] [stderr]    Doc-tests vscode_generator
[INFO] [stdout] 
[INFO] [stdout] running 13 tests
[INFO] [stdout] test src/snippets/snippets_file.rs - snippets::snippets_file::SnippetsFile (line 20) ... FAILED
[INFO] [stdout] test src/snippets/mod.rs - snippets (line 22) ... FAILED
[INFO] [stdout] test src/snippets/snippet_builder.rs - snippets::snippet_builder::SnippetBuilder (line 46) ... FAILED
[INFO] [stdout] test src/lib.rs - (line 22) ... FAILED
[INFO] [stdout] test src/snippets/snippet_builder.rs - snippets::snippet_builder::SnippetBuilder (line 29) ... FAILED
[INFO] [stdout] test src/snippets/mod.rs - snippets (line 35) ... FAILED
[INFO] [stdout] test src/snippets/snippet_builder.rs - snippets::snippet_builder::SnippetBuilder (line 18) ... FAILED
[INFO] [stdout] test src/snippets/snippet.rs - snippets::snippet::Snippet (line 20) ... FAILED
[INFO] [stdout] test src/snippets/snippets_file.rs - snippets::snippets_file::SnippetsFile (line 28) ... FAILED
[INFO] [stdout] test src/snippets/snippet.rs - snippets::snippet::Snippet (line 45) ... FAILED
[INFO] [stdout] test src/snippets/snippet.rs - snippets::snippet::Snippet (line 65) ... FAILED
[INFO] [stdout] test src/snippets/snippet.rs - snippets::snippet::Snippet (line 83) ... FAILED
[INFO] [stdout] test src/snippets/snippets_file.rs - snippets::snippets_file::SnippetsFile (line 42) ... FAILED
[INFO] [stdout] 
[INFO] [stdout] failures:
[INFO] [stdout] 
[INFO] [stdout] ---- src/snippets/snippets_file.rs - snippets::snippets_file::SnippetsFile (line 20) stdout ----
[INFO] [stdout] error[E0433]: failed to resolve: use of undeclared type `SnippetsFile`
[INFO] [stdout]  --> src/snippets/snippets_file.rs:21:12
[INFO] [stdout]   |
[INFO] [stdout] 3 | let file = SnippetsFile::new(vec![
[INFO] [stdout]   |            ^^^^^^^^^^^^ use of undeclared type `SnippetsFile`
[INFO] [stdout]   |
[INFO] [stdout] help: consider importing this struct
[INFO] [stdout]   |
[INFO] [stdout] 2 + use vscode_generator::SnippetsFile;
[INFO] [stdout]   |
[INFO] [stdout] 
[INFO] [stdout] error[E0433]: failed to resolve: use of undeclared type `Snippet`
[INFO] [stdout]  --> src/snippets/snippets_file.rs:22:5
[INFO] [stdout]   |
[INFO] [stdout] 4 |     Snippet::new("print", vec!["println!(\"$0\");"]),
[INFO] [stdout]   |     ^^^^^^^ use of undeclared type `Snippet`
[INFO] [stdout]   |
[INFO] [stdout] help: consider importing this struct
[INFO] [stdout]   |
[INFO] [stdout] 2 + use vscode_generator::Snippet;
[INFO] [stdout]   |
[INFO] [stdout] 
[INFO] [stdout] error[E0433]: failed to resolve: use of undeclared type `Snippet`
[INFO] [stdout]  --> src/snippets/snippets_file.rs:23:5
[INFO] [stdout]   |
[INFO] [stdout] 5 |     Snippet::new("debug", vec!["dbg!($0);"])
[INFO] [stdout]   |     ^^^^^^^ use of undeclared type `Snippet`
[INFO] [stdout]   |
[INFO] [stdout] help: consider importing this struct
[INFO] [stdout]   |
[INFO] [stdout] 2 + use vscode_generator::Snippet;
[INFO] [stdout]   |
[INFO] [stdout] 
[INFO] [stdout] error: aborting due to 3 previous errors
[INFO] [stdout] 
[INFO] [stdout] For more information about this error, try `rustc --explain E0433`.
[INFO] [stdout] Couldn't compile the test.
[INFO] [stdout] ---- src/snippets/mod.rs - snippets (line 22) stdout ----
[INFO] [stdout] error[E0432]: unresolved import `snippets`
[INFO] [stdout]  --> src/snippets/mod.rs:23:5
[INFO] [stdout]   |
[INFO] [stdout] 3 | use snippets::SnippetBuilder;
[INFO] [stdout]   |     ^^^^^^^^ help: a similar path exists: `vscode_generator::snippets`
[INFO] [stdout] 
[INFO] [stdout] error: aborting due to 1 previous error
[INFO] [stdout] 
[INFO] [stdout] For more information about this error, try `rustc --explain E0432`.
[INFO] [stdout] Couldn't compile the test.
[INFO] [stdout] ---- src/snippets/snippet_builder.rs - snippets::snippet_builder::SnippetBuilder (line 46) stdout ----
[INFO] [stdout] error[E0433]: failed to resolve: use of undeclared type `SnippetBuilder`
[INFO] [stdout]  --> src/snippets/snippet_builder.rs:47:15
[INFO] [stdout]   |
[INFO] [stdout] 3 | let snippet = SnippetBuilder::new()
[INFO] [stdout]   |               ^^^^^^^^^^^^^^ use of undeclared type `SnippetBuilder`
[INFO] [stdout]   |
[INFO] [stdout] help: consider importing this struct
[INFO] [stdout]   |
[INFO] [stdout] 2 + use vscode_generator::SnippetBuilder;
[INFO] [stdout]   |
[INFO] [stdout] 
[INFO] [stdout] error: aborting due to 1 previous error
[INFO] [stdout] 
[INFO] [stdout] For more information about this error, try `rustc --explain E0433`.
[INFO] [stdout] Couldn't compile the test.
[INFO] [stdout] ---- src/lib.rs - (line 22) stdout ----
[INFO] [stdout] error[E0277]: the `?` operator can only be used in a function that returns `Result` or `Option` (or another type that implements `FromResidual`)
[INFO] [stdout]   --> src/lib.rs:36:13
[INFO] [stdout]    |
[INFO] [stdout] 4  | fn main() { #[allow(non_snake_case)] fn _doctest_main_src_lib_rs_22_0() {
[INFO] [stdout]    |                                      ---------------------------------- this function should return `Result` or `Option` to accept `?`
[INFO] [stdout] ...
[INFO] [stdout] 17 |     .build()?;
[INFO] [stdout]    |             ^ cannot use the `?` operator in a function that returns `()`
[INFO] [stdout]    |
[INFO] [stdout]    = help: the trait `FromResidual<Result<Infallible, vscode_generator::Error>>` is not implemented for `()`
[INFO] [stdout] help: consider adding return type
[INFO] [stdout]    |
[INFO] [stdout] 4  ~ fn main() { #[allow(non_snake_case)] fn _doctest_main_src_lib_rs_22_0() -> Result<(), Box<dyn std::error::Error>> {
[INFO] [stdout] 5  | use vscode_generator::{ Snippet, SnippetsFile };
[INFO] [stdout] ...
[INFO] [stdout] 21 | snippets_file.write_to("./snippets/rust.code-snippets")?;
[INFO] [stdout] 22 +     Ok(())
[INFO] [stdout]    |
[INFO] [stdout] 
[INFO] [stdout] error[E0277]: the `?` operator can only be used in a function that returns `Result` or `Option` (or another type that implements `FromResidual`)
[INFO] [stdout]   --> src/lib.rs:40:56
[INFO] [stdout]    |
[INFO] [stdout] 4  | fn main() { #[allow(non_snake_case)] fn _doctest_main_src_lib_rs_22_0() {
[INFO] [stdout]    |                                      ---------------------------------- this function should return `Result` or `Option` to accept `?`
[INFO] [stdout] ...
[INFO] [stdout] 21 | snippets_file.write_to("./snippets/rust.code-snippets")?;
[INFO] [stdout]    |                                                        ^ cannot use the `?` operator in a function that returns `()`
[INFO] [stdout]    |
[INFO] [stdout]    = help: the trait `FromResidual<Result<Infallible, vscode_generator::Error>>` is not implemented for `()`
[INFO] [stdout] help: consider adding return type
[INFO] [stdout]    |
[INFO] [stdout] 4  ~ fn main() { #[allow(non_snake_case)] fn _doctest_main_src_lib_rs_22_0() -> Result<(), Box<dyn std::error::Error>> {
[INFO] [stdout] 5  | use vscode_generator::{ Snippet, SnippetsFile };
[INFO] [stdout] ...
[INFO] [stdout] 21 | snippets_file.write_to("./snippets/rust.code-snippets")?;
[INFO] [stdout] 22 +     Ok(())
[INFO] [stdout]    |
[INFO] [stdout] 
[INFO] [stdout] error: aborting due to 2 previous errors
[INFO] [stdout] 
[INFO] [stdout] For more information about this error, try `rustc --explain E0277`.
[INFO] [stdout] Couldn't compile the test.
[INFO] [stdout] ---- src/snippets/snippet_builder.rs - snippets::snippet_builder::SnippetBuilder (line 29) stdout ----
[INFO] [stdout] error[E0433]: failed to resolve: use of undeclared type `SnippetBuilder`
[INFO] [stdout]  --> src/snippets/snippet_builder.rs:30:15
[INFO] [stdout]   |
[INFO] [stdout] 3 | let snippet = SnippetBuilder::new()
[INFO] [stdout]   |               ^^^^^^^^^^^^^^ use of undeclared type `SnippetBuilder`
[INFO] [stdout]   |
[INFO] [stdout] help: consider importing this struct
[INFO] [stdout]   |
[INFO] [stdout] 2 + use vscode_generator::SnippetBuilder;
[INFO] [stdout]   |
[INFO] [stdout] 
[INFO] [stdout] error: aborting due to 1 previous error
[INFO] [stdout] 
[INFO] [stdout] For more information about this error, try `rustc --explain E0433`.
[INFO] [stdout] Couldn't compile the test.
[INFO] [stdout] ---- src/snippets/mod.rs - snippets (line 35) stdout ----
[INFO] [stdout] error[E0432]: unresolved import `snippets`
[INFO] [stdout]  --> src/snippets/mod.rs:36:5
[INFO] [stdout]   |
[INFO] [stdout] 3 | use snippets::{ SnippetsFile, SnippetBuilder };
[INFO] [stdout]   |     ^^^^^^^^ help: a similar path exists: `vscode_generator::snippets`
[INFO] [stdout] 
[INFO] [stdout] error: aborting due to 1 previous error
[INFO] [stdout] 
[INFO] [stdout] For more information about this error, try `rustc --explain E0432`.
[INFO] [stdout] Couldn't compile the test.
[INFO] [stdout] ---- src/snippets/snippet_builder.rs - snippets::snippet_builder::SnippetBuilder (line 18) stdout ----
[INFO] [stdout] error[E0433]: failed to resolve: use of undeclared type `SnippetBuilder`
[INFO] [stdout]  --> src/snippets/snippet_builder.rs:19:15
[INFO] [stdout]   |
[INFO] [stdout] 3 | let snippet = SnippetBuilder::new()
[INFO] [stdout]   |               ^^^^^^^^^^^^^^ use of undeclared type `SnippetBuilder`
[INFO] [stdout]   |
[INFO] [stdout] help: consider importing this struct
[INFO] [stdout]   |
[INFO] [stdout] 2 + use vscode_generator::SnippetBuilder;
[INFO] [stdout]   |
[INFO] [stdout] 
[INFO] [stdout] error: aborting due to 1 previous error
[INFO] [stdout] 
[INFO] [stdout] For more information about this error, try `rustc --explain E0433`.
[INFO] [stdout] Couldn't compile the test.
[INFO] [stdout] ---- src/snippets/snippet.rs - snippets::snippet::Snippet (line 20) stdout ----
[INFO] [stdout] error[E0433]: failed to resolve: use of undeclared type `Snippet`
[INFO] [stdout]  --> src/snippets/snippet.rs:22:15
[INFO] [stdout]   |
[INFO] [stdout] 4 | let snippet = Snippet::new("fn main", vec![
[INFO] [stdout]   |               ^^^^^^^ use of undeclared type `Snippet`
[INFO] [stdout]   |
[INFO] [stdout] help: consider importing this struct
[INFO] [stdout]   |
[INFO] [stdout] 3 + use vscode_generator::Snippet;
[INFO] [stdout]   |
[INFO] [stdout] 
[INFO] [stdout] error[E0433]: failed to resolve: use of undeclared type `Snippet`
[INFO] [stdout]   --> src/snippets/snippet.rs:29:15
[INFO] [stdout]    |
[INFO] [stdout] 11 | let snippet = Snippet::builder()
[INFO] [stdout]    |               ^^^^^^^ use of undeclared type `Snippet`
[INFO] [stdout]    |
[INFO] [stdout] help: consider importing this struct
[INFO] [stdout]    |
[INFO] [stdout] 3  + use vscode_generator::Snippet;
[INFO] [stdout]    |
[INFO] [stdout] 
[INFO] [stdout] error: aborting due to 2 previous errors
[INFO] [stdout] 
[INFO] [stdout] For more information about this error, try `rustc --explain E0433`.
[INFO] [stdout] Couldn't compile the test.
[INFO] [stdout] ---- src/snippets/snippets_file.rs - snippets::snippets_file::SnippetsFile (line 28) stdout ----
[INFO] [stdout] error[E0433]: failed to resolve: use of undeclared type `SnippetsFile`
[INFO] [stdout]  --> src/snippets/snippets_file.rs:29:16
[INFO] [stdout]   |
[INFO] [stdout] 3 | let mut file = SnippetsFile::new(vec![]);
[INFO] [stdout]   |                ^^^^^^^^^^^^ use of undeclared type `SnippetsFile`
[INFO] [stdout]   |
[INFO] [stdout] help: consider importing this struct
[INFO] [stdout]   |
[INFO] [stdout] 2 + use vscode_generator::SnippetsFile;
[INFO] [stdout]   |
[INFO] [stdout] 
[INFO] [stdout] error[E0433]: failed to resolve: use of undeclared type `Snippet`
[INFO] [stdout]  --> src/snippets/snippets_file.rs:32:18
[INFO] [stdout]   |
[INFO] [stdout] 6 | file.add_snippet(Snippet::new("log", vec!["log::info!(\"$0\")"]));
[INFO] [stdout]   |                  ^^^^^^^ use of undeclared type `Snippet`
[INFO] [stdout]   |
[INFO] [stdout] help: consider importing this struct
[INFO] [stdout]   |
[INFO] [stdout] 2 + use vscode_generator::Snippet;
[INFO] [stdout]   |
[INFO] [stdout] 
[INFO] [stdout] error[E0433]: failed to resolve: use of undeclared type `Snippet`
[INFO] [stdout]   --> src/snippets/snippets_file.rs:36:5
[INFO] [stdout]    |
[INFO] [stdout] 10 |     Snippet::new("error", vec!["log::error!(\"$0\");"]),
[INFO] [stdout]    |     ^^^^^^^ use of undeclared type `Snippet`
[INFO] [stdout]    |
[INFO] [stdout] help: consider importing this struct
[INFO] [stdout]    |
[INFO] [stdout] 2  + use vscode_generator::Snippet;
[INFO] [stdout]    |
[INFO] [stdout] 
[INFO] [stdout] error[E0433]: failed to resolve: use of undeclared type `Snippet`
[INFO] [stdout]   --> src/snippets/snippets_file.rs:37:5
[INFO] [stdout]    |
[INFO] [stdout] 11 |     Snippet::new("warn", vec!["log::warn!(\"$0\");"])
[INFO] [stdout]    |     ^^^^^^^ use of undeclared type `Snippet`
[INFO] [stdout]    |
[INFO] [stdout] help: consider importing this struct
[INFO] [stdout]    |
[INFO] [stdout] 2  + use vscode_generator::Snippet;
[INFO] [stdout]    |
[INFO] [stdout] 
[INFO] [stdout] error: aborting due to 4 previous errors
[INFO] [stdout] 
[INFO] [stdout] For more information about this error, try `rustc --explain E0433`.
[INFO] [stdout] Couldn't compile the test.
[INFO] [stdout] ---- src/snippets/snippet.rs - snippets::snippet::Snippet (line 45) stdout ----
[INFO] [stdout] error[E0433]: failed to resolve: use of undeclared type `Snippet`
[INFO] [stdout]  --> src/snippets/snippet.rs:47:12
[INFO] [stdout]   |
[INFO] [stdout] 4 | let text = Snippet::text("hello", "println!(\"Hello, world!\");")
[INFO] [stdout]   |            ^^^^^^^ use of undeclared type `Snippet`
[INFO] [stdout]   |
[INFO] [stdout] help: consider importing this struct
[INFO] [stdout]   |
[INFO] [stdout] 3 + use vscode_generator::Snippet;
[INFO] [stdout]   |
[INFO] [stdout] 
[INFO] [stdout] error[E0433]: failed to resolve: use of undeclared type `Snippet`
[INFO] [stdout]   --> src/snippets/snippet.rs:53:12
[INFO] [stdout]    |
[INFO] [stdout] 10 | let todo = Snippet::todo_comment("todo", "TODO", Some("//"))
[INFO] [stdout]    |            ^^^^^^^ use of undeclared type `Snippet`
[INFO] [stdout]    |
[INFO] [stdout] help: consider importing this struct
[INFO] [stdout]    |
[INFO] [stdout] 3  + use vscode_generator::Snippet;
[INFO] [stdout]    |
[INFO] [stdout] 
[INFO] [stdout] error[E0433]: failed to resolve: use of undeclared type `Snippet`
[INFO] [stdout]   --> src/snippets/snippet.rs:58:15
[INFO] [stdout]    |
[INFO] [stdout] 15 | let println = Snippet::fn_alias("pr", "println!")
[INFO] [stdout]    |               ^^^^^^^ use of undeclared type `Snippet`
[INFO] [stdout]    |
[INFO] [stdout] help: consider importing this struct
[INFO] [stdout]    |
[INFO] [stdout] 3  + use vscode_generator::Snippet;
[INFO] [stdout]    |
[INFO] [stdout] 
[INFO] [stdout] error: aborting due to 3 previous errors
[INFO] [stdout] 
[INFO] [stdout] For more information about this error, try `rustc --explain E0433`.
[INFO] [stdout] Couldn't compile the test.
[INFO] [stdout] ---- src/snippets/snippet.rs - snippets::snippet::Snippet (line 65) stdout ----
[INFO] [stdout] error[E0433]: failed to resolve: use of undeclared type `Snippet`
[INFO] [stdout]  --> src/snippets/snippet.rs:69:21
[INFO] [stdout]   |
[INFO] [stdout] 6 | let macro_snippet = Snippet::rust_macro_alias("fmt", "format", None)
[INFO] [stdout]   |                     ^^^^^^^ use of undeclared type `Snippet`
[INFO] [stdout]   |
[INFO] [stdout] help: consider importing this struct
[INFO] [stdout]   |
[INFO] [stdout] 5 + use vscode_generator::Snippet;
[INFO] [stdout]   |
[INFO] [stdout] 
[INFO] [stdout] error[E0433]: failed to resolve: use of undeclared type `Snippet`
[INFO] [stdout]   --> src/snippets/snippet.rs:75:14
[INFO] [stdout]    |
[INFO] [stdout] 12 | let derive = Snippet::rust_attr("der", "derive", vec!["Debug", "Clone"])
[INFO] [stdout]    |              ^^^^^^^ use of undeclared type `Snippet`
[INFO] [stdout]    |
[INFO] [stdout] help: consider importing this struct
[INFO] [stdout]    |
[INFO] [stdout] 5  + use vscode_generator::Snippet;
[INFO] [stdout]    |
[INFO] [stdout] 
[INFO] [stdout] error: aborting due to 2 previous errors
[INFO] [stdout] 
[INFO] [stdout] For more information about this error, try `rustc --explain E0433`.
[INFO] [stdout] Couldn't compile the test.
[INFO] [stdout] ---- src/snippets/snippet.rs - snippets::snippet::Snippet (line 83) stdout ----
[INFO] [stdout] error[E0433]: failed to resolve: use of undeclared type `Snippet`
[INFO] [stdout]  --> src/snippets/snippet.rs:84:15
[INFO] [stdout]   |
[INFO] [stdout] 3 | let snippet = Snippet::new("fn", vec!["function() {", "    $0", "}"]);
[INFO] [stdout]   |               ^^^^^^^ use of undeclared type `Snippet`
[INFO] [stdout]   |
[INFO] [stdout] help: consider importing this struct
[INFO] [stdout]   |
[INFO] [stdout] 2 + use vscode_generator::Snippet;
[INFO] [stdout]   |
[INFO] [stdout] 
[INFO] [stdout] error: aborting due to 1 previous error
[INFO] [stdout] 
[INFO] [stdout] For more information about this error, try `rustc --explain E0433`.
[INFO] [stdout] Couldn't compile the test.
[INFO] [stdout] ---- src/snippets/snippets_file.rs - snippets::snippets_file::SnippetsFile (line 42) stdout ----
[INFO] [stdout] error[E0433]: failed to resolve: use of undeclared type `SnippetsFile`
[INFO] [stdout]  --> src/snippets/snippets_file.rs:43:12
[INFO] [stdout]   |
[INFO] [stdout] 3 | let file = SnippetsFile::new(vec![
[INFO] [stdout]   |            ^^^^^^^^^^^^ use of undeclared type `SnippetsFile`
[INFO] [stdout]   |
[INFO] [stdout] help: consider importing this struct
[INFO] [stdout]   |
[INFO] [stdout] 2 + use vscode_generator::SnippetsFile;
[INFO] [stdout]   |
[INFO] [stdout] 
[INFO] [stdout] error[E0433]: failed to resolve: use of undeclared type `Snippet`
[INFO] [stdout]  --> src/snippets/snippets_file.rs:44:5
[INFO] [stdout]   |
[INFO] [stdout] 4 |     Snippet::new("test", vec![
[INFO] [stdout]   |     ^^^^^^^ use of undeclared type `Snippet`
[INFO] [stdout]   |
[INFO] [stdout] help: consider importing this struct
[INFO] [stdout]   |
[INFO] [stdout] 2 + use vscode_generator::Snippet;
[INFO] [stdout]   |
[INFO] [stdout] 
[INFO] [stdout] error: aborting due to 2 previous errors
[INFO] [stdout] 
[INFO] [stdout] For more information about this error, try `rustc --explain E0433`.
[INFO] [stdout] Couldn't compile the test.
[INFO] [stdout] 
[INFO] [stdout] failures:
[INFO] [stdout]     src/lib.rs - (line 22)
[INFO] [stdout]     src/snippets/mod.rs - snippets (line 22)
[INFO] [stdout]     src/snippets/mod.rs - snippets (line 35)
[INFO] [stdout]     src/snippets/snippet.rs - snippets::snippet::Snippet (line 20)
[INFO] [stdout]     src/snippets/snippet.rs - snippets::snippet::Snippet (line 45)
[INFO] [stdout]     src/snippets/snippet.rs - snippets::snippet::Snippet (line 65)
[INFO] [stdout]     src/snippets/snippet.rs - snippets::snippet::Snippet (line 83)
[INFO] [stdout]     src/snippets/snippet_builder.rs - snippets::snippet_builder::SnippetBuilder (line 18)
[INFO] [stdout]     src/snippets/snippet_builder.rs - snippets::snippet_builder::SnippetBuilder (line 29)
[INFO] [stdout]     src/snippets/snippet_builder.rs - snippets::snippet_builder::SnippetBuilder (line 46)
[INFO] [stdout]     src/snippets/snippets_file.rs - snippets::snippets_file::SnippetsFile (line 20)
[INFO] [stdout]     src/snippets/snippets_file.rs - snippets::snippets_file::SnippetsFile (line 28)
[INFO] [stdout]     src/snippets/snippets_file.rs - snippets::snippets_file::SnippetsFile (line 42)
[INFO] [stdout] 
[INFO] [stdout] test result: FAILED. 0 passed; 13 failed; 0 ignored; 0 measured; 0 filtered out; finished in 0.39s
[INFO] [stdout] 
[INFO] [stderr] error: doctest failed, to rerun pass `--doc`
[INFO] running `Command { std: "docker" "inspect" "b312c894b607804cec14c04ccfeb342f41695331aa544c88b5b0e3a6f5441203", kill_on_drop: false }`
[INFO] running `Command { std: "docker" "rm" "-f" "b312c894b607804cec14c04ccfeb342f41695331aa544c88b5b0e3a6f5441203", kill_on_drop: false }`
[INFO] [stdout] b312c894b607804cec14c04ccfeb342f41695331aa544c88b5b0e3a6f5441203
