[INFO] fetching crate voltdb-client-rust 0.1.11...
[INFO] testing voltdb-client-rust-0.1.11 against 1.83.0 for beta-1.84.0-4-retry
[INFO] extracting crate voltdb-client-rust 0.1.11 into /workspace/builds/worker-5-tc1/source
[INFO] validating manifest of crates.io crate voltdb-client-rust 0.1.11 on toolchain 1.83.0
[INFO] running `Command { std: CARGO_HOME="/workspace/cargo-home" RUSTUP_HOME="/workspace/rustup-home" "/workspace/cargo-home/bin/cargo" "+1.83.0" "metadata" "--manifest-path" "Cargo.toml" "--no-deps", kill_on_drop: false }`
[INFO] started tweaking crates.io crate voltdb-client-rust 0.1.11
[INFO] finished tweaking crates.io crate voltdb-client-rust 0.1.11
[INFO] tweaked toml for crates.io crate voltdb-client-rust 0.1.11 written to /workspace/builds/worker-5-tc1/source/Cargo.toml
[INFO] crate crates.io crate voltdb-client-rust 0.1.11 already has a lockfile, it will not be regenerated
[INFO] running `Command { std: CARGO_HOME="/workspace/cargo-home" RUSTUP_HOME="/workspace/rustup-home" "/workspace/cargo-home/bin/cargo" "+1.83.0" "fetch" "--manifest-path" "Cargo.toml", kill_on_drop: false }`
[INFO] [stderr]     Updating crates.io index
[INFO] [stderr]  Downloading crates ...
[INFO] [stderr]   Downloaded bytebuffer-rs v0.3.1
[INFO] [stderr]   Downloaded testcontainers v0.12.0
[INFO] running `Command { std: "docker" "create" "-v" "/var/lib/crater-agent-workspace/builds/worker-5-tc1/target:/opt/rustwide/target:rw,Z" "-v" "/var/lib/crater-agent-workspace/builds/worker-5-tc1/source:/opt/rustwide/workdir:ro,Z" "-v" "/var/lib/crater-agent-workspace/cargo-home:/opt/rustwide/cargo-home:ro,Z" "-v" "/var/lib/crater-agent-workspace/rustup-home:/opt/rustwide/rustup-home:ro,Z" "-e" "SOURCE_DIR=/opt/rustwide/workdir" "-e" "CARGO_TARGET_DIR=/opt/rustwide/target" "-e" "CARGO_HOME=/opt/rustwide/cargo-home" "-e" "RUSTUP_HOME=/opt/rustwide/rustup-home" "-w" "/opt/rustwide/workdir" "-m" "1610612736" "--user" "0:0" "--network" "none" "ghcr.io/rust-lang/crates-build-env/linux@sha256:f3a9d4ad9d972b27faf3965f35b62e55ba32bbce8f20bc8fe909558a86702fde" "/opt/rustwide/cargo-home/bin/cargo" "+1.83.0" "metadata" "--no-deps" "--format-version=1", kill_on_drop: false }`
[INFO] [stdout] 511c00865e600f71fe6ceab70970acca269e13006bec8482a2e17046f8f34787
[INFO] running `Command { std: "docker" "start" "-a" "511c00865e600f71fe6ceab70970acca269e13006bec8482a2e17046f8f34787", kill_on_drop: false }`
[INFO] running `Command { std: "docker" "inspect" "511c00865e600f71fe6ceab70970acca269e13006bec8482a2e17046f8f34787", kill_on_drop: false }`
[INFO] running `Command { std: "docker" "rm" "-f" "511c00865e600f71fe6ceab70970acca269e13006bec8482a2e17046f8f34787", kill_on_drop: false }`
[INFO] [stdout] 511c00865e600f71fe6ceab70970acca269e13006bec8482a2e17046f8f34787
[INFO] running `Command { std: "docker" "create" "-v" "/var/lib/crater-agent-workspace/builds/worker-5-tc1/target:/opt/rustwide/target:rw,Z" "-v" "/var/lib/crater-agent-workspace/builds/worker-5-tc1/source:/opt/rustwide/workdir:ro,Z" "-v" "/var/lib/crater-agent-workspace/cargo-home:/opt/rustwide/cargo-home:ro,Z" "-v" "/var/lib/crater-agent-workspace/rustup-home:/opt/rustwide/rustup-home:ro,Z" "-e" "SOURCE_DIR=/opt/rustwide/workdir" "-e" "CARGO_TARGET_DIR=/opt/rustwide/target" "-e" "CARGO_INCREMENTAL=0" "-e" "RUST_BACKTRACE=full" "-e" "RUSTFLAGS=--cap-lints=warn" "-e" "RUSTDOCFLAGS=--cap-lints=warn" "-e" "CARGO_HOME=/opt/rustwide/cargo-home" "-e" "RUSTUP_HOME=/opt/rustwide/rustup-home" "-w" "/opt/rustwide/workdir" "-m" "1610612736" "--user" "0:0" "--network" "none" "ghcr.io/rust-lang/crates-build-env/linux@sha256:f3a9d4ad9d972b27faf3965f35b62e55ba32bbce8f20bc8fe909558a86702fde" "/opt/rustwide/cargo-home/bin/cargo" "+1.83.0" "build" "--frozen" "--message-format=json", kill_on_drop: false }`
[INFO] [stdout] 8c126ea4cec2a7702dc257f8ee1abea85a1207f3bd95e47b1114d5becaaa9bfe
[INFO] running `Command { std: "docker" "start" "-a" "8c126ea4cec2a7702dc257f8ee1abea85a1207f3bd95e47b1114d5becaaa9bfe", kill_on_drop: false }`
[INFO] [stderr]    Compiling autocfg v1.0.1
[INFO] [stderr]    Compiling version_check v0.9.3
[INFO] [stderr]    Compiling typenum v1.14.0
[INFO] [stderr]    Compiling libc v0.2.107
[INFO] [stderr]    Compiling cpufeatures v0.2.1
[INFO] [stderr]    Compiling opaque-debug v0.3.0
[INFO] [stderr]    Compiling byteorder v1.4.3
[INFO] [stderr]    Compiling quick-error v2.0.1
[INFO] [stderr]    Compiling bytebuffer-rs v0.3.1
[INFO] [stderr]    Compiling generic-array v0.14.4
[INFO] [stderr]    Compiling num-traits v0.2.14
[INFO] [stderr]    Compiling num-integer v0.1.44
[INFO] [stderr]    Compiling num-bigint v0.4.3
[INFO] [stderr]    Compiling time v0.1.44
[INFO] [stderr]    Compiling chrono v0.4.19
[INFO] [stderr]    Compiling digest v0.9.0
[INFO] [stderr]    Compiling block-buffer v0.9.0
[INFO] [stderr]    Compiling sha2 v0.9.8
[INFO] [stderr]    Compiling bigdecimal v0.3.0
[INFO] [stderr]    Compiling voltdb-client-rust v0.1.11 (/opt/rustwide/workdir)
[INFO] [stdout] warning: lint `mutable_borrow_reservation_conflict` has been removed: now allowed, see issue #59159 <https://github.com/rust-lang/rust/issues/59159> for more information
[INFO] [stdout]    --> src/table.rs:422:13
[INFO] [stdout]     |
[INFO] [stdout] 422 |     #[allow(mutable_borrow_reservation_conflict)]
[INFO] [stdout]     |             ^^^^^^^^^^^^^^^^^^^^^^^^^^^^^^^^^^^
[INFO] [stdout]     |
[INFO] [stdout]     = note: `#[warn(renamed_and_removed_lints)]` on by default
[INFO] [stdout] 
[INFO] [stdout] 
[INFO] [stdout] warning: field `info_bytes` is never read
[INFO] [stdout]   --> src/table.rs:25:5
[INFO] [stdout]    |
[INFO] [stdout] 22 | pub struct VoltTable {
[INFO] [stdout]    |            --------- field in this struct
[INFO] [stdout] ...
[INFO] [stdout] 25 |     info_bytes: ByteBuffer,
[INFO] [stdout]    |     ^^^^^^^^^^
[INFO] [stdout]    |
[INFO] [stdout]    = note: `VoltTable` has a derived impl for the trait `Debug`, but this is intentionally ignored during dead code analysis
[INFO] [stdout]    = note: `#[warn(dead_code)]` on by default
[INFO] [stdout] 
[INFO] [stdout] 
[INFO] [stdout] warning: fields `handle`, `query`, `sync`, and `num_bytes` are never read
[INFO] [stdout]   --> src/node.rs:74:5
[INFO] [stdout]    |
[INFO] [stdout] 73 | pub(crate) struct NetworkRequest {
[INFO] [stdout]    |                   -------------- fields in this struct
[INFO] [stdout] 74 |     handle: i64,
[INFO] [stdout]    |     ^^^^^^
[INFO] [stdout] 75 |     query: bool,
[INFO] [stdout]    |     ^^^^^
[INFO] [stdout] 76 |     sync: bool,
[INFO] [stdout]    |     ^^^^
[INFO] [stdout] 77 |     num_bytes: i32,
[INFO] [stdout]    |     ^^^^^^^^^
[INFO] [stdout]    |
[INFO] [stdout]    = note: `NetworkRequest` has a derived impl for the trait `Debug`, but this is intentionally ignored during dead code analysis
[INFO] [stdout] 
[INFO] [stdout] 
[INFO] [stdout] warning: fields `host_id`, `connection`, `leader_addr`, and `build` are never read
[INFO] [stdout]    --> src/node.rs:336:5
[INFO] [stdout]     |
[INFO] [stdout] 335 | pub struct ConnInfo {
[INFO] [stdout]     |            -------- fields in this struct
[INFO] [stdout] 336 |     host_id: i32,
[INFO] [stdout]     |     ^^^^^^^
[INFO] [stdout] 337 |     connection: i64,
[INFO] [stdout]     |     ^^^^^^^^^^
[INFO] [stdout] 338 |     leader_addr: Ipv4Addr,
[INFO] [stdout]     |     ^^^^^^^^^^^
[INFO] [stdout] 339 |     build: String,
[INFO] [stdout]     |     ^^^^^
[INFO] [stdout]     |
[INFO] [stdout]     = note: `ConnInfo` has derived impls for the traits `Clone` and `Debug`, but these are intentionally ignored during dead code analysis
[INFO] [stdout] 
[INFO] [stdout] 
[INFO] [stdout] warning: fields `handle`, `status_string`, `app_status`, `app_status_string`, and `cluster_round_trip_time` are never read
[INFO] [stdout]   --> src/response.rs:55:5
[INFO] [stdout]    |
[INFO] [stdout] 54 | pub struct VoltResponseInfo {
[INFO] [stdout]    |            ---------------- fields in this struct
[INFO] [stdout] 55 |     handle: i64,
[INFO] [stdout]    |     ^^^^^^
[INFO] [stdout] 56 |     status: ResponseStatus,
[INFO] [stdout] 57 |     status_string: String,
[INFO] [stdout]    |     ^^^^^^^^^^^^^
[INFO] [stdout] 58 |     app_status: ResponseStatus,
[INFO] [stdout]    |     ^^^^^^^^^^
[INFO] [stdout] 59 |     app_status_string: String,
[INFO] [stdout]    |     ^^^^^^^^^^^^^^^^^
[INFO] [stdout] 60 |     cluster_round_trip_time: i32,
[INFO] [stdout]    |     ^^^^^^^^^^^^^^^^^^^^^^^
[INFO] [stdout]    |
[INFO] [stdout]    = note: `VoltResponseInfo` has derived impls for the traits `Clone` and `Debug`, but these are intentionally ignored during dead code analysis
[INFO] [stdout] 
[INFO] [stdout] 
[INFO] [stdout] warning: field `created` is never read
[INFO] [stdout]    --> src/pool.rs:106:5
[INFO] [stdout]     |
[INFO] [stdout] 105 | pub struct PooledConn<'a> {
[INFO] [stdout]     |            ---------- field in this struct
[INFO] [stdout] 106 |     created: SystemTime,
[INFO] [stdout]     |     ^^^^^^^
[INFO] [stdout]     |
[INFO] [stdout]     = note: `PooledConn` has a derived impl for the trait `Debug`, but this is intentionally ignored during dead code analysis
[INFO] [stdout] 
[INFO] [stdout] 
[INFO] [stdout] warning: multiple fields are never read
[INFO] [stdout]   --> src/main.rs:9:9
[INFO] [stdout]    |
[INFO] [stdout] 8  |     struct Test {
[INFO] [stdout]    |            ---- fields in this struct
[INFO] [stdout] 9  |         t1: Option<i8>,
[INFO] [stdout]    |         ^^
[INFO] [stdout] 10 |         t2: Option<i16>,
[INFO] [stdout]    |         ^^
[INFO] [stdout] 11 |         t3: Option<i32>,
[INFO] [stdout]    |         ^^
[INFO] [stdout] 12 |         t4: Option<i64>,
[INFO] [stdout]    |         ^^
[INFO] [stdout] 13 |         t5: Option<f64>,
[INFO] [stdout]    |         ^^
[INFO] [stdout] 14 |         t6: Option<BigDecimal>,
[INFO] [stdout]    |         ^^
[INFO] [stdout] 15 |         t7: Option<String>,
[INFO] [stdout]    |         ^^
[INFO] [stdout] 16 |         t8: Option<Vec<u8>>,
[INFO] [stdout]    |         ^^
[INFO] [stdout] 17 |         t9: Option<DateTime<Utc>>,
[INFO] [stdout]    |         ^^
[INFO] [stdout]    |
[INFO] [stdout]    = note: `Test` has a derived impl for the trait `Debug`, but this is intentionally ignored during dead code analysis
[INFO] [stdout]    = note: `#[warn(dead_code)]` on by default
[INFO] [stdout] 
[INFO] [stdout] 
[INFO] [stderr]     Finished `dev` profile [unoptimized + debuginfo] target(s) in 6.02s
[INFO] running `Command { std: "docker" "inspect" "8c126ea4cec2a7702dc257f8ee1abea85a1207f3bd95e47b1114d5becaaa9bfe", kill_on_drop: false }`
[INFO] running `Command { std: "docker" "rm" "-f" "8c126ea4cec2a7702dc257f8ee1abea85a1207f3bd95e47b1114d5becaaa9bfe", kill_on_drop: false }`
[INFO] [stdout] 8c126ea4cec2a7702dc257f8ee1abea85a1207f3bd95e47b1114d5becaaa9bfe
[INFO] running `Command { std: "docker" "create" "-v" "/var/lib/crater-agent-workspace/builds/worker-5-tc1/target:/opt/rustwide/target:rw,Z" "-v" "/var/lib/crater-agent-workspace/builds/worker-5-tc1/source:/opt/rustwide/workdir:ro,Z" "-v" "/var/lib/crater-agent-workspace/cargo-home:/opt/rustwide/cargo-home:ro,Z" "-v" "/var/lib/crater-agent-workspace/rustup-home:/opt/rustwide/rustup-home:ro,Z" "-e" "SOURCE_DIR=/opt/rustwide/workdir" "-e" "CARGO_TARGET_DIR=/opt/rustwide/target" "-e" "CARGO_INCREMENTAL=0" "-e" "RUST_BACKTRACE=full" "-e" "RUSTFLAGS=--cap-lints=warn" "-e" "RUSTDOCFLAGS=--cap-lints=warn" "-e" "CARGO_HOME=/opt/rustwide/cargo-home" "-e" "RUSTUP_HOME=/opt/rustwide/rustup-home" "-w" "/opt/rustwide/workdir" "-m" "1610612736" "--user" "0:0" "--network" "none" "ghcr.io/rust-lang/crates-build-env/linux@sha256:f3a9d4ad9d972b27faf3965f35b62e55ba32bbce8f20bc8fe909558a86702fde" "/opt/rustwide/cargo-home/bin/cargo" "+1.83.0" "test" "--frozen" "--no-run" "--message-format=json", kill_on_drop: false }`
[INFO] [stdout] c6fa59813fc4ef081c73066502d8850cb789993dec84e12e0ae77cebf0507fcc
[INFO] running `Command { std: "docker" "start" "-a" "c6fa59813fc4ef081c73066502d8850cb789993dec84e12e0ae77cebf0507fcc", kill_on_drop: false }`
[INFO] [stderr]    Compiling proc-macro2 v1.0.32
[INFO] [stderr]    Compiling unicode-xid v0.2.2
[INFO] [stderr]    Compiling syn v1.0.81
[INFO] [stderr]    Compiling serde_derive v1.0.130
[INFO] [stderr]    Compiling getrandom v0.2.3
[INFO] [stderr]    Compiling serde v1.0.130
[INFO] [stderr]    Compiling ryu v1.0.5
[INFO] [stderr]    Compiling serde_json v1.0.71
[INFO] [stderr]    Compiling subtle v2.4.1
[INFO] [stderr]    Compiling ppv-lite86 v0.2.15
[INFO] [stderr]    Compiling log v0.4.14
[INFO] [stderr]    Compiling itoa v0.4.8
[INFO] [stderr]    Compiling hex v0.4.3
[INFO] [stderr]    Compiling lazy_static v1.4.0
[INFO] [stdout] warning: lint `mutable_borrow_reservation_conflict` has been removed: now allowed, see issue #59159 <https://github.com/rust-lang/rust/issues/59159> for more information
[INFO] [stdout]    --> src/table.rs:422:13
[INFO] [stdout]     |
[INFO] [stdout] 422 |     #[allow(mutable_borrow_reservation_conflict)]
[INFO] [stdout]     |             ^^^^^^^^^^^^^^^^^^^^^^^^^^^^^^^^^^^
[INFO] [stdout]     |
[INFO] [stdout]     = note: `#[warn(renamed_and_removed_lints)]` on by default
[INFO] [stdout] 
[INFO] [stdout] 
[INFO] [stdout] warning: field `info_bytes` is never read
[INFO] [stdout]   --> src/table.rs:25:5
[INFO] [stdout]    |
[INFO] [stdout] 22 | pub struct VoltTable {
[INFO] [stdout]    |            --------- field in this struct
[INFO] [stdout] ...
[INFO] [stdout] 25 |     info_bytes: ByteBuffer,
[INFO] [stdout]    |     ^^^^^^^^^^
[INFO] [stdout]    |
[INFO] [stdout]    = note: `VoltTable` has a derived impl for the trait `Debug`, but this is intentionally ignored during dead code analysis
[INFO] [stdout]    = note: `#[warn(dead_code)]` on by default
[INFO] [stdout] 
[INFO] [stdout] 
[INFO] [stdout] warning: fields `handle`, `query`, `sync`, and `num_bytes` are never read
[INFO] [stdout]   --> src/node.rs:74:5
[INFO] [stdout]    |
[INFO] [stdout] 73 | pub(crate) struct NetworkRequest {
[INFO] [stdout]    |                   -------------- fields in this struct
[INFO] [stdout] 74 |     handle: i64,
[INFO] [stdout]    |     ^^^^^^
[INFO] [stdout] 75 |     query: bool,
[INFO] [stdout]    |     ^^^^^
[INFO] [stdout] 76 |     sync: bool,
[INFO] [stdout]    |     ^^^^
[INFO] [stdout] 77 |     num_bytes: i32,
[INFO] [stdout]    |     ^^^^^^^^^
[INFO] [stdout]    |
[INFO] [stdout]    = note: `NetworkRequest` has a derived impl for the trait `Debug`, but this is intentionally ignored during dead code analysis
[INFO] [stdout] 
[INFO] [stdout] 
[INFO] [stdout] warning: fields `host_id`, `connection`, `leader_addr`, and `build` are never read
[INFO] [stdout]    --> src/node.rs:336:5
[INFO] [stdout]     |
[INFO] [stdout] 335 | pub struct ConnInfo {
[INFO] [stdout]     |            -------- fields in this struct
[INFO] [stdout] 336 |     host_id: i32,
[INFO] [stdout]     |     ^^^^^^^
[INFO] [stdout] 337 |     connection: i64,
[INFO] [stdout]     |     ^^^^^^^^^^
[INFO] [stdout] 338 |     leader_addr: Ipv4Addr,
[INFO] [stdout]     |     ^^^^^^^^^^^
[INFO] [stdout] 339 |     build: String,
[INFO] [stdout]     |     ^^^^^
[INFO] [stdout]     |
[INFO] [stdout]     = note: `ConnInfo` has derived impls for the traits `Clone` and `Debug`, but these are intentionally ignored during dead code analysis
[INFO] [stdout] 
[INFO] [stdout] 
[INFO] [stdout] warning: fields `handle`, `status_string`, `app_status`, `app_status_string`, and `cluster_round_trip_time` are never read
[INFO] [stdout]   --> src/response.rs:55:5
[INFO] [stdout]    |
[INFO] [stdout] 54 | pub struct VoltResponseInfo {
[INFO] [stdout]    |            ---------------- fields in this struct
[INFO] [stdout] 55 |     handle: i64,
[INFO] [stdout]    |     ^^^^^^
[INFO] [stdout] 56 |     status: ResponseStatus,
[INFO] [stdout] 57 |     status_string: String,
[INFO] [stdout]    |     ^^^^^^^^^^^^^
[INFO] [stdout] 58 |     app_status: ResponseStatus,
[INFO] [stdout]    |     ^^^^^^^^^^
[INFO] [stdout] 59 |     app_status_string: String,
[INFO] [stdout]    |     ^^^^^^^^^^^^^^^^^
[INFO] [stdout] 60 |     cluster_round_trip_time: i32,
[INFO] [stdout]    |     ^^^^^^^^^^^^^^^^^^^^^^^
[INFO] [stdout]    |
[INFO] [stdout]    = note: `VoltResponseInfo` has derived impls for the traits `Clone` and `Debug`, but these are intentionally ignored during dead code analysis
[INFO] [stdout] 
[INFO] [stdout] 
[INFO] [stdout] warning: field `created` is never read
[INFO] [stdout]    --> src/pool.rs:106:5
[INFO] [stdout]     |
[INFO] [stdout] 105 | pub struct PooledConn<'a> {
[INFO] [stdout]     |            ---------- field in this struct
[INFO] [stdout] 106 |     created: SystemTime,
[INFO] [stdout]     |     ^^^^^^^
[INFO] [stdout]     |
[INFO] [stdout]     = note: `PooledConn` has a derived impl for the trait `Debug`, but this is intentionally ignored during dead code analysis
[INFO] [stdout] 
[INFO] [stdout] 
[INFO] [stdout] warning: multiple fields are never read
[INFO] [stdout]   --> src/main.rs:9:9
[INFO] [stdout]    |
[INFO] [stdout] 8  |     struct Test {
[INFO] [stdout]    |            ---- fields in this struct
[INFO] [stdout] 9  |         t1: Option<i8>,
[INFO] [stdout]    |         ^^
[INFO] [stdout] 10 |         t2: Option<i16>,
[INFO] [stdout]    |         ^^
[INFO] [stdout] 11 |         t3: Option<i32>,
[INFO] [stdout]    |         ^^
[INFO] [stdout] 12 |         t4: Option<i64>,
[INFO] [stdout]    |         ^^
[INFO] [stdout] 13 |         t5: Option<f64>,
[INFO] [stdout]    |         ^^
[INFO] [stdout] 14 |         t6: Option<BigDecimal>,
[INFO] [stdout]    |         ^^
[INFO] [stdout] 15 |         t7: Option<String>,
[INFO] [stdout]    |         ^^
[INFO] [stdout] 16 |         t8: Option<Vec<u8>>,
[INFO] [stdout]    |         ^^
[INFO] [stdout] 17 |         t9: Option<DateTime<Utc>>,
[INFO] [stdout]    |         ^^
[INFO] [stdout]    |
[INFO] [stdout]    = note: `Test` has a derived impl for the trait `Debug`, but this is intentionally ignored during dead code analysis
[INFO] [stdout]    = note: `#[warn(dead_code)]` on by default
[INFO] [stdout] 
[INFO] [stdout] 
[INFO] [stderr]    Compiling rand_core v0.6.3
[INFO] [stderr]    Compiling crypto-mac v0.10.1
[INFO] [stderr]    Compiling hmac v0.10.1
[INFO] [stderr]    Compiling rand_chacha v0.3.1
[INFO] [stderr]    Compiling quote v1.0.10
[INFO] [stderr]    Compiling rand v0.8.4
[INFO] [stderr]    Compiling testcontainers v0.12.0
[INFO] [stderr]    Compiling voltdb-client-rust v0.1.11 (/opt/rustwide/workdir)
[INFO] [stdout] warning: lint `mutable_borrow_reservation_conflict` has been removed: now allowed, see issue #59159 <https://github.com/rust-lang/rust/issues/59159> for more information
[INFO] [stdout]    --> src/table.rs:422:13
[INFO] [stdout]     |
[INFO] [stdout] 422 |     #[allow(mutable_borrow_reservation_conflict)]
[INFO] [stdout]     |             ^^^^^^^^^^^^^^^^^^^^^^^^^^^^^^^^^^^
[INFO] [stdout]     |
[INFO] [stdout]     = note: `#[warn(renamed_and_removed_lints)]` on by default
[INFO] [stdout] 
[INFO] [stdout] 
[INFO] [stdout] warning: fields `t8` and `t9` are never read
[INFO] [stdout]   --> tests/integration_test.rs:78:9
[INFO] [stdout]    |
[INFO] [stdout] 70 |     struct Test {
[INFO] [stdout]    |            ---- fields in this struct
[INFO] [stdout] ...
[INFO] [stdout] 78 |         t8: Option<Vec<u8>>,
[INFO] [stdout]    |         ^^
[INFO] [stdout] 79 |         t9: Option<DateTime<Utc>>,
[INFO] [stdout]    |         ^^
[INFO] [stdout]    |
[INFO] [stdout]    = note: `Test` has a derived impl for the trait `Debug`, but this is intentionally ignored during dead code analysis
[INFO] [stdout]    = note: `#[warn(dead_code)]` on by default
[INFO] [stdout] 
[INFO] [stdout] 
[INFO] [stdout] warning: field `info_bytes` is never read
[INFO] [stdout]   --> src/table.rs:25:5
[INFO] [stdout]    |
[INFO] [stdout] 22 | pub struct VoltTable {
[INFO] [stdout]    |            --------- field in this struct
[INFO] [stdout] ...
[INFO] [stdout] 25 |     info_bytes: ByteBuffer,
[INFO] [stdout]    |     ^^^^^^^^^^
[INFO] [stdout]    |
[INFO] [stdout]    = note: `VoltTable` has a derived impl for the trait `Debug`, but this is intentionally ignored during dead code analysis
[INFO] [stdout]    = note: `#[warn(dead_code)]` on by default
[INFO] [stdout] 
[INFO] [stdout] 
[INFO] [stdout] warning: fields `handle`, `query`, `sync`, and `num_bytes` are never read
[INFO] [stdout]   --> src/node.rs:74:5
[INFO] [stdout]    |
[INFO] [stdout] 73 | pub(crate) struct NetworkRequest {
[INFO] [stdout]    |                   -------------- fields in this struct
[INFO] [stdout] 74 |     handle: i64,
[INFO] [stdout]    |     ^^^^^^
[INFO] [stdout] 75 |     query: bool,
[INFO] [stdout]    |     ^^^^^
[INFO] [stdout] 76 |     sync: bool,
[INFO] [stdout]    |     ^^^^
[INFO] [stdout] 77 |     num_bytes: i32,
[INFO] [stdout]    |     ^^^^^^^^^
[INFO] [stdout]    |
[INFO] [stdout]    = note: `NetworkRequest` has a derived impl for the trait `Debug`, but this is intentionally ignored during dead code analysis
[INFO] [stdout] 
[INFO] [stdout] 
[INFO] [stdout] warning: fields `host_id`, `connection`, `leader_addr`, and `build` are never read
[INFO] [stdout]    --> src/node.rs:336:5
[INFO] [stdout]     |
[INFO] [stdout] 335 | pub struct ConnInfo {
[INFO] [stdout]     |            -------- fields in this struct
[INFO] [stdout] 336 |     host_id: i32,
[INFO] [stdout]     |     ^^^^^^^
[INFO] [stdout] 337 |     connection: i64,
[INFO] [stdout]     |     ^^^^^^^^^^
[INFO] [stdout] 338 |     leader_addr: Ipv4Addr,
[INFO] [stdout]     |     ^^^^^^^^^^^
[INFO] [stdout] 339 |     build: String,
[INFO] [stdout]     |     ^^^^^
[INFO] [stdout]     |
[INFO] [stdout]     = note: `ConnInfo` has derived impls for the traits `Clone` and `Debug`, but these are intentionally ignored during dead code analysis
[INFO] [stdout] 
[INFO] [stdout] 
[INFO] [stdout] warning: fields `handle`, `status_string`, `app_status`, `app_status_string`, and `cluster_round_trip_time` are never read
[INFO] [stdout]   --> src/response.rs:55:5
[INFO] [stdout]    |
[INFO] [stdout] 54 | pub struct VoltResponseInfo {
[INFO] [stdout]    |            ---------------- fields in this struct
[INFO] [stdout] 55 |     handle: i64,
[INFO] [stdout]    |     ^^^^^^
[INFO] [stdout] 56 |     status: ResponseStatus,
[INFO] [stdout] 57 |     status_string: String,
[INFO] [stdout]    |     ^^^^^^^^^^^^^
[INFO] [stdout] 58 |     app_status: ResponseStatus,
[INFO] [stdout]    |     ^^^^^^^^^^
[INFO] [stdout] 59 |     app_status_string: String,
[INFO] [stdout]    |     ^^^^^^^^^^^^^^^^^
[INFO] [stdout] 60 |     cluster_round_trip_time: i32,
[INFO] [stdout]    |     ^^^^^^^^^^^^^^^^^^^^^^^
[INFO] [stdout]    |
[INFO] [stdout]    = note: `VoltResponseInfo` has derived impls for the traits `Clone` and `Debug`, but these are intentionally ignored during dead code analysis
[INFO] [stdout] 
[INFO] [stdout] 
[INFO] [stdout] warning: field `created` is never read
[INFO] [stdout]    --> src/pool.rs:106:5
[INFO] [stdout]     |
[INFO] [stdout] 105 | pub struct PooledConn<'a> {
[INFO] [stdout]     |            ---------- field in this struct
[INFO] [stdout] 106 |     created: SystemTime,
[INFO] [stdout]     |     ^^^^^^^
[INFO] [stdout]     |
[INFO] [stdout]     = note: `PooledConn` has a derived impl for the trait `Debug`, but this is intentionally ignored during dead code analysis
[INFO] [stdout] 
[INFO] [stdout] 
[INFO] [stderr]     Finished `test` profile [unoptimized + debuginfo] target(s) in 15.21s
[INFO] running `Command { std: "docker" "inspect" "c6fa59813fc4ef081c73066502d8850cb789993dec84e12e0ae77cebf0507fcc", kill_on_drop: false }`
[INFO] running `Command { std: "docker" "rm" "-f" "c6fa59813fc4ef081c73066502d8850cb789993dec84e12e0ae77cebf0507fcc", kill_on_drop: false }`
[INFO] [stdout] c6fa59813fc4ef081c73066502d8850cb789993dec84e12e0ae77cebf0507fcc
[INFO] running `Command { std: "docker" "create" "-v" "/var/lib/crater-agent-workspace/builds/worker-5-tc1/target:/opt/rustwide/target:rw,Z" "-v" "/var/lib/crater-agent-workspace/builds/worker-5-tc1/source:/opt/rustwide/workdir:ro,Z" "-v" "/var/lib/crater-agent-workspace/cargo-home:/opt/rustwide/cargo-home:ro,Z" "-v" "/var/lib/crater-agent-workspace/rustup-home:/opt/rustwide/rustup-home:ro,Z" "-e" "SOURCE_DIR=/opt/rustwide/workdir" "-e" "CARGO_TARGET_DIR=/opt/rustwide/target" "-e" "CARGO_INCREMENTAL=0" "-e" "RUST_BACKTRACE=full" "-e" "RUSTFLAGS=--cap-lints=warn" "-e" "RUSTDOCFLAGS=--cap-lints=warn" "-e" "CARGO_HOME=/opt/rustwide/cargo-home" "-e" "RUSTUP_HOME=/opt/rustwide/rustup-home" "-w" "/opt/rustwide/workdir" "-m" "1610612736" "--user" "0:0" "--network" "none" "ghcr.io/rust-lang/crates-build-env/linux@sha256:f3a9d4ad9d972b27faf3965f35b62e55ba32bbce8f20bc8fe909558a86702fde" "/opt/rustwide/cargo-home/bin/cargo" "+1.83.0" "test" "--frozen", kill_on_drop: false }`
[INFO] [stdout] 4ba742b0f020754727a12699e6e081b214a05aaa8cf549cf070cdef871baa0e3
[INFO] running `Command { std: "docker" "start" "-a" "4ba742b0f020754727a12699e6e081b214a05aaa8cf549cf070cdef871baa0e3", kill_on_drop: false }`
[INFO] [stderr] warning: lint `mutable_borrow_reservation_conflict` has been removed: now allowed, see issue #59159 <https://github.com/rust-lang/rust/issues/59159> for more information
[INFO] [stderr]    --> src/table.rs:422:13
[INFO] [stderr]     |
[INFO] [stderr] 422 |     #[allow(mutable_borrow_reservation_conflict)]
[INFO] [stderr]     |             ^^^^^^^^^^^^^^^^^^^^^^^^^^^^^^^^^^^
[INFO] [stderr]     |
[INFO] [stderr]     = note: `#[warn(renamed_and_removed_lints)]` on by default
[INFO] [stderr] 
[INFO] [stderr] warning: field `info_bytes` is never read
[INFO] [stderr]   --> src/table.rs:25:5
[INFO] [stderr]    |
[INFO] [stderr] 22 | pub struct VoltTable {
[INFO] [stderr]    |            --------- field in this struct
[INFO] [stderr] ...
[INFO] [stderr] 25 |     info_bytes: ByteBuffer,
[INFO] [stderr]    |     ^^^^^^^^^^
[INFO] [stderr]    |
[INFO] [stderr]    = note: `VoltTable` has a derived impl for the trait `Debug`, but this is intentionally ignored during dead code analysis
[INFO] [stderr]    = note: `#[warn(dead_code)]` on by default
[INFO] [stderr] 
[INFO] [stderr] warning: fields `handle`, `query`, `sync`, and `num_bytes` are never read
[INFO] [stderr]   --> src/node.rs:74:5
[INFO] [stderr]    |
[INFO] [stderr] 73 | pub(crate) struct NetworkRequest {
[INFO] [stderr]    |                   -------------- fields in this struct
[INFO] [stderr] 74 |     handle: i64,
[INFO] [stderr]    |     ^^^^^^
[INFO] [stderr] 75 |     query: bool,
[INFO] [stderr]    |     ^^^^^
[INFO] [stderr] 76 |     sync: bool,
[INFO] [stderr]    |     ^^^^
[INFO] [stderr] 77 |     num_bytes: i32,
[INFO] [stderr]    |     ^^^^^^^^^
[INFO] [stderr]    |
[INFO] [stderr]    = note: `NetworkRequest` has a derived impl for the trait `Debug`, but this is intentionally ignored during dead code analysis
[INFO] [stderr] 
[INFO] [stderr] warning: fields `host_id`, `connection`, `leader_addr`, and `build` are never read
[INFO] [stderr]    --> src/node.rs:336:5
[INFO] [stderr]     |
[INFO] [stderr] 335 | pub struct ConnInfo {
[INFO] [stderr]     |            -------- fields in this struct
[INFO] [stderr] 336 |     host_id: i32,
[INFO] [stderr]     |     ^^^^^^^
[INFO] [stderr] 337 |     connection: i64,
[INFO] [stderr]     |     ^^^^^^^^^^
[INFO] [stderr] 338 |     leader_addr: Ipv4Addr,
[INFO] [stderr]     |     ^^^^^^^^^^^
[INFO] [stderr] 339 |     build: String,
[INFO] [stderr]     |     ^^^^^
[INFO] [stderr]     |
[INFO] [stderr]     = note: `ConnInfo` has derived impls for the traits `Clone` and `Debug`, but these are intentionally ignored during dead code analysis
[INFO] [stderr] 
[INFO] [stderr] warning: fields `handle`, `status_string`, `app_status`, `app_status_string`, and `cluster_round_trip_time` are never read
[INFO] [stderr]   --> src/response.rs:55:5
[INFO] [stderr]    |
[INFO] [stderr] 54 | pub struct VoltResponseInfo {
[INFO] [stderr]    |            ---------------- fields in this struct
[INFO] [stderr] 55 |     handle: i64,
[INFO] [stderr]    |     ^^^^^^
[INFO] [stderr] 56 |     status: ResponseStatus,
[INFO] [stderr] 57 |     status_string: String,
[INFO] [stderr]    |     ^^^^^^^^^^^^^
[INFO] [stderr] 58 |     app_status: ResponseStatus,
[INFO] [stderr]    |     ^^^^^^^^^^
[INFO] [stderr] 59 |     app_status_string: String,
[INFO] [stderr]    |     ^^^^^^^^^^^^^^^^^
[INFO] [stderr] 60 |     cluster_round_trip_time: i32,
[INFO] [stderr]    |     ^^^^^^^^^^^^^^^^^^^^^^^
[INFO] [stderr]    |
[INFO] [stderr]    = note: `VoltResponseInfo` has derived impls for the traits `Clone` and `Debug`, but these are intentionally ignored during dead code analysis
[INFO] [stderr] 
[INFO] [stderr] warning: field `created` is never read
[INFO] [stderr]    --> src/pool.rs:106:5
[INFO] [stderr]     |
[INFO] [stderr] 105 | pub struct PooledConn<'a> {
[INFO] [stderr]     |            ---------- field in this struct
[INFO] [stderr] 106 |     created: SystemTime,
[INFO] [stderr]     |     ^^^^^^^
[INFO] [stderr]     |
[INFO] [stderr]     = note: `PooledConn` has a derived impl for the trait `Debug`, but this is intentionally ignored during dead code analysis
[INFO] [stderr] 
[INFO] [stderr] warning: `voltdb-client-rust` (lib) generated 6 warnings
[INFO] [stderr] warning: multiple fields are never read
[INFO] [stderr]   --> src/main.rs:9:9
[INFO] [stderr]    |
[INFO] [stderr] 8  |     struct Test {
[INFO] [stderr]    |            ---- fields in this struct
[INFO] [stderr] 9  |         t1: Option<i8>,
[INFO] [stderr]    |         ^^
[INFO] [stderr] 10 |         t2: Option<i16>,
[INFO] [stderr]    |         ^^
[INFO] [stderr] 11 |         t3: Option<i32>,
[INFO] [stderr]    |         ^^
[INFO] [stderr] 12 |         t4: Option<i64>,
[INFO] [stderr]    |         ^^
[INFO] [stderr] 13 |         t5: Option<f64>,
[INFO] [stderr]    |         ^^
[INFO] [stderr] 14 |         t6: Option<BigDecimal>,
[INFO] [stderr]    |         ^^
[INFO] [stderr] 15 |         t7: Option<String>,
[INFO] [stderr]    |         ^^
[INFO] [stderr] 16 |         t8: Option<Vec<u8>>,
[INFO] [stderr]    |         ^^
[INFO] [stderr] 17 |         t9: Option<DateTime<Utc>>,
[INFO] [stderr]    |         ^^
[INFO] [stderr]    |
[INFO] [stderr]    = note: `Test` has a derived impl for the trait `Debug`, but this is intentionally ignored during dead code analysis
[INFO] [stderr]    = note: `#[warn(dead_code)]` on by default
[INFO] [stderr] 
[INFO] [stderr] warning: `voltdb-client-rust` (bin "voltdb-client-rust") generated 1 warning
[INFO] [stderr] warning: fields `t8` and `t9` are never read
[INFO] [stderr]   --> tests/integration_test.rs:78:9
[INFO] [stderr]    |
[INFO] [stderr] 70 |     struct Test {
[INFO] [stderr]    |            ---- fields in this struct
[INFO] [stderr] ...
[INFO] [stderr] 78 |         t8: Option<Vec<u8>>,
[INFO] [stderr]    |         ^^
[INFO] [stderr] 79 |         t9: Option<DateTime<Utc>>,
[INFO] [stderr]    |         ^^
[INFO] [stderr]    |
[INFO] [stderr]    = note: `Test` has a derived impl for the trait `Debug`, but this is intentionally ignored during dead code analysis
[INFO] [stderr]    = note: `#[warn(dead_code)]` on by default
[INFO] [stderr] 
[INFO] [stderr] warning: `voltdb-client-rust` (test "integration_test") generated 1 warning
[INFO] [stderr] warning: `voltdb-client-rust` (lib test) generated 6 warnings (6 duplicates)
[INFO] [stderr]     Finished `test` profile [unoptimized + debuginfo] target(s) in 0.06s
[INFO] [stdout] 
[INFO] [stderr]      Running unittests src/lib.rs (/opt/rustwide/target/debug/deps/voltdb_client_rust-19fe5b829fc254a3)
[INFO] [stdout] running 8 tests
[INFO] [stderr]      Running unittests src/main.rs (/opt/rustwide/target/debug/deps/voltdb_client_rust-1a86b9569ca1b16d)
[INFO] [stdout] test encode::tests::test_big_decimal ... ok
[INFO] [stdout] test encode::tests::test_encoding_proc ... ok
[INFO] [stdout] test encode::tests::test_time_stamp ... ok
[INFO] [stdout] test encode::tests::test_big_test_bytes ... ok
[INFO] [stdout] test table::tests::test_big_decimal ... ok
[INFO] [stdout] test table::tests::test_encode_table ... ok
[INFO] [stdout] test encode::tests::test_error ... ok
[INFO] [stdout] test table::tests::test_table ... ok
[INFO] [stdout] 
[INFO] [stdout] test result: ok. 8 passed; 0 failed; 0 ignored; 0 measured; 0 filtered out; finished in 0.00s
[INFO] [stdout] 
[INFO] [stdout] 
[INFO] [stdout] running 0 tests
[INFO] [stdout] 
[INFO] [stdout] test result: ok. 0 passed; 0 failed; 0 ignored; 0 measured; 0 filtered out; finished in 0.00s
[INFO] [stdout] 
[INFO] [stderr]      Running tests/doc.rs (/opt/rustwide/target/debug/deps/doc-b3982dfe662edc71)
[INFO] [stdout] 
[INFO] [stdout] running 1 test
[INFO] [stdout] test doc ... ok
[INFO] [stdout] 
[INFO] [stdout] test result: ok. 1 passed; 0 failed; 0 ignored; 0 measured; 0 filtered out; finished in 0.01s
[INFO] [stdout] 
[INFO] [stderr]      Running tests/integration_test.rs (/opt/rustwide/target/debug/deps/integration_test-65b3786ede339337)
[INFO] [stdout] 
[INFO] [stdout] running 1 test
[INFO] [stdout] test test_multiples_thread ... FAILED
[INFO] [stdout] 
[INFO] [stdout] failures:
[INFO] [stdout] 
[INFO] [stdout] ---- test_multiples_thread stdout ----
[INFO] [stdout] thread 'test_multiples_thread' panicked at /opt/rustwide/cargo-home/registry/src/index.crates.io-6f17d22bba15001f/testcontainers-0.12.0/src/clients/cli.rs:145:9:
[INFO] [stdout] failed to start container
[INFO] [stdout] stack backtrace:
[INFO] [stdout]    0:     0x60715a8e72ea - std::backtrace_rs::backtrace::libunwind::trace::h5a5b8284f2d0c266
[INFO] [stdout]                                at /rustc/90b35a6239c3d8bdabc530a6a0816f7ff89a0aaf/library/std/src/../../backtrace/src/backtrace/libunwind.rs:116:5
[INFO] [stdout]    1:     0x60715a8e72ea - std::backtrace_rs::backtrace::trace_unsynchronized::h76d4f1c9b0b875e3
[INFO] [stdout]                                at /rustc/90b35a6239c3d8bdabc530a6a0816f7ff89a0aaf/library/std/src/../../backtrace/src/backtrace/mod.rs:66:5
[INFO] [stdout]    2:     0x60715a8e72ea - std::sys::backtrace::_print_fmt::hc4546b8364a537c6
[INFO] [stdout]                                at /rustc/90b35a6239c3d8bdabc530a6a0816f7ff89a0aaf/library/std/src/sys/backtrace.rs:66:9
[INFO] [stdout]    3:     0x60715a8e72ea - <std::sys::backtrace::BacktraceLock::print::DisplayBacktrace as core::fmt::Display>::fmt::h5b6bd5631a6d1f6b
[INFO] [stdout]                                at /rustc/90b35a6239c3d8bdabc530a6a0816f7ff89a0aaf/library/std/src/sys/backtrace.rs:39:26
[INFO] [stdout]    4:     0x60715a90f443 - core::fmt::rt::Argument::fmt::h270f6602a2b96f62
[INFO] [stdout]                                at /rustc/90b35a6239c3d8bdabc530a6a0816f7ff89a0aaf/library/core/src/fmt/rt.rs:177:76
[INFO] [stdout]    5:     0x60715a90f443 - core::fmt::write::h7550c97b06c86515
[INFO] [stdout]                                at /rustc/90b35a6239c3d8bdabc530a6a0816f7ff89a0aaf/library/core/src/fmt/mod.rs:1186:21
[INFO] [stdout]    6:     0x60715a8e3c53 - std::io::Write::write_fmt::h509ff860e5956e5e
[INFO] [stdout]                                at /rustc/90b35a6239c3d8bdabc530a6a0816f7ff89a0aaf/library/std/src/io/mod.rs:1839:15
[INFO] [stdout]    7:     0x60715a8e7132 - std::sys::backtrace::BacktraceLock::print::h2395ccd2c84ba3aa
[INFO] [stdout]                                at /rustc/90b35a6239c3d8bdabc530a6a0816f7ff89a0aaf/library/std/src/sys/backtrace.rs:42:9
[INFO] [stdout]    8:     0x60715a8e87ca - std::panicking::default_hook::{{closure}}::he19d4c7230e07961
[INFO] [stdout]                                at /rustc/90b35a6239c3d8bdabc530a6a0816f7ff89a0aaf/library/std/src/panicking.rs:268:22
[INFO] [stdout]    9:     0x60715a8e85d4 - std::panicking::default_hook::hf614597d3c67bbdb
[INFO] [stdout]                                at /rustc/90b35a6239c3d8bdabc530a6a0816f7ff89a0aaf/library/std/src/panicking.rs:292:9
[INFO] [stdout]   10:     0x60715a7fd859 - <alloc::boxed::Box<F,A> as core::ops::function::Fn<Args>>::call::h39b51ce4599c23d1
[INFO] [stdout]                                at /rustc/90b35a6239c3d8bdabc530a6a0816f7ff89a0aaf/library/alloc/src/boxed.rs:2468:9
[INFO] [stdout]   11:     0x60715a7fd859 - test::test_main::{{closure}}::he977ae839a582784
[INFO] [stdout]                                at /rustc/90b35a6239c3d8bdabc530a6a0816f7ff89a0aaf/library/test/src/lib.rs:133:21
[INFO] [stdout]   12:     0x60715a8e8e68 - <alloc::boxed::Box<F,A> as core::ops::function::Fn<Args>>::call::h9455091b6b06f9fb
[INFO] [stdout]                                at /rustc/90b35a6239c3d8bdabc530a6a0816f7ff89a0aaf/library/alloc/src/boxed.rs:2468:9
[INFO] [stdout]   13:     0x60715a8e8e68 - std::panicking::rust_panic_with_hook::h8942133a8b252070
[INFO] [stdout]                                at /rustc/90b35a6239c3d8bdabc530a6a0816f7ff89a0aaf/library/std/src/panicking.rs:809:13
[INFO] [stdout]   14:     0x60715a8ac54a - std::panicking::begin_panic::{{closure}}::h20257f0c14d1c5ac
[INFO] [stdout]                                at /rustc/90b35a6239c3d8bdabc530a6a0816f7ff89a0aaf/library/std/src/panicking.rs:738:9
[INFO] [stdout]   15:     0x60715a8ac4ba - std::sys::backtrace::__rust_end_short_backtrace::h8e69ede28d19b750
[INFO] [stdout]                                at /rustc/90b35a6239c3d8bdabc530a6a0816f7ff89a0aaf/library/std/src/sys/backtrace.rs:170:18
[INFO] [stdout]   16:     0x60715a8ac4f3 - std::panicking::begin_panic::h398ed8e47157f91a
[INFO] [stdout]                                at /rustc/90b35a6239c3d8bdabc530a6a0816f7ff89a0aaf/library/std/src/panicking.rs:737:5
[INFO] [stdout]   17:     0x60715a7c0b98 - <testcontainers::clients::cli::Cli as testcontainers::core::docker::Docker>::run_with_args::hc7859f175976ada1
[INFO] [stdout]                                at /opt/rustwide/cargo-home/registry/src/index.crates.io-6f17d22bba15001f/testcontainers-0.12.0/src/clients/cli.rs:145:9
[INFO] [stdout]   18:     0x60715a7c0eed - <testcontainers::clients::cli::Cli as testcontainers::core::docker::Docker>::run::h5895c21125b03b43
[INFO] [stdout]                                at /opt/rustwide/cargo-home/registry/src/index.crates.io-6f17d22bba15001f/testcontainers-0.12.0/src/clients/cli.rs:122:9
[INFO] [stdout]   19:     0x60715a7b67c8 - integration_test::test_multiples_thread::h456d4076636bd338
[INFO] [stdout]                                at /opt/rustwide/workdir/tests/integration_test.rs:64:18
[INFO] [stdout]   20:     0x60715a7b65cd - integration_test::test_multiples_thread::{{closure}}::h6309e57859691e73
[INFO] [stdout]                                at /opt/rustwide/workdir/tests/integration_test.rs:58:31
[INFO] [stdout]   21:     0x60715a7badc6 - core::ops::function::FnOnce::call_once::h5b3ea1e55a4737d5
[INFO] [stdout]                                at /rustc/90b35a6239c3d8bdabc530a6a0816f7ff89a0aaf/library/core/src/ops/function.rs:250:5
[INFO] [stdout]   22:     0x60715a80221b - core::ops::function::FnOnce::call_once::h109cf8051a59b34e
[INFO] [stdout]                                at /rustc/90b35a6239c3d8bdabc530a6a0816f7ff89a0aaf/library/core/src/ops/function.rs:250:5
[INFO] [stdout]   23:     0x60715a80221b - test::__rust_begin_short_backtrace::hf4fff89d377446ba
[INFO] [stdout]                                at /rustc/90b35a6239c3d8bdabc530a6a0816f7ff89a0aaf/library/test/src/lib.rs:621:18
[INFO] [stdout]   24:     0x60715a801a57 - test::run_test_in_process::{{closure}}::h0e39181dd7ee5a43
[INFO] [stdout]                                at /rustc/90b35a6239c3d8bdabc530a6a0816f7ff89a0aaf/library/test/src/lib.rs:644:60
[INFO] [stdout]   25:     0x60715a801a57 - <core::panic::unwind_safe::AssertUnwindSafe<F> as core::ops::function::FnOnce<()>>::call_once::hc5a66a30f0bdfd1f
[INFO] [stdout]                                at /rustc/90b35a6239c3d8bdabc530a6a0816f7ff89a0aaf/library/core/src/panic/unwind_safe.rs:272:9
[INFO] [stdout]   26:     0x60715a801a57 - std::panicking::try::do_call::h873b7cf639554a5e
[INFO] [stdout]                                at /rustc/90b35a6239c3d8bdabc530a6a0816f7ff89a0aaf/library/std/src/panicking.rs:557:40
[INFO] [stdout]   27:     0x60715a801a57 - std::panicking::try::hdb19862fad9c8bd1
[INFO] [stdout]                                at /rustc/90b35a6239c3d8bdabc530a6a0816f7ff89a0aaf/library/std/src/panicking.rs:520:19
[INFO] [stdout]   28:     0x60715a801a57 - std::panic::catch_unwind::h281fe732d236d260
[INFO] [stdout]                                at /rustc/90b35a6239c3d8bdabc530a6a0816f7ff89a0aaf/library/std/src/panic.rs:358:14
[INFO] [stdout]   29:     0x60715a801a57 - test::run_test_in_process::h949b6df8457ed338
[INFO] [stdout]                                at /rustc/90b35a6239c3d8bdabc530a6a0816f7ff89a0aaf/library/test/src/lib.rs:644:27
[INFO] [stdout]   30:     0x60715a801a57 - test::run_test::{{closure}}::h52c556a6d4740e10
[INFO] [stdout]                                at /rustc/90b35a6239c3d8bdabc530a6a0816f7ff89a0aaf/library/test/src/lib.rs:565:43
[INFO] [stdout]   31:     0x60715a7c6d34 - test::run_test::{{closure}}::h4237f6381c45ccb9
[INFO] [stdout]                                at /rustc/90b35a6239c3d8bdabc530a6a0816f7ff89a0aaf/library/test/src/lib.rs:595:41
[INFO] [stdout]   32:     0x60715a7c6d34 - std::sys::backtrace::__rust_begin_short_backtrace::h505c97a579eca628
[INFO] [stdout]                                at /rustc/90b35a6239c3d8bdabc530a6a0816f7ff89a0aaf/library/std/src/sys/backtrace.rs:154:18
[INFO] [stdout]   33:     0x60715a7ca3fe - std::thread::Builder::spawn_unchecked_::{{closure}}::{{closure}}::h9e86b2e2bc107ea3
[INFO] [stdout]                                at /rustc/90b35a6239c3d8bdabc530a6a0816f7ff89a0aaf/library/std/src/thread/mod.rs:538:17
[INFO] [stdout]   34:     0x60715a7ca3fe - <core::panic::unwind_safe::AssertUnwindSafe<F> as core::ops::function::FnOnce<()>>::call_once::h8b06ddb275ff4a25
[INFO] [stdout]                                at /rustc/90b35a6239c3d8bdabc530a6a0816f7ff89a0aaf/library/core/src/panic/unwind_safe.rs:272:9
[INFO] [stdout]   35:     0x60715a7ca3fe - std::panicking::try::do_call::hb26ecd7cd9a9355d
[INFO] [stdout]                                at /rustc/90b35a6239c3d8bdabc530a6a0816f7ff89a0aaf/library/std/src/panicking.rs:557:40
[INFO] [stdout]   36:     0x60715a7ca3fe - std::panicking::try::h8ddeca9d705f9069
[INFO] [stdout]                                at /rustc/90b35a6239c3d8bdabc530a6a0816f7ff89a0aaf/library/std/src/panicking.rs:520:19
[INFO] [stdout]   37:     0x60715a7ca3fe - std::panic::catch_unwind::h49e1c33078844c46
[INFO] [stdout]                                at /rustc/90b35a6239c3d8bdabc530a6a0816f7ff89a0aaf/library/std/src/panic.rs:358:14
[INFO] [stdout]   38:     0x60715a7ca3fe - std::thread::Builder::spawn_unchecked_::{{closure}}::h6073db6ff56ad35d
[INFO] [stdout]                                at /rustc/90b35a6239c3d8bdabc530a6a0816f7ff89a0aaf/library/std/src/thread/mod.rs:537:30
[INFO] [stdout]   39:     0x60715a7ca3fe - core::ops::function::FnOnce::call_once{{vtable.shim}}::h2c5a5f3779c774f1
[INFO] [stdout]                                at /rustc/90b35a6239c3d8bdabc530a6a0816f7ff89a0aaf/library/core/src/ops/function.rs:250:5
[INFO] [stdout]   40:     0x60715a8ed59b - <alloc::boxed::Box<F,A> as core::ops::function::FnOnce<Args>>::call_once::hf75717d9f28faebf
[INFO] [stdout]                                at /rustc/90b35a6239c3d8bdabc530a6a0816f7ff89a0aaf/library/alloc/src/boxed.rs:2454:9
[INFO] [stdout]   41:     0x60715a8ed59b - <alloc::boxed::Box<F,A> as core::ops::function::FnOnce<Args>>::call_once::h7bd883a5f3c5f3c1
[INFO] [stdout]                                at /rustc/90b35a6239c3d8bdabc530a6a0816f7ff89a0aaf/library/alloc/src/boxed.rs:2454:9
[INFO] [stdout]   42:     0x60715a8ed59b - std::sys::pal::unix::thread::Thread::new::thread_start::hcc78f3943333fa94
[INFO] [stdout]                                at /rustc/90b35a6239c3d8bdabc530a6a0816f7ff89a0aaf/library/std/src/sys/pal/unix/thread.rs:105:17
[INFO] [stdout]   43:     0x76a88961aac3 - <unknown>
[INFO] [stdout]   44:     0x76a8896aba04 - clone
[INFO] [stdout]   45:                0x0 - <unknown>
[INFO] [stdout] 
[INFO] [stdout] 
[INFO] [stdout] failures:
[INFO] [stdout]     test_multiples_thread
[INFO] [stdout] 
[INFO] [stdout] test result: FAILED. 0 passed; 1 failed; 0 ignored; 0 measured; 0 filtered out; finished in 0.25s
[INFO] [stdout] 
[INFO] [stderr] error: test failed, to rerun pass `--test integration_test`
[INFO] running `Command { std: "docker" "inspect" "4ba742b0f020754727a12699e6e081b214a05aaa8cf549cf070cdef871baa0e3", kill_on_drop: false }`
[INFO] running `Command { std: "docker" "rm" "-f" "4ba742b0f020754727a12699e6e081b214a05aaa8cf549cf070cdef871baa0e3", kill_on_drop: false }`
[INFO] [stdout] 4ba742b0f020754727a12699e6e081b214a05aaa8cf549cf070cdef871baa0e3
