[INFO] fetching crate volaris-crypto 0.0.3...
[INFO] testing volaris-crypto-0.0.3 against 1.83.0 for beta-1.84.0-4-retry
[INFO] extracting crate volaris-crypto 0.0.3 into /workspace/builds/worker-3-tc1/source
[INFO] validating manifest of crates.io crate volaris-crypto 0.0.3 on toolchain 1.83.0
[INFO] running `Command { std: CARGO_HOME="/workspace/cargo-home" RUSTUP_HOME="/workspace/rustup-home" "/workspace/cargo-home/bin/cargo" "+1.83.0" "metadata" "--manifest-path" "Cargo.toml" "--no-deps", kill_on_drop: false }`
[INFO] started tweaking crates.io crate volaris-crypto 0.0.3
[INFO] finished tweaking crates.io crate volaris-crypto 0.0.3
[INFO] tweaked toml for crates.io crate volaris-crypto 0.0.3 written to /workspace/builds/worker-3-tc1/source/Cargo.toml
[INFO] running `Command { std: CARGO_HOME="/workspace/cargo-home" RUSTUP_HOME="/workspace/rustup-home" "/workspace/cargo-home/bin/cargo" "+1.83.0" "generate-lockfile" "--manifest-path" "Cargo.toml", kill_on_drop: false }`
[INFO] [stderr]     Updating crates.io index
[INFO] [stderr]      Locking 71 packages to latest compatible versions
[INFO] [stderr]       Adding argon2 v0.4.1 (available: v0.5.3)
[INFO] [stderr]       Adding balloon-hash v0.3.0 (available: v0.4.0)
[INFO] [stderr]       Adding indicatif v0.16.2 (available: v0.17.9)
[INFO] running `Command { std: CARGO_HOME="/workspace/cargo-home" RUSTUP_HOME="/workspace/rustup-home" "/workspace/cargo-home/bin/cargo" "+1.83.0" "fetch" "--manifest-path" "Cargo.toml", kill_on_drop: false }`
[INFO] [stderr]  Downloading crates ...
[INFO] [stderr]   Downloaded balloon-hash v0.3.0
[INFO] running `Command { std: "docker" "create" "-v" "/var/lib/crater-agent-workspace/builds/worker-3-tc1/target:/opt/rustwide/target:rw,Z" "-v" "/var/lib/crater-agent-workspace/builds/worker-3-tc1/source:/opt/rustwide/workdir:ro,Z" "-v" "/var/lib/crater-agent-workspace/cargo-home:/opt/rustwide/cargo-home:ro,Z" "-v" "/var/lib/crater-agent-workspace/rustup-home:/opt/rustwide/rustup-home:ro,Z" "-e" "SOURCE_DIR=/opt/rustwide/workdir" "-e" "CARGO_TARGET_DIR=/opt/rustwide/target" "-e" "CARGO_HOME=/opt/rustwide/cargo-home" "-e" "RUSTUP_HOME=/opt/rustwide/rustup-home" "-w" "/opt/rustwide/workdir" "-m" "1610612736" "--user" "0:0" "--network" "none" "ghcr.io/rust-lang/crates-build-env/linux@sha256:f3a9d4ad9d972b27faf3965f35b62e55ba32bbce8f20bc8fe909558a86702fde" "/opt/rustwide/cargo-home/bin/cargo" "+1.83.0" "metadata" "--no-deps" "--format-version=1", kill_on_drop: false }`
[INFO] [stdout] 0aa7fd143431aba944ba2ee0b0d2cdd5bf09405dc8d963a29b4a86020c4ad6a0
[INFO] running `Command { std: "docker" "start" "-a" "0aa7fd143431aba944ba2ee0b0d2cdd5bf09405dc8d963a29b4a86020c4ad6a0", kill_on_drop: false }`
[INFO] running `Command { std: "docker" "inspect" "0aa7fd143431aba944ba2ee0b0d2cdd5bf09405dc8d963a29b4a86020c4ad6a0", kill_on_drop: false }`
[INFO] running `Command { std: "docker" "rm" "-f" "0aa7fd143431aba944ba2ee0b0d2cdd5bf09405dc8d963a29b4a86020c4ad6a0", kill_on_drop: false }`
[INFO] [stdout] 0aa7fd143431aba944ba2ee0b0d2cdd5bf09405dc8d963a29b4a86020c4ad6a0
[INFO] running `Command { std: "docker" "create" "-v" "/var/lib/crater-agent-workspace/builds/worker-3-tc1/target:/opt/rustwide/target:rw,Z" "-v" "/var/lib/crater-agent-workspace/builds/worker-3-tc1/source:/opt/rustwide/workdir:ro,Z" "-v" "/var/lib/crater-agent-workspace/cargo-home:/opt/rustwide/cargo-home:ro,Z" "-v" "/var/lib/crater-agent-workspace/rustup-home:/opt/rustwide/rustup-home:ro,Z" "-e" "SOURCE_DIR=/opt/rustwide/workdir" "-e" "CARGO_TARGET_DIR=/opt/rustwide/target" "-e" "CARGO_INCREMENTAL=0" "-e" "RUST_BACKTRACE=full" "-e" "RUSTFLAGS=--cap-lints=warn" "-e" "RUSTDOCFLAGS=--cap-lints=warn" "-e" "CARGO_HOME=/opt/rustwide/cargo-home" "-e" "RUSTUP_HOME=/opt/rustwide/rustup-home" "-w" "/opt/rustwide/workdir" "-m" "1610612736" "--user" "0:0" "--network" "none" "ghcr.io/rust-lang/crates-build-env/linux@sha256:f3a9d4ad9d972b27faf3965f35b62e55ba32bbce8f20bc8fe909558a86702fde" "/opt/rustwide/cargo-home/bin/cargo" "+1.83.0" "build" "--frozen" "--message-format=json", kill_on_drop: false }`
[INFO] [stdout] 2f1c7b82a0f0a4bfbe6fdda7cc0bb38425844080052f42ee775614ce55ac9216
[INFO] running `Command { std: "docker" "start" "-a" "2f1c7b82a0f0a4bfbe6fdda7cc0bb38425844080052f42ee775614ce55ac9216", kill_on_drop: false }`
[INFO] [stderr]    Compiling libc v0.2.168
[INFO] [stderr]    Compiling version_check v0.9.5
[INFO] [stderr]    Compiling typenum v1.17.0
[INFO] [stderr]    Compiling cfg-if v1.0.0
[INFO] [stderr]    Compiling subtle v2.6.1
[INFO] [stderr]    Compiling proc-macro2 v1.0.92
[INFO] [stderr]    Compiling unicode-ident v1.0.14
[INFO] [stderr]    Compiling cpufeatures v0.2.16
[INFO] [stderr]    Compiling zeroize v1.8.1
[INFO] [stderr]    Compiling opaque-debug v0.3.1
[INFO] [stderr]    Compiling byteorder v1.5.0
[INFO] [stderr]    Compiling base64ct v1.6.0
[INFO] [stderr]    Compiling anyhow v1.0.94
[INFO] [stderr]    Compiling arrayref v0.3.9
[INFO] [stderr]    Compiling arrayvec v0.7.6
[INFO] [stderr]    Compiling blake3 v1.5.5
[INFO] [stderr]    Compiling constant_time_eq v0.3.1
[INFO] [stderr]    Compiling generic-array v0.14.7
[INFO] [stderr]    Compiling quote v1.0.37
[INFO] [stderr]    Compiling getrandom v0.2.15
[INFO] [stderr]    Compiling syn v2.0.90
[INFO] [stderr]    Compiling rand_core v0.6.4
[INFO] [stderr]    Compiling password-hash v0.4.2
[INFO] [stderr]    Compiling crypto-common v0.1.6
[INFO] [stderr]    Compiling inout v0.1.3
[INFO] [stderr]    Compiling block-buffer v0.10.4
[INFO] [stderr]    Compiling crypto-bigint v0.4.9
[INFO] [stderr]    Compiling universal-hash v0.5.1
[INFO] [stderr]    Compiling aead v0.5.2
[INFO] [stderr]    Compiling digest v0.10.7
[INFO] [stderr]    Compiling cipher v0.4.4
[INFO] [stderr]    Compiling polyval v0.6.2
[INFO] [stderr]    Compiling poly1305 v0.8.0
[INFO] [stderr]    Compiling blake2 v0.10.6
[INFO] [stderr]    Compiling aes v0.8.4
[INFO] [stderr]    Compiling chacha20 v0.9.1
[INFO] [stderr]    Compiling ctr v0.9.2
[INFO] [stderr]    Compiling ghash v0.5.1
[INFO] [stderr]    Compiling chacha20poly1305 v0.10.1
[INFO] [stderr]    Compiling argon2 v0.4.1
[INFO] [stderr]    Compiling balloon-hash v0.3.0
[INFO] [stderr]    Compiling aes-gcm v0.10.3
[INFO] [stderr]    Compiling deoxys v0.1.0
[INFO] [stderr]    Compiling zerocopy-derive v0.7.35
[INFO] [stderr]    Compiling zerocopy v0.7.35
[INFO] [stderr]    Compiling ppv-lite86 v0.2.20
[INFO] [stderr]    Compiling rand_chacha v0.3.1
[INFO] [stderr]    Compiling rand v0.8.5
[INFO] [stderr]    Compiling volaris-crypto v0.0.3 (/opt/rustwide/workdir)
[INFO] [stdout] warning: unexpected `cfg` condition value: `visual`
[INFO] [stdout]   --> src/lib.rs:39:7
[INFO] [stdout]    |
[INFO] [stdout] 39 | #[cfg(feature = "visual")]
[INFO] [stdout]    |       ^^^^^^^^^^^^^^^^^^
[INFO] [stdout]    |
[INFO] [stdout]    = note: expected values for `feature` are: `indicatif`
[INFO] [stdout]    = help: consider adding `visual` as a feature in `Cargo.toml`
[INFO] [stdout]    = note: see <https://doc.rust-lang.org/nightly/rustc/check-cfg/cargo-specifics.html> for more information about checking conditional configuration
[INFO] [stdout]    = note: `#[warn(unexpected_cfgs)]` on by default
[INFO] [stdout] 
[INFO] [stdout] 
[INFO] [stdout] warning: unexpected `cfg` condition value: `visual`
[INFO] [stdout]    --> src/stream.rs:190:15
[INFO] [stdout]     |
[INFO] [stdout] 190 |         #[cfg(feature = "visual")]
[INFO] [stdout]     |               ^^^^^^^^^^^^^^^^^^
[INFO] [stdout]     |
[INFO] [stdout]     = note: expected values for `feature` are: `indicatif`
[INFO] [stdout]     = help: consider adding `visual` as a feature in `Cargo.toml`
[INFO] [stdout]     = note: see <https://doc.rust-lang.org/nightly/rustc/check-cfg/cargo-specifics.html> for more information about checking conditional configuration
[INFO] [stdout] 
[INFO] [stdout] 
[INFO] [stdout] warning: unexpected `cfg` condition value: `visual`
[INFO] [stdout]    --> src/stream.rs:234:15
[INFO] [stdout]     |
[INFO] [stdout] 234 |         #[cfg(feature = "visual")]
[INFO] [stdout]     |               ^^^^^^^^^^^^^^^^^^
[INFO] [stdout]     |
[INFO] [stdout]     = note: expected values for `feature` are: `indicatif`
[INFO] [stdout]     = help: consider adding `visual` as a feature in `Cargo.toml`
[INFO] [stdout]     = note: see <https://doc.rust-lang.org/nightly/rustc/check-cfg/cargo-specifics.html> for more information about checking conditional configuration
[INFO] [stdout] 
[INFO] [stdout] 
[INFO] [stdout] warning: unexpected `cfg` condition value: `visual`
[INFO] [stdout]    --> src/stream.rs:358:15
[INFO] [stdout]     |
[INFO] [stdout] 358 |         #[cfg(feature = "visual")]
[INFO] [stdout]     |               ^^^^^^^^^^^^^^^^^^
[INFO] [stdout]     |
[INFO] [stdout]     = note: expected values for `feature` are: `indicatif`
[INFO] [stdout]     = help: consider adding `visual` as a feature in `Cargo.toml`
[INFO] [stdout]     = note: see <https://doc.rust-lang.org/nightly/rustc/check-cfg/cargo-specifics.html> for more information about checking conditional configuration
[INFO] [stdout] 
[INFO] [stdout] 
[INFO] [stdout] warning: unexpected `cfg` condition value: `visual`
[INFO] [stdout]    --> src/stream.rs:401:15
[INFO] [stdout]     |
[INFO] [stdout] 401 |         #[cfg(feature = "visual")]
[INFO] [stdout]     |               ^^^^^^^^^^^^^^^^^^
[INFO] [stdout]     |
[INFO] [stdout]     = note: expected values for `feature` are: `indicatif`
[INFO] [stdout]     = help: consider adding `visual` as a feature in `Cargo.toml`
[INFO] [stdout]     = note: see <https://doc.rust-lang.org/nightly/rustc/check-cfg/cargo-specifics.html> for more information about checking conditional configuration
[INFO] [stdout] 
[INFO] [stdout] 
[INFO] [stderr]     Finished `dev` profile [unoptimized + debuginfo] target(s) in 9.54s
[INFO] running `Command { std: "docker" "inspect" "2f1c7b82a0f0a4bfbe6fdda7cc0bb38425844080052f42ee775614ce55ac9216", kill_on_drop: false }`
[INFO] running `Command { std: "docker" "rm" "-f" "2f1c7b82a0f0a4bfbe6fdda7cc0bb38425844080052f42ee775614ce55ac9216", kill_on_drop: false }`
[INFO] [stdout] 2f1c7b82a0f0a4bfbe6fdda7cc0bb38425844080052f42ee775614ce55ac9216
[INFO] running `Command { std: "docker" "create" "-v" "/var/lib/crater-agent-workspace/builds/worker-3-tc1/target:/opt/rustwide/target:rw,Z" "-v" "/var/lib/crater-agent-workspace/builds/worker-3-tc1/source:/opt/rustwide/workdir:ro,Z" "-v" "/var/lib/crater-agent-workspace/cargo-home:/opt/rustwide/cargo-home:ro,Z" "-v" "/var/lib/crater-agent-workspace/rustup-home:/opt/rustwide/rustup-home:ro,Z" "-e" "SOURCE_DIR=/opt/rustwide/workdir" "-e" "CARGO_TARGET_DIR=/opt/rustwide/target" "-e" "CARGO_INCREMENTAL=0" "-e" "RUST_BACKTRACE=full" "-e" "RUSTFLAGS=--cap-lints=warn" "-e" "RUSTDOCFLAGS=--cap-lints=warn" "-e" "CARGO_HOME=/opt/rustwide/cargo-home" "-e" "RUSTUP_HOME=/opt/rustwide/rustup-home" "-w" "/opt/rustwide/workdir" "-m" "1610612736" "--user" "0:0" "--network" "none" "ghcr.io/rust-lang/crates-build-env/linux@sha256:f3a9d4ad9d972b27faf3965f35b62e55ba32bbce8f20bc8fe909558a86702fde" "/opt/rustwide/cargo-home/bin/cargo" "+1.83.0" "test" "--frozen" "--no-run" "--message-format=json", kill_on_drop: false }`
[INFO] [stdout] 212918657e3613dba38d3cc5884972bf1d9cc73ef07960c4a6aa32cc7704a517
[INFO] running `Command { std: "docker" "start" "-a" "212918657e3613dba38d3cc5884972bf1d9cc73ef07960c4a6aa32cc7704a517", kill_on_drop: false }`
[INFO] [stderr]    Compiling volaris-crypto v0.0.3 (/opt/rustwide/workdir)
[INFO] [stdout] warning: unexpected `cfg` condition value: `visual`
[INFO] [stdout]   --> src/lib.rs:39:7
[INFO] [stdout]    |
[INFO] [stdout] 39 | #[cfg(feature = "visual")]
[INFO] [stdout]    |       ^^^^^^^^^^^^^^^^^^
[INFO] [stdout]    |
[INFO] [stdout]    = note: expected values for `feature` are: `indicatif`
[INFO] [stdout]    = help: consider adding `visual` as a feature in `Cargo.toml`
[INFO] [stdout]    = note: see <https://doc.rust-lang.org/nightly/rustc/check-cfg/cargo-specifics.html> for more information about checking conditional configuration
[INFO] [stdout]    = note: `#[warn(unexpected_cfgs)]` on by default
[INFO] [stdout] 
[INFO] [stdout] 
[INFO] [stdout] warning: unexpected `cfg` condition value: `visual`
[INFO] [stdout]    --> src/stream.rs:190:15
[INFO] [stdout]     |
[INFO] [stdout] 190 |         #[cfg(feature = "visual")]
[INFO] [stdout]     |               ^^^^^^^^^^^^^^^^^^
[INFO] [stdout]     |
[INFO] [stdout]     = note: expected values for `feature` are: `indicatif`
[INFO] [stdout]     = help: consider adding `visual` as a feature in `Cargo.toml`
[INFO] [stdout]     = note: see <https://doc.rust-lang.org/nightly/rustc/check-cfg/cargo-specifics.html> for more information about checking conditional configuration
[INFO] [stdout] 
[INFO] [stdout] 
[INFO] [stdout] warning: unexpected `cfg` condition value: `visual`
[INFO] [stdout]    --> src/stream.rs:234:15
[INFO] [stdout]     |
[INFO] [stdout] 234 |         #[cfg(feature = "visual")]
[INFO] [stdout]     |               ^^^^^^^^^^^^^^^^^^
[INFO] [stdout]     |
[INFO] [stdout]     = note: expected values for `feature` are: `indicatif`
[INFO] [stdout]     = help: consider adding `visual` as a feature in `Cargo.toml`
[INFO] [stdout]     = note: see <https://doc.rust-lang.org/nightly/rustc/check-cfg/cargo-specifics.html> for more information about checking conditional configuration
[INFO] [stdout] 
[INFO] [stdout] 
[INFO] [stdout] warning: unexpected `cfg` condition value: `visual`
[INFO] [stdout]    --> src/stream.rs:358:15
[INFO] [stdout]     |
[INFO] [stdout] 358 |         #[cfg(feature = "visual")]
[INFO] [stdout]     |               ^^^^^^^^^^^^^^^^^^
[INFO] [stdout]     |
[INFO] [stdout]     = note: expected values for `feature` are: `indicatif`
[INFO] [stdout]     = help: consider adding `visual` as a feature in `Cargo.toml`
[INFO] [stdout]     = note: see <https://doc.rust-lang.org/nightly/rustc/check-cfg/cargo-specifics.html> for more information about checking conditional configuration
[INFO] [stdout] 
[INFO] [stdout] 
[INFO] [stdout] warning: unexpected `cfg` condition value: `visual`
[INFO] [stdout]    --> src/stream.rs:401:15
[INFO] [stdout]     |
[INFO] [stdout] 401 |         #[cfg(feature = "visual")]
[INFO] [stdout]     |               ^^^^^^^^^^^^^^^^^^
[INFO] [stdout]     |
[INFO] [stdout]     = note: expected values for `feature` are: `indicatif`
[INFO] [stdout]     = help: consider adding `visual` as a feature in `Cargo.toml`
[INFO] [stdout]     = note: see <https://doc.rust-lang.org/nightly/rustc/check-cfg/cargo-specifics.html> for more information about checking conditional configuration
[INFO] [stdout] 
[INFO] [stdout] 
[INFO] [stdout] warning: unexpected `cfg` condition value: `visual`
[INFO] [stdout]   --> src/lib.rs:39:7
[INFO] [stdout]    |
[INFO] [stdout] 39 | #[cfg(feature = "visual")]
[INFO] [stdout]    |       ^^^^^^^^^^^^^^^^^^
[INFO] [stdout]    |
[INFO] [stdout]    = note: expected values for `feature` are: `indicatif`
[INFO] [stdout]    = help: consider adding `visual` as a feature in `Cargo.toml`
[INFO] [stdout]    = note: see <https://doc.rust-lang.org/nightly/rustc/check-cfg/cargo-specifics.html> for more information about checking conditional configuration
[INFO] [stdout]    = note: `#[warn(unexpected_cfgs)]` on by default
[INFO] [stdout] 
[INFO] [stdout] 
[INFO] [stdout] warning: unexpected `cfg` condition value: `visual`
[INFO] [stdout]    --> src/stream.rs:190:15
[INFO] [stdout]     |
[INFO] [stdout] 190 |         #[cfg(feature = "visual")]
[INFO] [stdout]     |               ^^^^^^^^^^^^^^^^^^
[INFO] [stdout]     |
[INFO] [stdout]     = note: expected values for `feature` are: `indicatif`
[INFO] [stdout]     = help: consider adding `visual` as a feature in `Cargo.toml`
[INFO] [stdout]     = note: see <https://doc.rust-lang.org/nightly/rustc/check-cfg/cargo-specifics.html> for more information about checking conditional configuration
[INFO] [stdout] 
[INFO] [stdout] 
[INFO] [stdout] warning: unexpected `cfg` condition value: `visual`
[INFO] [stdout]    --> src/stream.rs:234:15
[INFO] [stdout]     |
[INFO] [stdout] 234 |         #[cfg(feature = "visual")]
[INFO] [stdout]     |               ^^^^^^^^^^^^^^^^^^
[INFO] [stdout]     |
[INFO] [stdout]     = note: expected values for `feature` are: `indicatif`
[INFO] [stdout]     = help: consider adding `visual` as a feature in `Cargo.toml`
[INFO] [stdout]     = note: see <https://doc.rust-lang.org/nightly/rustc/check-cfg/cargo-specifics.html> for more information about checking conditional configuration
[INFO] [stdout] 
[INFO] [stdout] 
[INFO] [stdout] warning: unexpected `cfg` condition value: `visual`
[INFO] [stdout]    --> src/stream.rs:358:15
[INFO] [stdout]     |
[INFO] [stdout] 358 |         #[cfg(feature = "visual")]
[INFO] [stdout]     |               ^^^^^^^^^^^^^^^^^^
[INFO] [stdout]     |
[INFO] [stdout]     = note: expected values for `feature` are: `indicatif`
[INFO] [stdout]     = help: consider adding `visual` as a feature in `Cargo.toml`
[INFO] [stdout]     = note: see <https://doc.rust-lang.org/nightly/rustc/check-cfg/cargo-specifics.html> for more information about checking conditional configuration
[INFO] [stdout] 
[INFO] [stdout] 
[INFO] [stdout] warning: unexpected `cfg` condition value: `visual`
[INFO] [stdout]    --> src/stream.rs:401:15
[INFO] [stdout]     |
[INFO] [stdout] 401 |         #[cfg(feature = "visual")]
[INFO] [stdout]     |               ^^^^^^^^^^^^^^^^^^
[INFO] [stdout]     |
[INFO] [stdout]     = note: expected values for `feature` are: `indicatif`
[INFO] [stdout]     = help: consider adding `visual` as a feature in `Cargo.toml`
[INFO] [stdout]     = note: see <https://doc.rust-lang.org/nightly/rustc/check-cfg/cargo-specifics.html> for more information about checking conditional configuration
[INFO] [stdout] 
[INFO] [stdout] 
[INFO] [stderr]     Finished `test` profile [unoptimized + debuginfo] target(s) in 0.73s
[INFO] running `Command { std: "docker" "inspect" "212918657e3613dba38d3cc5884972bf1d9cc73ef07960c4a6aa32cc7704a517", kill_on_drop: false }`
[INFO] running `Command { std: "docker" "rm" "-f" "212918657e3613dba38d3cc5884972bf1d9cc73ef07960c4a6aa32cc7704a517", kill_on_drop: false }`
[INFO] [stdout] 212918657e3613dba38d3cc5884972bf1d9cc73ef07960c4a6aa32cc7704a517
[INFO] running `Command { std: "docker" "create" "-v" "/var/lib/crater-agent-workspace/builds/worker-3-tc1/target:/opt/rustwide/target:rw,Z" "-v" "/var/lib/crater-agent-workspace/builds/worker-3-tc1/source:/opt/rustwide/workdir:ro,Z" "-v" "/var/lib/crater-agent-workspace/cargo-home:/opt/rustwide/cargo-home:ro,Z" "-v" "/var/lib/crater-agent-workspace/rustup-home:/opt/rustwide/rustup-home:ro,Z" "-e" "SOURCE_DIR=/opt/rustwide/workdir" "-e" "CARGO_TARGET_DIR=/opt/rustwide/target" "-e" "CARGO_INCREMENTAL=0" "-e" "RUST_BACKTRACE=full" "-e" "RUSTFLAGS=--cap-lints=warn" "-e" "RUSTDOCFLAGS=--cap-lints=warn" "-e" "CARGO_HOME=/opt/rustwide/cargo-home" "-e" "RUSTUP_HOME=/opt/rustwide/rustup-home" "-w" "/opt/rustwide/workdir" "-m" "1610612736" "--user" "0:0" "--network" "none" "ghcr.io/rust-lang/crates-build-env/linux@sha256:f3a9d4ad9d972b27faf3965f35b62e55ba32bbce8f20bc8fe909558a86702fde" "/opt/rustwide/cargo-home/bin/cargo" "+1.83.0" "test" "--frozen", kill_on_drop: false }`
[INFO] [stdout] 456fe0e292684bb46814170594681ad9e81cc07d53d4d98fc94f8ffee5523567
[INFO] running `Command { std: "docker" "start" "-a" "456fe0e292684bb46814170594681ad9e81cc07d53d4d98fc94f8ffee5523567", kill_on_drop: false }`
[INFO] [stderr] warning: unexpected `cfg` condition value: `visual`
[INFO] [stderr]   --> src/lib.rs:39:7
[INFO] [stderr]    |
[INFO] [stderr] 39 | #[cfg(feature = "visual")]
[INFO] [stderr]    |       ^^^^^^^^^^^^^^^^^^
[INFO] [stderr]    |
[INFO] [stderr]    = note: expected values for `feature` are: `indicatif`
[INFO] [stderr]    = help: consider adding `visual` as a feature in `Cargo.toml`
[INFO] [stderr]    = note: see <https://doc.rust-lang.org/nightly/rustc/check-cfg/cargo-specifics.html> for more information about checking conditional configuration
[INFO] [stderr]    = note: `#[warn(unexpected_cfgs)]` on by default
[INFO] [stderr] 
[INFO] [stderr] warning: unexpected `cfg` condition value: `visual`
[INFO] [stderr]    --> src/stream.rs:190:15
[INFO] [stderr]     |
[INFO] [stderr] 190 |         #[cfg(feature = "visual")]
[INFO] [stderr]     |               ^^^^^^^^^^^^^^^^^^
[INFO] [stderr]     |
[INFO] [stderr]     = note: expected values for `feature` are: `indicatif`
[INFO] [stderr]     = help: consider adding `visual` as a feature in `Cargo.toml`
[INFO] [stderr]     = note: see <https://doc.rust-lang.org/nightly/rustc/check-cfg/cargo-specifics.html> for more information about checking conditional configuration
[INFO] [stderr] 
[INFO] [stderr] warning: unexpected `cfg` condition value: `visual`
[INFO] [stderr]    --> src/stream.rs:234:15
[INFO] [stderr]     |
[INFO] [stderr] 234 |         #[cfg(feature = "visual")]
[INFO] [stderr]     |               ^^^^^^^^^^^^^^^^^^
[INFO] [stderr]     |
[INFO] [stderr]     = note: expected values for `feature` are: `indicatif`
[INFO] [stderr]     = help: consider adding `visual` as a feature in `Cargo.toml`
[INFO] [stderr]     = note: see <https://doc.rust-lang.org/nightly/rustc/check-cfg/cargo-specifics.html> for more information about checking conditional configuration
[INFO] [stderr] 
[INFO] [stderr] warning: unexpected `cfg` condition value: `visual`
[INFO] [stderr]    --> src/stream.rs:358:15
[INFO] [stderr]     |
[INFO] [stderr] 358 |         #[cfg(feature = "visual")]
[INFO] [stderr]     |               ^^^^^^^^^^^^^^^^^^
[INFO] [stderr]     |
[INFO] [stderr]     = note: expected values for `feature` are: `indicatif`
[INFO] [stderr]     = help: consider adding `visual` as a feature in `Cargo.toml`
[INFO] [stderr]     = note: see <https://doc.rust-lang.org/nightly/rustc/check-cfg/cargo-specifics.html> for more information about checking conditional configuration
[INFO] [stderr] 
[INFO] [stderr] warning: unexpected `cfg` condition value: `visual`
[INFO] [stderr]    --> src/stream.rs:401:15
[INFO] [stderr]     |
[INFO] [stderr] 401 |         #[cfg(feature = "visual")]
[INFO] [stderr]     |               ^^^^^^^^^^^^^^^^^^
[INFO] [stderr]     |
[INFO] [stderr]     = note: expected values for `feature` are: `indicatif`
[INFO] [stderr]     = help: consider adding `visual` as a feature in `Cargo.toml`
[INFO] [stderr]     = note: see <https://doc.rust-lang.org/nightly/rustc/check-cfg/cargo-specifics.html> for more information about checking conditional configuration
[INFO] [stderr] 
[INFO] [stderr] warning: `volaris-crypto` (lib) generated 5 warnings
[INFO] [stderr] warning: `volaris-crypto` (lib test) generated 5 warnings (5 duplicates)
[INFO] [stderr]     Finished `test` profile [unoptimized + debuginfo] target(s) in 0.06s
[INFO] [stderr]      Running unittests src/lib.rs (/opt/rustwide/target/debug/deps/volaris_crypto-f4a04d0419eeefef)
[INFO] [stdout] 
[INFO] [stdout] running 0 tests
[INFO] [stdout] 
[INFO] [stdout] test result: ok. 0 passed; 0 failed; 0 ignored; 0 measured; 0 filtered out; finished in 0.00s
[INFO] [stdout] 
[INFO] [stderr]    Doc-tests volaris_crypto
[INFO] [stdout] 
[INFO] [stdout] running 19 tests
[INFO] [stdout] test src/cipher.rs - cipher (line 6) ... ignored
[INFO] [stdout] test src/cipher.rs - cipher::Ciphers::initialize (line 46) ... ignored
[INFO] [stdout] test src/header.rs - header (line 14) ... ignored
[INFO] [stdout] test src/header.rs - header (line 28) ... ignored
[INFO] [stdout] test src/header.rs - header::Header::deserialize (line 237) ... ignored
[INFO] [stdout] test src/header.rs - header::Header::serialize (line 616) ... ignored
[INFO] [stdout] test src/header.rs - header::Header::write (line 709) ... ignored
[INFO] [stdout] test src/key.rs - key (line 7) ... ignored
[INFO] [stdout] test src/key.rs - key::argon2id_hash (line 34) ... ignored
[INFO] [stdout] test src/key.rs - key::balloon_hash (line 98) ... ignored
[INFO] [stdout] test src/protected.rs - protected (line 18) ... ignored
[INFO] [stdout] test src/stream.rs - stream (line 9) ... ignored
[INFO] [stdout] test src/stream.rs - stream::DecryptionStreams::decrypt_file (line 341) ... ignored
[INFO] [stdout] test src/stream.rs - stream::DecryptionStreams::initialize (line 254) ... ignored
[INFO] [stdout] test src/stream.rs - stream::EncryptionStreams::encrypt_file (line 173) ... ignored
[INFO] [stdout] test src/stream.rs - stream::EncryptionStreams::initialize (line 78) ... ignored
[INFO] [stdout] test src/primitives.rs - primitives::gen_salt (line 126) ... FAILED
[INFO] [stdout] test src/primitives.rs - primitives::gen_master_key (line 108) ... FAILED
[INFO] [stdout] test src/primitives.rs - primitives::gen_nonce (line 67) ... FAILED
[INFO] [stdout] 
[INFO] [stdout] failures:
[INFO] [stdout] 
[INFO] [stdout] ---- src/primitives.rs - primitives::gen_salt (line 126) stdout ----
[INFO] [stdout] error[E0433]: failed to resolve: use of undeclared type `Volaris_corecrypto`
[INFO] [stdout]  --> src/primitives.rs:127:5
[INFO] [stdout]   |
[INFO] [stdout] 3 | use Volaris_corecrypto::primitives::*;
[INFO] [stdout]   |     ^^^^^^^^^^^^^^^^^^ use of undeclared type `Volaris_corecrypto`
[INFO] [stdout] 
[INFO] [stdout] error[E0425]: cannot find function `gen_salt` in this scope
[INFO] [stdout]  --> src/primitives.rs:128:12
[INFO] [stdout]   |
[INFO] [stdout] 4 | let salt = gen_salt();
[INFO] [stdout]   |            ^^^^^^^^ not found in this scope
[INFO] [stdout]   |
[INFO] [stdout] help: consider importing this function
[INFO] [stdout]   |
[INFO] [stdout] 2 + use volaris_crypto::primitives::gen_salt;
[INFO] [stdout]   |
[INFO] [stdout] 
[INFO] [stdout] error: aborting due to 2 previous errors
[INFO] [stdout] 
[INFO] [stdout] Some errors have detailed explanations: E0425, E0433.
[INFO] [stdout] For more information about an error, try `rustc --explain E0425`.
[INFO] [stdout] Couldn't compile the test.
[INFO] [stdout] ---- src/primitives.rs - primitives::gen_master_key (line 108) stdout ----
[INFO] [stdout] error[E0433]: failed to resolve: use of undeclared type `Volaris_corecrypto`
[INFO] [stdout]  --> src/primitives.rs:109:5
[INFO] [stdout]   |
[INFO] [stdout] 3 | use Volaris_corecrypto::primitives::*;
[INFO] [stdout]   |     ^^^^^^^^^^^^^^^^^^ use of undeclared type `Volaris_corecrypto`
[INFO] [stdout] 
[INFO] [stdout] error[E0425]: cannot find function `gen_master_key` in this scope
[INFO] [stdout]  --> src/primitives.rs:110:18
[INFO] [stdout]   |
[INFO] [stdout] 4 | let master_key = gen_master_key();
[INFO] [stdout]   |                  ^^^^^^^^^^^^^^ not found in this scope
[INFO] [stdout]   |
[INFO] [stdout] help: consider importing this function
[INFO] [stdout]   |
[INFO] [stdout] 2 + use volaris_crypto::primitives::gen_master_key;
[INFO] [stdout]   |
[INFO] [stdout] 
[INFO] [stdout] error: aborting due to 2 previous errors
[INFO] [stdout] 
[INFO] [stdout] Some errors have detailed explanations: E0425, E0433.
[INFO] [stdout] For more information about an error, try `rustc --explain E0425`.
[INFO] [stdout] Couldn't compile the test.
[INFO] [stdout] ---- src/primitives.rs - primitives::gen_nonce (line 67) stdout ----
[INFO] [stdout] error[E0433]: failed to resolve: use of undeclared type `Volaris_corecrypto`
[INFO] [stdout]  --> src/primitives.rs:68:5
[INFO] [stdout]   |
[INFO] [stdout] 3 | use Volaris_corecrypto::primitives::*;
[INFO] [stdout]   |     ^^^^^^^^^^^^^^^^^^ use of undeclared type `Volaris_corecrypto`
[INFO] [stdout] 
[INFO] [stdout] error[E0425]: cannot find function `gen_nonce` in this scope
[INFO] [stdout]  --> src/primitives.rs:69:13
[INFO] [stdout]   |
[INFO] [stdout] 4 | let nonce = gen_nonce(&Algorithm::XChaCha20Poly1305, &Mode::StreamMode);
[INFO] [stdout]   |             ^^^^^^^^^ not found in this scope
[INFO] [stdout]   |
[INFO] [stdout] help: consider importing this function
[INFO] [stdout]   |
[INFO] [stdout] 2 + use volaris_crypto::primitives::gen_nonce;
[INFO] [stdout]   |
[INFO] [stdout] 
[INFO] [stdout] error[E0433]: failed to resolve: use of undeclared type `Algorithm`
[INFO] [stdout]  --> src/primitives.rs:69:24
[INFO] [stdout]   |
[INFO] [stdout] 4 | let nonce = gen_nonce(&Algorithm::XChaCha20Poly1305, &Mode::StreamMode);
[INFO] [stdout]   |                        ^^^^^^^^^ use of undeclared type `Algorithm`
[INFO] [stdout]   |
[INFO] [stdout] help: consider importing one of these enums
[INFO] [stdout]   |
[INFO] [stdout] 2 + use argon2::Algorithm;
[INFO] [stdout]   |
[INFO] [stdout] 2 + use balloon_hash::Algorithm;
[INFO] [stdout]   |
[INFO] [stdout] 2 + use volaris_crypto::primitives::Algorithm;
[INFO] [stdout]   |
[INFO] [stdout] 
[INFO] [stdout] error[E0433]: failed to resolve: use of undeclared type `Mode`
[INFO] [stdout]  --> src/primitives.rs:69:55
[INFO] [stdout]   |
[INFO] [stdout] 4 | let nonce = gen_nonce(&Algorithm::XChaCha20Poly1305, &Mode::StreamMode);
[INFO] [stdout]   |                                                       ^^^^ use of undeclared type `Mode`
[INFO] [stdout]   |
[INFO] [stdout] help: consider importing this enum
[INFO] [stdout]   |
[INFO] [stdout] 2 + use volaris_crypto::primitives::Mode;
[INFO] [stdout]   |
[INFO] [stdout] 
[INFO] [stdout] error: aborting due to 4 previous errors
[INFO] [stdout] 
[INFO] [stdout] Some errors have detailed explanations: E0425, E0433.
[INFO] [stdout] For more information about an error, try `rustc --explain E0425`.
[INFO] [stdout] Couldn't compile the test.
[INFO] [stdout] 
[INFO] [stdout] failures:
[INFO] [stdout]     src/primitives.rs - primitives::gen_master_key (line 108)
[INFO] [stdout]     src/primitives.rs - primitives::gen_nonce (line 67)
[INFO] [stdout]     src/primitives.rs - primitives::gen_salt (line 126)
[INFO] [stdout] 
[INFO] [stdout] test result: FAILED. 0 passed; 3 failed; 16 ignored; 0 measured; 0 filtered out; finished in 0.08s
[INFO] [stdout] 
[INFO] [stderr] error: doctest failed, to rerun pass `--doc`
[INFO] running `Command { std: "docker" "inspect" "456fe0e292684bb46814170594681ad9e81cc07d53d4d98fc94f8ffee5523567", kill_on_drop: false }`
[INFO] running `Command { std: "docker" "rm" "-f" "456fe0e292684bb46814170594681ad9e81cc07d53d4d98fc94f8ffee5523567", kill_on_drop: false }`
[INFO] [stdout] 456fe0e292684bb46814170594681ad9e81cc07d53d4d98fc94f8ffee5523567
