[INFO] fetching crate vmt-hook 0.2.0...
[INFO] testing vmt-hook-0.2.0 against beta-2024-12-08 for beta-1.84.0-4-retry
[INFO] extracting crate vmt-hook 0.2.0 into /workspace/builds/worker-6-tc2/source
[INFO] validating manifest of crates.io crate vmt-hook 0.2.0 on toolchain beta-2024-12-08
[INFO] running `Command { std: CARGO_HOME="/workspace/cargo-home" RUSTUP_HOME="/workspace/rustup-home" "/workspace/cargo-home/bin/cargo" "+beta-2024-12-08" "metadata" "--manifest-path" "Cargo.toml" "--no-deps", kill_on_drop: false }`
[INFO] started tweaking crates.io crate vmt-hook 0.2.0
[INFO] finished tweaking crates.io crate vmt-hook 0.2.0
[INFO] tweaked toml for crates.io crate vmt-hook 0.2.0 written to /workspace/builds/worker-6-tc2/source/Cargo.toml
[INFO] running `Command { std: CARGO_HOME="/workspace/cargo-home" RUSTUP_HOME="/workspace/rustup-home" "/workspace/cargo-home/bin/cargo" "+beta-2024-12-08" "generate-lockfile" "--manifest-path" "Cargo.toml", kill_on_drop: false }`
[INFO] running `Command { std: CARGO_HOME="/workspace/cargo-home" RUSTUP_HOME="/workspace/rustup-home" "/workspace/cargo-home/bin/cargo" "+beta-2024-12-08" "fetch" "--manifest-path" "Cargo.toml", kill_on_drop: false }`
[INFO] running `Command { std: "docker" "create" "-v" "/var/lib/crater-agent-workspace/builds/worker-6-tc2/target:/opt/rustwide/target:rw,Z" "-v" "/var/lib/crater-agent-workspace/builds/worker-6-tc2/source:/opt/rustwide/workdir:ro,Z" "-v" "/var/lib/crater-agent-workspace/cargo-home:/opt/rustwide/cargo-home:ro,Z" "-v" "/var/lib/crater-agent-workspace/rustup-home:/opt/rustwide/rustup-home:ro,Z" "-e" "SOURCE_DIR=/opt/rustwide/workdir" "-e" "CARGO_TARGET_DIR=/opt/rustwide/target" "-e" "CARGO_HOME=/opt/rustwide/cargo-home" "-e" "RUSTUP_HOME=/opt/rustwide/rustup-home" "-w" "/opt/rustwide/workdir" "-m" "1610612736" "--user" "0:0" "--network" "none" "ghcr.io/rust-lang/crates-build-env/linux@sha256:f3a9d4ad9d972b27faf3965f35b62e55ba32bbce8f20bc8fe909558a86702fde" "/opt/rustwide/cargo-home/bin/cargo" "+beta-2024-12-08" "metadata" "--no-deps" "--format-version=1", kill_on_drop: false }`
[INFO] [stdout] fd09428af3a9b62ed4353b9c62a8869e87b2d35a4033cef54f495852007d0575
[INFO] running `Command { std: "docker" "start" "-a" "fd09428af3a9b62ed4353b9c62a8869e87b2d35a4033cef54f495852007d0575", kill_on_drop: false }`
[INFO] running `Command { std: "docker" "inspect" "fd09428af3a9b62ed4353b9c62a8869e87b2d35a4033cef54f495852007d0575", kill_on_drop: false }`
[INFO] running `Command { std: "docker" "rm" "-f" "fd09428af3a9b62ed4353b9c62a8869e87b2d35a4033cef54f495852007d0575", kill_on_drop: false }`
[INFO] [stdout] fd09428af3a9b62ed4353b9c62a8869e87b2d35a4033cef54f495852007d0575
[INFO] running `Command { std: "docker" "create" "-v" "/var/lib/crater-agent-workspace/builds/worker-6-tc2/target:/opt/rustwide/target:rw,Z" "-v" "/var/lib/crater-agent-workspace/builds/worker-6-tc2/source:/opt/rustwide/workdir:ro,Z" "-v" "/var/lib/crater-agent-workspace/cargo-home:/opt/rustwide/cargo-home:ro,Z" "-v" "/var/lib/crater-agent-workspace/rustup-home:/opt/rustwide/rustup-home:ro,Z" "-e" "SOURCE_DIR=/opt/rustwide/workdir" "-e" "CARGO_TARGET_DIR=/opt/rustwide/target" "-e" "CARGO_INCREMENTAL=0" "-e" "RUST_BACKTRACE=full" "-e" "RUSTFLAGS=--cap-lints=warn" "-e" "RUSTDOCFLAGS=--cap-lints=warn" "-e" "CARGO_HOME=/opt/rustwide/cargo-home" "-e" "RUSTUP_HOME=/opt/rustwide/rustup-home" "-w" "/opt/rustwide/workdir" "-m" "1610612736" "--user" "0:0" "--network" "none" "ghcr.io/rust-lang/crates-build-env/linux@sha256:f3a9d4ad9d972b27faf3965f35b62e55ba32bbce8f20bc8fe909558a86702fde" "/opt/rustwide/cargo-home/bin/cargo" "+beta-2024-12-08" "build" "--frozen" "--message-format=json", kill_on_drop: false }`
[INFO] [stdout] 98595cf1cbe079fca9f8c18a33ee38193fdf7bff3d3ebb3a31c9a34a67f86927
[INFO] running `Command { std: "docker" "start" "-a" "98595cf1cbe079fca9f8c18a33ee38193fdf7bff3d3ebb3a31c9a34a67f86927", kill_on_drop: false }`
[INFO] [stderr]    Compiling vmt-hook v0.2.0 (/opt/rustwide/workdir)
[INFO] [stderr]     Finished `dev` profile [unoptimized + debuginfo] target(s) in 0.15s
[INFO] running `Command { std: "docker" "inspect" "98595cf1cbe079fca9f8c18a33ee38193fdf7bff3d3ebb3a31c9a34a67f86927", kill_on_drop: false }`
[INFO] running `Command { std: "docker" "rm" "-f" "98595cf1cbe079fca9f8c18a33ee38193fdf7bff3d3ebb3a31c9a34a67f86927", kill_on_drop: false }`
[INFO] [stdout] 98595cf1cbe079fca9f8c18a33ee38193fdf7bff3d3ebb3a31c9a34a67f86927
[INFO] running `Command { std: "docker" "create" "-v" "/var/lib/crater-agent-workspace/builds/worker-6-tc2/target:/opt/rustwide/target:rw,Z" "-v" "/var/lib/crater-agent-workspace/builds/worker-6-tc2/source:/opt/rustwide/workdir:ro,Z" "-v" "/var/lib/crater-agent-workspace/cargo-home:/opt/rustwide/cargo-home:ro,Z" "-v" "/var/lib/crater-agent-workspace/rustup-home:/opt/rustwide/rustup-home:ro,Z" "-e" "SOURCE_DIR=/opt/rustwide/workdir" "-e" "CARGO_TARGET_DIR=/opt/rustwide/target" "-e" "CARGO_INCREMENTAL=0" "-e" "RUST_BACKTRACE=full" "-e" "RUSTFLAGS=--cap-lints=warn" "-e" "RUSTDOCFLAGS=--cap-lints=warn" "-e" "CARGO_HOME=/opt/rustwide/cargo-home" "-e" "RUSTUP_HOME=/opt/rustwide/rustup-home" "-w" "/opt/rustwide/workdir" "-m" "1610612736" "--user" "0:0" "--network" "none" "ghcr.io/rust-lang/crates-build-env/linux@sha256:f3a9d4ad9d972b27faf3965f35b62e55ba32bbce8f20bc8fe909558a86702fde" "/opt/rustwide/cargo-home/bin/cargo" "+beta-2024-12-08" "test" "--frozen" "--no-run" "--message-format=json", kill_on_drop: false }`
[INFO] [stdout] 6271eaff3da9b6755807b664828bf0b2c433b367221fd365d6838129ab365323
[INFO] running `Command { std: "docker" "start" "-a" "6271eaff3da9b6755807b664828bf0b2c433b367221fd365d6838129ab365323", kill_on_drop: false }`
[INFO] [stderr]    Compiling vmt-hook v0.2.0 (/opt/rustwide/workdir)
[INFO] [stderr]     Finished `test` profile [unoptimized + debuginfo] target(s) in 0.42s
[INFO] running `Command { std: "docker" "inspect" "6271eaff3da9b6755807b664828bf0b2c433b367221fd365d6838129ab365323", kill_on_drop: false }`
[INFO] running `Command { std: "docker" "rm" "-f" "6271eaff3da9b6755807b664828bf0b2c433b367221fd365d6838129ab365323", kill_on_drop: false }`
[INFO] [stdout] 6271eaff3da9b6755807b664828bf0b2c433b367221fd365d6838129ab365323
[INFO] running `Command { std: "docker" "create" "-v" "/var/lib/crater-agent-workspace/builds/worker-6-tc2/target:/opt/rustwide/target:rw,Z" "-v" "/var/lib/crater-agent-workspace/builds/worker-6-tc2/source:/opt/rustwide/workdir:ro,Z" "-v" "/var/lib/crater-agent-workspace/cargo-home:/opt/rustwide/cargo-home:ro,Z" "-v" "/var/lib/crater-agent-workspace/rustup-home:/opt/rustwide/rustup-home:ro,Z" "-e" "SOURCE_DIR=/opt/rustwide/workdir" "-e" "CARGO_TARGET_DIR=/opt/rustwide/target" "-e" "CARGO_INCREMENTAL=0" "-e" "RUST_BACKTRACE=full" "-e" "RUSTFLAGS=--cap-lints=warn" "-e" "RUSTDOCFLAGS=--cap-lints=warn" "-e" "CARGO_HOME=/opt/rustwide/cargo-home" "-e" "RUSTUP_HOME=/opt/rustwide/rustup-home" "-w" "/opt/rustwide/workdir" "-m" "1610612736" "--user" "0:0" "--network" "none" "ghcr.io/rust-lang/crates-build-env/linux@sha256:f3a9d4ad9d972b27faf3965f35b62e55ba32bbce8f20bc8fe909558a86702fde" "/opt/rustwide/cargo-home/bin/cargo" "+beta-2024-12-08" "test" "--frozen", kill_on_drop: false }`
[INFO] [stdout] ba84ec4acfcd57e29959285cee3cd2fa7e724ac35b784eee277fc2179bcd0d42
[INFO] running `Command { std: "docker" "start" "-a" "ba84ec4acfcd57e29959285cee3cd2fa7e724ac35b784eee277fc2179bcd0d42", kill_on_drop: false }`
[INFO] [stderr]     Finished `test` profile [unoptimized + debuginfo] target(s) in 0.02s
[INFO] [stderr]      Running unittests src/lib.rs (/opt/rustwide/target/debug/deps/vmt_hook-6ef91f97fded5617)
[INFO] [stderr]    Doc-tests vmt_hook
[INFO] [stdout] 
[INFO] [stdout] running 0 tests
[INFO] [stdout] 
[INFO] [stdout] test result: ok. 0 passed; 0 failed; 0 ignored; 0 measured; 0 filtered out; finished in 0.00s
[INFO] [stdout] 
[INFO] [stdout] 
[INFO] [stdout] running 1 test
[INFO] [stderr] error: doctest failed, to rerun pass `--doc`
[INFO] [stdout] test src/lib.rs - VTableHook (line 10) ... FAILED
[INFO] [stdout] 
[INFO] [stdout] failures:
[INFO] [stdout] 
[INFO] [stdout] ---- src/lib.rs - VTableHook (line 10) stdout ----
[INFO] [stdout] error: expected expression, found `;`
[INFO] [stdout]   --> src/lib.rs:51:51
[INFO] [stdout]    |
[INFO] [stdout] 44 |     let device: IDirect3DDevice9 = /* Your ptr. */;
[INFO] [stdout]    |                                                   ^ expected expression
[INFO] [stdout] 
[INFO] [stdout] error[E0433]: failed to resolve: use of undeclared crate or module `windows`
[INFO] [stdout]  --> src/lib.rs:14:5
[INFO] [stdout]   |
[INFO] [stdout] 7 | use windows::{
[INFO] [stdout]   |     ^^^^^^^ use of undeclared crate or module `windows`
[INFO] [stdout] 
[INFO] [stdout] warning: the calling convention "stdcall" is not supported on this target
[INFO] [stdout]   --> src/lib.rs:25:18
[INFO] [stdout]    |
[INFO] [stdout] 18 |   type FnPresent = extern "stdcall" fn(
[INFO] [stdout]    |  __________________^
[INFO] [stdout] 19 | |     IDirect3DDevice9,
[INFO] [stdout] 20 | |     *const RECT,
[INFO] [stdout] 21 | |     *const RECT,
[INFO] [stdout] 22 | |     HWND,
[INFO] [stdout] 23 | |     *const RGNDATA,
[INFO] [stdout] 24 | | ) -> HRESULT;
[INFO] [stdout]    | |____________^
[INFO] [stdout]    |
[INFO] [stdout]    = warning: this was previously accepted by the compiler but is being phased out; it will become a hard error in a future release!
[INFO] [stdout]    = note: for more information, see issue #130260 <https://github.com/rust-lang/rust/issues/130260>
[INFO] [stdout]    = note: `#[warn(unsupported_fn_ptr_calling_conventions)]` on by default
[INFO] [stdout] 
[INFO] [stdout] error[E0570]: `"stdcall"` is not a supported ABI for the current target
[INFO] [stdout]   --> src/lib.rs:35:1
[INFO] [stdout]    |
[INFO] [stdout] 28 | / extern "stdcall" fn hk_present(
[INFO] [stdout] 29 | |     device: IDirect3DDevice9,
[INFO] [stdout] 30 | |     source_rect: *const RECT,
[INFO] [stdout] 31 | |     dest_rect: *const RECT,
[INFO] [stdout] 32 | |     dest_window_override: HWND,
[INFO] [stdout] 33 | |     dirty_region: *const RGNDATA,
[INFO] [stdout] 34 | | ) -> HRESULT {
[INFO] [stdout]    | |____________^
[INFO] [stdout] 
[INFO] [stdout] error: aborting due to 3 previous errors; 1 warning emitted
[INFO] [stdout] 
[INFO] [stdout] Some errors have detailed explanations: E0433, E0570.
[INFO] [stdout] For more information about an error, try `rustc --explain E0433`.
[INFO] [stdout] Couldn't compile the test.
[INFO] [stdout] 
[INFO] [stdout] failures:
[INFO] [stdout]     src/lib.rs - VTableHook (line 10)
[INFO] [stdout] 
[INFO] [stdout] test result: FAILED. 0 passed; 1 failed; 0 ignored; 0 measured; 0 filtered out; finished in 0.06s
[INFO] [stdout] 
[INFO] running `Command { std: "docker" "inspect" "ba84ec4acfcd57e29959285cee3cd2fa7e724ac35b784eee277fc2179bcd0d42", kill_on_drop: false }`
[INFO] running `Command { std: "docker" "rm" "-f" "ba84ec4acfcd57e29959285cee3cd2fa7e724ac35b784eee277fc2179bcd0d42", kill_on_drop: false }`
[INFO] [stdout] ba84ec4acfcd57e29959285cee3cd2fa7e724ac35b784eee277fc2179bcd0d42
