[INFO] fetching crate vl53l0x-simple 0.2.0...
[INFO] testing vl53l0x-simple-0.2.0 against beta-2024-12-08 for beta-1.84.0-4-retry
[INFO] extracting crate vl53l0x-simple 0.2.0 into /workspace/builds/worker-3-tc2/source
[INFO] validating manifest of crates.io crate vl53l0x-simple 0.2.0 on toolchain beta-2024-12-08
[INFO] running `Command { std: CARGO_HOME="/workspace/cargo-home" RUSTUP_HOME="/workspace/rustup-home" "/workspace/cargo-home/bin/cargo" "+beta-2024-12-08" "metadata" "--manifest-path" "Cargo.toml" "--no-deps", kill_on_drop: false }`
[INFO] started tweaking crates.io crate vl53l0x-simple 0.2.0
[INFO] finished tweaking crates.io crate vl53l0x-simple 0.2.0
[INFO] tweaked toml for crates.io crate vl53l0x-simple 0.2.0 written to /workspace/builds/worker-3-tc2/source/Cargo.toml
[INFO] running `Command { std: CARGO_HOME="/workspace/cargo-home" RUSTUP_HOME="/workspace/rustup-home" "/workspace/cargo-home/bin/cargo" "+beta-2024-12-08" "generate-lockfile" "--manifest-path" "Cargo.toml", kill_on_drop: false }`
[INFO] [stderr]     Updating crates.io index
[INFO] [stderr]      Locking 1 package to latest compatible version
[INFO] running `Command { std: CARGO_HOME="/workspace/cargo-home" RUSTUP_HOME="/workspace/rustup-home" "/workspace/cargo-home/bin/cargo" "+beta-2024-12-08" "fetch" "--manifest-path" "Cargo.toml", kill_on_drop: false }`
[INFO] running `Command { std: "docker" "create" "-v" "/var/lib/crater-agent-workspace/builds/worker-3-tc2/target:/opt/rustwide/target:rw,Z" "-v" "/var/lib/crater-agent-workspace/builds/worker-3-tc2/source:/opt/rustwide/workdir:ro,Z" "-v" "/var/lib/crater-agent-workspace/cargo-home:/opt/rustwide/cargo-home:ro,Z" "-v" "/var/lib/crater-agent-workspace/rustup-home:/opt/rustwide/rustup-home:ro,Z" "-e" "SOURCE_DIR=/opt/rustwide/workdir" "-e" "CARGO_TARGET_DIR=/opt/rustwide/target" "-e" "CARGO_HOME=/opt/rustwide/cargo-home" "-e" "RUSTUP_HOME=/opt/rustwide/rustup-home" "-w" "/opt/rustwide/workdir" "-m" "1610612736" "--user" "0:0" "--network" "none" "ghcr.io/rust-lang/crates-build-env/linux@sha256:f3a9d4ad9d972b27faf3965f35b62e55ba32bbce8f20bc8fe909558a86702fde" "/opt/rustwide/cargo-home/bin/cargo" "+beta-2024-12-08" "metadata" "--no-deps" "--format-version=1", kill_on_drop: false }`
[INFO] [stdout] 0469e59cc40da144ba795097b45292a2c762406e7d137af01dbba2eea3aac202
[INFO] running `Command { std: "docker" "start" "-a" "0469e59cc40da144ba795097b45292a2c762406e7d137af01dbba2eea3aac202", kill_on_drop: false }`
[INFO] running `Command { std: "docker" "inspect" "0469e59cc40da144ba795097b45292a2c762406e7d137af01dbba2eea3aac202", kill_on_drop: false }`
[INFO] running `Command { std: "docker" "rm" "-f" "0469e59cc40da144ba795097b45292a2c762406e7d137af01dbba2eea3aac202", kill_on_drop: false }`
[INFO] [stdout] 0469e59cc40da144ba795097b45292a2c762406e7d137af01dbba2eea3aac202
[INFO] running `Command { std: "docker" "create" "-v" "/var/lib/crater-agent-workspace/builds/worker-3-tc2/target:/opt/rustwide/target:rw,Z" "-v" "/var/lib/crater-agent-workspace/builds/worker-3-tc2/source:/opt/rustwide/workdir:ro,Z" "-v" "/var/lib/crater-agent-workspace/cargo-home:/opt/rustwide/cargo-home:ro,Z" "-v" "/var/lib/crater-agent-workspace/rustup-home:/opt/rustwide/rustup-home:ro,Z" "-e" "SOURCE_DIR=/opt/rustwide/workdir" "-e" "CARGO_TARGET_DIR=/opt/rustwide/target" "-e" "CARGO_INCREMENTAL=0" "-e" "RUST_BACKTRACE=full" "-e" "RUSTFLAGS=--cap-lints=warn" "-e" "RUSTDOCFLAGS=--cap-lints=warn" "-e" "CARGO_HOME=/opt/rustwide/cargo-home" "-e" "RUSTUP_HOME=/opt/rustwide/rustup-home" "-w" "/opt/rustwide/workdir" "-m" "1610612736" "--user" "0:0" "--network" "none" "ghcr.io/rust-lang/crates-build-env/linux@sha256:f3a9d4ad9d972b27faf3965f35b62e55ba32bbce8f20bc8fe909558a86702fde" "/opt/rustwide/cargo-home/bin/cargo" "+beta-2024-12-08" "build" "--frozen" "--message-format=json", kill_on_drop: false }`
[INFO] [stdout] da64816ce67513240d965cd31adecea0c6bdd725bf451f6f90715f19b3182772
[INFO] running `Command { std: "docker" "start" "-a" "da64816ce67513240d965cd31adecea0c6bdd725bf451f6f90715f19b3182772", kill_on_drop: false }`
[INFO] [stderr]    Compiling embedded-hal v1.0.0
[INFO] [stderr]    Compiling vl53l0x-simple v0.2.0 (/opt/rustwide/workdir)
[INFO] [stderr]     Finished `dev` profile [unoptimized + debuginfo] target(s) in 0.49s
[INFO] running `Command { std: "docker" "inspect" "da64816ce67513240d965cd31adecea0c6bdd725bf451f6f90715f19b3182772", kill_on_drop: false }`
[INFO] running `Command { std: "docker" "rm" "-f" "da64816ce67513240d965cd31adecea0c6bdd725bf451f6f90715f19b3182772", kill_on_drop: false }`
[INFO] [stdout] da64816ce67513240d965cd31adecea0c6bdd725bf451f6f90715f19b3182772
[INFO] running `Command { std: "docker" "create" "-v" "/var/lib/crater-agent-workspace/builds/worker-3-tc2/target:/opt/rustwide/target:rw,Z" "-v" "/var/lib/crater-agent-workspace/builds/worker-3-tc2/source:/opt/rustwide/workdir:ro,Z" "-v" "/var/lib/crater-agent-workspace/cargo-home:/opt/rustwide/cargo-home:ro,Z" "-v" "/var/lib/crater-agent-workspace/rustup-home:/opt/rustwide/rustup-home:ro,Z" "-e" "SOURCE_DIR=/opt/rustwide/workdir" "-e" "CARGO_TARGET_DIR=/opt/rustwide/target" "-e" "CARGO_INCREMENTAL=0" "-e" "RUST_BACKTRACE=full" "-e" "RUSTFLAGS=--cap-lints=warn" "-e" "RUSTDOCFLAGS=--cap-lints=warn" "-e" "CARGO_HOME=/opt/rustwide/cargo-home" "-e" "RUSTUP_HOME=/opt/rustwide/rustup-home" "-w" "/opt/rustwide/workdir" "-m" "1610612736" "--user" "0:0" "--network" "none" "ghcr.io/rust-lang/crates-build-env/linux@sha256:f3a9d4ad9d972b27faf3965f35b62e55ba32bbce8f20bc8fe909558a86702fde" "/opt/rustwide/cargo-home/bin/cargo" "+beta-2024-12-08" "test" "--frozen" "--no-run" "--message-format=json", kill_on_drop: false }`
[INFO] [stdout] 59206e766d552e844d863fac280dbb4029355b3a9adff5ae29e44504267c65b0
[INFO] running `Command { std: "docker" "start" "-a" "59206e766d552e844d863fac280dbb4029355b3a9adff5ae29e44504267c65b0", kill_on_drop: false }`
[INFO] [stderr]    Compiling vl53l0x-simple v0.2.0 (/opt/rustwide/workdir)
[INFO] [stderr]     Finished `test` profile [unoptimized + debuginfo] target(s) in 0.59s
[INFO] running `Command { std: "docker" "inspect" "59206e766d552e844d863fac280dbb4029355b3a9adff5ae29e44504267c65b0", kill_on_drop: false }`
[INFO] running `Command { std: "docker" "rm" "-f" "59206e766d552e844d863fac280dbb4029355b3a9adff5ae29e44504267c65b0", kill_on_drop: false }`
[INFO] [stdout] 59206e766d552e844d863fac280dbb4029355b3a9adff5ae29e44504267c65b0
[INFO] running `Command { std: "docker" "create" "-v" "/var/lib/crater-agent-workspace/builds/worker-3-tc2/target:/opt/rustwide/target:rw,Z" "-v" "/var/lib/crater-agent-workspace/builds/worker-3-tc2/source:/opt/rustwide/workdir:ro,Z" "-v" "/var/lib/crater-agent-workspace/cargo-home:/opt/rustwide/cargo-home:ro,Z" "-v" "/var/lib/crater-agent-workspace/rustup-home:/opt/rustwide/rustup-home:ro,Z" "-e" "SOURCE_DIR=/opt/rustwide/workdir" "-e" "CARGO_TARGET_DIR=/opt/rustwide/target" "-e" "CARGO_INCREMENTAL=0" "-e" "RUST_BACKTRACE=full" "-e" "RUSTFLAGS=--cap-lints=warn" "-e" "RUSTDOCFLAGS=--cap-lints=warn" "-e" "CARGO_HOME=/opt/rustwide/cargo-home" "-e" "RUSTUP_HOME=/opt/rustwide/rustup-home" "-w" "/opt/rustwide/workdir" "-m" "1610612736" "--user" "0:0" "--network" "none" "ghcr.io/rust-lang/crates-build-env/linux@sha256:f3a9d4ad9d972b27faf3965f35b62e55ba32bbce8f20bc8fe909558a86702fde" "/opt/rustwide/cargo-home/bin/cargo" "+beta-2024-12-08" "test" "--frozen", kill_on_drop: false }`
[INFO] [stdout] b4e61bbb536f3e26d05faf97d4e94c24ceafd58c1f9d62557c6755ae308581ef
[INFO] running `Command { std: "docker" "start" "-a" "b4e61bbb536f3e26d05faf97d4e94c24ceafd58c1f9d62557c6755ae308581ef", kill_on_drop: false }`
[INFO] [stderr]     Finished `test` profile [unoptimized + debuginfo] target(s) in 0.01s
[INFO] [stderr]      Running unittests src/lib.rs (/opt/rustwide/target/debug/deps/vl53l0x_simple-f03be9bdb614b852)
[INFO] [stdout] 
[INFO] [stdout] running 0 tests
[INFO] [stdout] 
[INFO] [stdout] test result: ok. 0 passed; 0 failed; 0 ignored; 0 measured; 0 filtered out; finished in 0.00s
[INFO] [stdout] 
[INFO] [stderr]    Doc-tests vl53l0x_simple
[INFO] [stdout] 
[INFO] [stdout] running 1 test
[INFO] [stdout] test src/lib.rs - (line 9) ... FAILED
[INFO] [stdout] 
[INFO] [stdout] failures:
[INFO] [stdout] 
[INFO] [stdout] ---- src/lib.rs - (line 9) stdout ----
[INFO] [stdout] error[E0433]: failed to resolve: use of undeclared type `Vl53l0x`
[INFO] [stdout]  --> src/lib.rs:10:15
[INFO] [stdout]   |
[INFO] [stdout] 3 | let mut tof = Vl53l0x::new(i2c, x_shut, 0x31, &clock_source).unwrap();
[INFO] [stdout]   |               ^^^^^^^ use of undeclared type `Vl53l0x`
[INFO] [stdout]   |
[INFO] [stdout] help: consider importing this struct
[INFO] [stdout]   |
[INFO] [stdout] 2 + use vl53l0x_simple::Vl53l0x;
[INFO] [stdout]   |
[INFO] [stdout] 
[INFO] [stdout] error[E0425]: cannot find value `i2c` in this scope
[INFO] [stdout]  --> src/lib.rs:10:28
[INFO] [stdout]   |
[INFO] [stdout] 3 | let mut tof = Vl53l0x::new(i2c, x_shut, 0x31, &clock_source).unwrap();
[INFO] [stdout]   |                            ^^^ not found in this scope
[INFO] [stdout] 
[INFO] [stdout] error[E0425]: cannot find value `x_shut` in this scope
[INFO] [stdout]  --> src/lib.rs:10:33
[INFO] [stdout]   |
[INFO] [stdout] 3 | let mut tof = Vl53l0x::new(i2c, x_shut, 0x31, &clock_source).unwrap();
[INFO] [stdout]   |                                 ^^^^^^ not found in this scope
[INFO] [stdout] 
[INFO] [stdout] error[E0425]: cannot find value `clock_source` in this scope
[INFO] [stdout]  --> src/lib.rs:10:48
[INFO] [stdout]   |
[INFO] [stdout] 3 | let mut tof = Vl53l0x::new(i2c, x_shut, 0x31, &clock_source).unwrap();
[INFO] [stdout]   |                                                ^^^^^^^^^^^^ not found in this scope
[INFO] [stdout] 
[INFO] [stdout] error: aborting due to 4 previous errors
[INFO] [stdout] 
[INFO] [stdout] Some errors have detailed explanations: E0425, E0433.
[INFO] [stdout] For more information about an error, try `rustc --explain E0425`.
[INFO] [stdout] Couldn't compile the test.
[INFO] [stdout] 
[INFO] [stdout] failures:
[INFO] [stdout]     src/lib.rs - (line 9)
[INFO] [stdout] 
[INFO] [stdout] test result: FAILED. 0 passed; 1 failed; 0 ignored; 0 measured; 0 filtered out; finished in 0.10s
[INFO] [stdout] 
[INFO] [stderr] error: doctest failed, to rerun pass `--doc`
[INFO] running `Command { std: "docker" "inspect" "b4e61bbb536f3e26d05faf97d4e94c24ceafd58c1f9d62557c6755ae308581ef", kill_on_drop: false }`
[INFO] running `Command { std: "docker" "rm" "-f" "b4e61bbb536f3e26d05faf97d4e94c24ceafd58c1f9d62557c6755ae308581ef", kill_on_drop: false }`
[INFO] [stdout] b4e61bbb536f3e26d05faf97d4e94c24ceafd58c1f9d62557c6755ae308581ef
