[INFO] fetching crate vit_logger 0.1.6...
[INFO] testing vit_logger-0.1.6 against beta-2024-12-08 for beta-1.84.0-4-retry
[INFO] extracting crate vit_logger 0.1.6 into /workspace/builds/worker-0-tc2/source
[INFO] validating manifest of crates.io crate vit_logger 0.1.6 on toolchain beta-2024-12-08
[INFO] running `Command { std: CARGO_HOME="/workspace/cargo-home" RUSTUP_HOME="/workspace/rustup-home" "/workspace/cargo-home/bin/cargo" "+beta-2024-12-08" "metadata" "--manifest-path" "Cargo.toml" "--no-deps", kill_on_drop: false }`
[INFO] started tweaking crates.io crate vit_logger 0.1.6
[INFO] finished tweaking crates.io crate vit_logger 0.1.6
[INFO] tweaked toml for crates.io crate vit_logger 0.1.6 written to /workspace/builds/worker-0-tc2/source/Cargo.toml
[INFO] running `Command { std: CARGO_HOME="/workspace/cargo-home" RUSTUP_HOME="/workspace/rustup-home" "/workspace/cargo-home/bin/cargo" "+beta-2024-12-08" "generate-lockfile" "--manifest-path" "Cargo.toml", kill_on_drop: false }`
[INFO] [stderr]     Updating crates.io index
[INFO] [stderr]      Locking 53 packages to latest compatible versions
[INFO] running `Command { std: CARGO_HOME="/workspace/cargo-home" RUSTUP_HOME="/workspace/rustup-home" "/workspace/cargo-home/bin/cargo" "+beta-2024-12-08" "fetch" "--manifest-path" "Cargo.toml", kill_on_drop: false }`
[INFO] running `Command { std: "docker" "create" "-v" "/var/lib/crater-agent-workspace/builds/worker-0-tc2/target:/opt/rustwide/target:rw,Z" "-v" "/var/lib/crater-agent-workspace/builds/worker-0-tc2/source:/opt/rustwide/workdir:ro,Z" "-v" "/var/lib/crater-agent-workspace/cargo-home:/opt/rustwide/cargo-home:ro,Z" "-v" "/var/lib/crater-agent-workspace/rustup-home:/opt/rustwide/rustup-home:ro,Z" "-e" "SOURCE_DIR=/opt/rustwide/workdir" "-e" "CARGO_TARGET_DIR=/opt/rustwide/target" "-e" "CARGO_HOME=/opt/rustwide/cargo-home" "-e" "RUSTUP_HOME=/opt/rustwide/rustup-home" "-w" "/opt/rustwide/workdir" "-m" "1610612736" "--user" "0:0" "--network" "none" "ghcr.io/rust-lang/crates-build-env/linux@sha256:f3a9d4ad9d972b27faf3965f35b62e55ba32bbce8f20bc8fe909558a86702fde" "/opt/rustwide/cargo-home/bin/cargo" "+beta-2024-12-08" "metadata" "--no-deps" "--format-version=1", kill_on_drop: false }`
[INFO] [stdout] 5fa0376d3b67af85c92d1d2897746c2c37e5fa966cc783be74694cfd773df379
[INFO] running `Command { std: "docker" "start" "-a" "5fa0376d3b67af85c92d1d2897746c2c37e5fa966cc783be74694cfd773df379", kill_on_drop: false }`
[INFO] running `Command { std: "docker" "inspect" "5fa0376d3b67af85c92d1d2897746c2c37e5fa966cc783be74694cfd773df379", kill_on_drop: false }`
[INFO] running `Command { std: "docker" "rm" "-f" "5fa0376d3b67af85c92d1d2897746c2c37e5fa966cc783be74694cfd773df379", kill_on_drop: false }`
[INFO] [stdout] 5fa0376d3b67af85c92d1d2897746c2c37e5fa966cc783be74694cfd773df379
[INFO] running `Command { std: "docker" "create" "-v" "/var/lib/crater-agent-workspace/builds/worker-0-tc2/target:/opt/rustwide/target:rw,Z" "-v" "/var/lib/crater-agent-workspace/builds/worker-0-tc2/source:/opt/rustwide/workdir:ro,Z" "-v" "/var/lib/crater-agent-workspace/cargo-home:/opt/rustwide/cargo-home:ro,Z" "-v" "/var/lib/crater-agent-workspace/rustup-home:/opt/rustwide/rustup-home:ro,Z" "-e" "SOURCE_DIR=/opt/rustwide/workdir" "-e" "CARGO_TARGET_DIR=/opt/rustwide/target" "-e" "CARGO_INCREMENTAL=0" "-e" "RUST_BACKTRACE=full" "-e" "RUSTFLAGS=--cap-lints=warn" "-e" "RUSTDOCFLAGS=--cap-lints=warn" "-e" "CARGO_HOME=/opt/rustwide/cargo-home" "-e" "RUSTUP_HOME=/opt/rustwide/rustup-home" "-w" "/opt/rustwide/workdir" "-m" "1610612736" "--user" "0:0" "--network" "none" "ghcr.io/rust-lang/crates-build-env/linux@sha256:f3a9d4ad9d972b27faf3965f35b62e55ba32bbce8f20bc8fe909558a86702fde" "/opt/rustwide/cargo-home/bin/cargo" "+beta-2024-12-08" "build" "--frozen" "--message-format=json", kill_on_drop: false }`
[INFO] [stdout] 341fe6b489048721f24787683b38eb279ff2ae6e98c3787144ce466d1382c68f
[INFO] running `Command { std: "docker" "start" "-a" "341fe6b489048721f24787683b38eb279ff2ae6e98c3787144ce466d1382c68f", kill_on_drop: false }`
[INFO] [stderr]    Compiling autocfg v1.4.0
[INFO] [stderr]    Compiling powerfmt v0.2.0
[INFO] [stderr]    Compiling time-core v0.1.2
[INFO] [stderr]    Compiling lazy_static v1.5.0
[INFO] [stderr]    Compiling num-conv v0.1.0
[INFO] [stderr]    Compiling iana-time-zone v0.1.61
[INFO] [stderr]    Compiling log v0.4.22
[INFO] [stderr]    Compiling colored v2.1.0
[INFO] [stderr]    Compiling deranged v0.3.11
[INFO] [stderr]    Compiling num-traits v0.2.19
[INFO] [stderr]    Compiling time v0.3.37
[INFO] [stderr]    Compiling chrono v0.4.39
[INFO] [stderr]    Compiling vit_logger v0.1.6 (/opt/rustwide/workdir)
[INFO] [stdout] warning: unused import: `std::path::Path`
[INFO] [stdout]  --> src/formatter.rs:4:5
[INFO] [stdout]   |
[INFO] [stdout] 4 | use std::path::Path;
[INFO] [stdout]   |     ^^^^^^^^^^^^^^^
[INFO] [stdout]   |
[INFO] [stdout]   = note: `#[warn(unused_imports)]` on by default
[INFO] [stdout] 
[INFO] [stdout] 
[INFO] [stderr]     Finished `dev` profile [unoptimized + debuginfo] target(s) in 6.97s
[INFO] running `Command { std: "docker" "inspect" "341fe6b489048721f24787683b38eb279ff2ae6e98c3787144ce466d1382c68f", kill_on_drop: false }`
[INFO] running `Command { std: "docker" "rm" "-f" "341fe6b489048721f24787683b38eb279ff2ae6e98c3787144ce466d1382c68f", kill_on_drop: false }`
[INFO] [stdout] 341fe6b489048721f24787683b38eb279ff2ae6e98c3787144ce466d1382c68f
[INFO] running `Command { std: "docker" "create" "-v" "/var/lib/crater-agent-workspace/builds/worker-0-tc2/target:/opt/rustwide/target:rw,Z" "-v" "/var/lib/crater-agent-workspace/builds/worker-0-tc2/source:/opt/rustwide/workdir:ro,Z" "-v" "/var/lib/crater-agent-workspace/cargo-home:/opt/rustwide/cargo-home:ro,Z" "-v" "/var/lib/crater-agent-workspace/rustup-home:/opt/rustwide/rustup-home:ro,Z" "-e" "SOURCE_DIR=/opt/rustwide/workdir" "-e" "CARGO_TARGET_DIR=/opt/rustwide/target" "-e" "CARGO_INCREMENTAL=0" "-e" "RUST_BACKTRACE=full" "-e" "RUSTFLAGS=--cap-lints=warn" "-e" "RUSTDOCFLAGS=--cap-lints=warn" "-e" "CARGO_HOME=/opt/rustwide/cargo-home" "-e" "RUSTUP_HOME=/opt/rustwide/rustup-home" "-w" "/opt/rustwide/workdir" "-m" "1610612736" "--user" "0:0" "--network" "none" "ghcr.io/rust-lang/crates-build-env/linux@sha256:f3a9d4ad9d972b27faf3965f35b62e55ba32bbce8f20bc8fe909558a86702fde" "/opt/rustwide/cargo-home/bin/cargo" "+beta-2024-12-08" "test" "--frozen" "--no-run" "--message-format=json", kill_on_drop: false }`
[INFO] [stdout] 0595df1ab6fd432a503714e5a63cab818e6d2333054939acbfca3c33f5ef1863
[INFO] running `Command { std: "docker" "start" "-a" "0595df1ab6fd432a503714e5a63cab818e6d2333054939acbfca3c33f5ef1863", kill_on_drop: false }`
[INFO] [stderr]    Compiling vit_logger v0.1.6 (/opt/rustwide/workdir)
[INFO] [stdout] warning: unused import: `std::path::Path`
[INFO] [stdout]  --> src/formatter.rs:4:5
[INFO] [stdout]   |
[INFO] [stdout] 4 | use std::path::Path;
[INFO] [stdout]   |     ^^^^^^^^^^^^^^^
[INFO] [stdout]   |
[INFO] [stdout]   = note: `#[warn(unused_imports)]` on by default
[INFO] [stdout] 
[INFO] [stdout] 
[INFO] [stdout] warning: unused import: `std::path::Path`
[INFO] [stdout]   --> src/formatter.rs:4:5
[INFO] [stdout]    |
[INFO] [stdout] 4  | use std::path::Path;
[INFO] [stdout]    |     ^^^^^^^^^^^^^^^
[INFO] [stdout]    |
[INFO] [stdout] note: the lint level is defined here
[INFO] [stdout]   --> src/lib.rs:23:24
[INFO] [stdout]    |
[INFO] [stdout] 23 | #![cfg_attr(test, deny(warnings))]
[INFO] [stdout]    |                        ^^^^^^^^
[INFO] [stdout]    = note: `#[warn(unused_imports)]` implied by `#[warn(warnings)]`
[INFO] [stdout] 
[INFO] [stdout] 
[INFO] [stderr]     Finished `test` profile [unoptimized + debuginfo] target(s) in 0.45s
[INFO] running `Command { std: "docker" "inspect" "0595df1ab6fd432a503714e5a63cab818e6d2333054939acbfca3c33f5ef1863", kill_on_drop: false }`
[INFO] running `Command { std: "docker" "rm" "-f" "0595df1ab6fd432a503714e5a63cab818e6d2333054939acbfca3c33f5ef1863", kill_on_drop: false }`
[INFO] [stdout] 0595df1ab6fd432a503714e5a63cab818e6d2333054939acbfca3c33f5ef1863
[INFO] running `Command { std: "docker" "create" "-v" "/var/lib/crater-agent-workspace/builds/worker-0-tc2/target:/opt/rustwide/target:rw,Z" "-v" "/var/lib/crater-agent-workspace/builds/worker-0-tc2/source:/opt/rustwide/workdir:ro,Z" "-v" "/var/lib/crater-agent-workspace/cargo-home:/opt/rustwide/cargo-home:ro,Z" "-v" "/var/lib/crater-agent-workspace/rustup-home:/opt/rustwide/rustup-home:ro,Z" "-e" "SOURCE_DIR=/opt/rustwide/workdir" "-e" "CARGO_TARGET_DIR=/opt/rustwide/target" "-e" "CARGO_INCREMENTAL=0" "-e" "RUST_BACKTRACE=full" "-e" "RUSTFLAGS=--cap-lints=warn" "-e" "RUSTDOCFLAGS=--cap-lints=warn" "-e" "CARGO_HOME=/opt/rustwide/cargo-home" "-e" "RUSTUP_HOME=/opt/rustwide/rustup-home" "-w" "/opt/rustwide/workdir" "-m" "1610612736" "--user" "0:0" "--network" "none" "ghcr.io/rust-lang/crates-build-env/linux@sha256:f3a9d4ad9d972b27faf3965f35b62e55ba32bbce8f20bc8fe909558a86702fde" "/opt/rustwide/cargo-home/bin/cargo" "+beta-2024-12-08" "test" "--frozen", kill_on_drop: false }`
[INFO] [stdout] 2c18c5aa01816a2940f7e666112804d87cc6a559d43e3ef99f6724c96c6d7ff7
[INFO] running `Command { std: "docker" "start" "-a" "2c18c5aa01816a2940f7e666112804d87cc6a559d43e3ef99f6724c96c6d7ff7", kill_on_drop: false }`
[INFO] [stderr] warning: unused import: `std::path::Path`
[INFO] [stderr]  --> src/formatter.rs:4:5
[INFO] [stderr]   |
[INFO] [stderr] 4 | use std::path::Path;
[INFO] [stderr]   |     ^^^^^^^^^^^^^^^
[INFO] [stderr]   |
[INFO] [stderr]   = note: `#[warn(unused_imports)]` on by default
[INFO] [stderr] 
[INFO] [stderr] warning: `vit_logger` (lib) generated 1 warning (run `cargo fix --lib -p vit_logger` to apply 1 suggestion)
[INFO] [stderr] warning: unused import: `std::path::Path`
[INFO] [stderr]   --> src/formatter.rs:4:5
[INFO] [stderr]    |
[INFO] [stderr] 4  | use std::path::Path;
[INFO] [stderr]    |     ^^^^^^^^^^^^^^^
[INFO] [stderr]    |
[INFO] [stderr] note: the lint level is defined here
[INFO] [stderr]   --> src/lib.rs:23:24
[INFO] [stderr]    |
[INFO] [stderr] 23 | #![cfg_attr(test, deny(warnings))]
[INFO] [stderr]    |                        ^^^^^^^^
[INFO] [stderr]    = note: `#[warn(unused_imports)]` implied by `#[warn(warnings)]`
[INFO] [stderr] 
[INFO] [stderr] warning: `vit_logger` (lib test) generated 1 warning (run `cargo fix --lib -p vit_logger --tests` to apply 1 suggestion)
[INFO] [stderr]     Finished `test` profile [unoptimized + debuginfo] target(s) in 0.04s
[INFO] [stderr]      Running unittests src/lib.rs (/opt/rustwide/target/debug/deps/vit_logger-efb7a53bb4044d20)
[INFO] [stdout] 
[INFO] [stdout] running 0 tests
[INFO] [stdout] 
[INFO] [stderr]    Doc-tests vit_logger
[INFO] [stdout] test result: ok. 0 passed; 0 failed; 0 ignored; 0 measured; 0 filtered out; finished in 0.00s
[INFO] [stdout] 
[INFO] [stdout] 
[INFO] [stdout] running 1 test
[INFO] [stdout] test src/lib.rs - (line 13) ... FAILED
[INFO] [stderr] error: doctest failed, to rerun pass `--doc`
[INFO] [stdout] 
[INFO] [stdout] failures:
[INFO] [stdout] 
[INFO] [stdout] ---- src/lib.rs - (line 13) stdout ----
[INFO] [stdout] error[E0277]: the `?` operator can only be used in a function that returns `Result` or `Option` (or another type that implements `FromResidual`)
[INFO] [stdout]  --> src/lib.rs:19:53
[INFO] [stdout]   |
[INFO] [stdout] 6 | fn main() {
[INFO] [stdout]   | --------- this function should return `Result` or `Option` to accept `?`
[INFO] [stdout] 7 |     std::env::set_var("RUST_LOG", "trace");
[INFO] [stdout] 8 |     VitLogger::new().init(Config::builder().finish()?);
[INFO] [stdout]   |                                                     ^ cannot use the `?` operator in a function that returns `()`
[INFO] [stdout]   |
[INFO] [stdout]   = help: the trait `FromResidual<Result<Infallible, String>>` is not implemented for `()`
[INFO] [stdout] help: consider adding return type
[INFO] [stdout]   |
[INFO] [stdout] 6 ~ fn main() -> Result<(), Box<dyn std::error::Error>> {
[INFO] [stdout] 7 |     std::env::set_var("RUST_LOG", "trace");
[INFO] [stdout] 8 |     VitLogger::new().init(Config::builder().finish()?);
[INFO] [stdout] 9 |     log::info!("Hello, world!");
[INFO] [stdout] 10+     Ok(())
[INFO] [stdout]   |
[INFO] [stdout] 
[INFO] [stdout] error: aborting due to 1 previous error
[INFO] [stdout] 
[INFO] [stdout] For more information about this error, try `rustc --explain E0277`.
[INFO] [stdout] Couldn't compile the test.
[INFO] [stdout] 
[INFO] [stdout] failures:
[INFO] [stdout]     src/lib.rs - (line 13)
[INFO] [stdout] 
[INFO] [stdout] test result: FAILED. 0 passed; 1 failed; 0 ignored; 0 measured; 0 filtered out; finished in 0.11s
[INFO] [stdout] 
[INFO] running `Command { std: "docker" "inspect" "2c18c5aa01816a2940f7e666112804d87cc6a559d43e3ef99f6724c96c6d7ff7", kill_on_drop: false }`
[INFO] running `Command { std: "docker" "rm" "-f" "2c18c5aa01816a2940f7e666112804d87cc6a559d43e3ef99f6724c96c6d7ff7", kill_on_drop: false }`
[INFO] [stdout] 2c18c5aa01816a2940f7e666112804d87cc6a559d43e3ef99f6724c96c6d7ff7
