[INFO] fetching crate visdom 1.0.2...
[INFO] testing visdom-1.0.2 against 1.83.0 for beta-1.84.0-4-retry
[INFO] extracting crate visdom 1.0.2 into /workspace/builds/worker-2-tc1/source
[INFO] validating manifest of crates.io crate visdom 1.0.2 on toolchain 1.83.0
[INFO] running `Command { std: CARGO_HOME="/workspace/cargo-home" RUSTUP_HOME="/workspace/rustup-home" "/workspace/cargo-home/bin/cargo" "+1.83.0" "metadata" "--manifest-path" "Cargo.toml" "--no-deps", kill_on_drop: false }`
[INFO] started tweaking crates.io crate visdom 1.0.2
[INFO] removed 0 missing tests
[INFO] finished tweaking crates.io crate visdom 1.0.2
[INFO] tweaked toml for crates.io crate visdom 1.0.2 written to /workspace/builds/worker-2-tc1/source/Cargo.toml
[INFO] crate crates.io crate visdom 1.0.2 already has a lockfile, it will not be regenerated
[INFO] running `Command { std: CARGO_HOME="/workspace/cargo-home" RUSTUP_HOME="/workspace/rustup-home" "/workspace/cargo-home/bin/cargo" "+1.83.0" "fetch" "--manifest-path" "Cargo.toml", kill_on_drop: false }`
[INFO] [stderr]     Updating crates.io index
[INFO] [stderr]  Downloading crates ...
[INFO] [stderr]   Downloaded htmlentity v1.3.1
[INFO] [stderr]   Downloaded rphtml v0.5.10
[INFO] running `Command { std: "docker" "create" "-v" "/var/lib/crater-agent-workspace/builds/worker-2-tc1/target:/opt/rustwide/target:rw,Z" "-v" "/var/lib/crater-agent-workspace/builds/worker-2-tc1/source:/opt/rustwide/workdir:ro,Z" "-v" "/var/lib/crater-agent-workspace/cargo-home:/opt/rustwide/cargo-home:ro,Z" "-v" "/var/lib/crater-agent-workspace/rustup-home:/opt/rustwide/rustup-home:ro,Z" "-e" "SOURCE_DIR=/opt/rustwide/workdir" "-e" "CARGO_TARGET_DIR=/opt/rustwide/target" "-e" "CARGO_HOME=/opt/rustwide/cargo-home" "-e" "RUSTUP_HOME=/opt/rustwide/rustup-home" "-w" "/opt/rustwide/workdir" "-m" "1610612736" "--user" "0:0" "--network" "none" "ghcr.io/rust-lang/crates-build-env/linux@sha256:f3a9d4ad9d972b27faf3965f35b62e55ba32bbce8f20bc8fe909558a86702fde" "/opt/rustwide/cargo-home/bin/cargo" "+1.83.0" "metadata" "--no-deps" "--format-version=1", kill_on_drop: false }`
[INFO] [stdout] e87a6538e31e1ad136b57a30eff6da5a79a9e5018d3cc506179700b1ed045f21
[INFO] running `Command { std: "docker" "start" "-a" "e87a6538e31e1ad136b57a30eff6da5a79a9e5018d3cc506179700b1ed045f21", kill_on_drop: false }`
[INFO] running `Command { std: "docker" "inspect" "e87a6538e31e1ad136b57a30eff6da5a79a9e5018d3cc506179700b1ed045f21", kill_on_drop: false }`
[INFO] running `Command { std: "docker" "rm" "-f" "e87a6538e31e1ad136b57a30eff6da5a79a9e5018d3cc506179700b1ed045f21", kill_on_drop: false }`
[INFO] [stdout] e87a6538e31e1ad136b57a30eff6da5a79a9e5018d3cc506179700b1ed045f21
[INFO] running `Command { std: "docker" "create" "-v" "/var/lib/crater-agent-workspace/builds/worker-2-tc1/target:/opt/rustwide/target:rw,Z" "-v" "/var/lib/crater-agent-workspace/builds/worker-2-tc1/source:/opt/rustwide/workdir:ro,Z" "-v" "/var/lib/crater-agent-workspace/cargo-home:/opt/rustwide/cargo-home:ro,Z" "-v" "/var/lib/crater-agent-workspace/rustup-home:/opt/rustwide/rustup-home:ro,Z" "-e" "SOURCE_DIR=/opt/rustwide/workdir" "-e" "CARGO_TARGET_DIR=/opt/rustwide/target" "-e" "CARGO_INCREMENTAL=0" "-e" "RUST_BACKTRACE=full" "-e" "RUSTFLAGS=--cap-lints=warn" "-e" "RUSTDOCFLAGS=--cap-lints=warn" "-e" "CARGO_HOME=/opt/rustwide/cargo-home" "-e" "RUSTUP_HOME=/opt/rustwide/rustup-home" "-w" "/opt/rustwide/workdir" "-m" "1610612736" "--user" "0:0" "--network" "none" "ghcr.io/rust-lang/crates-build-env/linux@sha256:f3a9d4ad9d972b27faf3965f35b62e55ba32bbce8f20bc8fe909558a86702fde" "/opt/rustwide/cargo-home/bin/cargo" "+1.83.0" "build" "--frozen" "--message-format=json", kill_on_drop: false }`
[INFO] [stdout] 25fbe321f67e9f1b47467a8dbc1a589dcb4a355726216410b3406fbc843d1703
[INFO] running `Command { std: "docker" "start" "-a" "25fbe321f67e9f1b47467a8dbc1a589dcb4a355726216410b3406fbc843d1703", kill_on_drop: false }`
[INFO] [stderr]    Compiling proc-macro2 v1.0.56
[INFO] [stderr]    Compiling unicode-ident v1.0.8
[INFO] [stderr]    Compiling quote v1.0.26
[INFO] [stderr]    Compiling anyhow v1.0.70
[INFO] [stderr]    Compiling memchr v2.4.1
[INFO] [stderr]    Compiling thiserror v1.0.40
[INFO] [stderr]    Compiling lazy_static v1.4.0
[INFO] [stderr]    Compiling regex-syntax v0.6.28
[INFO] [stderr]    Compiling aho-corasick v0.7.18
[INFO] [stderr]    Compiling syn v2.0.15
[INFO] [stderr]    Compiling regex v1.7.0
[INFO] [stderr]    Compiling thiserror-impl v1.0.40
[INFO] [stderr]    Compiling htmlentity v1.3.1
[INFO] [stderr]    Compiling rphtml v0.5.10
[INFO] [stderr]    Compiling visdom v1.0.2 (/opt/rustwide/workdir)
[INFO] [stdout] warning: variable does not need to be mutable
[INFO] [stdout]    --> src/mesdoc/selector/mod.rs:231:10
[INFO] [stdout]     |
[INFO] [stdout] 231 |                     let mut now_first = &mut r[0];
[INFO] [stdout]     |                         ----^^^^^^^^^
[INFO] [stdout]     |                         |
[INFO] [stdout]     |                         help: remove this `mut`
[INFO] [stdout]     |
[INFO] [stdout]     = note: `#[warn(unused_mut)]` on by default
[INFO] [stdout] 
[INFO] [stdout] 
[INFO] [stdout] warning: field `name` is never read
[INFO] [stdout]   --> src/mesdoc/selector/pattern.rs:26:6
[INFO] [stdout]    |
[INFO] [stdout] 23 | pub struct Matched {
[INFO] [stdout]    |            ------- field in this struct
[INFO] [stdout] ...
[INFO] [stdout] 26 |     pub name: &'static str,
[INFO] [stdout]    |         ^^^^
[INFO] [stdout]    |
[INFO] [stdout]    = note: `Matched` has derived impls for the traits `Clone` and `Debug`, but these are intentionally ignored during dead code analysis
[INFO] [stdout]    = note: `#[warn(dead_code)]` on by default
[INFO] [stdout] 
[INFO] [stdout] 
[INFO] [stderr]     Finished `dev` profile [unoptimized + debuginfo] target(s) in 14.02s
[INFO] running `Command { std: "docker" "inspect" "25fbe321f67e9f1b47467a8dbc1a589dcb4a355726216410b3406fbc843d1703", kill_on_drop: false }`
[INFO] running `Command { std: "docker" "rm" "-f" "25fbe321f67e9f1b47467a8dbc1a589dcb4a355726216410b3406fbc843d1703", kill_on_drop: false }`
[INFO] [stdout] 25fbe321f67e9f1b47467a8dbc1a589dcb4a355726216410b3406fbc843d1703
[INFO] running `Command { std: "docker" "create" "-v" "/var/lib/crater-agent-workspace/builds/worker-2-tc1/target:/opt/rustwide/target:rw,Z" "-v" "/var/lib/crater-agent-workspace/builds/worker-2-tc1/source:/opt/rustwide/workdir:ro,Z" "-v" "/var/lib/crater-agent-workspace/cargo-home:/opt/rustwide/cargo-home:ro,Z" "-v" "/var/lib/crater-agent-workspace/rustup-home:/opt/rustwide/rustup-home:ro,Z" "-e" "SOURCE_DIR=/opt/rustwide/workdir" "-e" "CARGO_TARGET_DIR=/opt/rustwide/target" "-e" "CARGO_INCREMENTAL=0" "-e" "RUST_BACKTRACE=full" "-e" "RUSTFLAGS=--cap-lints=warn" "-e" "RUSTDOCFLAGS=--cap-lints=warn" "-e" "CARGO_HOME=/opt/rustwide/cargo-home" "-e" "RUSTUP_HOME=/opt/rustwide/rustup-home" "-w" "/opt/rustwide/workdir" "-m" "1610612736" "--user" "0:0" "--network" "none" "ghcr.io/rust-lang/crates-build-env/linux@sha256:f3a9d4ad9d972b27faf3965f35b62e55ba32bbce8f20bc8fe909558a86702fde" "/opt/rustwide/cargo-home/bin/cargo" "+1.83.0" "test" "--frozen" "--no-run" "--message-format=json", kill_on_drop: false }`
[INFO] [stdout] 25bd9a3f552a82d330c1c60eb8388c9669b9ba5a489a995d4223a211d226d2c9
[INFO] running `Command { std: "docker" "start" "-a" "25bd9a3f552a82d330c1c60eb8388c9669b9ba5a489a995d4223a211d226d2c9", kill_on_drop: false }`
[INFO] [stderr]    Compiling autocfg v1.1.0
[INFO] [stderr]    Compiling crossbeam-utils v0.8.7
[INFO] [stderr]    Compiling cfg-if v1.0.0
[INFO] [stderr]    Compiling syn v1.0.86
[INFO] [stderr]    Compiling serde_derive v1.0.136
[INFO] [stderr]    Compiling unicode-xid v0.2.2
[INFO] [stderr]    Compiling crossbeam-epoch v0.9.7
[INFO] [stderr]    Compiling libc v0.2.117
[INFO] [stderr]    Compiling scopeguard v1.1.0
[INFO] [stderr]    Compiling serde v1.0.136
[INFO] [stderr]    Compiling rayon-core v1.9.1
[INFO] [stderr]    Compiling either v1.6.1
[INFO] [stderr]    Compiling serde_json v1.0.78
[INFO] [stderr]    Compiling ciborium-io v0.2.0
[INFO] [stderr]    Compiling ryu v1.0.9
[INFO] [stderr]    Compiling itoa v1.0.1
[INFO] [stderr]    Compiling plotters-backend v0.3.2
[INFO] [stderr]    Compiling hashbrown v0.12.3
[INFO] [stderr]    Compiling os_str_bytes v6.3.1
[INFO] [stderr]    Compiling crossbeam-queue v0.3.4
[INFO] [stderr]    Compiling half v1.8.2
[INFO] [stderr]    Compiling itertools v0.10.3
[INFO] [stderr]    Compiling cast v0.3.0
[INFO] [stderr]    Compiling textwrap v0.16.0
[INFO] [stderr]    Compiling ciborium-ll v0.2.0
[INFO] [stderr]    Compiling plotters-svg v0.3.1
[INFO] [stderr]    Compiling clap_lex v0.2.4
[INFO] [stderr]    Compiling same-file v1.0.6
[INFO] [stderr]    Compiling bitflags v1.3.2
[INFO] [stderr]    Compiling anes v0.1.6
[INFO] [stderr]    Compiling oorandom v11.1.3
[INFO] [stdout] warning: variable does not need to be mutable
[INFO] [stdout]    --> src/mesdoc/selector/mod.rs:231:10
[INFO] [stdout]     |
[INFO] [stdout] 231 |                     let mut now_first = &mut r[0];
[INFO] [stdout]     |                         ----^^^^^^^^^
[INFO] [stdout]     |                         |
[INFO] [stdout]     |                         help: remove this `mut`
[INFO] [stdout]     |
[INFO] [stdout]     = note: `#[warn(unused_mut)]` on by default
[INFO] [stdout] 
[INFO] [stdout] 
[INFO] [stdout] warning: field `name` is never read
[INFO] [stdout]   --> src/mesdoc/selector/pattern.rs:26:6
[INFO] [stdout]    |
[INFO] [stdout] 23 | pub struct Matched {
[INFO] [stdout]    |            ------- field in this struct
[INFO] [stdout] ...
[INFO] [stdout] 26 |     pub name: &'static str,
[INFO] [stdout]    |         ^^^^
[INFO] [stdout]    |
[INFO] [stdout]    = note: `Matched` has derived impls for the traits `Clone` and `Debug`, but these are intentionally ignored during dead code analysis
[INFO] [stdout]    = note: `#[warn(dead_code)]` on by default
[INFO] [stdout] 
[INFO] [stdout] 
[INFO] [stderr]    Compiling walkdir v2.3.2
[INFO] [stderr]    Compiling memoffset v0.6.5
[INFO] [stderr]    Compiling indexmap v1.9.1
[INFO] [stderr]    Compiling num-traits v0.2.14
[INFO] [stderr]    Compiling rayon v1.5.1
[INFO] [stderr]    Compiling crossbeam-channel v0.5.2
[INFO] [stderr]    Compiling num_cpus v1.13.1
[INFO] [stderr]    Compiling atty v0.2.14
[INFO] [stderr]    Compiling crossbeam-deque v0.8.1
[INFO] [stderr]    Compiling clap v3.2.23
[INFO] [stderr]    Compiling crossbeam v0.8.1
[INFO] [stderr]    Compiling plotters v0.3.1
[INFO] [stderr]    Compiling criterion-plot v0.5.0
[INFO] [stderr]    Compiling ciborium v0.2.0
[INFO] [stderr]    Compiling tinytemplate v1.2.1
[INFO] [stderr]    Compiling criterion v0.4.0
[INFO] [stderr]    Compiling visdom v1.0.2 (/opt/rustwide/workdir)
[INFO] [stdout] warning: variable does not need to be mutable
[INFO] [stdout]    --> src/mesdoc/selector/mod.rs:231:10
[INFO] [stdout]     |
[INFO] [stdout] 231 |                     let mut now_first = &mut r[0];
[INFO] [stdout]     |                         ----^^^^^^^^^
[INFO] [stdout]     |                         |
[INFO] [stdout]     |                         help: remove this `mut`
[INFO] [stdout]     |
[INFO] [stdout]     = note: `#[warn(unused_mut)]` on by default
[INFO] [stdout] 
[INFO] [stdout] 
[INFO] [stdout] warning: field `name` is never read
[INFO] [stdout]   --> src/mesdoc/selector/pattern.rs:26:6
[INFO] [stdout]    |
[INFO] [stdout] 23 | pub struct Matched {
[INFO] [stdout]    |            ------- field in this struct
[INFO] [stdout] ...
[INFO] [stdout] 26 |     pub name: &'static str,
[INFO] [stdout]    |         ^^^^
[INFO] [stdout]    |
[INFO] [stdout]    = note: `Matched` has derived impls for the traits `Clone` and `Debug`, but these are intentionally ignored during dead code analysis
[INFO] [stdout]    = note: `#[warn(dead_code)]` on by default
[INFO] [stdout] 
[INFO] [stdout] 
[INFO] [stderr]     Finished `test` profile [unoptimized + debuginfo] target(s) in 34.26s
[INFO] running `Command { std: "docker" "inspect" "25bd9a3f552a82d330c1c60eb8388c9669b9ba5a489a995d4223a211d226d2c9", kill_on_drop: false }`
[INFO] running `Command { std: "docker" "rm" "-f" "25bd9a3f552a82d330c1c60eb8388c9669b9ba5a489a995d4223a211d226d2c9", kill_on_drop: false }`
[INFO] [stdout] 25bd9a3f552a82d330c1c60eb8388c9669b9ba5a489a995d4223a211d226d2c9
[INFO] running `Command { std: "docker" "create" "-v" "/var/lib/crater-agent-workspace/builds/worker-2-tc1/target:/opt/rustwide/target:rw,Z" "-v" "/var/lib/crater-agent-workspace/builds/worker-2-tc1/source:/opt/rustwide/workdir:ro,Z" "-v" "/var/lib/crater-agent-workspace/cargo-home:/opt/rustwide/cargo-home:ro,Z" "-v" "/var/lib/crater-agent-workspace/rustup-home:/opt/rustwide/rustup-home:ro,Z" "-e" "SOURCE_DIR=/opt/rustwide/workdir" "-e" "CARGO_TARGET_DIR=/opt/rustwide/target" "-e" "CARGO_INCREMENTAL=0" "-e" "RUST_BACKTRACE=full" "-e" "RUSTFLAGS=--cap-lints=warn" "-e" "RUSTDOCFLAGS=--cap-lints=warn" "-e" "CARGO_HOME=/opt/rustwide/cargo-home" "-e" "RUSTUP_HOME=/opt/rustwide/rustup-home" "-w" "/opt/rustwide/workdir" "-m" "1610612736" "--user" "0:0" "--network" "none" "ghcr.io/rust-lang/crates-build-env/linux@sha256:f3a9d4ad9d972b27faf3965f35b62e55ba32bbce8f20bc8fe909558a86702fde" "/opt/rustwide/cargo-home/bin/cargo" "+1.83.0" "test" "--frozen", kill_on_drop: false }`
[INFO] [stdout] a7261d6731f154c768534987a355d16423ebd63957e08fd407a5005300fb0e9d
[INFO] running `Command { std: "docker" "start" "-a" "a7261d6731f154c768534987a355d16423ebd63957e08fd407a5005300fb0e9d", kill_on_drop: false }`
[INFO] [stderr] warning: variable does not need to be mutable
[INFO] [stderr]    --> src/mesdoc/selector/mod.rs:231:10
[INFO] [stderr]     |
[INFO] [stderr] 231 |                     let mut now_first = &mut r[0];
[INFO] [stderr]     |                         ----^^^^^^^^^
[INFO] [stderr]     |                         |
[INFO] [stderr]     |                         help: remove this `mut`
[INFO] [stderr]     |
[INFO] [stderr]     = note: `#[warn(unused_mut)]` on by default
[INFO] [stderr] 
[INFO] [stderr] warning: field `name` is never read
[INFO] [stderr]   --> src/mesdoc/selector/pattern.rs:26:6
[INFO] [stderr]    |
[INFO] [stderr] 23 | pub struct Matched {
[INFO] [stderr]    |            ------- field in this struct
[INFO] [stderr] ...
[INFO] [stderr] 26 |     pub name: &'static str,
[INFO] [stderr]    |         ^^^^
[INFO] [stderr]    |
[INFO] [stderr]    = note: `Matched` has derived impls for the traits `Clone` and `Debug`, but these are intentionally ignored during dead code analysis
[INFO] [stderr]    = note: `#[warn(dead_code)]` on by default
[INFO] [stderr] 
[INFO] [stderr] warning: `visdom` (lib) generated 2 warnings (run `cargo fix --lib -p visdom` to apply 1 suggestion)
[INFO] [stderr] warning: `visdom` (lib test) generated 2 warnings (2 duplicates)
[INFO] [stderr]     Finished `test` profile [unoptimized + debuginfo] target(s) in 0.13s
[INFO] [stderr]      Running unittests src/lib.rs (/opt/rustwide/target/debug/deps/visdom-355f5b1002fcad0e)
[INFO] [stdout] 
[INFO] [stdout] running 29 tests
[INFO] [stdout] test mesdoc::interface::elements::tests::test_fn_relation_of ... ok
[INFO] [stdout] test mesdoc::selector::pattern::tests::test_allow_indexs ... ok
[INFO] [stdout] test mesdoc::interface::element::tests::test_i_attr_value ... ok
[INFO] [stdout] test mesdoc::selector::pattern::tests::test_check_params_return ... ok
[INFO] [stdout] test mesdoc::selector::pattern::tests::test_pattern_matched ... ok
[INFO] [stdout] test mesdoc::interface::node::tests::test_inode_type ... ok
[INFO] [stdout] test mesdoc::selector::rule::tests::test_allow_debug ... ok
[INFO] [stdout] test mesdoc::selector::rule::tests::test_rule_escape_both ... ok
[INFO] [stdout] test mesdoc::selector::rule::tests::test_rule_escape_end ... ok
[INFO] [stdout] test mesdoc::selector::tests::test_combinator_reverse ... ok
[INFO] [stdout] test mesdoc::selector::tests::test_combinator ... ok
[INFO] [stdout] test mesdoc::selector::tests::test_default ... ok
[INFO] [stdout] test mesdoc::selector::rule::tests::test_rule_escape_start ... ok
[INFO] [stdout] test mesdoc::utils::tests::test_divide_isize ... ok
[INFO] [stdout] test mesdoc::selector::pattern::tests::test_new_pattern - should panic ... ok
[INFO] [stdout] test mesdoc::selector::rule::tests::test_rule_not_end_1 - should panic ... ok
[INFO] [stdout] test mesdoc::selector::rule::tests::test_rule_not_end_2 - should panic ... ok
[INFO] [stdout] test mesdoc::selector::rule::tests::test_rule_escape_no_start - should panic ... ok
[INFO] [stdout] test mesdoc::selector::rule::tests::test_rule_escape_end_repeat - should panic ... ok
[INFO] [stdout] test mesdoc::selector::rule::tests::test_rule_params - should panic ... ok
[INFO] [stdout] test mesdoc::selector::rule::tests::test_rule_params_hash - should panic ... ok
[INFO] [stdout] test mesdoc::selector::rule::tests::test_wrong_escape_no_end_at_end - should panic ... ok
[INFO] [stdout] test mesdoc::selector::pattern::tests::test_from_params - should panic ... ok
[INFO] [stdout] test mesdoc::selector::rule::tests::test_rule_not_end_3 - should panic ... ok
[INFO] [stdout] test mesdoc::selector::rule::tests::test_rule_not_end_4 - should panic ... ok
[INFO] [stdout] test mesdoc::selector::tests::test_combinator_unable_reverse - should panic ... ok
[INFO] [stderr]      Running tests/attr.rs (/opt/rustwide/target/debug/deps/attr-9ec6e5638ad816bf)
[INFO] [stdout] test mesdoc::selector::rule::tests::test_rule_wrong_params - should panic ... ok
[INFO] [stdout] test mesdoc::selector::rule::tests::test_rule_params_not_end - should panic ... ok
[INFO] [stdout] test mesdoc::selector::tests::test_wrong_combinator_string - should panic ... ok
[INFO] [stdout] 
[INFO] [stdout] test result: ok. 29 passed; 0 failed; 0 ignored; 0 measured; 0 filtered out; finished in 0.08s
[INFO] [stdout] 
[INFO] [stdout] 
[INFO] [stdout] running 2 tests
[INFO] [stdout] test test_class_attr ... ok
[INFO] [stderr]      Running tests/content.rs (/opt/rustwide/target/debug/deps/content-e16a605e82b412bc)
[INFO] [stdout] test test_normal_attr ... ok
[INFO] [stdout] 
[INFO] [stdout] test result: ok. 2 passed; 0 failed; 0 ignored; 0 measured; 0 filtered out; finished in 0.00s
[INFO] [stdout] 
[INFO] [stdout] 
[INFO] [stdout] running 8 tests
[INFO] [stdout] test test_outer_html ... ok
[INFO] [stdout] test test_outer_htmls ... ok
[INFO] [stdout] test test_inner_htmls ... ok
[INFO] [stdout] test test_text_content ... ok
[INFO] [stdout] test test_val ... ok
[INFO] [stdout] test test_set_html ... ok
[INFO] [stdout] test test_inner_html ... ok
[INFO] [stdout] test test_set_text ... ok
[INFO] [stdout] 
[INFO] [stdout] test result: ok. 8 passed; 0 failed; 0 ignored; 0 measured; 0 filtered out; finished in 0.01s
[INFO] [stdout] 
[INFO] [stderr]      Running tests/error.rs (/opt/rustwide/target/debug/deps/error-efc58cac21a3d9bb)
[INFO] [stdout] 
[INFO] [stdout] running 4 tests
[INFO] [stdout] test test_wrong_html_catch ... ok
[INFO] [stdout] test test_wrong_selector_catch ... ok
[INFO] [stdout] test test_wrong_html - should panic ... ok
[INFO] [stdout] test test_wrong_selector - should panic ... ok
[INFO] [stdout] 
[INFO] [stdout] test result: ok. 4 passed; 0 failed; 0 ignored; 0 measured; 0 filtered out; finished in 0.04s
[INFO] [stdout] 
[INFO] [stderr]      Running tests/insertion.rs (/opt/rustwide/target/debug/deps/insertion-3da57af625345ce2)
[INFO] [stdout] 
[INFO] [stdout] running 0 tests
[INFO] [stdout] 
[INFO] [stdout] test result: ok. 0 passed; 0 failed; 0 ignored; 0 measured; 0 filtered out; finished in 0.00s
[INFO] [stdout] 
[INFO] [stderr]      Running tests/method.rs (/opt/rustwide/target/debug/deps/method-2c4ac9b2b00d5d94)
[INFO] [stdout] 
[INFO] [stdout] running 34 tests
[INFO] [stdout] test test_method_closest ... ok
[INFO] [stdout] test test_content_text ... ok
[INFO] [stdout] test test_method_contains ... ok
[INFO] [stdout] test test_method_filter_in ... ok
[INFO] [stdout] test test_method_children ... ok
[INFO] [stdout] test test_method_add ... ok
[INFO] [stdout] test test_method_filter ... ok
[INFO] [stdout] test test_method_filter_by ... ok
[INFO] [stdout] test test_method_for_root ... ok
[INFO] [stdout] test test_method_find_closest ... ok
[INFO] [stdout] test test_method_eq ... ok
[INFO] [stdout] test test_method_is_all_by ... ok
[INFO] [stdout] test test_method_not_in ... ok
[INFO] [stdout] test test_method_next_all ... ok
[INFO] [stdout] test test_method_is_in ... ok
[INFO] [stdout] test test_method_next_until ... ok
[INFO] [stdout] test test_method_prev ... ok
[INFO] [stdout] test test_method_prev_all ... ok
[INFO] [stdout] test test_method_is ... ok
[INFO] [stdout] test test_method_slice ... ok
[INFO] [stdout] test test_method_parent ... ok
[INFO] [stdout] test test_method_next ... ok
[INFO] [stdout] test test_method_parents ... ok
[INFO] [stdout] test test_method_is_all ... ok
[INFO] [stdout] test test_method_has_in ... ok
[INFO] [stdout] test test_method_is_all_in ... ok
[INFO] [stdout] test test_method_not_by ... ok
[INFO] [stdout] test test_method_parents_until ... ok
[INFO] [stdout] test test_method_is_by ... ok
[INFO] [stdout] test test_method_has ... ok
[INFO] [stdout] test test_method_prev_until ... ok
[INFO] [stdout] test test_method_find ... ok
[INFO] [stdout] test test_method_not ... ok
[INFO] [stdout] test test_method_siblings ... ok
[INFO] [stdout] 
[INFO] [stdout] test result: ok. 34 passed; 0 failed; 0 ignored; 0 measured; 0 filtered out; finished in 0.08s
[INFO] [stdout] 
[INFO] [stderr]      Running tests/mutation.rs (/opt/rustwide/target/debug/deps/mutation-bf494869c3800290)
[INFO] [stderr]      Running tests/selector.rs (/opt/rustwide/target/debug/deps/selector-d980a997711a1216)
[INFO] [stdout] 
[INFO] [stdout] running 0 tests
[INFO] [stdout] 
[INFO] [stdout] test result: ok. 0 passed; 0 failed; 0 ignored; 0 measured; 0 filtered out; finished in 0.00s
[INFO] [stdout] 
[INFO] [stdout] 
[INFO] [stdout] running 25 tests
[INFO] [stdout] test test_selector_pseudo_empty ... ok
[INFO] [stdout] test test_selector_pseudo_header ... ok
[INFO] [stdout] test test_selector_pseudo_nth_last_child ... ok
[INFO] [stdout] test test_class_selector ... ok
[INFO] [stdout] test test_selector_pseudo_checked ... ok
[INFO] [stdout] test test_selector_pseudo_first_of_type ... ok
[INFO] [stdout] test test_tagname_selector ... ok
[INFO] [stdout] test test_selector_pseudo_has ... ok
[INFO] [stdout] test test_selector_pseudo_first_child ... ok
[INFO] [stdout] test test_selector_pseudo_last_child ... ok
[INFO] [stdout] test test_selector_pseudo_nth_last_of_type ... ok
[INFO] [stdout] test test_selector_pseudo_last_of_type ... ok
[INFO] [stdout] test test_selector_pseudo_only_of_type ... ok
[INFO] [stdout] test test_wrong_selector_empty_start ... ok
[INFO] [stdout] test test_wrong_selector_empty_end ... ok
[INFO] [stdout] test test_attribute_selector ... ok
[INFO] [stdout] test test_wrong_selector_splitter ... ok
[INFO] [stdout] test test_selector_pseudo_nth_of_type ... ok
[INFO] [stdout] test test_wrong_selector_wrong_nested ... ok
[INFO] [stdout] test test_id_selector ... ok
[INFO] [stdout] test test_selector_pseudo_only_child ... ok
[INFO] [stdout] test test_selector_pseudo_contains ... ok
[INFO] [stdout] test test_selector_pseudo_root ... ok
[INFO] [stdout] test test_selector_pseudo_not ... ok
[INFO] [stdout] test test_selector_pseudo_nth_child ... ok
[INFO] [stdout] 
[INFO] [stdout] test result: ok. 25 passed; 0 failed; 0 ignored; 0 measured; 0 filtered out; finished in 0.11s
[INFO] [stdout] 
[INFO] [stderr]      Running tests/trait.rs (/opt/rustwide/target/debug/deps/trait-1d52dcc8c28410a4)
[INFO] [stdout] 
[INFO] [stdout] running 2 tests
[INFO] [stdout] test test_node_trait ... ok
[INFO] [stdout] test test_document_trait ... ok
[INFO] [stdout] 
[INFO] [stdout] test result: ok. 2 passed; 0 failed; 0 ignored; 0 measured; 0 filtered out; finished in 0.00s
[INFO] [stdout] 
[INFO] [stderr]    Doc-tests visdom
[INFO] [stdout] 
[INFO] [stdout] running 54 tests
[INFO] [stdout] test src/lib.rs - Vis (line 1140) ... FAILED
[INFO] [stdout] test src/mesdoc/interface/elements.rs - mesdoc::interface::elements::Elements<'a>::closest (line 1691) ... ok
[INFO] [stdout] test src/mesdoc/interface/elements.rs - mesdoc::interface::elements::Elements<'a>::add_class (line 3357) ... ok
[INFO] [stdout] test src/mesdoc/interface/elements.rs - mesdoc::interface::elements::Elements<'a>::has_class (line 3305) ... ok
[INFO] [stdout] test src/mesdoc/interface/elements.rs - mesdoc::interface::elements::Elements<'a>::children (line 1226) ... ok
[INFO] [stdout] test src/mesdoc/interface/elements.rs - mesdoc::interface::elements::Elements<'a>::filter (line 1108) ... ok
[INFO] [stdout] test src/mesdoc/interface/elements.rs - mesdoc::interface::elements::Elements<'a>::filter_by (line 1145) ... ok
[INFO] [stdout] test src/mesdoc/interface/elements.rs - mesdoc::interface::elements::Elements<'a>::for_each (line 195) ... ok
[INFO] [stdout] test src/mesdoc/interface/elements.rs - mesdoc::interface::elements::Elements<'a>::add (line 2603) ... ok
[INFO] [stdout] test src/mesdoc/interface/elements.rs - mesdoc::interface::elements::Elements<'a>::find (line 1066) ... ok
[INFO] [stdout] test src/mesdoc/interface/elements.rs - mesdoc::interface::elements::Elements<'a>::attr (line 3166) ... ok
[INFO] [stdout] test src/mesdoc/interface/elements.rs - mesdoc::interface::elements::Elements<'a>::has_in (line 2371) ... ok
[INFO] [stdout] test src/mesdoc/interface/elements.rs - mesdoc::interface::elements::Elements<'a>::document (line 326) ... ok
[INFO] [stdout] test src/mesdoc/interface/elements.rs - mesdoc::interface::elements::Elements<'a>::eq (line 2426) ... ok
[INFO] [stdout] test src/mesdoc/interface/elements.rs - mesdoc::interface::elements::Elements<'a>::has (line 2320) ... ok
[INFO] [stdout] test src/mesdoc/interface/elements.rs - mesdoc::interface::elements::Elements<'a>::has_attr (line 3200) ... ok
[INFO] [stdout] test src/mesdoc/interface/elements.rs - mesdoc::interface::elements::Elements<'a>::filter_in (line 1188) ... ok
[INFO] [stdout] test src/mesdoc/interface/elements.rs - mesdoc::interface::elements::Elements<'a>::first (line 2463) ... ok
[INFO] [stdout] test src/mesdoc/interface/elements.rs - mesdoc::interface::elements::Elements<'a>::htmls (line 2987) ... ok
[INFO] [stdout] test src/mesdoc/interface/elements.rs - mesdoc::interface::elements::Elements<'a>::html (line 2949) ... ok
[INFO] [stdout] test src/mesdoc/interface/elements.rs - mesdoc::interface::elements::Elements<'a>::is_all (line 2081) ... ok
[INFO] [stdout] test src/mesdoc/interface/elements.rs - mesdoc::interface::elements::Elements<'a>::is_by (line 1996) ... FAILED
[INFO] [stdout] test src/mesdoc/interface/elements.rs - mesdoc::interface::elements::Elements<'a>::map (line 244) ... ok
[INFO] [stdout] test src/mesdoc/interface/elements.rs - mesdoc::interface::elements::Elements<'a>::next_until (line 1450) ... ok
[INFO] [stdout] test src/mesdoc/interface/elements.rs - mesdoc::interface::elements::Elements<'a>::is_all_by (line 2118) ... ok
[INFO] [stdout] test src/mesdoc/interface/elements.rs - mesdoc::interface::elements::Elements<'a>::is_empty (line 302) ... ok
[INFO] [stdout] test src/mesdoc/interface/elements.rs - mesdoc::interface::elements::Elements<'a>::is (line 1957) ... ok
[INFO] [stdout] test src/mesdoc/interface/elements.rs - mesdoc::interface::elements::Elements<'a>::is_in (line 2046) ... ok
[INFO] [stdout] test src/mesdoc/interface/elements.rs - mesdoc::interface::elements::Elements<'a>::length (line 279) ... ok
[INFO] [stdout] test src/mesdoc/interface/elements.rs - mesdoc::interface::elements::Elements<'a>::not_in (line 2286) ... ok
[INFO] [stdout] test src/mesdoc/interface/elements.rs - mesdoc::interface::elements::Elements<'a>::next_all (line 1414) ... ok
[INFO] [stdout] test src/mesdoc/interface/elements.rs - mesdoc::interface::elements::Elements<'a>::not (line 2206) ... ok
[INFO] [stdout] test src/mesdoc/interface/elements.rs - mesdoc::interface::elements::Elements<'a>::is_all_in (line 2169) ... ok
[INFO] [stdout] test src/mesdoc/interface/elements.rs - mesdoc::interface::elements::Elements<'a>::last (line 2496) ... ok
[INFO] [stdout] test src/mesdoc/interface/elements.rs - mesdoc::interface::elements::Elements<'a>::outer_html (line 3053) ... ok
[INFO] [stdout] test src/mesdoc/interface/elements.rs - mesdoc::interface::elements::Elements<'a>::not_by (line 2243) ... ok
[INFO] [stdout] test src/mesdoc/interface/elements.rs - mesdoc::interface::elements::Elements<'a>::next (line 1381) ... ok
[INFO] [stdout] test src/mesdoc/interface/elements.rs - mesdoc::interface::elements::Elements<'a>::prev (line 1267) ... ok
[INFO] [stdout] test src/mesdoc/interface/elements.rs - mesdoc::interface::elements::Elements<'a>::parents (line 1606) ... ok
[INFO] [stdout] test src/mesdoc/interface/elements.rs - mesdoc::interface::elements::Elements<'a>::parents_until (line 1645) ... ok
[INFO] [stdout] test src/mesdoc/interface/elements.rs - mesdoc::interface::elements::Elements<'a>::prev_all (line 1300) ... ok
[INFO] [stdout] test src/mesdoc/interface/elements.rs - mesdoc::interface::elements::Elements<'a>::set_attr (line 3234) ... ok
[INFO] [stdout] test src/mesdoc/interface/elements.rs - mesdoc::interface::elements::Elements<'a>::prev_until (line 1336) ... ok
[INFO] [stdout] test src/mesdoc/interface/elements.rs - mesdoc::interface::elements::Elements<'a>::slice (line 2529) ... ok
[INFO] [stdout] test src/mesdoc/interface/elements.rs - mesdoc::interface::elements::Elements<'a>::toggle_class (line 3461) ... ok
[INFO] [stdout] test src/mesdoc/interface/elements.rs - mesdoc::interface::elements::Elements<'a>::outer_htmls (line 3089) ... ok
[INFO] [stdout] test src/mesdoc/interface/elements.rs - mesdoc::interface::elements::Elements<'a>::text (line 2866) ... ok
[INFO] [stdout] test src/mesdoc/interface/elements.rs - mesdoc::interface::elements::Elements<'a>::parent (line 1570) ... ok
[INFO] [stdout] test src/mesdoc/interface/elements.rs - mesdoc::interface::elements::Elements<'a>::remove_attr (line 3269) ... ok
[INFO] [stdout] test src/mesdoc/interface/elements.rs - mesdoc::interface::elements::Elements<'a>::remove_class (line 3407) ... ok
[INFO] [stdout] test src/mesdoc/interface/elements.rs - mesdoc::interface::elements::Elements<'a>::set_html (line 3015) ... ok
[INFO] [stdout] test src/mesdoc/interface/elements.rs - mesdoc::interface::elements::Elements<'a>::set_text (line 2907) ... ok
[INFO] [stdout] test src/mesdoc/interface/elements.rs - mesdoc::interface::elements::Elements<'a>::val (line 2820) ... ok
[INFO] [stdout] test src/mesdoc/interface/elements.rs - mesdoc::interface::elements::Elements<'a>::siblings (line 1487) ... ok
[INFO] [stdout] 
[INFO] [stdout] failures:
[INFO] [stdout] 
[INFO] [stdout] ---- src/lib.rs - Vis (line 1140) stdout ----
[INFO] [stdout] error[E0599]: no method named `append_to` found for struct `Elements` in the current scope
[INFO] [stdout]   --> src/lib.rs:1174:16
[INFO] [stdout]    |
[INFO] [stdout] 36 |   fourth_child.append_to(&mut parent);
[INFO] [stdout]    |                ^^^^^^^^^ method not found in `Elements<'_>`
[INFO] [stdout] 
[INFO] [stdout] error[E0599]: no method named `texts` found for struct `Elements` in the current scope
[INFO] [stdout]     --> src/lib.rs:1180:34
[INFO] [stdout]      |
[INFO] [stdout] 42   |   let mut texts = cur_list_items.texts(0);
[INFO] [stdout]      |                                  ^^^^^
[INFO] [stdout]      |
[INFO] [stdout] help: there is a method `text` with a similar name, but with different arguments
[INFO] [stdout]     --> /opt/rustwide/workdir/src/mesdoc/interface/elements.rs:2897:2
[INFO] [stdout]      |
[INFO] [stdout] 2897 |     pub fn text(&self) -> String {
[INFO] [stdout]      |     ^^^^^^^^^^^^^^^^^^^^^^^^^^^^
[INFO] [stdout] 
[INFO] [stdout] error: aborting due to 2 previous errors
[INFO] [stdout] 
[INFO] [stdout] For more information about this error, try `rustc --explain E0599`.
[INFO] [stdout] Couldn't compile the test.
[INFO] [stdout] ---- src/mesdoc/interface/elements.rs - mesdoc::interface::elements::Elements<'a>::is_by (line 1996) stdout ----
[INFO] [stdout] error: linking with `cc` failed: exit status: 1
[INFO] [stdout]   |
[INFO] [stdout]   = note: LC_ALL="C" PATH="/opt/rustwide/rustup-home/toolchains/1.83.0-x86_64-unknown-linux-gnu/lib/rustlib/x86_64-unknown-linux-gnu/bin:/opt/rustwide/cargo-home/bin:/usr/local/sbin:/usr/local/bin:/usr/sbin:/usr/bin:/sbin:/bin" VSLANG="1033" "cc" "-m64" "/tmp/rustcTZ0Jvh/symbols.o" "/tmp/rustdoctestCO3xhP/rust_out.rust_out.cb03291d53e4e161-cgu.0.rcgu.o" "/tmp/rustdoctestCO3xhP/rust_out.1s7umcihpz0t7nkz1uc2ifee9.rcgu.o" "-Wl,--as-needed" "-Wl,-Bstatic" "/opt/rustwide/target/debug/deps/libvisdom-f6f588c9fe5d4268.rlib" "/opt/rustwide/target/debug/deps/librphtml-4ed6ec8f71a2d5e5.rlib" "/opt/rustwide/target/debug/deps/libhtmlentity-324073c9af2d3b65.rlib" "/opt/rustwide/target/debug/deps/libanyhow-90294baee0266014.rlib" "/opt/rustwide/target/debug/deps/libthiserror-b0887065f831febc.rlib" "/opt/rustwide/target/debug/deps/libregex-fb51bf9a50c686cd.rlib" "/opt/rustwide/target/debug/deps/libaho_corasick-edd07f1aaab9c523.rlib" "/opt/rustwide/target/debug/deps/libmemchr-86011cfe2a8fea17.rlib" "/opt/rustwide/target/debug/deps/libregex_syntax-09d1e6c9c6cb91f1.rlib" "/opt/rustwide/target/debug/deps/liblazy_static-8c0bb59ebbb3df6c.rlib" "/opt/rustwide/rustup-home/toolchains/1.83.0-x86_64-unknown-linux-gnu/lib/rustlib/x86_64-unknown-linux-gnu/lib/libstd-ca74a2d9c5166d9f.rlib" "/opt/rustwide/rustup-home/toolchains/1.83.0-x86_64-unknown-linux-gnu/lib/rustlib/x86_64-unknown-linux-gnu/lib/libpanic_unwind-e31ab23316ed5080.rlib" "/opt/rustwide/rustup-home/toolchains/1.83.0-x86_64-unknown-linux-gnu/lib/rustlib/x86_64-unknown-linux-gnu/lib/libobject-27dc4aa955912662.rlib" "/opt/rustwide/rustup-home/toolchains/1.83.0-x86_64-unknown-linux-gnu/lib/rustlib/x86_64-unknown-linux-gnu/lib/libmemchr-bd0d6cccce077b99.rlib" "/opt/rustwide/rustup-home/toolchains/1.83.0-x86_64-unknown-linux-gnu/lib/rustlib/x86_64-unknown-linux-gnu/lib/libaddr2line-8d001680935b5e3c.rlib" "/opt/rustwide/rustup-home/toolchains/1.83.0-x86_64-unknown-linux-gnu/lib/rustlib/x86_64-unknown-linux-gnu/lib/libgimli-ba8ce71964f984f4.rlib" "/opt/rustwide/rustup-home/toolchains/1.83.0-x86_64-unknown-linux-gnu/lib/rustlib/x86_64-unknown-linux-gnu/lib/librustc_demangle-99a73526abcec14b.rlib" "/opt/rustwide/rustup-home/toolchains/1.83.0-x86_64-unknown-linux-gnu/lib/rustlib/x86_64-unknown-linux-gnu/lib/libstd_detect-63ac0d22cff92579.rlib" "/opt/rustwide/rustup-home/toolchains/1.83.0-x86_64-unknown-linux-gnu/lib/rustlib/x86_64-unknown-linux-gnu/lib/libhashbrown-9057355c92c922d5.rlib" "/opt/rustwide/rustup-home/toolchains/1.83.0-x86_64-unknown-linux-gnu/lib/rustlib/x86_64-unknown-linux-gnu/lib/librustc_std_workspace_alloc-358be9bc1f6bab04.rlib" "/opt/rustwide/rustup-home/toolchains/1.83.0-x86_64-unknown-linux-gnu/lib/rustlib/x86_64-unknown-linux-gnu/lib/libminiz_oxide-aca15549d5bff974.rlib" "/opt/rustwide/rustup-home/toolchains/1.83.0-x86_64-unknown-linux-gnu/lib/rustlib/x86_64-unknown-linux-gnu/lib/libadler-8251d2cef7072448.rlib" "/opt/rustwide/rustup-home/toolchains/1.83.0-x86_64-unknown-linux-gnu/lib/rustlib/x86_64-unknown-linux-gnu/lib/libunwind-7d50b86011c66411.rlib" "/opt/rustwide/rustup-home/toolchains/1.83.0-x86_64-unknown-linux-gnu/lib/rustlib/x86_64-unknown-linux-gnu/lib/libcfg_if-51ea098fce5006bf.rlib" "/opt/rustwide/rustup-home/toolchains/1.83.0-x86_64-unknown-linux-gnu/lib/rustlib/x86_64-unknown-linux-gnu/lib/liblibc-5a14e0d0b712e731.rlib" "/opt/rustwide/rustup-home/toolchains/1.83.0-x86_64-unknown-linux-gnu/lib/rustlib/x86_64-unknown-linux-gnu/lib/liballoc-8b83dbf3a7b8f999.rlib" "/opt/rustwide/rustup-home/toolchains/1.83.0-x86_64-unknown-linux-gnu/lib/rustlib/x86_64-unknown-linux-gnu/lib/librustc_std_workspace_core-c6fd227bdc7b39ff.rlib" "/opt/rustwide/rustup-home/toolchains/1.83.0-x86_64-unknown-linux-gnu/lib/rustlib/x86_64-unknown-linux-gnu/lib/libcore-959d3389fa3da8a5.rlib" "/opt/rustwide/rustup-home/toolchains/1.83.0-x86_64-unknown-linux-gnu/lib/rustlib/x86_64-unknown-linux-gnu/lib/libcompiler_builtins-abe05db089cc2c62.rlib" "-Wl,-Bdynamic" "-lgcc_s" "-lutil" "-lrt" "-lpthread" "-lm" "-ldl" "-lc" "-Wl,--eh-frame-hdr" "-Wl,-z,noexecstack" "-L" "/opt/rustwide/rustup-home/toolchains/1.83.0-x86_64-unknown-linux-gnu/lib/rustlib/x86_64-unknown-linux-gnu/lib" "-o" "/tmp/rustdoctestCO3xhP/rust_out" "-Wl,--gc-sections" "-pie" "-Wl,-z,relro,-z,now" "-nodefaultlibs"
[INFO] [stdout]   = note: collect2: fatal error: ld terminated with signal 9 [Killed]
[INFO] [stdout]           compilation terminated.
[INFO] [stdout]           
[INFO] [stdout] 
[INFO] [stdout] error: aborting due to 1 previous error
[INFO] [stdout] 
[INFO] [stdout] Couldn't compile the test.
[INFO] [stdout] 
[INFO] [stdout] failures:
[INFO] [stdout]     src/lib.rs - Vis (line 1140)
[INFO] [stdout]     src/mesdoc/interface/elements.rs - mesdoc::interface::elements::Elements<'a>::is_by (line 1996)
[INFO] [stdout] 
[INFO] [stdout] test result: FAILED. 52 passed; 2 failed; 0 ignored; 0 measured; 0 filtered out; finished in 21.04s
[INFO] [stdout] 
[INFO] [stderr] error: doctest failed, to rerun pass `--doc`
[INFO] running `Command { std: "docker" "inspect" "a7261d6731f154c768534987a355d16423ebd63957e08fd407a5005300fb0e9d", kill_on_drop: false }`
[INFO] running `Command { std: "docker" "rm" "-f" "a7261d6731f154c768534987a355d16423ebd63957e08fd407a5005300fb0e9d", kill_on_drop: false }`
[INFO] [stdout] a7261d6731f154c768534987a355d16423ebd63957e08fd407a5005300fb0e9d
