[INFO] fetching crate virtue 0.0.18...
[INFO] testing virtue-0.0.18 against 1.83.0 for beta-1.84.0-4-retry
[INFO] extracting crate virtue 0.0.18 into /workspace/builds/worker-6-tc1/source
[INFO] validating manifest of crates.io crate virtue 0.0.18 on toolchain 1.83.0
[INFO] running `Command { std: CARGO_HOME="/workspace/cargo-home" RUSTUP_HOME="/workspace/rustup-home" "/workspace/cargo-home/bin/cargo" "+1.83.0" "metadata" "--manifest-path" "Cargo.toml" "--no-deps", kill_on_drop: false }`
[INFO] started tweaking crates.io crate virtue 0.0.18
[INFO] finished tweaking crates.io crate virtue 0.0.18
[INFO] tweaked toml for crates.io crate virtue 0.0.18 written to /workspace/builds/worker-6-tc1/source/Cargo.toml
[INFO] running `Command { std: CARGO_HOME="/workspace/cargo-home" RUSTUP_HOME="/workspace/rustup-home" "/workspace/cargo-home/bin/cargo" "+1.83.0" "generate-lockfile" "--manifest-path" "Cargo.toml", kill_on_drop: false }`
[INFO] [stderr]     Updating crates.io index
[INFO] [stderr]      Locking 2 packages to latest compatible versions
[INFO] running `Command { std: CARGO_HOME="/workspace/cargo-home" RUSTUP_HOME="/workspace/rustup-home" "/workspace/cargo-home/bin/cargo" "+1.83.0" "fetch" "--manifest-path" "Cargo.toml", kill_on_drop: false }`
[INFO] running `Command { std: "docker" "create" "-v" "/var/lib/crater-agent-workspace/builds/worker-6-tc1/target:/opt/rustwide/target:rw,Z" "-v" "/var/lib/crater-agent-workspace/builds/worker-6-tc1/source:/opt/rustwide/workdir:ro,Z" "-v" "/var/lib/crater-agent-workspace/cargo-home:/opt/rustwide/cargo-home:ro,Z" "-v" "/var/lib/crater-agent-workspace/rustup-home:/opt/rustwide/rustup-home:ro,Z" "-e" "SOURCE_DIR=/opt/rustwide/workdir" "-e" "CARGO_TARGET_DIR=/opt/rustwide/target" "-e" "CARGO_HOME=/opt/rustwide/cargo-home" "-e" "RUSTUP_HOME=/opt/rustwide/rustup-home" "-w" "/opt/rustwide/workdir" "-m" "1610612736" "--user" "0:0" "--network" "none" "ghcr.io/rust-lang/crates-build-env/linux@sha256:f3a9d4ad9d972b27faf3965f35b62e55ba32bbce8f20bc8fe909558a86702fde" "/opt/rustwide/cargo-home/bin/cargo" "+1.83.0" "metadata" "--no-deps" "--format-version=1", kill_on_drop: false }`
[INFO] [stdout] e7f0ddd694eb747ce9bda339ba2743d332b82b5291eb83c2d3deadc08b4195c8
[INFO] running `Command { std: "docker" "start" "-a" "e7f0ddd694eb747ce9bda339ba2743d332b82b5291eb83c2d3deadc08b4195c8", kill_on_drop: false }`
[INFO] running `Command { std: "docker" "inspect" "e7f0ddd694eb747ce9bda339ba2743d332b82b5291eb83c2d3deadc08b4195c8", kill_on_drop: false }`
[INFO] running `Command { std: "docker" "rm" "-f" "e7f0ddd694eb747ce9bda339ba2743d332b82b5291eb83c2d3deadc08b4195c8", kill_on_drop: false }`
[INFO] [stdout] e7f0ddd694eb747ce9bda339ba2743d332b82b5291eb83c2d3deadc08b4195c8
[INFO] running `Command { std: "docker" "create" "-v" "/var/lib/crater-agent-workspace/builds/worker-6-tc1/target:/opt/rustwide/target:rw,Z" "-v" "/var/lib/crater-agent-workspace/builds/worker-6-tc1/source:/opt/rustwide/workdir:ro,Z" "-v" "/var/lib/crater-agent-workspace/cargo-home:/opt/rustwide/cargo-home:ro,Z" "-v" "/var/lib/crater-agent-workspace/rustup-home:/opt/rustwide/rustup-home:ro,Z" "-e" "SOURCE_DIR=/opt/rustwide/workdir" "-e" "CARGO_TARGET_DIR=/opt/rustwide/target" "-e" "CARGO_INCREMENTAL=0" "-e" "RUST_BACKTRACE=full" "-e" "RUSTFLAGS=--cap-lints=warn" "-e" "RUSTDOCFLAGS=--cap-lints=warn" "-e" "CARGO_HOME=/opt/rustwide/cargo-home" "-e" "RUSTUP_HOME=/opt/rustwide/rustup-home" "-w" "/opt/rustwide/workdir" "-m" "1610612736" "--user" "0:0" "--network" "none" "ghcr.io/rust-lang/crates-build-env/linux@sha256:f3a9d4ad9d972b27faf3965f35b62e55ba32bbce8f20bc8fe909558a86702fde" "/opt/rustwide/cargo-home/bin/cargo" "+1.83.0" "build" "--frozen" "--message-format=json", kill_on_drop: false }`
[INFO] [stdout] 42661221a1e46f97c9ecc072d3e9e7ae7a73b91ec00785a314124d5d8de24883
[INFO] running `Command { std: "docker" "start" "-a" "42661221a1e46f97c9ecc072d3e9e7ae7a73b91ec00785a314124d5d8de24883", kill_on_drop: false }`
[INFO] [stderr]    Compiling virtue v0.0.18 (/opt/rustwide/workdir)
[INFO] [stderr]     Finished `dev` profile [unoptimized + debuginfo] target(s) in 0.91s
[INFO] running `Command { std: "docker" "inspect" "42661221a1e46f97c9ecc072d3e9e7ae7a73b91ec00785a314124d5d8de24883", kill_on_drop: false }`
[INFO] running `Command { std: "docker" "rm" "-f" "42661221a1e46f97c9ecc072d3e9e7ae7a73b91ec00785a314124d5d8de24883", kill_on_drop: false }`
[INFO] [stdout] 42661221a1e46f97c9ecc072d3e9e7ae7a73b91ec00785a314124d5d8de24883
[INFO] running `Command { std: "docker" "create" "-v" "/var/lib/crater-agent-workspace/builds/worker-6-tc1/target:/opt/rustwide/target:rw,Z" "-v" "/var/lib/crater-agent-workspace/builds/worker-6-tc1/source:/opt/rustwide/workdir:ro,Z" "-v" "/var/lib/crater-agent-workspace/cargo-home:/opt/rustwide/cargo-home:ro,Z" "-v" "/var/lib/crater-agent-workspace/rustup-home:/opt/rustwide/rustup-home:ro,Z" "-e" "SOURCE_DIR=/opt/rustwide/workdir" "-e" "CARGO_TARGET_DIR=/opt/rustwide/target" "-e" "CARGO_INCREMENTAL=0" "-e" "RUST_BACKTRACE=full" "-e" "RUSTFLAGS=--cap-lints=warn" "-e" "RUSTDOCFLAGS=--cap-lints=warn" "-e" "CARGO_HOME=/opt/rustwide/cargo-home" "-e" "RUSTUP_HOME=/opt/rustwide/rustup-home" "-w" "/opt/rustwide/workdir" "-m" "1610612736" "--user" "0:0" "--network" "none" "ghcr.io/rust-lang/crates-build-env/linux@sha256:f3a9d4ad9d972b27faf3965f35b62e55ba32bbce8f20bc8fe909558a86702fde" "/opt/rustwide/cargo-home/bin/cargo" "+1.83.0" "test" "--frozen" "--no-run" "--message-format=json", kill_on_drop: false }`
[INFO] [stdout] bbcfccde2b154be875737626374000907ac48e13ae4b1927adaa8bd6146ea9f2
[INFO] running `Command { std: "docker" "start" "-a" "bbcfccde2b154be875737626374000907ac48e13ae4b1927adaa8bd6146ea9f2", kill_on_drop: false }`
[INFO] [stderr]    Compiling proc-macro2 v1.0.92
[INFO] [stderr]    Compiling unicode-ident v1.0.14
[INFO] [stderr]    Compiling virtue v0.0.18 (/opt/rustwide/workdir)
[INFO] [stdout] warning: missing documentation for a method
[INFO] [stdout]    --> src/error.rs:116:5
[INFO] [stdout]     |
[INFO] [stdout] 116 |     pub fn is_unknown_data_type(&self) -> bool {
[INFO] [stdout]     |     ^^^^^^^^^^^^^^^^^^^^^^^^^^^^^^^^^^^^^^^^^^
[INFO] [stdout]     |
[INFO] [stdout] note: the lint level is defined here
[INFO] [stdout]    --> src/lib.rs:70:9
[INFO] [stdout]     |
[INFO] [stdout] 70  | #![warn(missing_docs)]
[INFO] [stdout]     |         ^^^^^^^^^^^^
[INFO] [stdout] 
[INFO] [stdout] 
[INFO] [stdout] warning: missing documentation for a method
[INFO] [stdout]    --> src/error.rs:120:5
[INFO] [stdout]     |
[INFO] [stdout] 120 |     pub fn is_invalid_rust_syntax(&self) -> bool {
[INFO] [stdout]     |     ^^^^^^^^^^^^^^^^^^^^^^^^^^^^^^^^^^^^^^^^^^^^
[INFO] [stdout] 
[INFO] [stdout] 
[INFO] [stderr]     Finished `test` profile [unoptimized + debuginfo] target(s) in 2.73s
[INFO] running `Command { std: "docker" "inspect" "bbcfccde2b154be875737626374000907ac48e13ae4b1927adaa8bd6146ea9f2", kill_on_drop: false }`
[INFO] running `Command { std: "docker" "rm" "-f" "bbcfccde2b154be875737626374000907ac48e13ae4b1927adaa8bd6146ea9f2", kill_on_drop: false }`
[INFO] [stdout] bbcfccde2b154be875737626374000907ac48e13ae4b1927adaa8bd6146ea9f2
[INFO] running `Command { std: "docker" "create" "-v" "/var/lib/crater-agent-workspace/builds/worker-6-tc1/target:/opt/rustwide/target:rw,Z" "-v" "/var/lib/crater-agent-workspace/builds/worker-6-tc1/source:/opt/rustwide/workdir:ro,Z" "-v" "/var/lib/crater-agent-workspace/cargo-home:/opt/rustwide/cargo-home:ro,Z" "-v" "/var/lib/crater-agent-workspace/rustup-home:/opt/rustwide/rustup-home:ro,Z" "-e" "SOURCE_DIR=/opt/rustwide/workdir" "-e" "CARGO_TARGET_DIR=/opt/rustwide/target" "-e" "CARGO_INCREMENTAL=0" "-e" "RUST_BACKTRACE=full" "-e" "RUSTFLAGS=--cap-lints=warn" "-e" "RUSTDOCFLAGS=--cap-lints=warn" "-e" "CARGO_HOME=/opt/rustwide/cargo-home" "-e" "RUSTUP_HOME=/opt/rustwide/rustup-home" "-w" "/opt/rustwide/workdir" "-m" "1610612736" "--user" "0:0" "--network" "none" "ghcr.io/rust-lang/crates-build-env/linux@sha256:f3a9d4ad9d972b27faf3965f35b62e55ba32bbce8f20bc8fe909558a86702fde" "/opt/rustwide/cargo-home/bin/cargo" "+1.83.0" "test" "--frozen", kill_on_drop: false }`
[INFO] [stdout] 66a34a1ee8134436ef9b9364168405f7deb8701b413365d2435fb0564982ed62
[INFO] running `Command { std: "docker" "start" "-a" "66a34a1ee8134436ef9b9364168405f7deb8701b413365d2435fb0564982ed62", kill_on_drop: false }`
[INFO] [stderr] warning: missing documentation for a method
[INFO] [stderr]    --> src/error.rs:116:5
[INFO] [stderr]     |
[INFO] [stderr] 116 |     pub fn is_unknown_data_type(&self) -> bool {
[INFO] [stderr]     |     ^^^^^^^^^^^^^^^^^^^^^^^^^^^^^^^^^^^^^^^^^^
[INFO] [stderr]     |
[INFO] [stderr] note: the lint level is defined here
[INFO] [stderr]    --> src/lib.rs:70:9
[INFO] [stderr]     |
[INFO] [stderr] 70  | #![warn(missing_docs)]
[INFO] [stderr]     |         ^^^^^^^^^^^^
[INFO] [stderr] 
[INFO] [stderr] warning: missing documentation for a method
[INFO] [stderr]    --> src/error.rs:120:5
[INFO] [stderr]     |
[INFO] [stderr] 120 |     pub fn is_invalid_rust_syntax(&self) -> bool {
[INFO] [stderr]     |     ^^^^^^^^^^^^^^^^^^^^^^^^^^^^^^^^^^^^^^^^^^^^
[INFO] [stderr] 
[INFO] [stderr] warning: `virtue` (lib test) generated 2 warnings
[INFO] [stderr]     Finished `test` profile [unoptimized + debuginfo] target(s) in 0.02s
[INFO] [stderr]      Running unittests src/lib.rs (/opt/rustwide/target/debug/deps/virtue-d26700c9b919b8be)
[INFO] [stdout] 
[INFO] [stdout] running 15 tests
[INFO] [stdout] test parse::attributes::test_attributes_try_take ... ok
[INFO] [stdout] test parse::body::enum_explicit_variants ... ok
[INFO] [stdout] test parse::body::test_struct_body_take ... ok
[INFO] [stdout] test parse::body::issue_77 ... ok
[INFO] [stdout] test generate::generator::test::impl_for_with_lifetimes ... ok
[INFO] [stdout] test parse::visibility::test_visibility_try_take ... ok
[INFO] [stdout] test utils::test_parse_tagged_attribute ... ok
[INFO] [stdout] test parse::generics::test_generics_try_take ... ok
[INFO] [stdout] test parse::data_type::test_datatype_take ... ok
[INFO] [stdout] test parse::generics::test_generic_constraints_trailing_comma ... ok
[INFO] [stdout] test parse::generics::test_generic_constraints_try_take ... ok
[INFO] [stdout] test generate::generator::test::impl_for_with_impl_generics ... ok
[INFO] [stdout] test parse::body::test_enum_body_take ... ok
[INFO] [stdout] test generate::generator::test::impl_for_with_trait_generics ... ok
[INFO] [stdout] test parse::generics::test_lifetime_take ... ok
[INFO] [stdout] 
[INFO] [stdout] test result: ok. 15 passed; 0 failed; 0 ignored; 0 measured; 0 filtered out; finished in 0.04s
[INFO] [stdout] 
[INFO] [stderr]    Doc-tests virtue
[INFO] [stdout] 
[INFO] [stdout] running 103 tests
[INFO] [stdout] test src/generate/gen_enum.rs - generate::gen_enum::EnumValue::with_attribute (line 466) ... ignored
[INFO] [stdout] test src/generate/gen_enum.rs - generate::gen_enum::EnumValue::with_attribute_stream (line 519) ... ignored
[INFO] [stdout] test src/generate/gen_enum.rs - generate::gen_enum::EnumValue::with_parsed_attribute (line 494) ... ignored
[INFO] [stdout] test src/generate/gen_enum.rs - generate::gen_enum::GenEnum<'a,P>::inherit_generics (line 221) ... ignored
[INFO] [stdout] test src/generate/gen_enum.rs - generate::gen_enum::GenEnum<'a,P>::with_attribute (line 143) ... ignored
[INFO] [stdout] test src/generate/gen_enum.rs - generate::gen_enum::GenEnum<'a,P>::with_attribute_stream (line 194) ... ignored
[INFO] [stdout] test src/generate/gen_enum.rs - generate::gen_enum::GenEnum<'a,P>::with_derive (line 91) ... ignored
[INFO] [stdout] test src/generate/gen_enum.rs - generate::gen_enum::GenEnum<'a,P>::with_derives (line 116) ... ignored
[INFO] [stdout] test src/generate/gen_enum.rs - generate::gen_enum::GenEnum<'a,P>::with_generic (line 280) ... ignored
[INFO] [stdout] test src/generate/gen_enum.rs - generate::gen_enum::GenEnum<'a,P>::with_generics (line 250) ... ignored
[INFO] [stdout] test src/generate/gen_enum.rs - generate::gen_enum::GenEnum<'a,P>::with_parsed_attribute (line 170) ... ignored
[INFO] [stdout] test src/generate/gen_enum.rs - generate::gen_enum::EnumValue::with_parsed_attribute (line 482) ... FAILED
[INFO] [stdout] test src/generate/gen_enum.rs - generate::gen_enum::EnumValue::add_field (line 533) ... FAILED
[INFO] [stdout] test src/generate/gen_struct.rs - generate::gen_struct::GenStruct<'a,P>::inherit_generics (line 109) ... ignored
[INFO] [stdout] test src/generate/gen_enum.rs - generate::gen_enum::EnumValue::with_attribute (line 451) ... FAILED
[INFO] [stdout] test src/generate/gen_enum.rs - generate::gen_enum::GenEnum (line 11) ... FAILED
[INFO] [stdout] test src/generate/gen_enum.rs - generate::gen_enum::GenEnum<'a,P>::with_derives (line 100) ... FAILED
[INFO] [stdout] test src/generate/gen_enum.rs - generate::gen_enum::GenEnum<'a,P>::with_parsed_attribute (line 158) ... FAILED
[INFO] [stdout] test src/generate/gen_enum.rs - generate::gen_enum::GenEnum<'a,P>::with_generic (line 264) ... FAILED
[INFO] [stdout] test src/generate/gen_enum.rs - generate::gen_enum::GenEnum<'a,P>::inherit_generics (line 204) ... FAILED
[INFO] [stdout] test src/generate/gen_struct.rs - generate::gen_struct::GenStruct<'a,P>::with_attribute (line 246) ... ignored
[INFO] [stdout] test src/generate/gen_enum.rs - generate::gen_enum::GenEnum<'a,P>::with_derive (line 77) ... FAILED
[INFO] [stdout] test src/generate/gen_struct.rs - generate::gen_struct::GenStruct<'a,P>::with_attribute_stream (line 297) ... ignored
[INFO] [stdout] test src/generate/gen_enum.rs - generate::gen_enum::EnumValue::with_attribute_stream (line 506) ... FAILED
[INFO] [stdout] test src/generate/gen_struct.rs - generate::gen_struct::GenStruct<'a,P>::with_derive (line 192) ... ignored
[INFO] [stdout] test src/generate/gen_struct.rs - generate::gen_struct::GenStruct<'a,P>::add_field (line 309) ... FAILED
[INFO] [stdout] test src/generate/gen_struct.rs - generate::gen_struct::GenStruct<'a,P>::with_derives (line 218) ... ignored
[INFO] [stdout] test src/generate/gen_enum.rs - generate::gen_enum::GenEnum<'a,P>::with_attribute_stream (line 181) ... FAILED
[INFO] [stdout] test src/generate/gen_enum.rs - generate::gen_enum::GenEnum<'a,P>::with_attribute (line 129) ... FAILED
[INFO] [stdout] test src/generate/gen_struct.rs - generate::gen_struct::GenStruct<'a,P>::with_generic (line 164) ... ignored
[INFO] [stdout] test src/generate/gen_struct.rs - generate::gen_struct::GenStruct<'a,P>::with_generics (line 136) ... ignored
[INFO] [stdout] test src/generate/gen_enum.rs - generate::gen_enum::GenEnum<'a,P>::with_generics (line 234) ... FAILED
[INFO] [stdout] test src/generate/gen_struct.rs - generate::gen_struct::GenStruct<'a,P>::with_parsed_attribute (line 272) ... ignored
[INFO] [stdout] test src/generate/gen_struct.rs - generate::gen_struct::GenStruct<'a,P>::with_attribute (line 232) ... FAILED
[INFO] [stdout] test src/generate/gen_struct.rs - generate::gen_struct::GenStruct<'a,P>::make_zst (line 42) ... FAILED
[INFO] [stdout] test src/generate/gen_struct.rs - generate::gen_struct::GenStruct<'a,P>::make_tuple (line 67) ... FAILED
[INFO] [stdout] test src/generate/gen_struct.rs - generate::gen_struct::GenStruct<'a,P>::inherit_generics (line 96) ... FAILED
[INFO] [stdout] test src/generate/gen_struct.rs - generate::gen_struct::GenStruct<'a,P>::with_attribute_stream (line 283) ... FAILED
[INFO] [stdout] test src/generate/gen_struct.rs - generate::gen_struct::GenStruct<'a,P>::with_parsed_attribute (line 261) ... FAILED
[INFO] [stdout] test src/generate/gen_struct.rs - generate::gen_struct::GenStruct<'a,P>::with_generic (line 150) ... FAILED
[INFO] [stdout] test src/generate/gen_struct.rs - generate::gen_struct::GenStruct<'a,P>::with_derive (line 178) ... FAILED
[INFO] [stdout] test src/generate/generate_item.rs - generate::generate_item::FnBuilder<'a,P>::as_async (line 158) ... FAILED
[INFO] [stdout] test src/generate/generate_item.rs - generate::generate_item::FnBuilder<'a,P>::with_lifetime (line 140) ... FAILED
[INFO] [stdout] test src/generate/generate_item.rs - generate::generate_item::GenConst<'a>::with_value (line 61) ... ignored
[INFO] [stdout] test src/generate/generate_mod.rs - generate::generate_mod::GenerateMod<'a,P>::add_use (line 32) ... ignored
[INFO] [stdout] test src/generate/generate_item.rs - generate::generate_item::FnBuilder<'a,P>::with_generic (line 208) ... FAILED
[INFO] [stdout] test src/generate/generate_item.rs - generate::generate_item::FnBuilder<'a,P>::body (line 316) ... FAILED
[INFO] [stdout] test src/generate/generate_item.rs - generate::generate_item::FnBuilder<'a,P>::with_arg (line 272) ... FAILED
[INFO] [stdout] test src/generate/generate_item.rs - generate::generate_item::FnBuilder<'a,P>::with_lifetime_deps (line 178) ... FAILED
[INFO] [stdout] test src/generate/gen_struct.rs - generate::gen_struct::GenStruct<'a,P>::with_generics (line 122) ... FAILED
[INFO] [stdout] test src/generate/generate_item.rs - generate::generate_item::FnBuilder<'a,P>::with_generic_deps (line 228) ... FAILED
[INFO] [stdout] test src/generate/impl.rs - generate::r#impl::Impl<'a,Generator>::modify_generic_constraints (line 113) ... ignored
[INFO] [stdout] test src/generate/impl.rs - generate::r#impl::Impl<'a,P>::generate_const (line 100) ... ignored
[INFO] [stdout] test src/generate/impl.rs - generate::r#impl::Impl<'a,P>::generate_fn (line 74) ... ignored
[INFO] [stdout] test src/generate/impl_for.rs - generate::impl_for::ImplFor<'a,P>::generate_const (line 172) ... ignored
[INFO] [stdout] test src/generate/gen_struct.rs - generate::gen_struct::GenStruct<'a,P>::with_derives (line 202) ... FAILED
[INFO] [stdout] test src/generate/impl_for.rs - generate::impl_for::ImplFor<'a,P>::generate_fn (line 184) ... ignored
[INFO] [stdout] test src/generate/impl_for.rs - generate::impl_for::ImplFor<'a,P>::impl_type (line 199) ... ignored
[INFO] [stdout] test src/generate/impl_for.rs - generate::impl_for::ImplFor<'a,P>::modify_generic_constraints (line 220) ... ignored
[INFO] [stdout] test src/generate/impl_for.rs - generate::impl_for::ImplFor<'a,P>::with_impl_generics (line 120) ... ignored
[INFO] [stdout] test src/generate/gen_enum.rs - generate::gen_enum::EnumValue::add_field (line 546) ... ok
[INFO] [stdout] test src/generate/impl_for.rs - generate::impl_for::ImplFor<'a,P>::with_trait_generics (line 95) ... ignored
[INFO] [stdout] test src/generate/impl_for.rs - generate::impl_for::ImplFor<'a,P>::with_trait_generics (line 85) ... FAILED
[INFO] [stdout] test src/generate/generator.rs - generate::generator::Generator::impl_trait_for_other_type (line 79) ... FAILED
[INFO] [stdout] test src/generate/generate_item.rs - generate::generate_item::FnBuilder<'a,P>::with_self_arg (line 254) ... FAILED
[INFO] [stdout] test src/generate/mod.rs - generate::FieldBuilder<'_,P>::with_attribute (line 197) ... ignored
[INFO] [stdout] test src/generate/generator.rs - generate::generator::Generator::impl_for_with_lifetimes (line 114) ... FAILED
[INFO] [stdout] test src/generate/mod.rs - generate::FieldBuilder<'_,P>::with_attribute_stream (line 277) ... ignored
[INFO] [stdout] test src/generate/generate_item.rs - generate::generate_item::FnBuilder<'a,P>::with_return_type (line 291) ... FAILED
[INFO] [stdout] test src/generate/mod.rs - generate::FieldBuilder<'_,P>::with_parsed_attribute (line 240) ... ignored
[INFO] [stdout] test src/generate/stream_builder.rs - generate::stream_builder::StreamBuilder::lifetime (line 108) ... ignored
[INFO] [stdout] test src/generate/stream_builder.rs - generate::stream_builder::StreamBuilder::lifetime_str (line 124) ... ignored
[INFO] [stdout] test src/lib.rs - (line 26) ... ignored
[INFO] [stdout] test src/lib.rs - (line 52) ... ignored
[INFO] [stdout] test src/lib.rs - (line 63) ... ignored
[INFO] [stdout] test src/parse/attributes.rs - parse::attributes::AttributeLocation::Field (line 27) ... ignored
[INFO] [stdout] test src/generate/gen_struct.rs - generate::gen_struct::GenStruct<'a,P>::make_tuple (line 80) ... ok
[INFO] [stdout] test src/generate/generator.rs - generate::generator::Generator::impl_for_other_type (line 65) ... FAILED
[INFO] [stdout] test src/generate/generator.rs - generate::generator::Generator::impl_for_with_lifetimes (line 102) ... FAILED
[INFO] [stdout] test src/generate/generate_item.rs - generate::generate_item::GenConst<'a>::with_value (line 47) ... FAILED
[INFO] [stdout] test src/generate/mod.rs - generate::FieldBuilder<'_,P>::add_field (line 290) ... FAILED
[INFO] [stdout] test src/generate/impl.rs - generate::r#impl::Impl<'a,P>::generate_const (line 86) ... FAILED
[INFO] [stdout] test src/generate/impl_for.rs - generate::impl_for::ImplFor<'a,P>::with_impl_generics (line 110) ... FAILED
[INFO] [stdout] test src/parse/generics.rs - parse::generics::GenericConstraints::push_constraint (line 551) ... ignored
[INFO] [stdout] test src/parse/generics.rs - parse::generics::GenericConstraints::push_parsed_constraint (line 583) ... ignored
[INFO] [stdout] test src/generate/mod.rs - generate::FieldBuilder<'_,P>::with_attribute_stream (line 263) ... FAILED
[INFO] [stdout] test src/parse/mod.rs - parse::Parse (line 26) ... ignored
[INFO] [stdout] test src/generate/mod.rs - generate::FieldBuilder<'_,P>::with_parsed_attribute (line 221) ... FAILED
[INFO] [stdout] test src/generate/mod.rs - generate::FieldBuilder<'_,P>::with_attribute (line 172) ... FAILED
[INFO] [stdout] test src/generate/mod.rs - generate::FieldBuilder<'_,P>::add_field (line 302) ... ok
[INFO] [stdout] test src/generate/gen_enum.rs - generate::gen_enum::GenEnum (line 34) ... ok
[INFO] [stdout] test src/generate/impl_for.rs - generate::impl_for::ImplFor<'a,P>::generate_const (line 158) ... FAILED
[INFO] [stdout] test src/parse/body.rs - parse::body::IdentOrIndex (line 577) ... ok
[INFO] [stdout] test src/generate/gen_struct.rs - generate::gen_struct::GenStruct<'a,P>::add_field (line 321) ... ok
[INFO] [stdout] test src/parse/generics.rs - parse::generics::Generic::Lifetime (line 197) ... ok
[INFO] [stdout] test src/parse/body.rs - parse::body::Fields::delimiter (line 443) ... ok
[INFO] [stdout] test src/parse/generics.rs - parse::generics::GenericConstraints (line 509) ... ok
[INFO] [stdout] test src/generate/gen_struct.rs - generate::gen_struct::GenStruct<'a,P>::make_zst (line 55) ... ok
[INFO] [stdout] test src/parse/body.rs - parse::body::Fields::names (line 414) ... ok
[INFO] [stdout] test src/parse/generics.rs - parse::generics::Generics (line 10) ... ok
[INFO] [stdout] test src/parse/generics.rs - parse::generics::Generic::Const (line 215) ... ok
[INFO] [stdout] test src/parse/generics.rs - parse::generics::Generic::Generic (line 206) ... ok
[INFO] [stdout] test src/utils.rs - utils::parse_tagged_attribute (line 13) ... FAILED
[INFO] [stdout] 
[INFO] [stdout] failures:
[INFO] [stdout] 
[INFO] [stdout] ---- src/generate/gen_enum.rs - generate::gen_enum::EnumValue::with_parsed_attribute (line 482) stdout ----
[INFO] [stdout] error[E0599]: no function or associated item named `with_name` found for struct `Generator` in the current scope
[INFO] [stdout]  --> src/generate/gen_enum.rs:485:32
[INFO] [stdout]   |
[INFO] [stdout] 6 | let mut generator = Generator::with_name("Bar");
[INFO] [stdout]   |                                ^^^^^^^^^ function or associated item not found in `Generator`
[INFO] [stdout] 
[INFO] [stdout] error: aborting due to 1 previous error
[INFO] [stdout] 
[INFO] [stdout] For more information about this error, try `rustc --explain E0599`.
[INFO] [stdout] Couldn't compile the test.
[INFO] [stdout] ---- src/generate/gen_enum.rs - generate::gen_enum::EnumValue::add_field (line 533) stdout ----
[INFO] [stdout] error[E0599]: no function or associated item named `with_name` found for struct `Generator` in the current scope
[INFO] [stdout]  --> src/generate/gen_enum.rs:536:32
[INFO] [stdout]   |
[INFO] [stdout] 6 | let mut generator = Generator::with_name("Fooz");
[INFO] [stdout]   |                                ^^^^^^^^^ function or associated item not found in `Generator`
[INFO] [stdout] 
[INFO] [stdout] error: aborting due to 1 previous error
[INFO] [stdout] 
[INFO] [stdout] For more information about this error, try `rustc --explain E0599`.
[INFO] [stdout] Couldn't compile the test.
[INFO] [stdout] ---- src/generate/gen_enum.rs - generate::gen_enum::EnumValue::with_attribute (line 451) stdout ----
[INFO] [stdout] error[E0599]: no function or associated item named `with_name` found for struct `Generator` in the current scope
[INFO] [stdout]  --> src/generate/gen_enum.rs:454:32
[INFO] [stdout]   |
[INFO] [stdout] 6 | let mut generator = Generator::with_name("Bar");
[INFO] [stdout]   |                                ^^^^^^^^^ function or associated item not found in `Generator`
[INFO] [stdout] 
[INFO] [stdout] error: aborting due to 1 previous error
[INFO] [stdout] 
[INFO] [stdout] For more information about this error, try `rustc --explain E0599`.
[INFO] [stdout] Couldn't compile the test.
[INFO] [stdout] ---- src/generate/gen_enum.rs - generate::gen_enum::GenEnum (line 11) stdout ----
[INFO] [stdout] error[E0599]: no function or associated item named `with_name` found for struct `Generator` in the current scope
[INFO] [stdout]  --> src/generate/gen_enum.rs:14:32
[INFO] [stdout]   |
[INFO] [stdout] 6 | let mut generator = Generator::with_name("Fooz");
[INFO] [stdout]   |                                ^^^^^^^^^ function or associated item not found in `Generator`
[INFO] [stdout] 
[INFO] [stdout] error: aborting due to 1 previous error
[INFO] [stdout] 
[INFO] [stdout] For more information about this error, try `rustc --explain E0599`.
[INFO] [stdout] Couldn't compile the test.
[INFO] [stdout] ---- src/generate/gen_enum.rs - generate::gen_enum::GenEnum<'a,P>::with_derives (line 100) stdout ----
[INFO] [stdout] error[E0599]: no function or associated item named `with_name` found for struct `Generator` in the current scope
[INFO] [stdout]  --> src/generate/gen_enum.rs:104:32
[INFO] [stdout]   |
[INFO] [stdout] 7 | let mut generator = Generator::with_name("Bar");
[INFO] [stdout]   |                                ^^^^^^^^^ function or associated item not found in `Generator`
[INFO] [stdout] 
[INFO] [stdout] error: aborting due to 1 previous error
[INFO] [stdout] 
[INFO] [stdout] For more information about this error, try `rustc --explain E0599`.
[INFO] [stdout] Couldn't compile the test.
[INFO] [stdout] ---- src/generate/gen_enum.rs - generate::gen_enum::GenEnum<'a,P>::with_parsed_attribute (line 158) stdout ----
[INFO] [stdout] error[E0599]: no function or associated item named `with_name` found for struct `Generator` in the current scope
[INFO] [stdout]  --> src/generate/gen_enum.rs:161:32
[INFO] [stdout]   |
[INFO] [stdout] 6 | let mut generator = Generator::with_name("Bar");
[INFO] [stdout]   |                                ^^^^^^^^^ function or associated item not found in `Generator`
[INFO] [stdout] 
[INFO] [stdout] error: aborting due to 1 previous error
[INFO] [stdout] 
[INFO] [stdout] For more information about this error, try `rustc --explain E0599`.
[INFO] [stdout] Couldn't compile the test.
[INFO] [stdout] ---- src/generate/gen_enum.rs - generate::gen_enum::GenEnum<'a,P>::with_generic (line 264) stdout ----
[INFO] [stdout] error[E0599]: no function or associated item named `with_name` found for struct `Generator` in the current scope
[INFO] [stdout]  --> src/generate/gen_enum.rs:269:32
[INFO] [stdout]   |
[INFO] [stdout] 8 | let mut generator = Generator::with_name("Bar").with_lifetime("a");
[INFO] [stdout]   |                                ^^^^^^^^^ function or associated item not found in `Generator`
[INFO] [stdout] 
[INFO] [stdout] error[E0308]: mismatched types
[INFO] [stdout]    --> src/generate/gen_enum.rs:272:37
[INFO] [stdout]     |
[INFO] [stdout] 11  |     .with_generic(Lifetime { ident: Ident::new("a", Span::call_site()), constraint: vec![] }.into())
[INFO] [stdout]     |                                     ^^^^^^^^^^^^^^^^^^^^^^^^^^^^^^^^^^ expected `virtue::prelude::Ident`, found `proc_macro2::Ident`
[INFO] [stdout]     |
[INFO] [stdout]     = note: `proc_macro2::Ident` and `virtue::prelude::Ident` have similar names, but are actually distinct types
[INFO] [stdout] note: `proc_macro2::Ident` is defined in crate `proc_macro2`
[INFO] [stdout]    --> /opt/rustwide/cargo-home/registry/src/index.crates.io-6f17d22bba15001f/proc-macro2-1.0.92/src/lib.rs:961:1
[INFO] [stdout]     |
[INFO] [stdout] 961 | pub struct Ident {
[INFO] [stdout]     | ^^^^^^^^^^^^^^^^
[INFO] [stdout] note: `virtue::prelude::Ident` is defined in crate `proc_macro`
[INFO] [stdout]    --> /rustc/90b35a6239c3d8bdabc530a6a0816f7ff89a0aaf/library/proc_macro/src/lib.rs:1081:1
[INFO] [stdout] 
[INFO] [stdout] error: aborting due to 2 previous errors
[INFO] [stdout] 
[INFO] [stdout] Some errors have detailed explanations: E0308, E0599.
[INFO] [stdout] For more information about an error, try `rustc --explain E0308`.
[INFO] [stdout] Couldn't compile the test.
[INFO] [stdout] ---- src/generate/gen_enum.rs - generate::gen_enum::GenEnum<'a,P>::inherit_generics (line 204) stdout ----
[INFO] [stdout] error[E0599]: no function or associated item named `with_name` found for struct `Generator` in the current scope
[INFO] [stdout]  --> src/generate/gen_enum.rs:209:32
[INFO] [stdout]   |
[INFO] [stdout] 8 | let mut generator = Generator::with_name("Bar").with_lifetime("a");
[INFO] [stdout]   |                                ^^^^^^^^^ function or associated item not found in `Generator`
[INFO] [stdout] 
[INFO] [stdout] error: aborting due to 1 previous error
[INFO] [stdout] 
[INFO] [stdout] For more information about this error, try `rustc --explain E0599`.
[INFO] [stdout] Couldn't compile the test.
[INFO] [stdout] ---- src/generate/gen_enum.rs - generate::gen_enum::GenEnum<'a,P>::with_derive (line 77) stdout ----
[INFO] [stdout] error[E0599]: no function or associated item named `with_name` found for struct `Generator` in the current scope
[INFO] [stdout]  --> src/generate/gen_enum.rs:81:32
[INFO] [stdout]   |
[INFO] [stdout] 7 | let mut generator = Generator::with_name("Bar");
[INFO] [stdout]   |                                ^^^^^^^^^ function or associated item not found in `Generator`
[INFO] [stdout] 
[INFO] [stdout] error: aborting due to 1 previous error
[INFO] [stdout] 
[INFO] [stdout] For more information about this error, try `rustc --explain E0599`.
[INFO] [stdout] Couldn't compile the test.
[INFO] [stdout] ---- src/generate/gen_enum.rs - generate::gen_enum::EnumValue::with_attribute_stream (line 506) stdout ----
[INFO] [stdout] error[E0599]: no function or associated item named `with_name` found for struct `Generator` in the current scope
[INFO] [stdout]  --> src/generate/gen_enum.rs:509:32
[INFO] [stdout]   |
[INFO] [stdout] 6 | let mut generator = Generator::with_name("Bar");
[INFO] [stdout]   |                                ^^^^^^^^^ function or associated item not found in `Generator`
[INFO] [stdout] 
[INFO] [stdout] error: aborting due to 1 previous error
[INFO] [stdout] 
[INFO] [stdout] For more information about this error, try `rustc --explain E0599`.
[INFO] [stdout] Couldn't compile the test.
[INFO] [stdout] ---- src/generate/gen_struct.rs - generate::gen_struct::GenStruct<'a,P>::add_field (line 309) stdout ----
[INFO] [stdout] error[E0599]: no function or associated item named `with_name` found for struct `Generator` in the current scope
[INFO] [stdout]  --> src/generate/gen_struct.rs:312:32
[INFO] [stdout]   |
[INFO] [stdout] 6 | let mut generator = Generator::with_name("Fooz");
[INFO] [stdout]   |                                ^^^^^^^^^ function or associated item not found in `Generator`
[INFO] [stdout] 
[INFO] [stdout] error: aborting due to 1 previous error
[INFO] [stdout] 
[INFO] [stdout] For more information about this error, try `rustc --explain E0599`.
[INFO] [stdout] Couldn't compile the test.
[INFO] [stdout] ---- src/generate/gen_enum.rs - generate::gen_enum::GenEnum<'a,P>::with_attribute_stream (line 181) stdout ----
[INFO] [stdout] error[E0599]: no function or associated item named `with_name` found for struct `Generator` in the current scope
[INFO] [stdout]  --> src/generate/gen_enum.rs:184:32
[INFO] [stdout]   |
[INFO] [stdout] 6 | let mut generator = Generator::with_name("Bar");
[INFO] [stdout]   |                                ^^^^^^^^^ function or associated item not found in `Generator`
[INFO] [stdout] 
[INFO] [stdout] error: aborting due to 1 previous error
[INFO] [stdout] 
[INFO] [stdout] For more information about this error, try `rustc --explain E0599`.
[INFO] [stdout] Couldn't compile the test.
[INFO] [stdout] ---- src/generate/gen_enum.rs - generate::gen_enum::GenEnum<'a,P>::with_attribute (line 129) stdout ----
[INFO] [stdout] error[E0599]: no function or associated item named `with_name` found for struct `Generator` in the current scope
[INFO] [stdout]  --> src/generate/gen_enum.rs:132:32
[INFO] [stdout]   |
[INFO] [stdout] 6 | let mut generator = Generator::with_name("Bar");
[INFO] [stdout]   |                                ^^^^^^^^^ function or associated item not found in `Generator`
[INFO] [stdout] 
[INFO] [stdout] error: aborting due to 1 previous error
[INFO] [stdout] 
[INFO] [stdout] For more information about this error, try `rustc --explain E0599`.
[INFO] [stdout] Couldn't compile the test.
[INFO] [stdout] ---- src/generate/gen_enum.rs - generate::gen_enum::GenEnum<'a,P>::with_generics (line 234) stdout ----
[INFO] [stdout] error[E0599]: no function or associated item named `with_name` found for struct `Generator` in the current scope
[INFO] [stdout]  --> src/generate/gen_enum.rs:239:32
[INFO] [stdout]   |
[INFO] [stdout] 8 | let mut generator = Generator::with_name("Bar").with_lifetime("a");
[INFO] [stdout]   |                                ^^^^^^^^^ function or associated item not found in `Generator`
[INFO] [stdout] 
[INFO] [stdout] error[E0308]: mismatched types
[INFO] [stdout]    --> src/generate/gen_enum.rs:242:39
[INFO] [stdout]     |
[INFO] [stdout] 11  |     .with_generics([Lifetime { ident: Ident::new("a", Span::call_site()), constraint: vec![] }.into()])
[INFO] [stdout]     |                                       ^^^^^^^^^^^^^^^^^^^^^^^^^^^^^^^^^^ expected `virtue::prelude::Ident`, found `proc_macro2::Ident`
[INFO] [stdout]     |
[INFO] [stdout]     = note: `proc_macro2::Ident` and `virtue::prelude::Ident` have similar names, but are actually distinct types
[INFO] [stdout] note: `proc_macro2::Ident` is defined in crate `proc_macro2`
[INFO] [stdout]    --> /opt/rustwide/cargo-home/registry/src/index.crates.io-6f17d22bba15001f/proc-macro2-1.0.92/src/lib.rs:961:1
[INFO] [stdout]     |
[INFO] [stdout] 961 | pub struct Ident {
[INFO] [stdout]     | ^^^^^^^^^^^^^^^^
[INFO] [stdout] note: `virtue::prelude::Ident` is defined in crate `proc_macro`
[INFO] [stdout]    --> /rustc/90b35a6239c3d8bdabc530a6a0816f7ff89a0aaf/library/proc_macro/src/lib.rs:1081:1
[INFO] [stdout] 
[INFO] [stdout] error: aborting due to 2 previous errors
[INFO] [stdout] 
[INFO] [stdout] Some errors have detailed explanations: E0308, E0599.
[INFO] [stdout] For more information about an error, try `rustc --explain E0308`.
[INFO] [stdout] Couldn't compile the test.
[INFO] [stdout] ---- src/generate/gen_struct.rs - generate::gen_struct::GenStruct<'a,P>::with_attribute (line 232) stdout ----
[INFO] [stdout] error[E0599]: no function or associated item named `with_name` found for struct `Generator` in the current scope
[INFO] [stdout]  --> src/generate/gen_struct.rs:235:32
[INFO] [stdout]   |
[INFO] [stdout] 6 | let mut generator = Generator::with_name("Bar");
[INFO] [stdout]   |                                ^^^^^^^^^ function or associated item not found in `Generator`
[INFO] [stdout] 
[INFO] [stdout] error: aborting due to 1 previous error
[INFO] [stdout] 
[INFO] [stdout] For more information about this error, try `rustc --explain E0599`.
[INFO] [stdout] Couldn't compile the test.
[INFO] [stdout] ---- src/generate/gen_struct.rs - generate::gen_struct::GenStruct<'a,P>::make_zst (line 42) stdout ----
[INFO] [stdout] error[E0599]: no function or associated item named `with_name` found for struct `Generator` in the current scope
[INFO] [stdout]  --> src/generate/gen_struct.rs:45:32
[INFO] [stdout]   |
[INFO] [stdout] 6 | let mut generator = Generator::with_name("Fooz");
[INFO] [stdout]   |                                ^^^^^^^^^ function or associated item not found in `Generator`
[INFO] [stdout] 
[INFO] [stdout] error: aborting due to 1 previous error
[INFO] [stdout] 
[INFO] [stdout] For more information about this error, try `rustc --explain E0599`.
[INFO] [stdout] Couldn't compile the test.
[INFO] [stdout] ---- src/generate/gen_struct.rs - generate::gen_struct::GenStruct<'a,P>::make_tuple (line 67) stdout ----
[INFO] [stdout] error[E0599]: no function or associated item named `with_name` found for struct `Generator` in the current scope
[INFO] [stdout]  --> src/generate/gen_struct.rs:70:32
[INFO] [stdout]   |
[INFO] [stdout] 6 | let mut generator = Generator::with_name("Fooz");
[INFO] [stdout]   |                                ^^^^^^^^^ function or associated item not found in `Generator`
[INFO] [stdout] 
[INFO] [stdout] error: aborting due to 1 previous error
[INFO] [stdout] 
[INFO] [stdout] For more information about this error, try `rustc --explain E0599`.
[INFO] [stdout] Couldn't compile the test.
[INFO] [stdout] ---- src/generate/gen_struct.rs - generate::gen_struct::GenStruct<'a,P>::inherit_generics (line 96) stdout ----
[INFO] [stdout] error[E0599]: no function or associated item named `with_name` found for struct `Generator` in the current scope
[INFO] [stdout]  --> src/generate/gen_struct.rs:99:32
[INFO] [stdout]   |
[INFO] [stdout] 6 | let mut generator = Generator::with_name("Bar").with_lifetime("a");
[INFO] [stdout]   |                                ^^^^^^^^^ function or associated item not found in `Generator`
[INFO] [stdout] 
[INFO] [stdout] error: aborting due to 1 previous error
[INFO] [stdout] 
[INFO] [stdout] For more information about this error, try `rustc --explain E0599`.
[INFO] [stdout] Couldn't compile the test.
[INFO] [stdout] ---- src/generate/gen_struct.rs - generate::gen_struct::GenStruct<'a,P>::with_attribute_stream (line 283) stdout ----
[INFO] [stdout] error[E0599]: no function or associated item named `with_name` found for struct `Generator` in the current scope
[INFO] [stdout]  --> src/generate/gen_struct.rs:287:32
[INFO] [stdout]   |
[INFO] [stdout] 7 | let mut generator = Generator::with_name("Bar");
[INFO] [stdout]   |                                ^^^^^^^^^ function or associated item not found in `Generator`
[INFO] [stdout] 
[INFO] [stdout] error: aborting due to 1 previous error
[INFO] [stdout] 
[INFO] [stdout] For more information about this error, try `rustc --explain E0599`.
[INFO] [stdout] Couldn't compile the test.
[INFO] [stdout] ---- src/generate/gen_struct.rs - generate::gen_struct::GenStruct<'a,P>::with_parsed_attribute (line 261) stdout ----
[INFO] [stdout] error[E0599]: no function or associated item named `with_name` found for struct `Generator` in the current scope
[INFO] [stdout]  --> src/generate/gen_struct.rs:264:32
[INFO] [stdout]   |
[INFO] [stdout] 6 | let mut generator = Generator::with_name("Bar");
[INFO] [stdout]   |                                ^^^^^^^^^ function or associated item not found in `Generator`
[INFO] [stdout] 
[INFO] [stdout] error: aborting due to 1 previous error
[INFO] [stdout] 
[INFO] [stdout] For more information about this error, try `rustc --explain E0599`.
[INFO] [stdout] Couldn't compile the test.
[INFO] [stdout] ---- src/generate/gen_struct.rs - generate::gen_struct::GenStruct<'a,P>::with_generic (line 150) stdout ----
[INFO] [stdout] error[E0599]: no function or associated item named `with_name` found for struct `Generator` in the current scope
[INFO] [stdout]  --> src/generate/gen_struct.rs:155:32
[INFO] [stdout]   |
[INFO] [stdout] 8 | let mut generator = Generator::with_name("Bar").with_lifetime("a");
[INFO] [stdout]   |                                ^^^^^^^^^ function or associated item not found in `Generator`
[INFO] [stdout] 
[INFO] [stdout] error[E0308]: mismatched types
[INFO] [stdout]    --> src/generate/gen_struct.rs:158:37
[INFO] [stdout]     |
[INFO] [stdout] 11  |     .with_generic(Lifetime { ident: Ident::new("a", Span::call_site()), constraint: vec![] }.into())
[INFO] [stdout]     |                                     ^^^^^^^^^^^^^^^^^^^^^^^^^^^^^^^^^^ expected `virtue::prelude::Ident`, found `proc_macro2::Ident`
[INFO] [stdout]     |
[INFO] [stdout]     = note: `proc_macro2::Ident` and `virtue::prelude::Ident` have similar names, but are actually distinct types
[INFO] [stdout] note: `proc_macro2::Ident` is defined in crate `proc_macro2`
[INFO] [stdout]    --> /opt/rustwide/cargo-home/registry/src/index.crates.io-6f17d22bba15001f/proc-macro2-1.0.92/src/lib.rs:961:1
[INFO] [stdout]     |
[INFO] [stdout] 961 | pub struct Ident {
[INFO] [stdout]     | ^^^^^^^^^^^^^^^^
[INFO] [stdout] note: `virtue::prelude::Ident` is defined in crate `proc_macro`
[INFO] [stdout]    --> /rustc/90b35a6239c3d8bdabc530a6a0816f7ff89a0aaf/library/proc_macro/src/lib.rs:1081:1
[INFO] [stdout] 
[INFO] [stdout] error: aborting due to 2 previous errors
[INFO] [stdout] 
[INFO] [stdout] Some errors have detailed explanations: E0308, E0599.
[INFO] [stdout] For more information about an error, try `rustc --explain E0308`.
[INFO] [stdout] Couldn't compile the test.
[INFO] [stdout] ---- src/generate/gen_struct.rs - generate::gen_struct::GenStruct<'a,P>::with_derive (line 178) stdout ----
[INFO] [stdout] error[E0599]: no function or associated item named `with_name` found for struct `Generator` in the current scope
[INFO] [stdout]  --> src/generate/gen_struct.rs:182:32
[INFO] [stdout]   |
[INFO] [stdout] 7 | let mut generator = Generator::with_name("Bar");
[INFO] [stdout]   |                                ^^^^^^^^^ function or associated item not found in `Generator`
[INFO] [stdout] 
[INFO] [stdout] error: aborting due to 1 previous error
[INFO] [stdout] 
[INFO] [stdout] For more information about this error, try `rustc --explain E0599`.
[INFO] [stdout] Couldn't compile the test.
[INFO] [stdout] ---- src/generate/generate_item.rs - generate::generate_item::FnBuilder<'a,P>::as_async (line 158) stdout ----
[INFO] [stdout] error[E0599]: no function or associated item named `with_name` found for struct `Generator` in the current scope
[INFO] [stdout]  --> src/generate/generate_item.rs:161:32
[INFO] [stdout]   |
[INFO] [stdout] 6 | let mut generator = Generator::with_name("Foo");
[INFO] [stdout]   |                                ^^^^^^^^^ function or associated item not found in `Generator`
[INFO] [stdout] 
[INFO] [stdout] error: aborting due to 1 previous error
[INFO] [stdout] 
[INFO] [stdout] For more information about this error, try `rustc --explain E0599`.
[INFO] [stdout] Couldn't compile the test.
[INFO] [stdout] ---- src/generate/generate_item.rs - generate::generate_item::FnBuilder<'a,P>::with_lifetime (line 140) stdout ----
[INFO] [stdout] error[E0599]: no function or associated item named `with_name` found for struct `Generator` in the current scope
[INFO] [stdout]  --> src/generate/generate_item.rs:143:32
[INFO] [stdout]   |
[INFO] [stdout] 6 | let mut generator = Generator::with_name("Foo");
[INFO] [stdout]   |                                ^^^^^^^^^ function or associated item not found in `Generator`
[INFO] [stdout] 
[INFO] [stdout] error: aborting due to 1 previous error
[INFO] [stdout] 
[INFO] [stdout] For more information about this error, try `rustc --explain E0599`.
[INFO] [stdout] Couldn't compile the test.
[INFO] [stdout] ---- src/generate/generate_item.rs - generate::generate_item::FnBuilder<'a,P>::with_generic (line 208) stdout ----
[INFO] [stdout] error[E0599]: no function or associated item named `with_name` found for struct `Generator` in the current scope
[INFO] [stdout]  --> src/generate/generate_item.rs:211:32
[INFO] [stdout]   |
[INFO] [stdout] 6 | let mut generator = Generator::with_name("Foo");
[INFO] [stdout]   |                                ^^^^^^^^^ function or associated item not found in `Generator`
[INFO] [stdout] 
[INFO] [stdout] error: aborting due to 1 previous error
[INFO] [stdout] 
[INFO] [stdout] For more information about this error, try `rustc --explain E0599`.
[INFO] [stdout] Couldn't compile the test.
[INFO] [stdout] ---- src/generate/generate_item.rs - generate::generate_item::FnBuilder<'a,P>::body (line 316) stdout ----
[INFO] [stdout] error[E0599]: no function or associated item named `with_name` found for struct `Generator` in the current scope
[INFO] [stdout]  --> src/generate/generate_item.rs:319:32
[INFO] [stdout]   |
[INFO] [stdout] 6 | let mut generator = Generator::with_name("Foo");
[INFO] [stdout]   |                                ^^^^^^^^^ function or associated item not found in `Generator`
[INFO] [stdout] 
[INFO] [stdout] error: aborting due to 1 previous error
[INFO] [stdout] 
[INFO] [stdout] For more information about this error, try `rustc --explain E0599`.
[INFO] [stdout] Couldn't compile the test.
[INFO] [stdout] ---- src/generate/generate_item.rs - generate::generate_item::FnBuilder<'a,P>::with_arg (line 272) stdout ----
[INFO] [stdout] error[E0599]: no function or associated item named `with_name` found for struct `Generator` in the current scope
[INFO] [stdout]  --> src/generate/generate_item.rs:275:32
[INFO] [stdout]   |
[INFO] [stdout] 6 | let mut generator = Generator::with_name("Foo");
[INFO] [stdout]   |                                ^^^^^^^^^ function or associated item not found in `Generator`
[INFO] [stdout] 
[INFO] [stdout] error: aborting due to 1 previous error
[INFO] [stdout] 
[INFO] [stdout] For more information about this error, try `rustc --explain E0599`.
[INFO] [stdout] Couldn't compile the test.
[INFO] [stdout] ---- src/generate/generate_item.rs - generate::generate_item::FnBuilder<'a,P>::with_lifetime_deps (line 178) stdout ----
[INFO] [stdout] error[E0599]: no function or associated item named `with_name` found for struct `Generator` in the current scope
[INFO] [stdout]  --> src/generate/generate_item.rs:181:32
[INFO] [stdout]   |
[INFO] [stdout] 6 | let mut generator = Generator::with_name("Foo");
[INFO] [stdout]   |                                ^^^^^^^^^ function or associated item not found in `Generator`
[INFO] [stdout] 
[INFO] [stdout] error: aborting due to 1 previous error
[INFO] [stdout] 
[INFO] [stdout] For more information about this error, try `rustc --explain E0599`.
[INFO] [stdout] Couldn't compile the test.
[INFO] [stdout] ---- src/generate/gen_struct.rs - generate::gen_struct::GenStruct<'a,P>::with_generics (line 122) stdout ----
[INFO] [stdout] error[E0599]: no function or associated item named `with_name` found for struct `Generator` in the current scope
[INFO] [stdout]  --> src/generate/gen_struct.rs:127:32
[INFO] [stdout]   |
[INFO] [stdout] 8 | let mut generator = Generator::with_name("Bar").with_lifetime("a");
[INFO] [stdout]   |                                ^^^^^^^^^ function or associated item not found in `Generator`
[INFO] [stdout] 
[INFO] [stdout] error[E0308]: mismatched types
[INFO] [stdout]    --> src/generate/gen_struct.rs:130:39
[INFO] [stdout]     |
[INFO] [stdout] 11  |     .with_generics([Lifetime { ident: Ident::new("a", Span::call_site()), constraint: vec![] }.into()])
[INFO] [stdout]     |                                       ^^^^^^^^^^^^^^^^^^^^^^^^^^^^^^^^^^ expected `virtue::prelude::Ident`, found `proc_macro2::Ident`
[INFO] [stdout]     |
[INFO] [stdout]     = note: `proc_macro2::Ident` and `virtue::prelude::Ident` have similar names, but are actually distinct types
[INFO] [stdout] note: `proc_macro2::Ident` is defined in crate `proc_macro2`
[INFO] [stdout]    --> /opt/rustwide/cargo-home/registry/src/index.crates.io-6f17d22bba15001f/proc-macro2-1.0.92/src/lib.rs:961:1
[INFO] [stdout]     |
[INFO] [stdout] 961 | pub struct Ident {
[INFO] [stdout]     | ^^^^^^^^^^^^^^^^
[INFO] [stdout] note: `virtue::prelude::Ident` is defined in crate `proc_macro`
[INFO] [stdout]    --> /rustc/90b35a6239c3d8bdabc530a6a0816f7ff89a0aaf/library/proc_macro/src/lib.rs:1081:1
[INFO] [stdout] 
[INFO] [stdout] error: aborting due to 2 previous errors
[INFO] [stdout] 
[INFO] [stdout] Some errors have detailed explanations: E0308, E0599.
[INFO] [stdout] For more information about an error, try `rustc --explain E0308`.
[INFO] [stdout] Couldn't compile the test.
[INFO] [stdout] ---- src/generate/generate_item.rs - generate::generate_item::FnBuilder<'a,P>::with_generic_deps (line 228) stdout ----
[INFO] [stdout] error[E0599]: no function or associated item named `with_name` found for struct `Generator` in the current scope
[INFO] [stdout]  --> src/generate/generate_item.rs:231:32
[INFO] [stdout]   |
[INFO] [stdout] 6 | let mut generator = Generator::with_name("Foo");
[INFO] [stdout]   |                                ^^^^^^^^^ function or associated item not found in `Generator`
[INFO] [stdout] 
[INFO] [stdout] error: aborting due to 1 previous error
[INFO] [stdout] 
[INFO] [stdout] For more information about this error, try `rustc --explain E0599`.
[INFO] [stdout] Couldn't compile the test.
[INFO] [stdout] ---- src/generate/gen_struct.rs - generate::gen_struct::GenStruct<'a,P>::with_derives (line 202) stdout ----
[INFO] [stdout] error[E0599]: no function or associated item named `with_name` found for struct `Generator` in the current scope
[INFO] [stdout]  --> src/generate/gen_struct.rs:206:32
[INFO] [stdout]   |
[INFO] [stdout] 7 | let mut generator = Generator::with_name("Bar");
[INFO] [stdout]   |                                ^^^^^^^^^ function or associated item not found in `Generator`
[INFO] [stdout] 
[INFO] [stdout] error: aborting due to 1 previous error
[INFO] [stdout] 
[INFO] [stdout] For more information about this error, try `rustc --explain E0599`.
[INFO] [stdout] Couldn't compile the test.
[INFO] [stdout] ---- src/generate/impl_for.rs - generate::impl_for::ImplFor<'a,P>::with_trait_generics (line 85) stdout ----
[INFO] [stdout] error[E0599]: no function or associated item named `with_name` found for struct `Generator` in the current scope
[INFO] [stdout]  --> src/generate/impl_for.rs:88:32
[INFO] [stdout]   |
[INFO] [stdout] 6 | let mut generator = Generator::with_name("Bar");
[INFO] [stdout]   |                                ^^^^^^^^^ function or associated item not found in `Generator`
[INFO] [stdout] 
[INFO] [stdout] error: aborting due to 1 previous error
[INFO] [stdout] 
[INFO] [stdout] For more information about this error, try `rustc --explain E0599`.
[INFO] [stdout] Couldn't compile the test.
[INFO] [stdout] ---- src/generate/generator.rs - generate::generator::Generator::impl_trait_for_other_type (line 79) stdout ----
[INFO] [stdout] error[E0599]: no function or associated item named `with_name` found for struct `virtue::generate::Generator` in the current scope
[INFO] [stdout]  --> src/generate/generator.rs:82:32
[INFO] [stdout]   |
[INFO] [stdout] 6 | let mut generator = Generator::with_name("Baz");
[INFO] [stdout]   |                                ^^^^^^^^^ function or associated item not found in `Generator`
[INFO] [stdout] 
[INFO] [stdout] error: aborting due to 1 previous error
[INFO] [stdout] 
[INFO] [stdout] For more information about this error, try `rustc --explain E0599`.
[INFO] [stdout] Couldn't compile the test.
[INFO] [stdout] ---- src/generate/generate_item.rs - generate::generate_item::FnBuilder<'a,P>::with_self_arg (line 254) stdout ----
[INFO] [stdout] error[E0599]: no function or associated item named `with_name` found for struct `Generator` in the current scope
[INFO] [stdout]  --> src/generate/generate_item.rs:257:32
[INFO] [stdout]   |
[INFO] [stdout] 6 | let mut generator = Generator::with_name("Foo");
[INFO] [stdout]   |                                ^^^^^^^^^ function or associated item not found in `Generator`
[INFO] [stdout] 
[INFO] [stdout] error: aborting due to 1 previous error
[INFO] [stdout] 
[INFO] [stdout] For more information about this error, try `rustc --explain E0599`.
[INFO] [stdout] Couldn't compile the test.
[INFO] [stdout] ---- src/generate/generator.rs - generate::generator::Generator::impl_for_with_lifetimes (line 114) stdout ----
[INFO] [stdout] error[E0599]: no function or associated item named `with_name` found for struct `virtue::generate::Generator` in the current scope
[INFO] [stdout]  --> src/generate/generator.rs:117:32
[INFO] [stdout]   |
[INFO] [stdout] 6 | let mut generator = Generator::with_name("Bar").with_lifetime("a");
[INFO] [stdout]   |                                ^^^^^^^^^ function or associated item not found in `Generator`
[INFO] [stdout] 
[INFO] [stdout] error: aborting due to 1 previous error
[INFO] [stdout] 
[INFO] [stdout] For more information about this error, try `rustc --explain E0599`.
[INFO] [stdout] Couldn't compile the test.
[INFO] [stdout] ---- src/generate/generate_item.rs - generate::generate_item::FnBuilder<'a,P>::with_return_type (line 291) stdout ----
[INFO] [stdout] error[E0599]: no function or associated item named `with_name` found for struct `Generator` in the current scope
[INFO] [stdout]  --> src/generate/generate_item.rs:294:32
[INFO] [stdout]   |
[INFO] [stdout] 6 | let mut generator = Generator::with_name("Foo");
[INFO] [stdout]   |                                ^^^^^^^^^ function or associated item not found in `Generator`
[INFO] [stdout] 
[INFO] [stdout] error: aborting due to 1 previous error
[INFO] [stdout] 
[INFO] [stdout] For more information about this error, try `rustc --explain E0599`.
[INFO] [stdout] Couldn't compile the test.
[INFO] [stdout] ---- src/generate/generator.rs - generate::generator::Generator::impl_for_other_type (line 65) stdout ----
[INFO] [stdout] error[E0599]: no function or associated item named `with_name` found for struct `virtue::generate::Generator` in the current scope
[INFO] [stdout]  --> src/generate/generator.rs:68:32
[INFO] [stdout]   |
[INFO] [stdout] 6 | let mut generator = Generator::with_name("Baz");
[INFO] [stdout]   |                                ^^^^^^^^^ function or associated item not found in `Generator`
[INFO] [stdout] 
[INFO] [stdout] error: aborting due to 1 previous error
[INFO] [stdout] 
[INFO] [stdout] For more information about this error, try `rustc --explain E0599`.
[INFO] [stdout] Couldn't compile the test.
[INFO] [stdout] ---- src/generate/generator.rs - generate::generator::Generator::impl_for_with_lifetimes (line 102) stdout ----
[INFO] [stdout] error[E0599]: no function or associated item named `with_name` found for struct `virtue::generate::Generator` in the current scope
[INFO] [stdout]  --> src/generate/generator.rs:105:32
[INFO] [stdout]   |
[INFO] [stdout] 6 | let mut generator = Generator::with_name("Bar");
[INFO] [stdout]   |                                ^^^^^^^^^ function or associated item not found in `Generator`
[INFO] [stdout] 
[INFO] [stdout] error: aborting due to 1 previous error
[INFO] [stdout] 
[INFO] [stdout] For more information about this error, try `rustc --explain E0599`.
[INFO] [stdout] Couldn't compile the test.
[INFO] [stdout] ---- src/generate/generate_item.rs - generate::generate_item::GenConst<'a>::with_value (line 47) stdout ----
[INFO] [stdout] error[E0599]: no function or associated item named `with_name` found for struct `Generator` in the current scope
[INFO] [stdout]  --> src/generate/generate_item.rs:50:32
[INFO] [stdout]   |
[INFO] [stdout] 6 | let mut generator = Generator::with_name("Bar");
[INFO] [stdout]   |                                ^^^^^^^^^ function or associated item not found in `Generator`
[INFO] [stdout] 
[INFO] [stdout] error: aborting due to 1 previous error
[INFO] [stdout] 
[INFO] [stdout] For more information about this error, try `rustc --explain E0599`.
[INFO] [stdout] Couldn't compile the test.
[INFO] [stdout] ---- src/generate/mod.rs - generate::FieldBuilder<'_,P>::add_field (line 290) stdout ----
[INFO] [stdout] error[E0599]: no function or associated item named `with_name` found for struct `Generator` in the current scope
[INFO] [stdout]  --> src/generate/mod.rs:293:32
[INFO] [stdout]   |
[INFO] [stdout] 6 | let mut generator = Generator::with_name("Fooz");
[INFO] [stdout]   |                                ^^^^^^^^^ function or associated item not found in `Generator`
[INFO] [stdout] 
[INFO] [stdout] error: aborting due to 1 previous error
[INFO] [stdout] 
[INFO] [stdout] For more information about this error, try `rustc --explain E0599`.
[INFO] [stdout] Couldn't compile the test.
[INFO] [stdout] ---- src/generate/impl.rs - generate::r#impl::Impl<'a,P>::generate_const (line 86) stdout ----
[INFO] [stdout] error[E0599]: no function or associated item named `with_name` found for struct `Generator` in the current scope
[INFO] [stdout]  --> src/generate/impl.rs:89:32
[INFO] [stdout]   |
[INFO] [stdout] 6 | let mut generator = Generator::with_name("Bar");
[INFO] [stdout]   |                                ^^^^^^^^^ function or associated item not found in `Generator`
[INFO] [stdout] 
[INFO] [stdout] error: aborting due to 1 previous error
[INFO] [stdout] 
[INFO] [stdout] For more information about this error, try `rustc --explain E0599`.
[INFO] [stdout] Couldn't compile the test.
[INFO] [stdout] ---- src/generate/impl_for.rs - generate::impl_for::ImplFor<'a,P>::with_impl_generics (line 110) stdout ----
[INFO] [stdout] error[E0599]: no function or associated item named `with_name` found for struct `Generator` in the current scope
[INFO] [stdout]  --> src/generate/impl_for.rs:113:32
[INFO] [stdout]   |
[INFO] [stdout] 6 | let mut generator = Generator::with_name("Bar");
[INFO] [stdout]   |                                ^^^^^^^^^ function or associated item not found in `Generator`
[INFO] [stdout] 
[INFO] [stdout] error: aborting due to 1 previous error
[INFO] [stdout] 
[INFO] [stdout] For more information about this error, try `rustc --explain E0599`.
[INFO] [stdout] Couldn't compile the test.
[INFO] [stdout] ---- src/generate/mod.rs - generate::FieldBuilder<'_,P>::with_attribute_stream (line 263) stdout ----
[INFO] [stdout] error[E0599]: no function or associated item named `with_name` found for struct `Generator` in the current scope
[INFO] [stdout]  --> src/generate/mod.rs:266:32
[INFO] [stdout]   |
[INFO] [stdout] 6 | let mut generator = Generator::with_name("Fooz");
[INFO] [stdout]   |                                ^^^^^^^^^ function or associated item not found in `Generator`
[INFO] [stdout] 
[INFO] [stdout] error: aborting due to 1 previous error
[INFO] [stdout] 
[INFO] [stdout] For more information about this error, try `rustc --explain E0599`.
[INFO] [stdout] Couldn't compile the test.
[INFO] [stdout] ---- src/generate/mod.rs - generate::FieldBuilder<'_,P>::with_parsed_attribute (line 221) stdout ----
[INFO] [stdout] error[E0599]: no function or associated item named `with_name` found for struct `Generator` in the current scope
[INFO] [stdout]  --> src/generate/mod.rs:224:32
[INFO] [stdout]   |
[INFO] [stdout] 6 | let mut generator = Generator::with_name("Fooz");
[INFO] [stdout]   |                                ^^^^^^^^^ function or associated item not found in `Generator`
[INFO] [stdout] 
[INFO] [stdout] error: aborting due to 1 previous error
[INFO] [stdout] 
[INFO] [stdout] For more information about this error, try `rustc --explain E0599`.
[INFO] [stdout] Couldn't compile the test.
[INFO] [stdout] ---- src/generate/mod.rs - generate::FieldBuilder<'_,P>::with_attribute (line 172) stdout ----
[INFO] [stdout] error[E0599]: no function or associated item named `with_name` found for struct `Generator` in the current scope
[INFO] [stdout]  --> src/generate/mod.rs:175:32
[INFO] [stdout]   |
[INFO] [stdout] 6 | let mut generator = Generator::with_name("Fooz");
[INFO] [stdout]   |                                ^^^^^^^^^ function or associated item not found in `Generator`
[INFO] [stdout] 
[INFO] [stdout] error: aborting due to 1 previous error
[INFO] [stdout] 
[INFO] [stdout] For more information about this error, try `rustc --explain E0599`.
[INFO] [stdout] Couldn't compile the test.
[INFO] [stdout] ---- src/generate/impl_for.rs - generate::impl_for::ImplFor<'a,P>::generate_const (line 158) stdout ----
[INFO] [stdout] error[E0599]: no function or associated item named `with_name` found for struct `Generator` in the current scope
[INFO] [stdout]  --> src/generate/impl_for.rs:161:32
[INFO] [stdout]   |
[INFO] [stdout] 6 | let mut generator = Generator::with_name("Bar");
[INFO] [stdout]   |                                ^^^^^^^^^ function or associated item not found in `Generator`
[INFO] [stdout] 
[INFO] [stdout] error: aborting due to 1 previous error
[INFO] [stdout] 
[INFO] [stdout] For more information about this error, try `rustc --explain E0599`.
[INFO] [stdout] Couldn't compile the test.
[INFO] [stdout] ---- src/utils.rs - utils::parse_tagged_attribute (line 13) stdout ----
[INFO] [stdout] Test executable failed (exit status: 101).
[INFO] [stdout] 
[INFO] [stdout] stderr:
[INFO] [stdout] thread 'main' panicked at proc_macro/src/bridge/client.rs:236:32:
[INFO] [stdout] procedural macro API is used outside of a procedural macro
[INFO] [stdout] stack backtrace:
[INFO] [stdout]    0:     0x61e13e6d9a1a - std::backtrace_rs::backtrace::libunwind::trace::h5a5b8284f2d0c266
[INFO] [stdout]                                at /rustc/90b35a6239c3d8bdabc530a6a0816f7ff89a0aaf/library/std/src/../../backtrace/src/backtrace/libunwind.rs:116:5
[INFO] [stdout]    1:     0x61e13e6d9a1a - std::backtrace_rs::backtrace::trace_unsynchronized::h76d4f1c9b0b875e3
[INFO] [stdout]                                at /rustc/90b35a6239c3d8bdabc530a6a0816f7ff89a0aaf/library/std/src/../../backtrace/src/backtrace/mod.rs:66:5
[INFO] [stdout]    2:     0x61e13e6d9a1a - std::sys::backtrace::_print_fmt::hc4546b8364a537c6
[INFO] [stdout]                                at /rustc/90b35a6239c3d8bdabc530a6a0816f7ff89a0aaf/library/std/src/sys/backtrace.rs:66:9
[INFO] [stdout]    3:     0x61e13e6d9a1a - <std::sys::backtrace::BacktraceLock::print::DisplayBacktrace as core::fmt::Display>::fmt::h5b6bd5631a6d1f6b
[INFO] [stdout]                                at /rustc/90b35a6239c3d8bdabc530a6a0816f7ff89a0aaf/library/std/src/sys/backtrace.rs:39:26
[INFO] [stdout]    4:     0x61e13e6f50e3 - core::fmt::rt::Argument::fmt::h270f6602a2b96f62
[INFO] [stdout]                                at /rustc/90b35a6239c3d8bdabc530a6a0816f7ff89a0aaf/library/core/src/fmt/rt.rs:177:76
[INFO] [stdout]    5:     0x61e13e6f50e3 - core::fmt::write::h7550c97b06c86515
[INFO] [stdout]                                at /rustc/90b35a6239c3d8bdabc530a6a0816f7ff89a0aaf/library/core/src/fmt/mod.rs:1186:21
[INFO] [stdout]    6:     0x61e13e6d77b3 - std::io::Write::write_fmt::h7b09c64fe0be9c84
[INFO] [stdout]                                at /rustc/90b35a6239c3d8bdabc530a6a0816f7ff89a0aaf/library/std/src/io/mod.rs:1839:15
[INFO] [stdout]    7:     0x61e13e6d9862 - std::sys::backtrace::BacktraceLock::print::h2395ccd2c84ba3aa
[INFO] [stdout]                                at /rustc/90b35a6239c3d8bdabc530a6a0816f7ff89a0aaf/library/std/src/sys/backtrace.rs:42:9
[INFO] [stdout]    8:     0x61e13e6da80c - std::panicking::default_hook::{{closure}}::he19d4c7230e07961
[INFO] [stdout]                                at /rustc/90b35a6239c3d8bdabc530a6a0816f7ff89a0aaf/library/std/src/panicking.rs:268:22
[INFO] [stdout]    9:     0x61e13e6da652 - std::panicking::default_hook::hf614597d3c67bbdb
[INFO] [stdout]                                at /rustc/90b35a6239c3d8bdabc530a6a0816f7ff89a0aaf/library/std/src/panicking.rs:295:9
[INFO] [stdout]   10:     0x61e13e6dade7 - std::panicking::rust_panic_with_hook::h8942133a8b252070
[INFO] [stdout]                                at /rustc/90b35a6239c3d8bdabc530a6a0816f7ff89a0aaf/library/std/src/panicking.rs:801:13
[INFO] [stdout]   11:     0x61e13e6dac7a - std::panicking::begin_panic_handler::{{closure}}::hb5f5963570096b29
[INFO] [stdout]                                at /rustc/90b35a6239c3d8bdabc530a6a0816f7ff89a0aaf/library/std/src/panicking.rs:674:13
[INFO] [stdout]   12:     0x61e13e6d9ef9 - std::sys::backtrace::__rust_end_short_backtrace::h6208cedc1922feda
[INFO] [stdout]                                at /rustc/90b35a6239c3d8bdabc530a6a0816f7ff89a0aaf/library/std/src/sys/backtrace.rs:170:18
[INFO] [stdout]   13:     0x61e13e6da90c - rust_begin_unwind
[INFO] [stdout]                                at /rustc/90b35a6239c3d8bdabc530a6a0816f7ff89a0aaf/library/std/src/panicking.rs:665:5
[INFO] [stdout]   14:     0x61e13e695d80 - core::panicking::panic_fmt::h0c3082644d1bf418
[INFO] [stdout]                                at /rustc/90b35a6239c3d8bdabc530a6a0816f7ff89a0aaf/library/core/src/panicking.rs:74:14
[INFO] [stdout]   15:     0x61e13e695d5b - core::panicking::panic_display::h735d9af8bded520c
[INFO] [stdout]                                at /rustc/90b35a6239c3d8bdabc530a6a0816f7ff89a0aaf/library/core/src/panicking.rs:264:5
[INFO] [stdout]   16:     0x61e13e695d5b - core::option::expect_failed::h95d2432053ef5ebb
[INFO] [stdout]                                at /rustc/90b35a6239c3d8bdabc530a6a0816f7ff89a0aaf/library/core/src/option.rs:2021:5
[INFO] [stdout]   17:     0x61e13e6b63c8 - core::option::Option<T>::expect::h06f15fe5e1fab64d
[INFO] [stdout]                                at /rustc/90b35a6239c3d8bdabc530a6a0816f7ff89a0aaf/library/core/src/option.rs:933:21
[INFO] [stdout]   18:     0x61e13e6b63c8 - proc_macro::bridge::client::Bridge::with::{{closure}}::h76f80b6432a96145
[INFO] [stdout]                                at /rustc/90b35a6239c3d8bdabc530a6a0816f7ff89a0aaf/library/proc_macro/src/bridge/client.rs:236:32
[INFO] [stdout]   19:     0x61e13e6b63c8 - proc_macro::bridge::client::state::with::hff2fa4b5f1db63b8
[INFO] [stdout]                                at /rustc/90b35a6239c3d8bdabc530a6a0816f7ff89a0aaf/library/proc_macro/src/bridge/client.rs:229:9
[INFO] [stdout]   20:     0x61e13e6b63c8 - proc_macro::bridge::client::Bridge::with::h3c918c805cea7d4d
[INFO] [stdout]                                at /rustc/90b35a6239c3d8bdabc530a6a0816f7ff89a0aaf/library/proc_macro/src/bridge/client.rs:235:9
[INFO] [stdout]   21:     0x61e13e6b63c8 - proc_macro::bridge::client::TokenStream::from_str::h8987669531665a16
[INFO] [stdout]                                at /rustc/90b35a6239c3d8bdabc530a6a0816f7ff89a0aaf/library/proc_macro/src/bridge/client.rs:155:17
[INFO] [stdout]   22:     0x61e13e6b63c8 - <proc_macro::TokenStream as core::str::traits::FromStr>::from_str::h4d624149222cbff1
[INFO] [stdout]                                at /rustc/90b35a6239c3d8bdabc530a6a0816f7ff89a0aaf/library/proc_macro/src/lib.rs:182:29
[INFO] [stdout]   23:     0x61e13e6a9574 - proc_macro2::fallback::FromStr2::from_str_unchecked::h13e9ac44ff5e0150
[INFO] [stdout]                                at /opt/rustwide/cargo-home/registry/src/index.crates.io-6f17d22bba15001f/proc-macro2-1.0.92/src/fallback.rs:1248:9
[INFO] [stdout]   24:     0x61e13e6a9758 - proc_macro2::imp::<impl core::convert::From<proc_macro2::imp::TokenStream> for proc_macro::TokenStream>::from::h15941380fcdefd70
[INFO] [stdout]                                at /opt/rustwide/cargo-home/registry/src/index.crates.io-6f17d22bba15001f/proc-macro2-1.0.92/src/wrapper.rs:142:17
[INFO] [stdout]   25:     0x61e13e6a97d2 - proc_macro2::<impl core::convert::From<proc_macro2::TokenStream> for proc_macro::TokenStream>::from::h4ed9801a54312725
[INFO] [stdout]                                at /opt/rustwide/cargo-home/registry/src/index.crates.io-6f17d22bba15001f/proc-macro2-1.0.92/src/lib.rs:270:9
[INFO] [stdout]   26:     0x61e13e696ba7 - <T as core::convert::Into<U>>::into::h0f7ab5aa01a9cbec
[INFO] [stdout]   27:     0x61e13e697941 - rust_out::main::_doctest_main_src_utils_rs_13_0::parse_token_stream_group::h8f6c5b568f2a150e
[INFO] [stdout]   28:     0x61e13e6970c2 - rust_out::main::_doctest_main_src_utils_rs_13_0::hf561d8c8c7e52d51
[INFO] [stdout]   29:     0x61e13e697096 - rust_out::main::h86d391cc11b8a827
[INFO] [stdout]   30:     0x61e13e6968b3 - core::ops::function::FnOnce::call_once::hd1e0b33d350e8c2e
[INFO] [stdout]   31:     0x61e13e696866 - std::sys::backtrace::__rust_begin_short_backtrace::hb7c4fd168269da08
[INFO] [stdout]   32:     0x61e13e696849 - std::rt::lang_start::{{closure}}::h7630186e3858a44d
[INFO] [stdout]   33:     0x61e13e6d5eee - core::ops::function::impls::<impl core::ops::function::FnOnce<A> for &F>::call_once::hfdb85f4ee94732d3
[INFO] [stdout]                                at /rustc/90b35a6239c3d8bdabc530a6a0816f7ff89a0aaf/library/core/src/ops/function.rs:284:13
[INFO] [stdout]   34:     0x61e13e6d5eee - std::panicking::try::do_call::h6e577310f330cbef
[INFO] [stdout]                                at /rustc/90b35a6239c3d8bdabc530a6a0816f7ff89a0aaf/library/std/src/panicking.rs:557:40
[INFO] [stdout]   35:     0x61e13e6d5eee - std::panicking::try::ha588d438267d2645
[INFO] [stdout]                                at /rustc/90b35a6239c3d8bdabc530a6a0816f7ff89a0aaf/library/std/src/panicking.rs:520:19
[INFO] [stdout]   36:     0x61e13e6d5eee - std::panic::catch_unwind::h429fda1e025f26d9
[INFO] [stdout]                                at /rustc/90b35a6239c3d8bdabc530a6a0816f7ff89a0aaf/library/std/src/panic.rs:358:14
[INFO] [stdout]   37:     0x61e13e6d5eee - std::rt::lang_start_internal::{{closure}}::h7b731265e841c4bf
[INFO] [stdout]                                at /rustc/90b35a6239c3d8bdabc530a6a0816f7ff89a0aaf/library/std/src/rt.rs:174:48
[INFO] [stdout]   38:     0x61e13e6d5eee - std::panicking::try::do_call::hc0f6a675b7ae5a36
[INFO] [stdout]                                at /rustc/90b35a6239c3d8bdabc530a6a0816f7ff89a0aaf/library/std/src/panicking.rs:557:40
[INFO] [stdout]   39:     0x61e13e6d5eee - std::panicking::try::h4c93b7ff0671f1ff
[INFO] [stdout]                                at /rustc/90b35a6239c3d8bdabc530a6a0816f7ff89a0aaf/library/std/src/panicking.rs:520:19
[INFO] [stdout]   40:     0x61e13e6d5eee - std::panic::catch_unwind::hcc1e154961d16ce6
[INFO] [stdout]                                at /rustc/90b35a6239c3d8bdabc530a6a0816f7ff89a0aaf/library/std/src/panic.rs:358:14
[INFO] [stdout]   41:     0x61e13e6d5eee - std::rt::lang_start_internal::h1c66660c99c8424c
[INFO] [stdout]                                at /rustc/90b35a6239c3d8bdabc530a6a0816f7ff89a0aaf/library/std/src/rt.rs:174:20
[INFO] [stdout]   42:     0x61e13e696827 - std::rt::lang_start::hcdb31f4834f76b8c
[INFO] [stdout]   43:     0x61e13e697b35 - main
[INFO] [stdout]   44:     0x7d4fd1036d90 - <unknown>
[INFO] [stdout]   45:     0x7d4fd1036e40 - __libc_start_main
[INFO] [stdout]   46:     0x61e13e696595 - _start
[INFO] [stdout]   47:                0x0 - <unknown>
[INFO] [stdout] 
[INFO] [stdout] 
[INFO] [stdout] 
[INFO] [stdout] failures:
[INFO] [stdout]     src/generate/gen_enum.rs - generate::gen_enum::EnumValue::add_field (line 533)
[INFO] [stdout]     src/generate/gen_enum.rs - generate::gen_enum::EnumValue::with_attribute (line 451)
[INFO] [stdout]     src/generate/gen_enum.rs - generate::gen_enum::EnumValue::with_attribute_stream (line 506)
[INFO] [stdout]     src/generate/gen_enum.rs - generate::gen_enum::EnumValue::with_parsed_attribute (line 482)
[INFO] [stdout]     src/generate/gen_enum.rs - generate::gen_enum::GenEnum (line 11)
[INFO] [stdout]     src/generate/gen_enum.rs - generate::gen_enum::GenEnum<'a,P>::inherit_generics (line 204)
[INFO] [stdout]     src/generate/gen_enum.rs - generate::gen_enum::GenEnum<'a,P>::with_attribute (line 129)
[INFO] [stdout]     src/generate/gen_enum.rs - generate::gen_enum::GenEnum<'a,P>::with_attribute_stream (line 181)
[INFO] [stdout]     src/generate/gen_enum.rs - generate::gen_enum::GenEnum<'a,P>::with_derive (line 77)
[INFO] [stdout]     src/generate/gen_enum.rs - generate::gen_enum::GenEnum<'a,P>::with_derives (line 100)
[INFO] [stdout]     src/generate/gen_enum.rs - generate::gen_enum::GenEnum<'a,P>::with_generic (line 264)
[INFO] [stdout]     src/generate/gen_enum.rs - generate::gen_enum::GenEnum<'a,P>::with_generics (line 234)
[INFO] [stdout]     src/generate/gen_enum.rs - generate::gen_enum::GenEnum<'a,P>::with_parsed_attribute (line 158)
[INFO] [stdout]     src/generate/gen_struct.rs - generate::gen_struct::GenStruct<'a,P>::add_field (line 309)
[INFO] [stdout]     src/generate/gen_struct.rs - generate::gen_struct::GenStruct<'a,P>::inherit_generics (line 96)
[INFO] [stdout]     src/generate/gen_struct.rs - generate::gen_struct::GenStruct<'a,P>::make_tuple (line 67)
[INFO] [stdout]     src/generate/gen_struct.rs - generate::gen_struct::GenStruct<'a,P>::make_zst (line 42)
[INFO] [stdout]     src/generate/gen_struct.rs - generate::gen_struct::GenStruct<'a,P>::with_attribute (line 232)
[INFO] [stdout]     src/generate/gen_struct.rs - generate::gen_struct::GenStruct<'a,P>::with_attribute_stream (line 283)
[INFO] [stdout]     src/generate/gen_struct.rs - generate::gen_struct::GenStruct<'a,P>::with_derive (line 178)
[INFO] [stdout]     src/generate/gen_struct.rs - generate::gen_struct::GenStruct<'a,P>::with_derives (line 202)
[INFO] [stdout]     src/generate/gen_struct.rs - generate::gen_struct::GenStruct<'a,P>::with_generic (line 150)
[INFO] [stdout]     src/generate/gen_struct.rs - generate::gen_struct::GenStruct<'a,P>::with_generics (line 122)
[INFO] [stdout]     src/generate/gen_struct.rs - generate::gen_struct::GenStruct<'a,P>::with_parsed_attribute (line 261)
[INFO] [stdout]     src/generate/generate_item.rs - generate::generate_item::FnBuilder<'a,P>::as_async (line 158)
[INFO] [stdout]     src/generate/generate_item.rs - generate::generate_item::FnBuilder<'a,P>::body (line 316)
[INFO] [stdout]     src/generate/generate_item.rs - generate::generate_item::FnBuilder<'a,P>::with_arg (line 272)
[INFO] [stdout]     src/generate/generate_item.rs - generate::generate_item::FnBuilder<'a,P>::with_generic (line 208)
[INFO] [stdout]     src/generate/generate_item.rs - generate::generate_item::FnBuilder<'a,P>::with_generic_deps (line 228)
[INFO] [stdout]     src/generate/generate_item.rs - generate::generate_item::FnBuilder<'a,P>::with_lifetime (line 140)
[INFO] [stdout]     src/generate/generate_item.rs - generate::generate_item::FnBuilder<'a,P>::with_lifetime_deps (line 178)
[INFO] [stdout]     src/generate/generate_item.rs - generate::generate_item::FnBuilder<'a,P>::with_return_type (line 291)
[INFO] [stdout]     src/generate/generate_item.rs - generate::generate_item::FnBuilder<'a,P>::with_self_arg (line 254)
[INFO] [stdout]     src/generate/generate_item.rs - generate::generate_item::GenConst<'a>::with_value (line 47)
[INFO] [stdout]     src/generate/generator.rs - generate::generator::Generator::impl_for_other_type (line 65)
[INFO] [stdout]     src/generate/generator.rs - generate::generator::Generator::impl_for_with_lifetimes (line 102)
[INFO] [stdout]     src/generate/generator.rs - generate::generator::Generator::impl_for_with_lifetimes (line 114)
[INFO] [stdout]     src/generate/generator.rs - generate::generator::Generator::impl_trait_for_other_type (line 79)
[INFO] [stdout]     src/generate/impl.rs - generate::r#impl::Impl<'a,P>::generate_const (line 86)
[INFO] [stdout]     src/generate/impl_for.rs - generate::impl_for::ImplFor<'a,P>::generate_const (line 158)
[INFO] [stdout]     src/generate/impl_for.rs - generate::impl_for::ImplFor<'a,P>::with_impl_generics (line 110)
[INFO] [stdout]     src/generate/impl_for.rs - generate::impl_for::ImplFor<'a,P>::with_trait_generics (line 85)
[INFO] [stdout]     src/generate/mod.rs - generate::FieldBuilder<'_,P>::add_field (line 290)
[INFO] [stdout]     src/generate/mod.rs - generate::FieldBuilder<'_,P>::with_attribute (line 172)
[INFO] [stdout]     src/generate/mod.rs - generate::FieldBuilder<'_,P>::with_attribute_stream (line 263)
[INFO] [stdout]     src/generate/mod.rs - generate::FieldBuilder<'_,P>::with_parsed_attribute (line 221)
[INFO] [stdout]     src/utils.rs - utils::parse_tagged_attribute (line 13)
[INFO] [stdout] 
[INFO] [stdout] test result: FAILED. 14 passed; 47 failed; 42 ignored; 0 measured; 0 filtered out; finished in 2.35s
[INFO] [stdout] 
[INFO] [stderr] error: doctest failed, to rerun pass `--doc`
[INFO] running `Command { std: "docker" "inspect" "66a34a1ee8134436ef9b9364168405f7deb8701b413365d2435fb0564982ed62", kill_on_drop: false }`
[INFO] running `Command { std: "docker" "rm" "-f" "66a34a1ee8134436ef9b9364168405f7deb8701b413365d2435fb0564982ed62", kill_on_drop: false }`
[INFO] [stdout] 66a34a1ee8134436ef9b9364168405f7deb8701b413365d2435fb0564982ed62
