[INFO] fetching crate virtio-spec 0.2.0...
[INFO] testing virtio-spec-0.2.0 against beta-2024-12-08 for beta-1.84.0-4-retry
[INFO] extracting crate virtio-spec 0.2.0 into /workspace/builds/worker-3-tc2/source
[INFO] validating manifest of crates.io crate virtio-spec 0.2.0 on toolchain beta-2024-12-08
[INFO] running `Command { std: CARGO_HOME="/workspace/cargo-home" RUSTUP_HOME="/workspace/rustup-home" "/workspace/cargo-home/bin/cargo" "+beta-2024-12-08" "metadata" "--manifest-path" "Cargo.toml" "--no-deps", kill_on_drop: false }`
[INFO] started tweaking crates.io crate virtio-spec 0.2.0
[INFO] finished tweaking crates.io crate virtio-spec 0.2.0
[INFO] tweaked toml for crates.io crate virtio-spec 0.2.0 written to /workspace/builds/worker-3-tc2/source/Cargo.toml
[INFO] running `Command { std: CARGO_HOME="/workspace/cargo-home" RUSTUP_HOME="/workspace/rustup-home" "/workspace/cargo-home/bin/cargo" "+beta-2024-12-08" "generate-lockfile" "--manifest-path" "Cargo.toml", kill_on_drop: false }`
[INFO] [stderr]     Updating crates.io index
[INFO] [stderr]      Locking 16 packages to latest compatible versions
[INFO] running `Command { std: CARGO_HOME="/workspace/cargo-home" RUSTUP_HOME="/workspace/rustup-home" "/workspace/cargo-home/bin/cargo" "+beta-2024-12-08" "fetch" "--manifest-path" "Cargo.toml", kill_on_drop: false }`
[INFO] running `Command { std: "docker" "create" "-v" "/var/lib/crater-agent-workspace/builds/worker-3-tc2/target:/opt/rustwide/target:rw,Z" "-v" "/var/lib/crater-agent-workspace/builds/worker-3-tc2/source:/opt/rustwide/workdir:ro,Z" "-v" "/var/lib/crater-agent-workspace/cargo-home:/opt/rustwide/cargo-home:ro,Z" "-v" "/var/lib/crater-agent-workspace/rustup-home:/opt/rustwide/rustup-home:ro,Z" "-e" "SOURCE_DIR=/opt/rustwide/workdir" "-e" "CARGO_TARGET_DIR=/opt/rustwide/target" "-e" "CARGO_HOME=/opt/rustwide/cargo-home" "-e" "RUSTUP_HOME=/opt/rustwide/rustup-home" "-w" "/opt/rustwide/workdir" "-m" "1610612736" "--user" "0:0" "--network" "none" "ghcr.io/rust-lang/crates-build-env/linux@sha256:f3a9d4ad9d972b27faf3965f35b62e55ba32bbce8f20bc8fe909558a86702fde" "/opt/rustwide/cargo-home/bin/cargo" "+beta-2024-12-08" "metadata" "--no-deps" "--format-version=1", kill_on_drop: false }`
[INFO] [stdout] 1cb87205bfe16c208fcff28e3e7c000d852529b813aba8b571f144da517a28c9
[INFO] running `Command { std: "docker" "start" "-a" "1cb87205bfe16c208fcff28e3e7c000d852529b813aba8b571f144da517a28c9", kill_on_drop: false }`
[INFO] running `Command { std: "docker" "inspect" "1cb87205bfe16c208fcff28e3e7c000d852529b813aba8b571f144da517a28c9", kill_on_drop: false }`
[INFO] running `Command { std: "docker" "rm" "-f" "1cb87205bfe16c208fcff28e3e7c000d852529b813aba8b571f144da517a28c9", kill_on_drop: false }`
[INFO] [stdout] 1cb87205bfe16c208fcff28e3e7c000d852529b813aba8b571f144da517a28c9
[INFO] running `Command { std: "docker" "create" "-v" "/var/lib/crater-agent-workspace/builds/worker-3-tc2/target:/opt/rustwide/target:rw,Z" "-v" "/var/lib/crater-agent-workspace/builds/worker-3-tc2/source:/opt/rustwide/workdir:ro,Z" "-v" "/var/lib/crater-agent-workspace/cargo-home:/opt/rustwide/cargo-home:ro,Z" "-v" "/var/lib/crater-agent-workspace/rustup-home:/opt/rustwide/rustup-home:ro,Z" "-e" "SOURCE_DIR=/opt/rustwide/workdir" "-e" "CARGO_TARGET_DIR=/opt/rustwide/target" "-e" "CARGO_INCREMENTAL=0" "-e" "RUST_BACKTRACE=full" "-e" "RUSTFLAGS=--cap-lints=warn" "-e" "RUSTDOCFLAGS=--cap-lints=warn" "-e" "CARGO_HOME=/opt/rustwide/cargo-home" "-e" "RUSTUP_HOME=/opt/rustwide/rustup-home" "-w" "/opt/rustwide/workdir" "-m" "1610612736" "--user" "0:0" "--network" "none" "ghcr.io/rust-lang/crates-build-env/linux@sha256:f3a9d4ad9d972b27faf3965f35b62e55ba32bbce8f20bc8fe909558a86702fde" "/opt/rustwide/cargo-home/bin/cargo" "+beta-2024-12-08" "build" "--frozen" "--message-format=json", kill_on_drop: false }`
[INFO] [stdout] 95ecb3b586ddd9bce5e353faea7a07ea0b33a464d740629aed756b1bec62c18e
[INFO] running `Command { std: "docker" "start" "-a" "95ecb3b586ddd9bce5e353faea7a07ea0b33a464d740629aed756b1bec62c18e", kill_on_drop: false }`
[INFO] [stderr]    Compiling proc-macro2 v1.0.92
[INFO] [stderr]    Compiling unicode-ident v1.0.14
[INFO] [stderr]    Compiling bitflags v2.6.0
[INFO] [stderr]    Compiling volatile v0.6.1
[INFO] [stderr]    Compiling endian-num v0.2.0
[INFO] [stderr]    Compiling quote v1.0.37
[INFO] [stderr]    Compiling syn v2.0.90
[INFO] [stderr]    Compiling num_enum_derive v0.7.3
[INFO] [stderr]    Compiling bitfield-struct v0.9.3
[INFO] [stderr]    Compiling volatile-macro v0.6.0
[INFO] [stderr]    Compiling num_enum v0.7.3
[INFO] [stderr]    Compiling virtio-spec v0.2.0 (/opt/rustwide/workdir)
[INFO] [stderr]     Finished `dev` profile [unoptimized + debuginfo] target(s) in 14.15s
[INFO] running `Command { std: "docker" "inspect" "95ecb3b586ddd9bce5e353faea7a07ea0b33a464d740629aed756b1bec62c18e", kill_on_drop: false }`
[INFO] running `Command { std: "docker" "rm" "-f" "95ecb3b586ddd9bce5e353faea7a07ea0b33a464d740629aed756b1bec62c18e", kill_on_drop: false }`
[INFO] [stdout] 95ecb3b586ddd9bce5e353faea7a07ea0b33a464d740629aed756b1bec62c18e
[INFO] running `Command { std: "docker" "create" "-v" "/var/lib/crater-agent-workspace/builds/worker-3-tc2/target:/opt/rustwide/target:rw,Z" "-v" "/var/lib/crater-agent-workspace/builds/worker-3-tc2/source:/opt/rustwide/workdir:ro,Z" "-v" "/var/lib/crater-agent-workspace/cargo-home:/opt/rustwide/cargo-home:ro,Z" "-v" "/var/lib/crater-agent-workspace/rustup-home:/opt/rustwide/rustup-home:ro,Z" "-e" "SOURCE_DIR=/opt/rustwide/workdir" "-e" "CARGO_TARGET_DIR=/opt/rustwide/target" "-e" "CARGO_INCREMENTAL=0" "-e" "RUST_BACKTRACE=full" "-e" "RUSTFLAGS=--cap-lints=warn" "-e" "RUSTDOCFLAGS=--cap-lints=warn" "-e" "CARGO_HOME=/opt/rustwide/cargo-home" "-e" "RUSTUP_HOME=/opt/rustwide/rustup-home" "-w" "/opt/rustwide/workdir" "-m" "1610612736" "--user" "0:0" "--network" "none" "ghcr.io/rust-lang/crates-build-env/linux@sha256:f3a9d4ad9d972b27faf3965f35b62e55ba32bbce8f20bc8fe909558a86702fde" "/opt/rustwide/cargo-home/bin/cargo" "+beta-2024-12-08" "test" "--frozen" "--no-run" "--message-format=json", kill_on_drop: false }`
[INFO] [stdout] f0a4e8c08396f73d839e885162ac3fd127398e2a3af38318fc8c2f96c2c9fe4a
[INFO] running `Command { std: "docker" "start" "-a" "f0a4e8c08396f73d839e885162ac3fd127398e2a3af38318fc8c2f96c2c9fe4a", kill_on_drop: false }`
[INFO] [stderr]    Compiling virtio-spec v0.2.0 (/opt/rustwide/workdir)
[INFO] [stderr]     Finished `test` profile [unoptimized + debuginfo] target(s) in 1.13s
[INFO] running `Command { std: "docker" "inspect" "f0a4e8c08396f73d839e885162ac3fd127398e2a3af38318fc8c2f96c2c9fe4a", kill_on_drop: false }`
[INFO] running `Command { std: "docker" "rm" "-f" "f0a4e8c08396f73d839e885162ac3fd127398e2a3af38318fc8c2f96c2c9fe4a", kill_on_drop: false }`
[INFO] [stdout] f0a4e8c08396f73d839e885162ac3fd127398e2a3af38318fc8c2f96c2c9fe4a
[INFO] running `Command { std: "docker" "create" "-v" "/var/lib/crater-agent-workspace/builds/worker-3-tc2/target:/opt/rustwide/target:rw,Z" "-v" "/var/lib/crater-agent-workspace/builds/worker-3-tc2/source:/opt/rustwide/workdir:ro,Z" "-v" "/var/lib/crater-agent-workspace/cargo-home:/opt/rustwide/cargo-home:ro,Z" "-v" "/var/lib/crater-agent-workspace/rustup-home:/opt/rustwide/rustup-home:ro,Z" "-e" "SOURCE_DIR=/opt/rustwide/workdir" "-e" "CARGO_TARGET_DIR=/opt/rustwide/target" "-e" "CARGO_INCREMENTAL=0" "-e" "RUST_BACKTRACE=full" "-e" "RUSTFLAGS=--cap-lints=warn" "-e" "RUSTDOCFLAGS=--cap-lints=warn" "-e" "CARGO_HOME=/opt/rustwide/cargo-home" "-e" "RUSTUP_HOME=/opt/rustwide/rustup-home" "-w" "/opt/rustwide/workdir" "-m" "1610612736" "--user" "0:0" "--network" "none" "ghcr.io/rust-lang/crates-build-env/linux@sha256:f3a9d4ad9d972b27faf3965f35b62e55ba32bbce8f20bc8fe909558a86702fde" "/opt/rustwide/cargo-home/bin/cargo" "+beta-2024-12-08" "test" "--frozen", kill_on_drop: false }`
[INFO] [stdout] 64202ebe34b77f2c8e1d54ab0ce00a12d9ccbe56886d4887c784f5244cc06d98
[INFO] running `Command { std: "docker" "start" "-a" "64202ebe34b77f2c8e1d54ab0ce00a12d9ccbe56886d4887c784f5244cc06d98", kill_on_drop: false }`
[INFO] [stderr]     Finished `test` profile [unoptimized + debuginfo] target(s) in 0.04s
[INFO] [stderr]      Running unittests src/lib.rs (/opt/rustwide/target/debug/deps/virtio_spec-d4c5ed1b6ad25348)
[INFO] [stdout] 
[INFO] [stdout] running 1 test
[INFO] [stderr]    Doc-tests virtio_spec
[INFO] [stdout] test features::tests::requirements_satisfied ... ok
[INFO] [stdout] 
[INFO] [stdout] test result: ok. 1 passed; 0 failed; 0 ignored; 0 measured; 0 filtered out; finished in 0.01s
[INFO] [stdout] 
[INFO] [stdout] 
[INFO] [stdout] running 3 tests
[INFO] [stdout] test src/lib.rs - DeviceConfigSpace::read_config_with (line 348) ... FAILED
[INFO] [stdout] test src/features.rs - features::FeatureBits::requirements_satisfied (line 39) ... ok
[INFO] [stdout] test src/features.rs - features::FeatureBits::requirements (line 18) ... ok
[INFO] [stdout] 
[INFO] [stdout] failures:
[INFO] [stdout] 
[INFO] [stdout] ---- src/lib.rs - DeviceConfigSpace::read_config_with (line 348) stdout ----
[INFO] [stdout] error[E0433]: failed to resolve: could not find `pci` in `virtio`
[INFO] [stdout]    --> src/lib.rs:357:41
[INFO] [stdout]     |
[INFO] [stdout] 12  |     common_cfg: VolatilePtr<'_, virtio::pci::CommonCfg, ReadOnly>,
[INFO] [stdout]     |                                         ^^^ could not find `pci` in `virtio`
[INFO] [stdout]     |
[INFO] [stdout] note: found an item that was configured out
[INFO] [stdout]    --> /opt/rustwide/workdir/src/lib.rs:105:9
[INFO] [stdout]     |
[INFO] [stdout] 105 | pub mod pci;
[INFO] [stdout]     |         ^^^
[INFO] [stdout] note: the item is gated behind the `pci` feature
[INFO] [stdout]    --> /opt/rustwide/workdir/src/lib.rs:104:7
[INFO] [stdout]     |
[INFO] [stdout] 104 | #[cfg(feature = "pci")]
[INFO] [stdout]     |       ^^^^^^^^^^^^^^^
[INFO] [stdout] 
[INFO] [stdout] error: aborting due to 1 previous error
[INFO] [stdout] 
[INFO] [stdout] For more information about this error, try `rustc --explain E0433`.
[INFO] [stdout] Couldn't compile the test.
[INFO] [stdout] 
[INFO] [stdout] failures:
[INFO] [stdout]     src/lib.rs - DeviceConfigSpace::read_config_with (line 348)
[INFO] [stdout] 
[INFO] [stdout] test result: FAILED. 2 passed; 1 failed; 0 ignored; 0 measured; 0 filtered out; finished in 0.54s
[INFO] [stdout] 
[INFO] [stderr] error: doctest failed, to rerun pass `--doc`
[INFO] running `Command { std: "docker" "inspect" "64202ebe34b77f2c8e1d54ab0ce00a12d9ccbe56886d4887c784f5244cc06d98", kill_on_drop: false }`
[INFO] running `Command { std: "docker" "rm" "-f" "64202ebe34b77f2c8e1d54ab0ce00a12d9ccbe56886d4887c784f5244cc06d98", kill_on_drop: false }`
[INFO] [stdout] 64202ebe34b77f2c8e1d54ab0ce00a12d9ccbe56886d4887c784f5244cc06d98
