[INFO] fetching crate virtio-driver 0.6.1...
[INFO] testing virtio-driver-0.6.1 against 1.83.0 for beta-1.84.0-4-retry
[INFO] extracting crate virtio-driver 0.6.1 into /workspace/builds/worker-0-tc1/source
[INFO] validating manifest of crates.io crate virtio-driver 0.6.1 on toolchain 1.83.0
[INFO] running `Command { std: CARGO_HOME="/workspace/cargo-home" RUSTUP_HOME="/workspace/rustup-home" "/workspace/cargo-home/bin/cargo" "+1.83.0" "metadata" "--manifest-path" "Cargo.toml" "--no-deps", kill_on_drop: false }`
[INFO] started tweaking crates.io crate virtio-driver 0.6.1
[INFO] finished tweaking crates.io crate virtio-driver 0.6.1
[INFO] tweaked toml for crates.io crate virtio-driver 0.6.1 written to /workspace/builds/worker-0-tc1/source/Cargo.toml
[INFO] running `Command { std: CARGO_HOME="/workspace/cargo-home" RUSTUP_HOME="/workspace/rustup-home" "/workspace/cargo-home/bin/cargo" "+1.83.0" "generate-lockfile" "--manifest-path" "Cargo.toml", kill_on_drop: false }`
[INFO] [stderr]     Updating crates.io index
[INFO] [stderr]      Locking 21 packages to latest compatible versions
[INFO] [stderr]       Adding bitflags v1.3.2 (available: v2.6.0)
[INFO] running `Command { std: CARGO_HOME="/workspace/cargo-home" RUSTUP_HOME="/workspace/rustup-home" "/workspace/cargo-home/bin/cargo" "+1.83.0" "fetch" "--manifest-path" "Cargo.toml", kill_on_drop: false }`
[INFO] [stderr]  Downloading crates ...
[INFO] [stderr]   Downloaded pci-driver v0.1.4
[INFO] running `Command { std: "docker" "create" "-v" "/var/lib/crater-agent-workspace/builds/worker-0-tc1/target:/opt/rustwide/target:rw,Z" "-v" "/var/lib/crater-agent-workspace/builds/worker-0-tc1/source:/opt/rustwide/workdir:ro,Z" "-v" "/var/lib/crater-agent-workspace/cargo-home:/opt/rustwide/cargo-home:ro,Z" "-v" "/var/lib/crater-agent-workspace/rustup-home:/opt/rustwide/rustup-home:ro,Z" "-e" "SOURCE_DIR=/opt/rustwide/workdir" "-e" "CARGO_TARGET_DIR=/opt/rustwide/target" "-e" "CARGO_HOME=/opt/rustwide/cargo-home" "-e" "RUSTUP_HOME=/opt/rustwide/rustup-home" "-w" "/opt/rustwide/workdir" "-m" "1610612736" "--user" "0:0" "--network" "none" "ghcr.io/rust-lang/crates-build-env/linux@sha256:f3a9d4ad9d972b27faf3965f35b62e55ba32bbce8f20bc8fe909558a86702fde" "/opt/rustwide/cargo-home/bin/cargo" "+1.83.0" "metadata" "--no-deps" "--format-version=1", kill_on_drop: false }`
[INFO] [stdout] 722e3b5be4836eb17b530b7607922eff3be08e8d8fd7b73b7ed1cb34250f1140
[INFO] running `Command { std: "docker" "start" "-a" "722e3b5be4836eb17b530b7607922eff3be08e8d8fd7b73b7ed1cb34250f1140", kill_on_drop: false }`
[INFO] running `Command { std: "docker" "inspect" "722e3b5be4836eb17b530b7607922eff3be08e8d8fd7b73b7ed1cb34250f1140", kill_on_drop: false }`
[INFO] running `Command { std: "docker" "rm" "-f" "722e3b5be4836eb17b530b7607922eff3be08e8d8fd7b73b7ed1cb34250f1140", kill_on_drop: false }`
[INFO] [stdout] 722e3b5be4836eb17b530b7607922eff3be08e8d8fd7b73b7ed1cb34250f1140
[INFO] running `Command { std: "docker" "create" "-v" "/var/lib/crater-agent-workspace/builds/worker-0-tc1/target:/opt/rustwide/target:rw,Z" "-v" "/var/lib/crater-agent-workspace/builds/worker-0-tc1/source:/opt/rustwide/workdir:ro,Z" "-v" "/var/lib/crater-agent-workspace/cargo-home:/opt/rustwide/cargo-home:ro,Z" "-v" "/var/lib/crater-agent-workspace/rustup-home:/opt/rustwide/rustup-home:ro,Z" "-e" "SOURCE_DIR=/opt/rustwide/workdir" "-e" "CARGO_TARGET_DIR=/opt/rustwide/target" "-e" "CARGO_INCREMENTAL=0" "-e" "RUST_BACKTRACE=full" "-e" "RUSTFLAGS=--cap-lints=warn" "-e" "RUSTDOCFLAGS=--cap-lints=warn" "-e" "CARGO_HOME=/opt/rustwide/cargo-home" "-e" "RUSTUP_HOME=/opt/rustwide/rustup-home" "-w" "/opt/rustwide/workdir" "-m" "1610612736" "--user" "0:0" "--network" "none" "ghcr.io/rust-lang/crates-build-env/linux@sha256:f3a9d4ad9d972b27faf3965f35b62e55ba32bbce8f20bc8fe909558a86702fde" "/opt/rustwide/cargo-home/bin/cargo" "+1.83.0" "build" "--frozen" "--message-format=json", kill_on_drop: false }`
[INFO] [stdout] 1179e65ec198717504f30cddb6ec124068f8111cbb3a51535a3e4c5c41cd9417
[INFO] running `Command { std: "docker" "start" "-a" "1179e65ec198717504f30cddb6ec124068f8111cbb3a51535a3e4c5c41cd9417", kill_on_drop: false }`
[INFO] [stderr]    Compiling libc v0.2.168
[INFO] [stderr]    Compiling rustix v0.38.42
[INFO] [stderr]    Compiling bitflags v2.6.0
[INFO] [stderr]    Compiling linux-raw-sys v0.4.14
[INFO] [stderr]    Compiling bitflags v1.3.2
[INFO] [stderr]    Compiling virtio-driver v0.6.1 (/opt/rustwide/workdir)
[INFO] [stdout] warning: struct `IovaMapping` is never constructed
[INFO] [stdout]   --> src/util/iova.rs:12:8
[INFO] [stdout]    |
[INFO] [stdout] 12 | struct IovaMapping {
[INFO] [stdout]    |        ^^^^^^^^^^^
[INFO] [stdout]    |
[INFO] [stdout]    = note: `#[warn(dead_code)]` on by default
[INFO] [stdout] 
[INFO] [stdout] 
[INFO] [stdout] warning: struct `IovaSpace` is never constructed
[INFO] [stdout]   --> src/util/iova.rs:19:12
[INFO] [stdout]    |
[INFO] [stdout] 19 | pub struct IovaSpace {
[INFO] [stdout]    |            ^^^^^^^^^
[INFO] [stdout]    |
[INFO] [stdout]    = note: `IovaSpace` has a derived impl for the trait `Debug`, but this is intentionally ignored during dead code analysis
[INFO] [stdout] 
[INFO] [stdout] 
[INFO] [stdout] warning: multiple associated items are never used
[INFO] [stdout]    --> src/util/iova.rs:27:12
[INFO] [stdout]     |
[INFO] [stdout] 25  | impl IovaSpace {
[INFO] [stdout]     | -------------- associated items in this implementation
[INFO] [stdout] 26  |     // Ranges must be in increasing IOVA order, and must not overlap.
[INFO] [stdout] 27  |     pub fn new(available_ranges: impl IntoIterator<Item = RangeInclusive<Iova>>) -> IovaSpace {
[INFO] [stdout]     |            ^^^
[INFO] [stdout] ...
[INFO] [stdout] 38  |     pub fn allocate(&mut self, address: usize, size: usize) -> io::Result<Iova> {
[INFO] [stdout]     |            ^^^^^^^^
[INFO] [stdout] ...
[INFO] [stdout] 63  |     fn find_free_iova_range(&self, address: usize, size: usize) -> Option<IovaMapping> {
[INFO] [stdout]     |        ^^^^^^^^^^^^^^^^^^^^
[INFO] [stdout] ...
[INFO] [stdout] 93  |     pub fn free(&mut self, address: usize, size: usize) {
[INFO] [stdout]     |            ^^^^
[INFO] [stdout] ...
[INFO] [stdout] 100 |     pub fn translate(&self, address: usize, size: usize) -> Option<Iova> {
[INFO] [stdout]     |            ^^^^^^^^^
[INFO] [stdout] ...
[INFO] [stdout] 107 |     fn get_mapping_intersecting(&self, address: usize, size: usize) -> Option<&IovaMapping> {
[INFO] [stdout]     |        ^^^^^^^^^^^^^^^^^^^^^^^^
[INFO] [stdout] ...
[INFO] [stdout] 116 |     fn get_mapping_containing(&self, address: usize, size: usize) -> Option<&IovaMapping> {
[INFO] [stdout]     |        ^^^^^^^^^^^^^^^^^^^^^^
[INFO] [stdout] 
[INFO] [stdout] 
[INFO] [stderr]     Finished `dev` profile [unoptimized + debuginfo] target(s) in 1.89s
[INFO] running `Command { std: "docker" "inspect" "1179e65ec198717504f30cddb6ec124068f8111cbb3a51535a3e4c5c41cd9417", kill_on_drop: false }`
[INFO] running `Command { std: "docker" "rm" "-f" "1179e65ec198717504f30cddb6ec124068f8111cbb3a51535a3e4c5c41cd9417", kill_on_drop: false }`
[INFO] [stdout] 1179e65ec198717504f30cddb6ec124068f8111cbb3a51535a3e4c5c41cd9417
[INFO] running `Command { std: "docker" "create" "-v" "/var/lib/crater-agent-workspace/builds/worker-0-tc1/target:/opt/rustwide/target:rw,Z" "-v" "/var/lib/crater-agent-workspace/builds/worker-0-tc1/source:/opt/rustwide/workdir:ro,Z" "-v" "/var/lib/crater-agent-workspace/cargo-home:/opt/rustwide/cargo-home:ro,Z" "-v" "/var/lib/crater-agent-workspace/rustup-home:/opt/rustwide/rustup-home:ro,Z" "-e" "SOURCE_DIR=/opt/rustwide/workdir" "-e" "CARGO_TARGET_DIR=/opt/rustwide/target" "-e" "CARGO_INCREMENTAL=0" "-e" "RUST_BACKTRACE=full" "-e" "RUSTFLAGS=--cap-lints=warn" "-e" "RUSTDOCFLAGS=--cap-lints=warn" "-e" "CARGO_HOME=/opt/rustwide/cargo-home" "-e" "RUSTUP_HOME=/opt/rustwide/rustup-home" "-w" "/opt/rustwide/workdir" "-m" "1610612736" "--user" "0:0" "--network" "none" "ghcr.io/rust-lang/crates-build-env/linux@sha256:f3a9d4ad9d972b27faf3965f35b62e55ba32bbce8f20bc8fe909558a86702fde" "/opt/rustwide/cargo-home/bin/cargo" "+1.83.0" "test" "--frozen" "--no-run" "--message-format=json", kill_on_drop: false }`
[INFO] [stdout] 04c12afd51e7067f26507522d028d5445720415e857e32347ddf321006804c45
[INFO] running `Command { std: "docker" "start" "-a" "04c12afd51e7067f26507522d028d5445720415e857e32347ddf321006804c45", kill_on_drop: false }`
[INFO] [stdout] warning: struct `IovaMapping` is never constructed
[INFO] [stdout]   --> src/util/iova.rs:12:8
[INFO] [stdout]    |
[INFO] [stdout] 12 | struct IovaMapping {
[INFO] [stdout]    |        ^^^^^^^^^^^
[INFO] [stdout]    |
[INFO] [stdout]    = note: `#[warn(dead_code)]` on by default
[INFO] [stdout] 
[INFO] [stdout] 
[INFO] [stdout] warning: struct `IovaSpace` is never constructed
[INFO] [stdout]   --> src/util/iova.rs:19:12
[INFO] [stdout]    |
[INFO] [stdout] 19 | pub struct IovaSpace {
[INFO] [stdout]    |            ^^^^^^^^^
[INFO] [stdout]    |
[INFO] [stdout]    = note: `IovaSpace` has a derived impl for the trait `Debug`, but this is intentionally ignored during dead code analysis
[INFO] [stdout] 
[INFO] [stdout] 
[INFO] [stdout] warning: multiple associated items are never used
[INFO] [stdout]    --> src/util/iova.rs:27:12
[INFO] [stdout]     |
[INFO] [stdout] 25  | impl IovaSpace {
[INFO] [stdout]     | -------------- associated items in this implementation
[INFO] [stdout] 26  |     // Ranges must be in increasing IOVA order, and must not overlap.
[INFO] [stdout] 27  |     pub fn new(available_ranges: impl IntoIterator<Item = RangeInclusive<Iova>>) -> IovaSpace {
[INFO] [stdout]     |            ^^^
[INFO] [stdout] ...
[INFO] [stdout] 38  |     pub fn allocate(&mut self, address: usize, size: usize) -> io::Result<Iova> {
[INFO] [stdout]     |            ^^^^^^^^
[INFO] [stdout] ...
[INFO] [stdout] 63  |     fn find_free_iova_range(&self, address: usize, size: usize) -> Option<IovaMapping> {
[INFO] [stdout]     |        ^^^^^^^^^^^^^^^^^^^^
[INFO] [stdout] ...
[INFO] [stdout] 93  |     pub fn free(&mut self, address: usize, size: usize) {
[INFO] [stdout]     |            ^^^^
[INFO] [stdout] ...
[INFO] [stdout] 100 |     pub fn translate(&self, address: usize, size: usize) -> Option<Iova> {
[INFO] [stdout]     |            ^^^^^^^^^
[INFO] [stdout] ...
[INFO] [stdout] 107 |     fn get_mapping_intersecting(&self, address: usize, size: usize) -> Option<&IovaMapping> {
[INFO] [stdout]     |        ^^^^^^^^^^^^^^^^^^^^^^^^
[INFO] [stdout] ...
[INFO] [stdout] 116 |     fn get_mapping_containing(&self, address: usize, size: usize) -> Option<&IovaMapping> {
[INFO] [stdout]     |        ^^^^^^^^^^^^^^^^^^^^^^
[INFO] [stdout] 
[INFO] [stdout] 
[INFO] [stderr]    Compiling virtio-driver v0.6.1 (/opt/rustwide/workdir)
[INFO] [stdout] warning: struct `IovaMapping` is never constructed
[INFO] [stdout]   --> src/util/iova.rs:12:8
[INFO] [stdout]    |
[INFO] [stdout] 12 | struct IovaMapping {
[INFO] [stdout]    |        ^^^^^^^^^^^
[INFO] [stdout]    |
[INFO] [stdout]    = note: `#[warn(dead_code)]` on by default
[INFO] [stdout] 
[INFO] [stdout] 
[INFO] [stdout] warning: struct `IovaSpace` is never constructed
[INFO] [stdout]   --> src/util/iova.rs:19:12
[INFO] [stdout]    |
[INFO] [stdout] 19 | pub struct IovaSpace {
[INFO] [stdout]    |            ^^^^^^^^^
[INFO] [stdout]    |
[INFO] [stdout]    = note: `IovaSpace` has a derived impl for the trait `Debug`, but this is intentionally ignored during dead code analysis
[INFO] [stdout] 
[INFO] [stdout] 
[INFO] [stdout] warning: multiple associated items are never used
[INFO] [stdout]    --> src/util/iova.rs:27:12
[INFO] [stdout]     |
[INFO] [stdout] 25  | impl IovaSpace {
[INFO] [stdout]     | -------------- associated items in this implementation
[INFO] [stdout] 26  |     // Ranges must be in increasing IOVA order, and must not overlap.
[INFO] [stdout] 27  |     pub fn new(available_ranges: impl IntoIterator<Item = RangeInclusive<Iova>>) -> IovaSpace {
[INFO] [stdout]     |            ^^^
[INFO] [stdout] ...
[INFO] [stdout] 38  |     pub fn allocate(&mut self, address: usize, size: usize) -> io::Result<Iova> {
[INFO] [stdout]     |            ^^^^^^^^
[INFO] [stdout] ...
[INFO] [stdout] 63  |     fn find_free_iova_range(&self, address: usize, size: usize) -> Option<IovaMapping> {
[INFO] [stdout]     |        ^^^^^^^^^^^^^^^^^^^^
[INFO] [stdout] ...
[INFO] [stdout] 93  |     pub fn free(&mut self, address: usize, size: usize) {
[INFO] [stdout]     |            ^^^^
[INFO] [stdout] ...
[INFO] [stdout] 100 |     pub fn translate(&self, address: usize, size: usize) -> Option<Iova> {
[INFO] [stdout]     |            ^^^^^^^^^
[INFO] [stdout] ...
[INFO] [stdout] 107 |     fn get_mapping_intersecting(&self, address: usize, size: usize) -> Option<&IovaMapping> {
[INFO] [stdout]     |        ^^^^^^^^^^^^^^^^^^^^^^^^
[INFO] [stdout] ...
[INFO] [stdout] 116 |     fn get_mapping_containing(&self, address: usize, size: usize) -> Option<&IovaMapping> {
[INFO] [stdout]     |        ^^^^^^^^^^^^^^^^^^^^^^
[INFO] [stdout] 
[INFO] [stdout] 
[INFO] [stderr]     Finished `test` profile [unoptimized + debuginfo] target(s) in 1.07s
[INFO] running `Command { std: "docker" "inspect" "04c12afd51e7067f26507522d028d5445720415e857e32347ddf321006804c45", kill_on_drop: false }`
[INFO] running `Command { std: "docker" "rm" "-f" "04c12afd51e7067f26507522d028d5445720415e857e32347ddf321006804c45", kill_on_drop: false }`
[INFO] [stdout] 04c12afd51e7067f26507522d028d5445720415e857e32347ddf321006804c45
[INFO] running `Command { std: "docker" "create" "-v" "/var/lib/crater-agent-workspace/builds/worker-0-tc1/target:/opt/rustwide/target:rw,Z" "-v" "/var/lib/crater-agent-workspace/builds/worker-0-tc1/source:/opt/rustwide/workdir:ro,Z" "-v" "/var/lib/crater-agent-workspace/cargo-home:/opt/rustwide/cargo-home:ro,Z" "-v" "/var/lib/crater-agent-workspace/rustup-home:/opt/rustwide/rustup-home:ro,Z" "-e" "SOURCE_DIR=/opt/rustwide/workdir" "-e" "CARGO_TARGET_DIR=/opt/rustwide/target" "-e" "CARGO_INCREMENTAL=0" "-e" "RUST_BACKTRACE=full" "-e" "RUSTFLAGS=--cap-lints=warn" "-e" "RUSTDOCFLAGS=--cap-lints=warn" "-e" "CARGO_HOME=/opt/rustwide/cargo-home" "-e" "RUSTUP_HOME=/opt/rustwide/rustup-home" "-w" "/opt/rustwide/workdir" "-m" "1610612736" "--user" "0:0" "--network" "none" "ghcr.io/rust-lang/crates-build-env/linux@sha256:f3a9d4ad9d972b27faf3965f35b62e55ba32bbce8f20bc8fe909558a86702fde" "/opt/rustwide/cargo-home/bin/cargo" "+1.83.0" "test" "--frozen", kill_on_drop: false }`
[INFO] [stdout] 7f69acd19e1d1e9873630a356ab98d90c23da88b57843beed755afc89bb65d1e
[INFO] running `Command { std: "docker" "start" "-a" "7f69acd19e1d1e9873630a356ab98d90c23da88b57843beed755afc89bb65d1e", kill_on_drop: false }`
[INFO] [stderr] warning: struct `IovaMapping` is never constructed
[INFO] [stderr]   --> src/util/iova.rs:12:8
[INFO] [stderr]    |
[INFO] [stderr] 12 | struct IovaMapping {
[INFO] [stderr]    |        ^^^^^^^^^^^
[INFO] [stderr]    |
[INFO] [stderr]    = note: `#[warn(dead_code)]` on by default
[INFO] [stderr] 
[INFO] [stderr] warning: struct `IovaSpace` is never constructed
[INFO] [stderr]   --> src/util/iova.rs:19:12
[INFO] [stderr]    |
[INFO] [stderr] 19 | pub struct IovaSpace {
[INFO] [stderr]    |            ^^^^^^^^^
[INFO] [stderr]    |
[INFO] [stderr]    = note: `IovaSpace` has a derived impl for the trait `Debug`, but this is intentionally ignored during dead code analysis
[INFO] [stderr] 
[INFO] [stderr] warning: multiple associated items are never used
[INFO] [stderr]    --> src/util/iova.rs:27:12
[INFO] [stderr]     |
[INFO] [stderr] 25  | impl IovaSpace {
[INFO] [stderr]     | -------------- associated items in this implementation
[INFO] [stderr] 26  |     // Ranges must be in increasing IOVA order, and must not overlap.
[INFO] [stderr] 27  |     pub fn new(available_ranges: impl IntoIterator<Item = RangeInclusive<Iova>>) -> IovaSpace {
[INFO] [stderr]     |            ^^^
[INFO] [stderr] ...
[INFO] [stderr] 38  |     pub fn allocate(&mut self, address: usize, size: usize) -> io::Result<Iova> {
[INFO] [stderr]     |            ^^^^^^^^
[INFO] [stderr] ...
[INFO] [stderr] 63  |     fn find_free_iova_range(&self, address: usize, size: usize) -> Option<IovaMapping> {
[INFO] [stderr]     |        ^^^^^^^^^^^^^^^^^^^^
[INFO] [stderr] ...
[INFO] [stderr] 93  |     pub fn free(&mut self, address: usize, size: usize) {
[INFO] [stderr]     |            ^^^^
[INFO] [stderr] ...
[INFO] [stderr] 100 |     pub fn translate(&self, address: usize, size: usize) -> Option<Iova> {
[INFO] [stderr]     |            ^^^^^^^^^
[INFO] [stderr] ...
[INFO] [stderr] 107 |     fn get_mapping_intersecting(&self, address: usize, size: usize) -> Option<&IovaMapping> {
[INFO] [stderr]     |        ^^^^^^^^^^^^^^^^^^^^^^^^
[INFO] [stderr] ...
[INFO] [stderr] 116 |     fn get_mapping_containing(&self, address: usize, size: usize) -> Option<&IovaMapping> {
[INFO] [stderr]     |        ^^^^^^^^^^^^^^^^^^^^^^
[INFO] [stderr] 
[INFO] [stderr] warning: `virtio-driver` (lib) generated 3 warnings
[INFO] [stderr] warning: `virtio-driver` (lib test) generated 3 warnings (3 duplicates)
[INFO] [stderr]     Finished `test` profile [unoptimized + debuginfo] target(s) in 0.03s
[INFO] [stderr]      Running unittests src/lib.rs (/opt/rustwide/target/debug/deps/virtio_driver-219a97a972947074)
[INFO] [stdout] 
[INFO] [stdout] running 20 tests
[INFO] [stdout] test util::endian::tests::test_be64::equality ... ok
[INFO] [stdout] test util::endian::tests::test_be32::equality ... ok
[INFO] [stdout] test util::endian::tests::test_be16::equality ... ok
[INFO] [stdout] test util::endian::tests::test_be_size::equality ... ok
[INFO] [stdout] test util::endian::tests::test_le16::equality ... ok
[INFO] [stdout] test util::endian::tests::test_le64::equality ... ok
[INFO] [stdout] test util::endian::tests::test_le_size::equality ... ok
[INFO] [stdout] test util::endian::tests::test_sbe32::equality ... ok
[INFO] [stdout] test util::endian::tests::test_sbe16::equality ... ok
[INFO] [stdout] test util::endian::tests::test_sbe64::equality ... ok
[INFO] [stdout] test util::endian::tests::test_sbe_size::equality ... ok
[INFO] [stdout] test util::endian::tests::test_sle32::equality ... ok
[INFO] [stdout] test util::endian::tests::test_sle_size::equality ... ok
[INFO] [stdout] test util::endian::tests::test_sle16::equality ... ok
[INFO] [stdout] test util::sock_ctrl_msg::tests::send_recv_with_fd ... ok
[INFO] [stdout] test util::endian::tests::test_sle64::equality ... ok
[INFO] [stdout] test util::sock_ctrl_msg::tests::buffer_len ... ok
[INFO] [stdout] test util::sock_ctrl_msg::tests::send_recv_no_fd ... ok
[INFO] [stderr]    Doc-tests virtio_driver
[INFO] [stdout] test util::sock_ctrl_msg::tests::send_recv_only_fd ... ok
[INFO] [stdout] test util::endian::tests::test_le32::equality ... ok
[INFO] [stdout] 
[INFO] [stdout] test result: ok. 20 passed; 0 failed; 0 ignored; 0 measured; 0 filtered out; finished in 0.01s
[INFO] [stdout] 
[INFO] [stdout] 
[INFO] [stdout] running 2 tests
[INFO] [stdout] test src/util/endian.rs - util::endian (line 14) ... ignored
[INFO] [stdout] test src/devices/virtio_blk.rs - devices::virtio_blk::VirtioBlkQueue (line 197) - compile ... FAILED
[INFO] [stdout] 
[INFO] [stdout] failures:
[INFO] [stdout] 
[INFO] [stdout] ---- src/devices/virtio_blk.rs - devices::virtio_blk::VirtioBlkQueue (line 197) stdout ----
[INFO] [stdout] error[E0432]: unresolved import `virtio_driver::VhostUser`
[INFO] [stdout]  --> src/devices/virtio_blk.rs:200:5
[INFO] [stdout]   |
[INFO] [stdout] 6 |     VhostUser, VirtioBlkQueue, VirtioBlkTransport, VirtioFeatureFlags, VirtioTransport
[INFO] [stdout]   |     ^^^^^^^^^ no `VhostUser` in the root
[INFO] [stdout] 
[INFO] [stdout] error[E0432]: unresolved import `rustix::fs`
[INFO] [stdout]    --> src/devices/virtio_blk.rs:202:13
[INFO] [stdout]     |
[INFO] [stdout] 8   | use rustix::fs::{memfd_create, MemfdFlags};
[INFO] [stdout]     |             ^^ could not find `fs` in `rustix`
[INFO] [stdout]     |
[INFO] [stdout] note: found an item that was configured out
[INFO] [stdout]    --> /opt/rustwide/cargo-home/registry/src/index.crates.io-6f17d22bba15001f/rustix-0.38.42/src/lib.rs:209:9
[INFO] [stdout]     |
[INFO] [stdout] 209 | pub mod fs;
[INFO] [stdout]     |         ^^
[INFO] [stdout] note: the item is gated behind the `fs` feature
[INFO] [stdout]    --> /opt/rustwide/cargo-home/registry/src/index.crates.io-6f17d22bba15001f/rustix-0.38.42/src/lib.rs:207:7
[INFO] [stdout]     |
[INFO] [stdout] 207 | #[cfg(feature = "fs")]
[INFO] [stdout]     |       ^^^^^^^^^^^^^^
[INFO] [stdout] note: found an item that was configured out
[INFO] [stdout]    --> /opt/rustwide/cargo-home/registry/src/index.crates.io-6f17d22bba15001f/rustix-0.38.42/src/lib.rs:322:16
[INFO] [stdout]     |
[INFO] [stdout] 322 | pub(crate) mod fs;
[INFO] [stdout]     |                ^^
[INFO] [stdout] note: the item is gated here
[INFO] [stdout]    --> /opt/rustwide/cargo-home/registry/src/index.crates.io-6f17d22bba15001f/rustix-0.38.42/src/lib.rs:309:1
[INFO] [stdout]     |
[INFO] [stdout] 309 | / #[cfg(all(
[INFO] [stdout] 310 | |     linux_raw,
[INFO] [stdout] 311 | |     not(feature = "use-libc-auxv"),
[INFO] [stdout] 312 | |     not(feature = "use-explicitly-provided-auxv"),
[INFO] [stdout] ...   |
[INFO] [stdout] 319 | |     )
[INFO] [stdout] 320 | | ))]
[INFO] [stdout]     | |___^
[INFO] [stdout] 
[INFO] [stdout] error[E0433]: failed to resolve: use of undeclared crate or module `memmap2`
[INFO] [stdout]   --> src/devices/virtio_blk.rs:216:24
[INFO] [stdout]    |
[INFO] [stdout] 22 | let mut mem = unsafe { memmap2::MmapMut::map_mut(&mem_file) }?;
[INFO] [stdout]    |                        ^^^^^^^ use of undeclared crate or module `memmap2`
[INFO] [stdout] 
[INFO] [stdout] error: aborting due to 3 previous errors
[INFO] [stdout] 
[INFO] [stdout] Some errors have detailed explanations: E0432, E0433.
[INFO] [stdout] For more information about an error, try `rustc --explain E0432`.
[INFO] [stdout] Couldn't compile the test.
[INFO] [stdout] 
[INFO] [stdout] failures:
[INFO] [stdout]     src/devices/virtio_blk.rs - devices::virtio_blk::VirtioBlkQueue (line 197)
[INFO] [stdout] 
[INFO] [stdout] test result: FAILED. 0 passed; 1 failed; 1 ignored; 0 measured; 0 filtered out; finished in 0.11s
[INFO] [stdout] 
[INFO] [stderr] error: doctest failed, to rerun pass `--doc`
[INFO] running `Command { std: "docker" "inspect" "7f69acd19e1d1e9873630a356ab98d90c23da88b57843beed755afc89bb65d1e", kill_on_drop: false }`
[INFO] running `Command { std: "docker" "rm" "-f" "7f69acd19e1d1e9873630a356ab98d90c23da88b57843beed755afc89bb65d1e", kill_on_drop: false }`
[INFO] [stdout] 7f69acd19e1d1e9873630a356ab98d90c23da88b57843beed755afc89bb65d1e
