[INFO] fetching crate vin-macros 8.0.2...
[INFO] testing vin-macros-8.0.2 against 1.83.0 for beta-1.84.0-4-retry
[INFO] extracting crate vin-macros 8.0.2 into /workspace/builds/worker-0-tc1/source
[INFO] validating manifest of crates.io crate vin-macros 8.0.2 on toolchain 1.83.0
[INFO] running `Command { std: CARGO_HOME="/workspace/cargo-home" RUSTUP_HOME="/workspace/rustup-home" "/workspace/cargo-home/bin/cargo" "+1.83.0" "metadata" "--manifest-path" "Cargo.toml" "--no-deps", kill_on_drop: false }`
[INFO] started tweaking crates.io crate vin-macros 8.0.2
[INFO] finished tweaking crates.io crate vin-macros 8.0.2
[INFO] tweaked toml for crates.io crate vin-macros 8.0.2 written to /workspace/builds/worker-0-tc1/source/Cargo.toml
[INFO] running `Command { std: CARGO_HOME="/workspace/cargo-home" RUSTUP_HOME="/workspace/rustup-home" "/workspace/cargo-home/bin/cargo" "+1.83.0" "generate-lockfile" "--manifest-path" "Cargo.toml", kill_on_drop: false }`
[INFO] [stderr]     Updating crates.io index
[INFO] [stderr]      Locking 7 packages to latest compatible versions
[INFO] [stderr]       Adding itertools v0.10.5 (available: v0.13.0)
[INFO] [stderr]       Adding rassert-rs v1.0.0 (available: v3.0.0)
[INFO] [stderr]       Adding syn v1.0.109 (available: v2.0.90)
[INFO] running `Command { std: CARGO_HOME="/workspace/cargo-home" RUSTUP_HOME="/workspace/rustup-home" "/workspace/cargo-home/bin/cargo" "+1.83.0" "fetch" "--manifest-path" "Cargo.toml", kill_on_drop: false }`
[INFO] [stderr]  Downloading crates ...
[INFO] [stderr]   Downloaded rassert-rs v1.0.0
[INFO] running `Command { std: "docker" "create" "-v" "/var/lib/crater-agent-workspace/builds/worker-0-tc1/target:/opt/rustwide/target:rw,Z" "-v" "/var/lib/crater-agent-workspace/builds/worker-0-tc1/source:/opt/rustwide/workdir:ro,Z" "-v" "/var/lib/crater-agent-workspace/cargo-home:/opt/rustwide/cargo-home:ro,Z" "-v" "/var/lib/crater-agent-workspace/rustup-home:/opt/rustwide/rustup-home:ro,Z" "-e" "SOURCE_DIR=/opt/rustwide/workdir" "-e" "CARGO_TARGET_DIR=/opt/rustwide/target" "-e" "CARGO_HOME=/opt/rustwide/cargo-home" "-e" "RUSTUP_HOME=/opt/rustwide/rustup-home" "-w" "/opt/rustwide/workdir" "-m" "1610612736" "--user" "0:0" "--network" "none" "ghcr.io/rust-lang/crates-build-env/linux@sha256:f3a9d4ad9d972b27faf3965f35b62e55ba32bbce8f20bc8fe909558a86702fde" "/opt/rustwide/cargo-home/bin/cargo" "+1.83.0" "metadata" "--no-deps" "--format-version=1", kill_on_drop: false }`
[INFO] [stdout] 174b44ce63456621d579626b4abd94f1331412d2b9f4b799d1e9aabd3bafb1a2
[INFO] running `Command { std: "docker" "start" "-a" "174b44ce63456621d579626b4abd94f1331412d2b9f4b799d1e9aabd3bafb1a2", kill_on_drop: false }`
[INFO] running `Command { std: "docker" "inspect" "174b44ce63456621d579626b4abd94f1331412d2b9f4b799d1e9aabd3bafb1a2", kill_on_drop: false }`
[INFO] running `Command { std: "docker" "rm" "-f" "174b44ce63456621d579626b4abd94f1331412d2b9f4b799d1e9aabd3bafb1a2", kill_on_drop: false }`
[INFO] [stdout] 174b44ce63456621d579626b4abd94f1331412d2b9f4b799d1e9aabd3bafb1a2
[INFO] running `Command { std: "docker" "create" "-v" "/var/lib/crater-agent-workspace/builds/worker-0-tc1/target:/opt/rustwide/target:rw,Z" "-v" "/var/lib/crater-agent-workspace/builds/worker-0-tc1/source:/opt/rustwide/workdir:ro,Z" "-v" "/var/lib/crater-agent-workspace/cargo-home:/opt/rustwide/cargo-home:ro,Z" "-v" "/var/lib/crater-agent-workspace/rustup-home:/opt/rustwide/rustup-home:ro,Z" "-e" "SOURCE_DIR=/opt/rustwide/workdir" "-e" "CARGO_TARGET_DIR=/opt/rustwide/target" "-e" "CARGO_INCREMENTAL=0" "-e" "RUST_BACKTRACE=full" "-e" "RUSTFLAGS=--cap-lints=warn" "-e" "RUSTDOCFLAGS=--cap-lints=warn" "-e" "CARGO_HOME=/opt/rustwide/cargo-home" "-e" "RUSTUP_HOME=/opt/rustwide/rustup-home" "-w" "/opt/rustwide/workdir" "-m" "1610612736" "--user" "0:0" "--network" "none" "ghcr.io/rust-lang/crates-build-env/linux@sha256:f3a9d4ad9d972b27faf3965f35b62e55ba32bbce8f20bc8fe909558a86702fde" "/opt/rustwide/cargo-home/bin/cargo" "+1.83.0" "build" "--frozen" "--message-format=json", kill_on_drop: false }`
[INFO] [stdout] 40a641763d09a9db307f674d49ea2ecc3e6b489142b1d28713f43513cdfa11c2
[INFO] running `Command { std: "docker" "start" "-a" "40a641763d09a9db307f674d49ea2ecc3e6b489142b1d28713f43513cdfa11c2", kill_on_drop: false }`
[INFO] [stderr]    Compiling proc-macro2 v1.0.92
[INFO] [stderr]    Compiling unicode-ident v1.0.14
[INFO] [stderr]    Compiling syn v1.0.109
[INFO] [stderr]    Compiling either v1.13.0
[INFO] [stderr]    Compiling rassert-rs v1.0.0
[INFO] [stderr]    Compiling itertools v0.10.5
[INFO] [stderr]    Compiling quote v1.0.37
[INFO] [stderr]    Compiling vin-macros v8.0.2 (/opt/rustwide/workdir)
[INFO] [stderr]     Finished `dev` profile [unoptimized + debuginfo] target(s) in 6.85s
[INFO] running `Command { std: "docker" "inspect" "40a641763d09a9db307f674d49ea2ecc3e6b489142b1d28713f43513cdfa11c2", kill_on_drop: false }`
[INFO] running `Command { std: "docker" "rm" "-f" "40a641763d09a9db307f674d49ea2ecc3e6b489142b1d28713f43513cdfa11c2", kill_on_drop: false }`
[INFO] [stdout] 40a641763d09a9db307f674d49ea2ecc3e6b489142b1d28713f43513cdfa11c2
[INFO] running `Command { std: "docker" "create" "-v" "/var/lib/crater-agent-workspace/builds/worker-0-tc1/target:/opt/rustwide/target:rw,Z" "-v" "/var/lib/crater-agent-workspace/builds/worker-0-tc1/source:/opt/rustwide/workdir:ro,Z" "-v" "/var/lib/crater-agent-workspace/cargo-home:/opt/rustwide/cargo-home:ro,Z" "-v" "/var/lib/crater-agent-workspace/rustup-home:/opt/rustwide/rustup-home:ro,Z" "-e" "SOURCE_DIR=/opt/rustwide/workdir" "-e" "CARGO_TARGET_DIR=/opt/rustwide/target" "-e" "CARGO_INCREMENTAL=0" "-e" "RUST_BACKTRACE=full" "-e" "RUSTFLAGS=--cap-lints=warn" "-e" "RUSTDOCFLAGS=--cap-lints=warn" "-e" "CARGO_HOME=/opt/rustwide/cargo-home" "-e" "RUSTUP_HOME=/opt/rustwide/rustup-home" "-w" "/opt/rustwide/workdir" "-m" "1610612736" "--user" "0:0" "--network" "none" "ghcr.io/rust-lang/crates-build-env/linux@sha256:f3a9d4ad9d972b27faf3965f35b62e55ba32bbce8f20bc8fe909558a86702fde" "/opt/rustwide/cargo-home/bin/cargo" "+1.83.0" "test" "--frozen" "--no-run" "--message-format=json", kill_on_drop: false }`
[INFO] [stdout] 76f64b89af102e4a5c1078bfff86958273a0e842175781961c28d9ad69679154
[INFO] running `Command { std: "docker" "start" "-a" "76f64b89af102e4a5c1078bfff86958273a0e842175781961c28d9ad69679154", kill_on_drop: false }`
[INFO] [stderr]    Compiling vin-macros v8.0.2 (/opt/rustwide/workdir)
[INFO] [stderr]     Finished `test` profile [unoptimized + debuginfo] target(s) in 0.90s
[INFO] running `Command { std: "docker" "inspect" "76f64b89af102e4a5c1078bfff86958273a0e842175781961c28d9ad69679154", kill_on_drop: false }`
[INFO] running `Command { std: "docker" "rm" "-f" "76f64b89af102e4a5c1078bfff86958273a0e842175781961c28d9ad69679154", kill_on_drop: false }`
[INFO] [stdout] 76f64b89af102e4a5c1078bfff86958273a0e842175781961c28d9ad69679154
[INFO] running `Command { std: "docker" "create" "-v" "/var/lib/crater-agent-workspace/builds/worker-0-tc1/target:/opt/rustwide/target:rw,Z" "-v" "/var/lib/crater-agent-workspace/builds/worker-0-tc1/source:/opt/rustwide/workdir:ro,Z" "-v" "/var/lib/crater-agent-workspace/cargo-home:/opt/rustwide/cargo-home:ro,Z" "-v" "/var/lib/crater-agent-workspace/rustup-home:/opt/rustwide/rustup-home:ro,Z" "-e" "SOURCE_DIR=/opt/rustwide/workdir" "-e" "CARGO_TARGET_DIR=/opt/rustwide/target" "-e" "CARGO_INCREMENTAL=0" "-e" "RUST_BACKTRACE=full" "-e" "RUSTFLAGS=--cap-lints=warn" "-e" "RUSTDOCFLAGS=--cap-lints=warn" "-e" "CARGO_HOME=/opt/rustwide/cargo-home" "-e" "RUSTUP_HOME=/opt/rustwide/rustup-home" "-w" "/opt/rustwide/workdir" "-m" "1610612736" "--user" "0:0" "--network" "none" "ghcr.io/rust-lang/crates-build-env/linux@sha256:f3a9d4ad9d972b27faf3965f35b62e55ba32bbce8f20bc8fe909558a86702fde" "/opt/rustwide/cargo-home/bin/cargo" "+1.83.0" "test" "--frozen", kill_on_drop: false }`
[INFO] [stdout] aac40e1cd7f845658c6bd113e9f78074b4fec5634e14ab898139e0723d822ccc
[INFO] running `Command { std: "docker" "start" "-a" "aac40e1cd7f845658c6bd113e9f78074b4fec5634e14ab898139e0723d822ccc", kill_on_drop: false }`
[INFO] [stderr]     Finished `test` profile [unoptimized + debuginfo] target(s) in 0.01s
[INFO] [stderr]      Running unittests src/lib.rs (/opt/rustwide/target/debug/deps/vin_macros-300035547a19cc64)
[INFO] [stdout] 
[INFO] [stdout] running 0 tests
[INFO] [stdout] 
[INFO] [stdout] test result: ok. 0 passed; 0 failed; 0 ignored; 0 measured; 0 filtered out; finished in 0.00s
[INFO] [stdout] 
[INFO] [stderr]    Doc-tests vin_macros
[INFO] [stdout] 
[INFO] [stdout] running 6 tests
[INFO] [stdout] test src/lib.rs - actor (line 22) ... ignored
[INFO] [stdout] test src/lib.rs - message (line 100) ... ignored
[INFO] [stdout] test src/lib.rs - message (line 81) ... ignored
[INFO] [stdout] test src/lib.rs - message (line 90) ... ignored
[INFO] [stdout] test src/lib.rs - message (line 95) ... ignored
[INFO] [stdout] test src/lib.rs - task (line 48) - compile ... FAILED
[INFO] [stdout] 
[INFO] [stdout] failures:
[INFO] [stdout] 
[INFO] [stdout] ---- src/lib.rs - task (line 48) stdout ----
[INFO] [stdout] error[E0432]: unresolved import `vin`
[INFO] [stdout]  --> src/lib.rs:49:5
[INFO] [stdout]   |
[INFO] [stdout] 3 | use vin::*;
[INFO] [stdout]   |     ^^^ use of undeclared crate or module `vin`
[INFO] [stdout] 
[INFO] [stdout] error[E0433]: failed to resolve: use of undeclared crate or module `vin`
[INFO] [stdout]   --> src/lib.rs:58:3
[INFO] [stdout]    |
[INFO] [stdout] 12 | #[vin::task]
[INFO] [stdout]    |   ^^^ use of undeclared crate or module `vin`
[INFO] [stdout] 
[INFO] [stdout] error: cannot find attribute `async_trait` in this scope
[INFO] [stdout]   --> src/lib.rs:63:3
[INFO] [stdout]    |
[INFO] [stdout] 17 | #[async_trait]
[INFO] [stdout]    |   ^^^^^^^^^^^
[INFO] [stdout] 
[INFO] [stdout] error: aborting due to 3 previous errors
[INFO] [stdout] 
[INFO] [stdout] Some errors have detailed explanations: E0432, E0433.
[INFO] [stdout] For more information about an error, try `rustc --explain E0432`.
[INFO] [stdout] Couldn't compile the test.
[INFO] [stdout] 
[INFO] [stdout] failures:
[INFO] [stdout]     src/lib.rs - task (line 48)
[INFO] [stdout] 
[INFO] [stdout] test result: FAILED. 0 passed; 1 failed; 5 ignored; 0 measured; 0 filtered out; finished in 0.05s
[INFO] [stdout] 
[INFO] [stderr] error: doctest failed, to rerun pass `--doc`
[INFO] running `Command { std: "docker" "inspect" "aac40e1cd7f845658c6bd113e9f78074b4fec5634e14ab898139e0723d822ccc", kill_on_drop: false }`
[INFO] running `Command { std: "docker" "rm" "-f" "aac40e1cd7f845658c6bd113e9f78074b4fec5634e14ab898139e0723d822ccc", kill_on_drop: false }`
[INFO] [stdout] aac40e1cd7f845658c6bd113e9f78074b4fec5634e14ab898139e0723d822ccc
